Jan 12 22:59:53 AmrRadwan-MAC com.apple.UserEventAgent-System[11]: SecItemCopyMatching: The specified item could not be found in the keychain.
Jan 12 22:59:53 AmrRadwan-MAC UserEventAgent[11]: servermgr_certs[11] -[CertsRequestHandler(HelperAdditions) identitiesFromKeychain:]: SecItemCopyMatching (err = -25300)
Jan 12 22:59:53 AmrRadwan-MAC com.apple.UserEventAgent-System[11]: SecItemCopyMatching: The specified item could not be found in the keychain.
Jan 12 22:59:53 AmrRadwan-MAC UserEventAgent[11]: CertsKeychainMonitor: ready to process keychain & timer events
Jan 12 23:00:04 AmrRadwan-MAC [0x0-0x16016].com.TeamViewer.TeamViewer[218]: objc[218]: Object 0x180e350 of class NSThread autoreleased with no pool in place - just leaking - break on objc_autoreleaseNoPool() to debug
Jan 12 23:00:10 AmrRadwan-MAC TeamViewer[218]: [QL] QLError(): +[QLSeamlessDocumentOpener seamlessDocumentOpenerForURL:] should only be called in the main thread
Jan 12 23:00:10 AmrRadwan-MAC TeamViewer[218]: [QL] QLError(): -[QLSeamlessDocumentOpener showWindow:contentFrame:withBlock:] should only be called in the main thread
Jan 12 23:01:07 AmrRadwan-MAC vmnet-bridge[87]: Preferences changed called
Jan 12 23:01:07 AmrRadwan-MAC airportd[224]: _doAutoJoin: Already associated to “TEData”. Bailing on auto-join.
Jan 12 23:01:09 AmrRadwan-MAC vmnet-bridge[87]: Dynamic store changed
Jan 12 23:01:09 AmrRadwan-MAC configd[14]: network configuration changed.
Jan 12 23:01:09 AmrRadwan-MAC vmnet-bridge[87]: Started bridge for 0, en1
Jan 12 23:01:09 AmrRadwan-MAC UserEventAgent[11]: CaptiveNetworkSupport:CaptivePublishState:1211 en1 - Probe
Jan 12 23:01:09 AmrRadwan-MAC UserEventAgent[11]: CaptiveNetworkSupport:CNSPreferences:60 Creating new preferences
Jan 12 23:01:09 AmrRadwan-MAC UserEventAgent[11]: CaptiveNetworkSupport:CaptiveStartDetect:2343 Bypassing probe on TEData because it is protected and not on the exception list
Jan 12 23:01:09 AmrRadwan-MAC UserEventAgent[11]: CaptiveNetworkSupport:CaptivePublishState:1211 en1 - Unknown
Jan 12 23:01:09 AmrRadwan-MAC vmnet-bridge[87]: Dynamic store changed
Jan 12 23:01:09 AmrRadwan-MAC configd[14]: network configuration changed.
Jan 12 23:01:15 AmrRadwan-MAC [0x0-0x19019].com.TeamViewer.TeamViewer[229]: objc[229]: Object 0x180e350 of class NSThread autoreleased with no pool in place - just leaking - break on objc_autoreleaseNoPool() to debug
Jan 12 23:01:54 AmrRadwan-MAC TeamViewer[229]: [QL] QLError(): +[QLSeamlessDocumentOpener seamlessDocumentOpenerForURL:] should only be called in the main thread
Jan 12 23:01:54 AmrRadwan-MAC TeamViewer[229]: [QL] QLError(): -[QLSeamlessDocumentOpener showWindow:contentFrame:withBlock:] should only be called in the main thread
Jan 12 23:02:46 AmrRadwan-MAC com.apple.usbmuxd[19]: _SendAttachNotification (thread 0x7fff794ef960): sending attach for device e4:ce:8f:b6:ec:ce@fe80::e6ce:8fff:feb6:ecce._apple-mobdev._tcp.local.: _GetAddrInfoReplyReceivedCallback matched.
Jan 12 23:02:47 AmrRadwan-MAC usbmuxd[19]: _AMDeviceConnectByAddressAndPort (thread 0x100781000): IPv4
Jan 12 23:04:14 AmrRadwan-MAC TeamViewer[229]: [QL] QLError(): +[QLSeamlessDocumentOpener seamlessDocumentOpenerForURL:] should only be called in the main thread
Jan 12 23:04:14 AmrRadwan-MAC TeamViewer[229]: [QL] QLError(): -[QLSeamlessDocumentOpener showWindow:contentFrame:withBlock:] should only be called in the main thread
Jan 12 23:05:04 AmrRadwan-MAC TeamViewer[229]: [QL] QLError(): -[QLSeamlessDocumentOpener _discardAllActiveOpeners] should only be called in the main thread
Jan 12 23:05:04 AmrRadwan-MAC TeamViewer[229]: [QL] QLError(): +[QLSeamlessDocumentOpener seamlessDocumentOpenerForURL:] should only be called in the main thread
Jan 12 23:05:04 AmrRadwan-MAC TeamViewer[229]: [QL] QLError(): -[QLSeamlessDocumentOpener showWindow:contentFrame:withBlock:] should only be called in the main thread
Jan 12 23:05:08 AmrRadwan-MAC TeamViewer[229]: [QL] QLError(): -[QLSeamlessDocumentOpener _discardAllActiveOpeners] should only be called in the main thread
Jan 12 23:05:08 AmrRadwan-MAC TeamViewer[229]: [QL] QLError(): +[QLSeamlessDocumentOpener seamlessDocumentOpenerForURL:] should only be called in the main thread
Jan 12 23:05:08 AmrRadwan-MAC TeamViewer[229]: [QL] QLError(): -[QLSeamlessDocumentOpener showWindow:contentFrame:withBlock:] should only be called in the main thread
Jan 12 23:06:18 AmrRadwan-MAC com.apple.usbmuxd[19]: _recv_msg errno: 0
Jan 12 23:08:09 AmrRadwan-MAC UserEventAgent[11]: CaptiveNetworkSupport:CaptivePublishState:1211 en1 - PreProbe
Jan 12 23:08:09 AmrRadwan-MAC configd[14]: network configuration changed.
Jan 12 23:08:09 AmrRadwan-MAC vmnet-bridge[87]: Dynamic store changed
Jan 12 23:08:09 AmrRadwan-MAC vmnet-bridge[87]: Failed to read SCproperties for key: State:/Network/Global/IPv4
Jan 12 23:08:09 AmrRadwan-MAC vmnet-bridge[87]: Stopping bridge for: en1
Jan 12 23:08:09 AmrRadwan-MAC com.apple.usbmuxd[19]: _SendDetachNotification (thread 0x7fff794ef960): sending detach for device e4:ce:8f:b6:ec:ce@fe80::e6ce:8fff:feb6:ecce._apple-mobdev._tcp.local.: _BrowseReplyReceivedCallback got bonjour removal.
Jan 12 23:11:01 AmrRadwan-MAC 1PasswordAgent[191]: (Information) All 1Password browser extensions are disabled. To enable extensions, open the 1Password > Preferences > Browsers window and enable browser extensions.
Jan 12 23:12:06 AmrRadwan-MAC vmnet-bridge[87]: Preferences changed called
Jan 12 23:12:06 AmrRadwan-MAC airportd[245]: _doAutoJoin: Already associated to “TEData”. Bailing on auto-join.
Jan 12 23:12:06 AmrRadwan-MAC configd[14]: network configuration changed.
Jan 12 23:12:06 AmrRadwan-MAC vmnet-bridge[87]: Dynamic store changed
Jan 12 23:12:06 AmrRadwan-MAC vmnet-bridge[87]: Started bridge for 0, en1
Jan 12 23:12:06 AmrRadwan-MAC UserEventAgent[11]: CaptiveNetworkSupport:CaptivePublishState:1211 en1 - Probe
Jan 12 23:12:06 AmrRadwan-MAC UserEventAgent[11]: CaptiveNetworkSupport:CaptiveStartDetect:2343 Bypassing probe on TEData because it is protected and not on the exception list
Jan 12 23:12:06 AmrRadwan-MAC UserEventAgent[11]: CaptiveNetworkSupport:CaptivePublishState:1211 en1 - Unknown
Jan 12 23:12:06 AmrRadwan-MAC vmnet-bridge[87]: Dynamic store changed
Jan 12 23:12:06 AmrRadwan-MAC configd[14]: network configuration changed.
Jan 12 23:29:24 AmrRadwan-MAC com.apple.launchctl.Background[283]: launchctl: Dubious permissions on file (skipping): /Library/LaunchAgents/com.logmein.logmeingui.plist
Jan 12 23:29:24 AmrRadwan-MAC com.apple.launchctl.Background[283]: launchctl: Dubious permissions on file (skipping): /Library/LaunchAgents/com.logmein.logmeinguiagent.plist
Jan 12 23:39:08 AmrRadwan-MAC com.apple.launchctl.Background[294]: launchctl: Dubious permissions on file (skipping): /Library/LaunchAgents/com.logmein.logmeingui.plist
Jan 12 23:39:08 AmrRadwan-MAC com.apple.launchctl.Background[294]: launchctl: Dubious permissions on file (skipping): /Library/LaunchAgents/com.logmein.logmeinguiagent.plist
Jan 12 23:39:13 AmrRadwan-MAC installd[305]: Starting
Jan 12 23:39:13 AmrRadwan-MAC installd[305]: uid=0, euid=0
Jan 12 23:39:21 AmrRadwan-MAC com.apple.launchd[1] (com.apple.SystemStarter): Failed to count the number of files in "/System/Library/StartupItems": No such file or directory
Jan 12 23:39:21: --- last message repeated 3 times ---
Jan 12 23:39:21 AmrRadwan-MAC fseventsd[40]: Logging disabled completely for device:1: /Volumes/Recovery HD
Jan 12 23:39:21 AmrRadwan-MAC com.apple.launchd[1] (com.apple.SystemStarter): Failed to count the number of files in "/System/Library/StartupItems": No such file or directory
Jan 12 23:40:34: --- last message repeated 1 time ---
Jan 12 23:40:34 AmrRadwan-MAC com.apple.launchctl.Background[328]: launchctl: Dubious permissions on file (skipping): /Library/LaunchAgents/com.logmein.logmeingui.plist
Jan 12 23:40:34 AmrRadwan-MAC com.apple.launchctl.Background[328]: launchctl: Dubious permissions on file (skipping): /Library/LaunchAgents/com.logmein.logmeinguiagent.plist
Jan 12 23:40:37 AmrRadwan-MAC Software Update[299]: Layout still needs update after calling -[WebHTMLView layout]. WebHTMLView or one of its superclasses may have overridden -layout without calling super. Or, something may have dirtied layout in the middle of updating it. Both are programming errors in Cocoa Autolayout. The former is pretty likely to arise if some pre-Cocoa Autolayout class had a method called layout, but it should be fixed.
Jan 12 23:40:43 AmrRadwan-MAC installd[305]: Exiting.
Jan 15 18:08:11 AmrRadwan-MAC configd[14]: network configuration changed.
Jan 15 18:08:11 AmrRadwan-MAC vmnet-bridge[87]: Dynamic store changed
Jan 15 18:08:11 AmrRadwan-MAC vmnet-bridge[87]: Failed to read SCproperties for key: State:/Network/Global/IPv4
Jan 15 18:08:11 AmrRadwan-MAC vmnet-bridge[87]: Stopping bridge for: en1
Jan 15 18:08:12 AmrRadwan-MAC configd[14]: network configuration changed.
Jan 15 18:08:12 AmrRadwan-MAC UserEventAgent[11]: CaptiveNetworkSupport:CaptivePublishState:1211 en1 - PreProbe
Jan 15 18:08:21 AmrRadwan-MAC vmnet-bridge[87]: Preferences changed called
Jan 15 18:08:23 AmrRadwan-MAC SubmitDiagInfo[339]: Cleaning up expired diagnostic messages database at path: /var/log/DiagnosticMessages/2011.12.16.asl
Jan 15 18:08:24 AmrRadwan-MAC SubmitDiagInfo[339]: Cleaning up expired diagnostic messages database at path: /var/log/DiagnosticMessages/2011.12.15.asl
Jan 15 18:08:24 AmrRadwan-MAC SubmitDiagInfo[339]: Cleaning up expired diagnostic messages database at path: /var/log/DiagnosticMessages/2011.12.14.asl
Jan 15 18:08:24 AmrRadwan-MAC configd[14]: network configuration changed.
Jan 15 18:08:24 AmrRadwan-MAC vmnet-bridge[87]: Dynamic store changed
Jan 15 18:08:24 AmrRadwan-MAC vmnet-bridge[87]: Started bridge for 0, en1
Jan 15 18:08:24 AmrRadwan-MAC UserEventAgent[11]: CaptiveNetworkSupport:CaptivePublishState:1211 en1 - Probe
Jan 15 18:08:24 AmrRadwan-MAC UserEventAgent[11]: CaptiveNetworkSupport:CaptiveStartDetect:2343 Bypassing probe on AmrRadwan because it is protected and not on the exception list
Jan 15 18:08:24 AmrRadwan-MAC UserEventAgent[11]: CaptiveNetworkSupport:CaptivePublishState:1211 en1 - Unknown
Jan 15 18:08:24 AmrRadwan-MAC configd[14]: network configuration changed.
Jan 15 18:08:24 AmrRadwan-MAC vmnet-bridge[87]: Dynamic store changed
Jan 15 18:09:45 AmrRadwan-MAC com.apple.Dock.agent[165]: objc[443]: Class ABBezelWindow is implemented in both /System/Library/Frameworks/AddressBook.framework/Versions/A/AddressBook and /Library/Widgets/Address Book.wdgt/AddressBook.widgetplugin/Contents/MacOS/AddressBook. One of the two will be used. Which one is undefined.
Jan 15 18:09:45 AmrRadwan-MAC com.apple.Dock.agent[165]: objc[443]: Class ABLargeTypeController is implemented in both /System/Library/Frameworks/AddressBook.framework/Versions/A/AddressBook and /Library/Widgets/Address Book.wdgt/AddressBook.widgetplugin/Contents/MacOS/AddressBook. One of the two will be used. Which one is undefined.
Jan 15 18:09:45 AmrRadwan-MAC com.apple.Dock.agent[165]: objc[443]: Class ABLargeTypeView is implemented in both /System/Library/Frameworks/AddressBook.framework/Versions/A/AddressBook and /Library/Widgets/Address Book.wdgt/AddressBook.widgetplugin/Contents/MacOS/AddressBook. One of the two will be used. Which one is undefined.
Jan 15 18:13:33 AmrRadwan-MAC SystemUIServer[167]: It does not make sense to draw an image when [NSGraphicsContext currentContext] is nil. This is a programming error. Break on _NSWarnForDrawingImageWithNoCurrentContext to debug. This will be logged only once. This may break in the future.
Jan 15 18:15:03 AmrRadwan-MAC 1PasswordAgent[191]: (Information) All 1Password browser extensions are disabled. To enable extensions, open the 1Password > Preferences > Browsers window and enable browser extensions.
Jan 15 18:15:04 AmrRadwan-MAC WindowServer[105]: kCGErrorFailure: Set a breakpoint @ CGErrorBreakpoint() to catch errors as they are logged.
Jan 15 18:22:25 AmrRadwan-MAC com.apple.kextcache[345]: Created prelinked kernel /System/Library/Caches/com.apple.kext.caches/Startup/kernelcache.
Jan 15 18:36:09 AmrRadwan-MAC com.apple.launchctl.Background[474]: launchctl: Dubious permissions on file (skipping): /Library/LaunchAgents/com.logmein.logmeingui.plist
Jan 15 18:36:09 AmrRadwan-MAC com.apple.launchctl.Background[474]: launchctl: Dubious permissions on file (skipping): /Library/LaunchAgents/com.logmein.logmeinguiagent.plist
Jan 16 15:48:18 AmrRadwan-MAC SubmitDiagInfo[483]: Cleaning up expired diagnostic messages database at path: /var/log/DiagnosticMessages/2011.12.17.asl
Jan 16 15:48:19 AmrRadwan-MAC applepushserviced[50]: : Stream error occurred for : The operation couldn’t be completed. Socket is not connected
Jan 16 15:48:19 AmrRadwan-MAC applepushserviced[50]: : Stream error occurred for : The operation couldn’t be completed. (kCFErrorDomainCFNetwork error 2.)
Jan 16 15:48:20 AmrRadwan-MAC UserEventAgent[11]: CaptiveNetworkSupport:CaptivePublishState:1211 en1 - PreProbe
Jan 16 15:48:20 AmrRadwan-MAC configd[14]: network configuration changed.
Jan 16 15:48:20 AmrRadwan-MAC vmnet-bridge[87]: Dynamic store changed
Jan 16 15:48:20 AmrRadwan-MAC vmnet-bridge[87]: Failed to read SCproperties for key: State:/Network/Global/IPv4
Jan 16 15:48:20 AmrRadwan-MAC vmnet-bridge[87]: Stopping bridge for: en1
Jan 16 15:48:23 AmrRadwan-MAC vmnet-bridge[87]: Preferences changed called
Jan 16 15:48:24 AmrRadwan-MAC configd[14]: network configuration changed.
Jan 16 15:48:24 AmrRadwan-MAC vmnet-bridge[87]: Dynamic store changed
Jan 16 15:48:24 AmrRadwan-MAC vmnet-bridge[87]: Started bridge for 0, en1
Jan 16 15:48:24 AmrRadwan-MAC UserEventAgent[11]: CaptiveNetworkSupport:CaptivePublishState:1211 en1 - Probe
Jan 16 15:48:24 AmrRadwan-MAC UserEventAgent[11]: CaptiveNetworkSupport:CaptiveStartDetect:2343 Bypassing probe on AmrRadwan because it is protected and not on the exception list
Jan 16 15:48:24 AmrRadwan-MAC UserEventAgent[11]: CaptiveNetworkSupport:CaptivePublishState:1211 en1 - Unknown
Jan 16 15:48:24 AmrRadwan-MAC vmnet-bridge[87]: Dynamic store changed
Jan 16 15:48:24 AmrRadwan-MAC configd[14]: network configuration changed.
Jan 16 15:54:31 AmrRadwan-MAC UserEventAgent[11]: CaptiveNetworkSupport:CaptivePublishState:1211 en1 - PreProbe
Jan 16 15:54:31 AmrRadwan-MAC configd[14]: network configuration changed.
Jan 16 15:54:31 AmrRadwan-MAC vmnet-bridge[87]: Dynamic store changed
Jan 16 15:54:31 AmrRadwan-MAC vmnet-bridge[87]: Failed to read SCproperties for key: State:/Network/Global/IPv4
Jan 16 15:54:31 AmrRadwan-MAC vmnet-bridge[87]: Stopping bridge for: en1
Jan 16 15:54:31 AmrRadwan-MAC applepushserviced[50]: : Stream error occurred for : The operation couldn’t be completed. Socket is not connected
Jan 16 15:54:31 AmrRadwan-MAC applepushserviced[50]: : Stream error occurred for : The operation couldn’t be completed. (kCFErrorDomainCFNetwork error 2.)
Jan 16 18:48:14 AmrRadwan-MAC vmnet-bridge[87]: Preferences changed called
Jan 16 18:48:15: --- last message repeated 1 time ---
Jan 16 18:48:15 AmrRadwan-MAC configd[14]: network configuration changed.
Jan 16 18:48:15 AmrRadwan-MAC vmnet-bridge[87]: Dynamic store changed
Jan 16 18:48:15 AmrRadwan-MAC vmnet-bridge[87]: Started bridge for 0, en1
Jan 16 18:48:15 AmrRadwan-MAC UserEventAgent[11]: CaptiveNetworkSupport:CaptivePublishState:1211 en1 - Probe
Jan 16 18:48:15 AmrRadwan-MAC UserEventAgent[11]: CaptiveNetworkSupport:CaptiveStartDetect:2343 Bypassing probe on AmrRadwan because it is protected and not on the exception list
Jan 16 18:48:15 AmrRadwan-MAC UserEventAgent[11]: CaptiveNetworkSupport:CaptivePublishState:1211 en1 - Unknown
Jan 16 18:48:15 AmrRadwan-MAC configd[14]: network configuration changed.
Jan 16 18:48:15 AmrRadwan-MAC vmnet-bridge[87]: Dynamic store changed
Jan 16 18:48:15 AmrRadwan-MAC airportd[560]: _doAutoJoin: Already associated to “AmrRadwan”. Bailing on auto-join.
Jan 16 18:52:41 AmrRadwan-MAC com.apple.usbmuxd[19]: _SendAttachNotification (thread 0x7fff794ef960): sending attach for device e4:ce:8f:b6:ec:ce@fe80::e6ce:8fff:feb6:ecce._apple-mobdev._tcp.local.: _GetAddrInfoReplyReceivedCallback matched.
Jan 16 18:52:43 AmrRadwan-MAC usbmuxd[19]: _AMDeviceConnectByAddressAndPort (thread 0x100781000): IPv4
Jan 16 18:52:52 AmrRadwan-MAC com.apple.usbmuxd[19]: _SendDetachNotification (thread 0x7fff794ef960): sending detach for device e4:ce:8f:b6:ec:ce@fe80::e6ce:8fff:feb6:ecce._apple-mobdev._tcp.local.: _BrowseReplyReceivedCallback got bonjour removal.
Jan 16 18:56:45 AmrRadwan-MAC com.apple.launchctl.Background[577]: launchctl: Dubious permissions on file (skipping): /Library/LaunchAgents/com.logmein.logmeingui.plist
Jan 16 18:56:45 AmrRadwan-MAC com.apple.launchctl.Background[577]: launchctl: Dubious permissions on file (skipping): /Library/LaunchAgents/com.logmein.logmeinguiagent.plist
Jan 16 18:56:55 AmrRadwan-MAC UserEventAgent[11]: CaptiveNetworkSupport:CaptivePublishState:1211 en1 - PreProbe
Jan 16 18:56:55 AmrRadwan-MAC configd[14]: network configuration changed.
Jan 16 18:56:55 AmrRadwan-MAC vmnet-bridge[87]: Dynamic store changed
Jan 16 18:56:55 AmrRadwan-MAC vmnet-bridge[87]: Failed to read SCproperties for key: State:/Network/Global/IPv4
Jan 16 18:56:55 AmrRadwan-MAC vmnet-bridge[87]: Stopping bridge for: en1
Jan 16 18:56:55 AmrRadwan-MAC applepushserviced[50]: : Stream error occurred for : The operation couldn’t be completed. Socket is not connected
Jan 16 18:56:55 AmrRadwan-MAC applepushserviced[50]: : Stream error occurred for : The operation couldn’t be completed. (kCFErrorDomainCFNetwork error 2.)
Jan 17 16:46:16 AmrRadwan-MAC SubmitDiagInfo[588]: Cleaning up expired diagnostic messages database at path: /var/log/DiagnosticMessages/2011.12.18.asl
Jan 17 16:46:19 AmrRadwan-MAC loginwindow[35]: ERROR | -[LWBuiltInScreenLockAuthLion _handleAction:forController:] | Unknow action received, LUIBackgroundPressed
Jan 17 16:46:20 AmrRadwan-MAC vmnet-bridge[87]: Preferences changed called
Jan 17 16:46:21: --- last message repeated 1 time ---
Jan 17 16:46:21 AmrRadwan-MAC configd[14]: network configuration changed.
Jan 17 16:46:21 AmrRadwan-MAC vmnet-bridge[87]: Dynamic store changed
Jan 17 16:46:21 AmrRadwan-MAC vmnet-bridge[87]: Started bridge for 0, en1
Jan 17 16:46:21 AmrRadwan-MAC UserEventAgent[11]: CaptiveNetworkSupport:CaptivePublishState:1211 en1 - Probe
Jan 17 16:46:21 AmrRadwan-MAC UserEventAgent[11]: CaptiveNetworkSupport:CaptiveStartDetect:2343 Bypassing probe on AmrRadwan because it is protected and not on the exception list
Jan 17 16:46:21 AmrRadwan-MAC UserEventAgent[11]: CaptiveNetworkSupport:CaptivePublishState:1211 en1 - Unknown
Jan 17 16:46:21 AmrRadwan-MAC vmnet-bridge[87]: Dynamic store changed
Jan 17 16:46:21 AmrRadwan-MAC configd[14]: network configuration changed.
Jan 17 16:46:23 AmrRadwan-MAC UserEventAgent[11]: CaptiveNetworkSupport:CaptivePublishState:1211 en1 - PreProbe
Jan 17 16:46:23 AmrRadwan-MAC configd[14]: network configuration changed.
Jan 17 16:46:23 AmrRadwan-MAC vmnet-bridge[87]: Dynamic store changed
Jan 17 16:46:23 AmrRadwan-MAC vmnet-bridge[87]: Failed to read SCproperties for key: State:/Network/Global/IPv4
Jan 17 16:46:23 AmrRadwan-MAC vmnet-bridge[87]: Stopping bridge for: en1
Jan 17 16:46:35 AmrRadwan-MAC vmnet-bridge[87]: Dynamic store changed
Jan 17 16:46:35 AmrRadwan-MAC configd[14]: network configuration changed.
Jan 17 16:46:35 AmrRadwan-MAC vmnet-bridge[87]: Started bridge for 0, en1
Jan 17 16:46:35 AmrRadwan-MAC UserEventAgent[11]: CaptiveNetworkSupport:CaptivePublishState:1211 en1 - Probe
Jan 17 16:46:35 AmrRadwan-MAC UserEventAgent[11]: CaptiveNetworkSupport:CaptiveStartDetect:2343 Bypassing probe on AmrRadwan because it is protected and not on the exception list
Jan 17 16:46:35 AmrRadwan-MAC UserEventAgent[11]: CaptiveNetworkSupport:CaptivePublishState:1211 en1 - Unknown
Jan 17 16:46:35 AmrRadwan-MAC vmnet-bridge[87]: Dynamic store changed
Jan 17 16:46:35 AmrRadwan-MAC configd[14]: network configuration changed.
Jan 17 16:47:57 AmrRadwan-MAC com.apple.usbmuxd[19]: _SendAttachNotification (thread 0x7fff794ef960): sending attach for device e4:ce:8f:b6:ec:ce@fe80::e6ce:8fff:feb6:ecce._apple-mobdev._tcp.local.: _GetAddrInfoReplyReceivedCallback matched.
Jan 17 16:47:58 AmrRadwan-MAC usbmuxd[19]: _AMDeviceConnectByAddressAndPort (thread 0x100781000): IPv4
Jan 17 16:48:33 AmrRadwan-MAC sandboxd[669] ([666]): Safari Webpage P(666) deny file-read-data /
Jan 17 16:48:33 AmrRadwan-MAC sandboxd[669] ([666]): Safari Webpage P(666) deny mach-lookup org.h5l.kcm
Jan 17 16:48:38 AmrRadwan-MAC com.apple.usbmuxd[19]: _handle_timer Fish out of water!!!
Jan 17 16:50:21 AmrRadwan-MAC sandboxd[674] ([666]): Safari Webpage P(666) deny iokit-open AppleGraphicsPolicyClient
Jan 17 16:54:06 AmrRadwan-MAC com.apple.usbmuxd[19]: _SendDetachNotification (thread 0x7fff794ef960): sending detach for device e4:ce:8f:b6:ec:ce@fe80::e6ce:8fff:feb6:ecce._apple-mobdev._tcp.local.: _BrowseReplyReceivedCallback got bonjour removal.
Jan 17 16:54:06 AmrRadwan-MAC com.apple.usbmuxd[19]: networkDeviceCallback Surprisingly, there is no mie matching name
Jan 17 16:55:24 AmrRadwan-MAC com.apple.usbmuxd[19]: _SendAttachNotification (thread 0x7fff794ef960): sending attach for device e4:ce:8f:b6:ec:ce@fe80::e6ce:8fff:feb6:ecce._apple-mobdev._tcp.local.: _GetAddrInfoReplyReceivedCallback matched.
Jan 17 16:55:25 AmrRadwan-MAC usbmuxd[19]: _AMDeviceConnectByAddressAndPort (thread 0x100781000): IPv4
Jan 17 16:56:00 AmrRadwan-MAC com.apple.usbmuxd[19]: _SendDetachNotification (thread 0x7fff794ef960): sending detach for device e4:ce:8f:b6:ec:ce@fe80::e6ce:8fff:feb6:ecce._apple-mobdev._tcp.local.: _BrowseReplyReceivedCallback got bonjour removal.
Jan 17 17:02:07 AmrRadwan-MAC com.apple.usbmuxd[19]: _SendAttachNotification (thread 0x7fff794ef960): sending attach for device e4:ce:8f:b6:ec:ce@fe80::e6ce:8fff:feb6:ecce._apple-mobdev._tcp.local.: _GetAddrInfoReplyReceivedCallback matched.
Jan 17 17:02:07 AmrRadwan-MAC usbmuxd[19]: _AMDeviceConnectByAddressAndPort (thread 0x100781000): IPv4
Jan 17 17:02:25 AmrRadwan-MAC com.apple.usbmuxd[19]: _SendDetachNotification (thread 0x7fff794ef960): sending detach for device e4:ce:8f:b6:ec:ce@fe80::e6ce:8fff:feb6:ecce._apple-mobdev._tcp.local.: _BrowseReplyReceivedCallback got bonjour removal.
Jan 17 17:07:18 AmrRadwan-MAC com.apple.usbmuxd[19]: _SendAttachNotification (thread 0x7fff794ef960): sending attach for device e4:ce:8f:b6:ec:ce@fe80::e6ce:8fff:feb6:ecce._apple-mobdev._tcp.local.: _GetAddrInfoReplyReceivedCallback matched.
Jan 17 17:07:19 AmrRadwan-MAC usbmuxd[19]: _AMDeviceConnectByAddressAndPort (thread 0x100781000): IPv4
Jan 17 17:07:25 AmrRadwan-MAC com.apple.usbmuxd[19]: _SendDetachNotification (thread 0x7fff794ef960): sending detach for device e4:ce:8f:b6:ec:ce@fe80::e6ce:8fff:feb6:ecce._apple-mobdev._tcp.local.: _BrowseReplyReceivedCallback got bonjour removal.
Jan 17 17:08:54 AmrRadwan-MAC com.apple.usbmuxd[19]: _SendAttachNotification (thread 0x7fff794ef960): sending attach for device e4:ce:8f:b6:ec:ce@fe80::e6ce:8fff:feb6:ecce._apple-mobdev._tcp.local.: _GetAddrInfoReplyReceivedCallback matched.
Jan 17 17:08:54 AmrRadwan-MAC usbmuxd[19]: _AMDeviceConnectByAddressAndPort (thread 0x100781000): IPv4
Jan 17 17:09:54 AmrRadwan-MAC com.apple.launchctl.Background[689]: launchctl: Dubious permissions on file (skipping): /Library/LaunchAgents/com.logmein.logmeingui.plist
Jan 17 17:09:54 AmrRadwan-MAC com.apple.launchctl.Background[689]: launchctl: Dubious permissions on file (skipping): /Library/LaunchAgents/com.logmein.logmeinguiagent.plist
Jan 17 17:09:55 AmrRadwan-MAC com.apple.usbmuxd[19]: _handle_timer Fish out of water!!!
Jan 17 17:09:59 AmrRadwan-MAC com.apple.usbmuxd[19]: _SendDetachNotification (thread 0x7fff794ef960): sending detach for device e4:ce:8f:b6:ec:ce@fe80::e6ce:8fff:feb6:ecce._apple-mobdev._tcp.local.: _BrowseReplyReceivedCallback got bonjour removal.
Jan 17 17:09:59 AmrRadwan-MAC com.apple.usbmuxd[19]: networkDeviceCallback Surprisingly, there is no mie matching name
Jan 17 17:10:08 AmrRadwan-MAC UserEventAgent[11]: CaptiveNetworkSupport:CaptivePublishState:1211 en1 - PreProbe
Jan 17 17:10:08 AmrRadwan-MAC configd[14]: network configuration changed.
Jan 17 17:10:08 AmrRadwan-MAC vmnet-bridge[87]: Dynamic store changed
Jan 17 17:10:08 AmrRadwan-MAC vmnet-bridge[87]: Failed to read SCproperties for key: State:/Network/Global/IPv4
Jan 17 17:10:08 AmrRadwan-MAC vmnet-bridge[87]: Stopping bridge for: en1
Jan 17 17:10:08 AmrRadwan-MAC applepushserviced[50]: : Stream error occurred for : The operation couldn’t be completed. Socket is not connected
Jan 17 19:29:45 AmrRadwan-MAC vmnet-bridge[87]: Dynamic store changed
Jan 17 19:29:45 AmrRadwan-MAC vmnet-bridge[87]: Started bridge for 0, en1
Jan 17 19:29:45 AmrRadwan-MAC configd[14]: network configuration changed.
Jan 17 19:29:45 AmrRadwan-MAC vmnet-bridge[87]: Preferences changed called
Jan 17 19:29:46 AmrRadwan-MAC vmnet-bridge[87]: Dynamic store changed
Jan 17 19:29:46 AmrRadwan-MAC configd[14]: network configuration changed.
Jan 17 19:29:46 AmrRadwan-MAC vmnet-bridge[87]: Failed to read SCproperties for key: State:/Network/Global/IPv4
Jan 17 19:29:46 AmrRadwan-MAC vmnet-bridge[87]: Stopping bridge for: en1
Jan 17 19:29:46 AmrRadwan-MAC UserEventAgent[11]: CaptiveNetworkSupport:CaptivePublishState:1211 en1 - Probe
Jan 17 19:29:46 AmrRadwan-MAC UserEventAgent[11]: CaptiveNetworkSupport:CaptiveStartDetect:2343 Bypassing probe on AmrRadwan because it is protected and not on the exception list
Jan 17 19:29:46 AmrRadwan-MAC UserEventAgent[11]: CaptiveNetworkSupport:CaptivePublishState:1211 en1 - Unknown
Jan 17 19:29:46 AmrRadwan-MAC UserEventAgent[11]: CaptiveNetworkSupport:CaptivePublishState:1211 en1 - PreProbe
Jan 17 19:29:46 AmrRadwan-MAC configd[14]: network configuration changed.
Jan 17 19:29:50: --- last message repeated 1 time ---
Jan 17 19:29:50 AmrRadwan-MAC com.apple.usbmuxd[19]: _SendAttachNotification (thread 0x7fff794ef960): sending attach for device e4:ce:8f:b6:ec:ce@fe80::e6ce:8fff:feb6:ecce._apple-mobdev._tcp.local.: _GetAddrInfoReplyReceivedCallback matched.
Jan 17 19:29:50 AmrRadwan-MAC com.apple.usbmuxd[19]: MuxNetworkInitiateConnect Client 0x101802e40-usbmuxd/NULL requesting attach to 972bc20ba200e270c977e46c391e22db2279809c:62078 failed, could not begin background connection attempt: -1
Jan 17 19:29:50 AmrRadwan-MAC com.apple.usbmuxd[19]: HandleUSBMuxConnect Client 0x101802e40-usbmuxd/NULL MuxNetworkInitiateConnect failed
Jan 17 19:29:50 AmrRadwan-MAC usbmuxd[19]: AMDeviceConnect (thread 0x101c81000): Could not connect to lockdown port (62078) on device 8 - 972bc20ba200e270c977e46c391e22db2279809c: 0xe800006b.
Jan 17 19:29:50 AmrRadwan-MAC usbmuxd[19]: _AMDevicePreflightWorker (thread 0x101c81000): Pair worker could not connect to lockdownd on device 8: 0xe800006b.
Jan 17 19:29:50 AmrRadwan-MAC com.apple.usbmuxd[19]: HandleDeviceAttachHelperCallback preflighting failed for WiFi device 0x8-192.168.1.4:0: 0xe800006b. Ignoring device.
Jan 17 19:29:51 AmrRadwan-MAC 1PasswordAgent[191]: (Information) All 1Password browser extensions are disabled. To enable extensions, open the 1Password > Preferences > Browsers window and enable browser extensions.
Jan 17 19:29:57 AmrRadwan-MAC configd[14]: network configuration changed.
Jan 17 19:29:57 AmrRadwan-MAC vmnet-bridge[87]: Dynamic store changed
Jan 17 19:29:57 AmrRadwan-MAC vmnet-bridge[87]: Started bridge for 0, en1
Jan 17 19:29:57 AmrRadwan-MAC UserEventAgent[11]: CaptiveNetworkSupport:CaptivePublishState:1211 en1 - Probe
Jan 17 19:29:57 AmrRadwan-MAC UserEventAgent[11]: CaptiveNetworkSupport:CaptiveStartDetect:2343 Bypassing probe on AmrRadwan because it is protected and not on the exception list
Jan 17 19:29:57 AmrRadwan-MAC UserEventAgent[11]: CaptiveNetworkSupport:CaptivePublishState:1211 en1 - Unknown
Jan 17 19:29:57 AmrRadwan-MAC vmnet-bridge[87]: Dynamic store changed
Jan 17 19:29:57 AmrRadwan-MAC configd[14]: network configuration changed.
Jan 17 19:37:10 AmrRadwan-MAC com.apple.usbmuxd[19]: _SendDetachNotification (thread 0x7fff794ef960): sending detach for device e4:ce:8f:b6:ec:ce@fe80::e6ce:8fff:feb6:ecce._apple-mobdev._tcp.local.: _BrowseReplyReceivedCallback got bonjour removal.
Jan 17 19:38:15 AmrRadwan-MAC com.apple.usbmuxd[19]: _SendAttachNotification (thread 0x7fff794ef960): sending attach for device e4:ce:8f:b6:ec:ce@fe80::e6ce:8fff:feb6:ecce._apple-mobdev._tcp.local.: _GetAddrInfoReplyReceivedCallback matched.
Jan 17 19:38:16 AmrRadwan-MAC usbmuxd[19]: _AMDeviceConnectByAddressAndPort (thread 0x100781000): IPv4
Jan 17 19:38:22 AmrRadwan-MAC com.apple.usbmuxd[19]: _SendDetachNotification (thread 0x7fff794ef960): sending detach for device e4:ce:8f:b6:ec:ce@fe80::e6ce:8fff:feb6:ecce._apple-mobdev._tcp.local.: _BrowseReplyReceivedCallback got bonjour removal.
Jan 17 19:39:53 AmrRadwan-MAC com.apple.usbmuxd[19]: _SendAttachNotification (thread 0x7fff794ef960): sending attach for device e4:ce:8f:b6:ec:ce@fe80::e6ce:8fff:feb6:ecce._apple-mobdev._tcp.local.: _GetAddrInfoReplyReceivedCallback matched.
Jan 17 19:39:53 AmrRadwan-MAC usbmuxd[19]: _AMDeviceConnectByAddressAndPort (thread 0x100781000): IPv4
Jan 17 19:40:00 AmrRadwan-MAC com.apple.usbmuxd[19]: _SendDetachNotification (thread 0x7fff794ef960): sending detach for device e4:ce:8f:b6:ec:ce@fe80::e6ce:8fff:feb6:ecce._apple-mobdev._tcp.local.: _BrowseReplyReceivedCallback got bonjour removal.
Jan 17 19:41:51 AmrRadwan-MAC com.apple.usbmuxd[19]: _SendAttachNotification (thread 0x7fff794ef960): sending attach for device e4:ce:8f:b6:ec:ce@fe80::e6ce:8fff:feb6:ecce._apple-mobdev._tcp.local.: _GetAddrInfoReplyReceivedCallback matched.
Jan 17 19:41:52 AmrRadwan-MAC usbmuxd[19]: _AMDeviceConnectByAddressAndPort (thread 0x100781000): IPv4
Jan 17 19:42:52 AmrRadwan-MAC com.apple.usbmuxd[19]: _handle_timer Fish out of water!!!
Jan 17 19:42:59 AmrRadwan-MAC com.apple.usbmuxd[19]: _SendDetachNotification (thread 0x7fff794ef960): sending detach for device e4:ce:8f:b6:ec:ce@fe80::e6ce:8fff:feb6:ecce._apple-mobdev._tcp.local.: _BrowseReplyReceivedCallback got bonjour removal.
Jan 17 19:42:59 AmrRadwan-MAC com.apple.usbmuxd[19]: networkDeviceCallback Surprisingly, there is no mie matching name
Jan 17 19:43:19 AmrRadwan-MAC com.apple.launchctl.Background[721]: launchctl: Dubious permissions on file (skipping): /Library/LaunchAgents/com.logmein.logmeingui.plist
Jan 17 19:43:19 AmrRadwan-MAC com.apple.launchctl.Background[721]: launchctl: Dubious permissions on file (skipping): /Library/LaunchAgents/com.logmein.logmeinguiagent.plist
Jan 17 19:49:46 AmrRadwan-MAC UserEventAgent[11]: CaptiveNetworkSupport:CaptivePublishState:1211 en1 - PreProbe
Jan 17 19:49:46 AmrRadwan-MAC configd[14]: network configuration changed.
Jan 17 19:49:46 AmrRadwan-MAC vmnet-bridge[87]: Dynamic store changed
Jan 17 19:49:46 AmrRadwan-MAC vmnet-bridge[87]: Failed to read SCproperties for key: State:/Network/Global/IPv4
Jan 17 19:49:46 AmrRadwan-MAC vmnet-bridge[87]: Stopping bridge for: en1
Jan 17 19:49:46 AmrRadwan-MAC applepushserviced[50]: : Stream error occurred for : The operation couldn’t be completed. Socket is not connected
Jan 17 19:49:46 AmrRadwan-MAC applepushserviced[50]: : Stream error occurred for : The operation couldn’t be completed. (kCFErrorDomainCFNetwork error 2.)
Jan 18 18:20:53 AmrRadwan-MAC SubmitDiagInfo[743]: Cleaning up expired diagnostic messages database at path: /var/log/DiagnosticMessages/2011.12.19.asl
Jan 18 18:20:57 AmrRadwan-MAC vmnet-bridge[87]: Preferences changed called
Jan 18 18:20:58 AmrRadwan-MAC vmnet-bridge[87]: Dynamic store changed
Jan 18 18:20:58 AmrRadwan-MAC configd[14]: network configuration changed.
Jan 18 18:20:58 AmrRadwan-MAC vmnet-bridge[87]: Started bridge for 0, en1
Jan 18 18:20:58 AmrRadwan-MAC UserEventAgent[11]: CaptiveNetworkSupport:CaptivePublishState:1211 en1 - Probe
Jan 18 18:20:58 AmrRadwan-MAC UserEventAgent[11]: CaptiveNetworkSupport:CaptiveStartDetect:2343 Bypassing probe on AmrRadwan because it is protected and not on the exception list
Jan 18 18:20:58 AmrRadwan-MAC UserEventAgent[11]: CaptiveNetworkSupport:CaptivePublishState:1211 en1 - Unknown
Jan 18 18:20:58 AmrRadwan-MAC vmnet-bridge[87]: Dynamic store changed
Jan 18 18:20:58 AmrRadwan-MAC configd[14]: network configuration changed.
Jan 18 18:30:02 AmrRadwan-MAC mDNSResponder[33]: ERROR: handle_resolve_request bad interfaceIndex 1
Jan 18 18:30:02 AmrRadwan-MAC mDNSResponder[33]: ERROR: handle_resolve_request bad interfaceIndex 2
Jan 18 18:30:02 AmrRadwan-MAC mDNSResponder[33]: ERROR: handle_resolve_request bad interfaceIndex 3
Jan 18 18:30:02 AmrRadwan-MAC mDNSResponder[33]: ERROR: handle_resolve_request bad interfaceIndex 4
Jan 18 18:30:02 AmrRadwan-MAC mDNSResponder[33]: ERROR: handle_resolve_request bad interfaceIndex 6
Jan 18 18:30:02 AmrRadwan-MAC mDNSResponder[33]: ERROR: handle_resolve_request bad interfaceIndex 7
Jan 18 18:30:02 AmrRadwan-MAC mDNSResponder[33]: ERROR: handle_resolve_request bad interfaceIndex 10
Jan 18 18:30:02 AmrRadwan-MAC mDNSResponder[33]: ERROR: handle_resolve_request bad interfaceIndex 11
Jan 18 18:30:02 AmrRadwan-MAC mDNSResponder[33]: ERROR: handle_resolve_request bad interfaceIndex 12
Jan 18 18:30:02 AmrRadwan-MAC mDNSResponder[33]: ERROR: handle_resolve_request bad interfaceIndex 13
Jan 18 18:30:02 AmrRadwan-MAC mDNSResponder[33]: ERROR: handle_resolve_request bad interfaceIndex 14
Jan 18 18:30:02 AmrRadwan-MAC mDNSResponder[33]: ERROR: handle_resolve_request bad interfaceIndex 15
Jan 18 18:30:02 AmrRadwan-MAC mDNSResponder[33]: ERROR: handle_resolve_request bad interfaceIndex 16
Jan 18 18:30:02 AmrRadwan-MAC mDNSResponder[33]: ERROR: handle_resolve_request bad interfaceIndex 17
Jan 18 18:30:02 AmrRadwan-MAC mDNSResponder[33]: ERROR: handle_resolve_request bad interfaceIndex 18
Jan 18 18:30:02 AmrRadwan-MAC mDNSResponder[33]: ERROR: handle_resolve_request bad interfaceIndex 19
Jan 18 18:30:02 AmrRadwan-MAC mDNSResponder[33]: ERROR: handle_resolve_request bad interfaceIndex 20
Jan 18 18:30:02 AmrRadwan-MAC mDNSResponder[33]: ERROR: handle_resolve_request bad interfaceIndex 21
Jan 18 18:30:02 AmrRadwan-MAC mDNSResponder[33]: ERROR: handle_resolve_request bad interfaceIndex 22
Jan 18 18:30:02 AmrRadwan-MAC mDNSResponder[33]: ERROR: handle_resolve_request bad interfaceIndex 23
Jan 18 18:30:02 AmrRadwan-MAC mDNSResponder[33]: ERROR: handle_resolve_request bad interfaceIndex 24
Jan 18 18:30:02 AmrRadwan-MAC mDNSResponderHelper[824]: do_mDNSSendWakeupPacket BIOCSETIF failed Device not configured
Jan 18 18:30:03: --- last message repeated 1 time ---
Jan 18 18:30:03 AmrRadwan-MAC [0x0-0x4e04e].com.apple.iTunes[822]: The plugin 'Quartz Composer Visualizer' failed to load because it has the wrong CPU architecture for this version of iTunes. (3585)
Jan 18 18:30:03 AmrRadwan-MAC mDNSResponderHelper[824]: do_mDNSSendWakeupPacket BIOCSETIF failed Device not configured
Jan 18 18:30:05: --- last message repeated 1 time ---
Jan 18 18:30:05 AmrRadwan-MAC [0x0-0x4e04e].com.apple.iTunes[822]: Returning 0x0. Advertising wake service for libraryIdentifier "3E87DF5D2F5EB936".
Jan 18 18:30:06 AmrRadwan-MAC mDNSResponderHelper[824]: do_mDNSSendWakeupPacket BIOCSETIF failed Device not configured
Jan 18 18:30:32: --- last message repeated 1 time ---
Jan 18 18:30:32 AmrRadwan-MAC [0x0-0x51051].com.apple.garageband[827]: No receipt for 'com.apple.pkg.GarageBand_Jam_Pack' found at '/'.
Jan 18 18:30:32 AmrRadwan-MAC [0x0-0x51051].com.apple.garageband[827]: No receipt for 'com.apple.pkg.JamPack1' found at '/'.
Jan 18 18:30:32 AmrRadwan-MAC [0x0-0x51051].com.apple.garageband[827]: No receipt for 'com.apple.pkg.RemixTools_Instruments' found at '/'.
Jan 18 18:30:32 AmrRadwan-MAC [0x0-0x51051].com.apple.garageband[827]: No receipt for 'com.apple.pkg.RhythmSection_Instruments' found at '/'.
Jan 18 18:30:32 AmrRadwan-MAC [0x0-0x51051].com.apple.garageband[827]: No receipt for 'com.apple.pkg.JamPack4_Instruments' found at '/'.
Jan 18 18:30:32 AmrRadwan-MAC [0x0-0x51051].com.apple.garageband[827]: No receipt for 'com.apple.pkg.WorldMusic_Instruments_Tiger' found at '/'.
Jan 18 18:30:32 AmrRadwan-MAC [0x0-0x51051].com.apple.garageband[827]: No receipt for 'com.apple.pkg.Voices_Instruments_Tiger' found at '/'.
Jan 18 18:30:32 AmrRadwan-MAC [0x0-0x51051].com.apple.garageband[827]: No receipt for 'com.apple.pkg.JamPackWorldMusicInstruments' found at '/'.
Jan 18 18:30:32: --- last message repeated 1 time ---
Jan 18 18:30:32 AmrRadwan-MAC [0x0-0x51051].com.apple.garageband[827]: No receipt for 'com.apple.pkg.JamPackOneInstruments' found at '/'.
Jan 18 18:30:32 AmrRadwan-MAC [0x0-0x51051].com.apple.garageband[827]: No receipt for 'com.apple.pkg.JamPackOrchestralInstruments' found at '/'.
Jan 18 18:30:33 AmrRadwan-MAC [0x0-0x51051].com.apple.garageband[827]: No receipt for 'com.apple.pkg.JamPackRhythmSectionInstruments' found at '/'.
Jan 18 18:30:33 AmrRadwan-MAC [0x0-0x51051].com.apple.garageband[827]: No receipt for 'com.apple.pkg.JamPackRemixToolsInstruments' found at '/'.
Jan 18 18:30:36 AmrRadwan-MAC MIDIServer[843]: MIDIServer [843] starting; arch=x86_64
Jan 18 18:30:58 AmrRadwan-MAC librariand[853]: changing log level to 5
Jan 18 18:30:58 AmrRadwan-MAC librariand[853]: no ubiquity account configured, not creating collection
Jan 18 18:30:58 AmrRadwan-MAC librariand[853]: error in handle_client_request: LibrarianErrorDomain/10/Unable to configure the collection.
Jan 18 18:32:50 AmrRadwan-MAC [0x0-0x51051].com.apple.garageband[827]: DVFreeThread - CFMachPortCreateWithPort hack = 0xa143eb0, fPowerNotifyPort= 0xa13fe30
Jan 18 18:32:50 AmrRadwan-MAC librariand[853]: client connection is invalid: Connection invalid
Jan 18 18:45:27 AmrRadwan-MAC com.apple.launchctl.Background[880]: launchctl: Dubious permissions on file (skipping): /Library/LaunchAgents/com.logmein.logmeingui.plist
Jan 18 18:45:27 AmrRadwan-MAC com.apple.launchctl.Background[880]: launchctl: Dubious permissions on file (skipping): /Library/LaunchAgents/com.logmein.logmeinguiagent.plist
Jan 18 18:45:40 AmrRadwan-MAC UserEventAgent[11]: CaptiveNetworkSupport:CaptivePublishState:1211 en1 - PreProbe
Jan 18 18:45:40 AmrRadwan-MAC configd[14]: network configuration changed.
Jan 18 18:45:40 AmrRadwan-MAC vmnet-bridge[87]: Dynamic store changed
Jan 18 18:45:40 AmrRadwan-MAC vmnet-bridge[87]: Failed to read SCproperties for key: State:/Network/Global/IPv4
Jan 18 18:45:40 AmrRadwan-MAC vmnet-bridge[87]: Stopping bridge for: en1
Jan 18 18:45:40 AmrRadwan-MAC applepushserviced[50]: : Stream error occurred for : The operation couldn’t be completed. Socket is not connected
Jan 18 18:45:40 AmrRadwan-MAC applepushserviced[50]: : Stream error occurred for : The operation couldn’t be completed. (kCFErrorDomainCFNetwork error 2.)
Jan 19 08:13:00 AmrRadwan-MAC vmnet-bridge[87]: Preferences changed called
Jan 19 08:13:01 AmrRadwan-MAC configd[14]: network configuration changed.
Jan 19 08:13:01 AmrRadwan-MAC vmnet-bridge[87]: Dynamic store changed
Jan 19 08:13:01 AmrRadwan-MAC vmnet-bridge[87]: Started bridge for 0, en1
Jan 19 08:13:01 AmrRadwan-MAC UserEventAgent[11]: CaptiveNetworkSupport:CaptivePublishState:1211 en1 - Probe
Jan 19 08:13:01 AmrRadwan-MAC UserEventAgent[11]: CaptiveNetworkSupport:CaptiveStartDetect:2343 Bypassing probe on AmrRadwan because it is protected and not on the exception list
Jan 19 08:13:01 AmrRadwan-MAC UserEventAgent[11]: CaptiveNetworkSupport:CaptivePublishState:1211 en1 - Unknown
Jan 19 08:13:01 AmrRadwan-MAC configd[14]: network configuration changed.
Jan 19 08:13:01 AmrRadwan-MAC vmnet-bridge[87]: Dynamic store changed
Jan 19 08:17:19 AmrRadwan-MAC com.apple.usbmuxd[19]: _SendAttachNotification (thread 0x7fff794ef960): sending attach for device e4:ce:8f:b6:ec:ce@fe80::e6ce:8fff:feb6:ecce._apple-mobdev._tcp.local.: _GetAddrInfoReplyReceivedCallback matched.
Jan 19 08:17:19 AmrRadwan-MAC usbmuxd[19]: _AMDeviceConnectByAddressAndPort (thread 0x100781000): IPv4
Jan 19 08:17:20 AmrRadwan-MAC iTunes[822]: _AMDDeviceAttachedCallbackv3 (thread 0x112bc9000): Device 'AMDevice 0x7fca832b1db0 {UDID = 972bc20ba200e270c977e46c391e22db2279809c, device ID = 12, FullServiceName = e4:ce:8f:b6:ec:ce@fe80::e6ce:8fff:feb6:ecce._apple-mobdev._tcp.local.}' attached.
Jan 19 08:17:21 AmrRadwan-MAC ath[971]: _AMDDeviceAttachedCallbackv3 (thread 0x7fff794ef960): Device 'AMDevice 0x1018043e0 {UDID = 972bc20ba200e270c977e46c391e22db2279809c, device ID = 12, FullServiceName = e4:ce:8f:b6:ec:ce@fe80::e6ce:8fff:feb6:ecce._apple-mobdev._tcp.local.}' attached.
Jan 19 08:17:23 AmrRadwan-MAC iTunes[822]: _GCDSearchPthreadOnceRoutine (thread 0x7fff794ef960): Looked up GCD symbols, got addresses: 900a7884, GCD_AVAILABLE is 1
Jan 19 08:17:30 AmrRadwan-MAC AppleMobileDeviceHelper[972]: _AMDDeviceAttachedCallbackv3 (thread 0xacf4b2c0): Device 'AMDevice 0x341830 {UDID = 972bc20ba200e270c977e46c391e22db2279809c, device ID = 12, FullServiceName = e4:ce:8f:b6:ec:ce@fe80::e6ce:8fff:feb6:ecce._apple-mobdev._tcp.local.}' attached.
Jan 19 08:17:53 AmrRadwan-MAC com.apple.usbmuxd[19]: _SendDetachNotification (thread 0x7fff794ef960): sending detach for device e4:ce:8f:b6:ec:ce@fe80::e6ce:8fff:feb6:ecce._apple-mobdev._tcp.local.: _BrowseReplyReceivedCallback got bonjour removal.
Jan 19 08:17:53 AmrRadwan-MAC iTunes[822]: _NotificationSocketReadCallbackGCD (thread 0x7fff794ef960): Unexpected connection closure...
Jan 19 08:17:53 AmrRadwan-MAC iTunes[822]: _AMDDeviceDetached (thread 0x112bc9000): Device 'AMDevice 0x7fca832b1db0 {UDID = 972bc20ba200e270c977e46c391e22db2279809c, device ID = 12, FullServiceName = e4:ce:8f:b6:ec:ce@fe80::e6ce:8fff:feb6:ecce._apple-mobdev._tcp.local.}' detached.
Jan 19 08:19:32 AmrRadwan-MAC SyncServer[973]: [0x105516e60] |DataManager|Warning| Resetting client com.apple.AddressBook since it has not synced since 2011-10-21 06:19:32 +0000
Jan 19 08:19:44 AmrRadwan-MAC Safari[701]: IPCClient: Server port 0 is invalid; looking it up again...
Jan 19 08:19:45 AmrRadwan-MAC sandboxd[979] ([977]): Safari Webpage P(977) deny file-read-data /
Jan 19 08:19:45 AmrRadwan-MAC sandboxd[979] ([977]): Safari Webpage P(977) deny mach-lookup org.h5l.kcm
Jan 19 08:20:55 AmrRadwan-MAC sandboxd[984] ([977]): Safari Webpage P(977) deny iokit-open AppleGraphicsPolicyClient
Jan 19 08:20:58 AmrRadwan-MAC sandboxd[984] ([977]): Safari Webpage P(977) deny file-read-data /Users/amrradwan/Library/Preferences/com.apple.quicktime.plugin.preferences.plist
Jan 19 08:20:58 AmrRadwan-MAC sandboxd[984] ([977]): Safari Webpage P(977) deny process-fork
Jan 19 08:20:58 AmrRadwan-MAC sandboxd[984] ([977]): Safari Webpage P(977) deny file-read-data /Users/amrradwan/Library/Preferences/com.apple.quicktime.plugin.preferences.plist
Jan 19 08:20:58 AmrRadwan-MAC sandboxd[984] ([977]): Safari Webpage P(977) deny file-read-data /Applications/RealPlayer.app/Contents/MacOS/RealPlayer Plugin.plugin
Jan 19 08:21:30: --- last message repeated 3 times ---
Jan 19 08:23:14 AmrRadwan-MAC Calculator[990]: Could not find image named 'x3'.
Jan 19 08:26:44 AmrRadwan-MAC UserEventAgent[11]: CaptiveNetworkSupport:CaptivePublishState:1211 en1 - PreProbe
Jan 19 08:26:44 AmrRadwan-MAC configd[14]: network configuration changed.
Jan 19 08:26:44 AmrRadwan-MAC vmnet-bridge[87]: Dynamic store changed
Jan 19 08:26:44 AmrRadwan-MAC vmnet-bridge[87]: Failed to read SCproperties for key: State:/Network/Global/IPv4
Jan 19 08:26:44 AmrRadwan-MAC vmnet-bridge[87]: Stopping bridge for: en1
Jan 19 08:26:44 AmrRadwan-MAC applepushserviced[50]: : Stream error occurred for : The operation couldn’t be completed. Socket is not connected
Jan 19 08:26:44 AmrRadwan-MAC applepushserviced[50]: : Stream error occurred for : The operation couldn’t be completed. (kCFErrorDomainCFNetwork error 2.)
Jan 19 08:45:25 AmrRadwan-MAC configd[14]: network configuration changed.
Jan 19 08:45:25 AmrRadwan-MAC vmnet-bridge[87]: Dynamic store changed
Jan 19 08:45:25 AmrRadwan-MAC vmnet-bridge[87]: Started bridge for 0, en1
Jan 19 08:45:25 AmrRadwan-MAC UserEventAgent[11]: CaptiveNetworkSupport:CaptivePublishState:1211 en1 - Probe
Jan 19 08:45:25 AmrRadwan-MAC UserEventAgent[11]: CaptiveNetworkSupport:CaptiveStartDetect:2343 Bypassing probe on AmrRadwan because it is protected and not on the exception list
Jan 19 08:45:25 AmrRadwan-MAC UserEventAgent[11]: CaptiveNetworkSupport:CaptivePublishState:1211 en1 - Unknown
Jan 19 08:45:25 AmrRadwan-MAC vmnet-bridge[87]: Dynamic store changed
Jan 19 08:45:25 AmrRadwan-MAC configd[14]: network configuration changed.
Jan 19 08:45:25 AmrRadwan-MAC vmnet-bridge[87]: Preferences changed called
Jan 19 08:47:09 AmrRadwan-MAC [0x0-0x5f05f].com.skype.skype[995]: DVFreeThread - CFMachPortCreateWithPort hack = 0x167a070, fPowerNotifyPort= 0x16790b0
Jan 19 08:47:09 AmrRadwan-MAC [0x0-0x5f05f].com.skype.skype[995]: DVFreeThread - CFMachPortCreateWithPort hack = 0x167bc80, fPowerNotifyPort= 0x167a960
Jan 19 08:47:09 AmrRadwan-MAC [0x0-0x5f05f].com.skype.skype[995]: DVFreeThread - CFMachPortCreateWithPort hack = 0x167b330, fPowerNotifyPort= 0x16196c0
Jan 19 08:47:28 AmrRadwan-MAC UserEventAgent[11]: CaptiveNetworkSupport:CaptivePublishState:1211 en1 - PreProbe
Jan 19 08:47:28 AmrRadwan-MAC configd[14]: network configuration changed.
Jan 19 08:47:28 AmrRadwan-MAC vmnet-bridge[87]: Dynamic store changed
Jan 19 08:47:28 AmrRadwan-MAC vmnet-bridge[87]: Failed to read SCproperties for key: State:/Network/Global/IPv4
Jan 19 08:47:28 AmrRadwan-MAC vmnet-bridge[87]: Stopping bridge for: en1
Jan 19 08:47:28 AmrRadwan-MAC applepushserviced[50]: : Stream error occurred for : The operation couldn’t be completed. Socket is not connected
Jan 19 08:47:28 AmrRadwan-MAC applepushserviced[50]: : Stream error occurred for : The operation couldn’t be completed. (kCFErrorDomainCFNetwork error 2.)
Jan 19 09:48:21 AmrRadwan-MAC SyncServer[1010]: [0x104316e60] |SyncServer|Warning| Refreshing watchdog because of a calendar time change alert.
Jan 19 09:48:23 AmrRadwan-MAC vmnet-bridge[87]: Preferences changed called
Jan 19 09:48:24: --- last message repeated 1 time ---
Jan 19 09:48:23 AmrRadwan-MAC vmnet-bridge[87]: Dynamic store changed
Jan 19 09:48:23 AmrRadwan-MAC vmnet-bridge[87]: Started bridge for 0, en1
Jan 19 09:48:23 AmrRadwan-MAC configd[14]: network configuration changed.
Jan 19 09:48:23 AmrRadwan-MAC UserEventAgent[11]: CaptiveNetworkSupport:CaptivePublishState:1211 en1 - Probe
Jan 19 09:48:23 AmrRadwan-MAC UserEventAgent[11]: CaptiveNetworkSupport:CaptiveStartDetect:2343 Bypassing probe on AmrRadwan because it is protected and not on the exception list
Jan 19 09:48:23 AmrRadwan-MAC UserEventAgent[11]: CaptiveNetworkSupport:CaptivePublishState:1211 en1 - Unknown
Jan 19 09:48:23 AmrRadwan-MAC vmnet-bridge[87]: Dynamic store changed
Jan 19 09:48:23 AmrRadwan-MAC configd[14]: network configuration changed.
Jan 19 09:49:43 AmrRadwan-MAC iZip[1028]: error 220
Jan 19 09:49:43: --- last message repeated 1 time ---
Jan 19 09:49:43 AmrRadwan-MAC com.apple.launchd[1] (com.apple.SystemStarter): Failed to count the number of files in "/System/Library/StartupItems": No such file or directory
Jan 19 09:49:43: --- last message repeated 3 times ---
Jan 19 09:49:43 AmrRadwan-MAC mds[32]: (/)(Warning) IndexQuery in bool preIterate_FSI(SISearchCtx_FSI*):Throttling inefficient file system query
Jan 19 09:49:48 AmrRadwan-MAC com.apple.usbmuxd[19]: _SendAttachNotification (thread 0x7fff794ef960): sending attach for device e4:ce:8f:b6:ec:ce@fe80::e6ce:8fff:feb6:ecce._apple-mobdev._tcp.local.: _GetAddrInfoReplyReceivedCallback matched.
Jan 19 09:49:48 AmrRadwan-MAC usbmuxd[19]: _AMDeviceConnectByAddressAndPort (thread 0x100781000): IPv4
Jan 19 09:49:48 AmrRadwan-MAC ath[971]: _AMDDeviceAttachedCallbackv3 (thread 0x7fff794ef960): Device 'AMDevice 0x100518a50 {UDID = 972bc20ba200e270c977e46c391e22db2279809c, device ID = 13, FullServiceName = e4:ce:8f:b6:ec:ce@fe80::e6ce:8fff:feb6:ecce._apple-mobdev._tcp.local.}' attached.
Jan 19 09:49:48 AmrRadwan-MAC iTunes[822]: _AMDDeviceAttachedCallbackv3 (thread 0x112bc9000): Device 'AMDevice 0x7fca848904e0 {UDID = 972bc20ba200e270c977e46c391e22db2279809c, device ID = 13, FullServiceName = e4:ce:8f:b6:ec:ce@fe80::e6ce:8fff:feb6:ecce._apple-mobdev._tcp.local.}' attached.
Jan 19 09:49:50 AmrRadwan-MAC AppleMobileDeviceHelper[972]: _AMDDeviceDetached (thread 0xacf4b2c0): Device 'AMDevice 0x341830 {UDID = 972bc20ba200e270c977e46c391e22db2279809c, device ID = 12, FullServiceName = e4:ce:8f:b6:ec:ce@fe80::e6ce:8fff:feb6:ecce._apple-mobdev._tcp.local.}' detached.
Jan 19 09:54:08 AmrRadwan-MAC UserEventAgent[11]: CaptiveNetworkSupport:CaptivePublishState:1211 en1 - PreProbe
Jan 19 09:54:08 AmrRadwan-MAC configd[14]: network configuration changed.
Jan 19 09:54:08 AmrRadwan-MAC vmnet-bridge[87]: Dynamic store changed
Jan 19 09:54:08 AmrRadwan-MAC vmnet-bridge[87]: Failed to read SCproperties for key: State:/Network/Global/IPv4
Jan 19 09:54:08 AmrRadwan-MAC vmnet-bridge[87]: Stopping bridge for: en1
Jan 19 09:54:08 AmrRadwan-MAC applepushserviced[50]: : Stream error occurred for : The operation couldn’t be completed. Socket is not connected
Jan 19 09:54:08 AmrRadwan-MAC com.apple.usbmuxd[19]: _SendDetachNotification (thread 0x7fff794ef960): sending detach for device e4:ce:8f:b6:ec:ce@fe80::e6ce:8fff:feb6:ecce._apple-mobdev._tcp.local.: _BrowseReplyReceivedCallback got bonjour removal.
Jan 19 09:54:08 AmrRadwan-MAC iTunes[822]: _AMDDeviceDetached (thread 0x112bc9000): Device 'AMDevice 0x7fca848904e0 {UDID = 972bc20ba200e270c977e46c391e22db2279809c, device ID = 13, FullServiceName = e4:ce:8f:b6:ec:ce@fe80::e6ce:8fff:feb6:ecce._apple-mobdev._tcp.local.}' detached.
Jan 19 09:54:08 AmrRadwan-MAC iTunes[822]: _NotificationSocketReadCallbackGCD (thread 0x7fff794ef960): Unexpected connection closure...
Jan 19 09:54:08 AmrRadwan-MAC applepushserviced[50]: : Stream error occurred for : The operation couldn’t be completed. (kCFErrorDomainCFNetwork error 2.)
Jan 19 10:03:54 AmrRadwan-MAC configd[14]: network configuration changed.
