Jan 7 21:06:19 AmrRadwan-MAC [0x0-0x8008].com.apple.iTunes[178]: ATHostConnectionDestroy 0x7fc718c379f0
Jan 7 21:07:32 AmrRadwan-MAC iTunesHelper[235]: _AMDDeviceAttachedCallbackv3 (thread 0x7fff7794c960): Device 'AMDevice 0x100203960 {UDID = 972bc20ba200e270c977e46c391e22db2279809c, device ID = 17, location ID = 0xfd120000, product ID = 0x1297}' attached.
Jan 7 21:07:32 AmrRadwan-MAC iTunes[178]: _AMDDeviceAttachedCallbackv3 (thread 0x111388000): Device 'AMDevice 0x7fc71b958730 {UDID = 972bc20ba200e270c977e46c391e22db2279809c, device ID = 17, location ID = 0xfd120000, product ID = 0x1297}' attached.
Jan 7 21:07:32 AmrRadwan-MAC ath[1973]: _AMDDeviceAttachedCallbackv3 (thread 0x7fff7794c960): Device 'AMDevice 0x101815ac0 {UDID = 972bc20ba200e270c977e46c391e22db2279809c, device ID = 17, location ID = 0xfd120000, product ID = 0x1297}' attached.
Jan 7 21:07:38 AmrRadwan-MAC AppleMobileDeviceHelper[1857]: _AMDDeviceAttachedCallbackv3 (thread 0xacf4b2c0): Device 'AMDevice 0x50db00 {UDID = 972bc20ba200e270c977e46c391e22db2279809c, device ID = 17, location ID = 0xfd120000, product ID = 0x1297}' attached.
Jan 7 21:07:42 AmrRadwan-MAC PTPCamera[1972]: Camera closed session unexpectedly. Terminating connection with camera.
Jan 7 21:07:42 AmrRadwan-MAC com.apple.launchd.peruser.501[157] ([0x0-0xcb0cb].com.apple.PTPCamera[1972]): Exited with code: 255
Jan 7 21:07:42 AmrRadwan-MAC Image Capture Extension[1974]: [2] Failed to register for death of process with pid: 1972
Jan 7 21:08:17 AmrRadwan-MAC mdworker[1917]: zip importer encountered an error (2) scanning "/Users/amrradwan/Music/iTunes/iTunes Media/Mobile Applications/com.clickgamer.AngryBirds.zip".
Jan 7 21:08:24 AmrRadwan-MAC mdworker[1917]: zip importer encountered an error (2) scanning "/Users/amrradwan/Music/iTunes/iTunes Media/Mobile Applications/com.rovio.AngryBirdsHalloween.zip".
Jan 7 21:08:33 AmrRadwan-MAC mdworker[1917]: zip importer encountered an error (2) scanning "/Users/amrradwan/Music/iTunes/iTunes Media/Mobile Applications/com.e2ndesign.TPremium2.zip".
Jan 7 21:08:42 AmrRadwan-MAC mdworker[1917]: zip importer encountered an error (2) scanning "/Users/amrradwan/Music/iTunes/iTunes Media/Mobile Applications/com.chillingo.cuttherope.zip".
Jan 7 21:09:01 AmrRadwan-MAC mdworker[1917]: zip importer encountered an error (2) scanning "/Users/amrradwan/Music/iTunes/iTunes Media/Mobile Applications/kr.creaffiti.findiphoneus.zip".
Jan 7 21:09:08 AmrRadwan-MAC mdworker[1917]: zip importer encountered an error (2) scanning "/Users/amrradwan/Music/iTunes/iTunes Media/Mobile Applications/com.infinitypocket.flickhomerun.zip".
Jan 7 21:09:16 AmrRadwan-MAC mdworker[1917]: zip importer encountered an error (2) scanning "/Users/amrradwan/Music/iTunes/iTunes Media/Mobile Applications/com.google.GoogleMobile.zip".
Jan 7 21:09:22 AmrRadwan-MAC mdworker[1917]: zip importer encountered an error (2) scanning "/Users/amrradwan/Music/iTunes/iTunes Media/Mobile Applications/com.google.GooglePlus.zip".
Jan 7 21:09:28 AmrRadwan-MAC mdworker[1917]: zip importer encountered an error (2) scanning "/Users/amrradwan/Music/iTunes/iTunes Media/Mobile Applications/net.fanship.iSafePlay.zip".
Jan 7 21:09:32 AmrRadwan-MAC mdworker[1917]: zip importer encountered an error (2) scanning "/Users/amrradwan/Music/iTunes/iTunes Media/Mobile Applications/com.outerspaceapps.itranslate.zip".
Jan 7 21:09:42 AmrRadwan-MAC mdworker[1917]: zip importer encountered an error (2) scanning "/Users/amrradwan/Music/iTunes/iTunes Media/Mobile Applications/com.boreaal.LetterSchool.lite.en-US.zip".
Jan 7 21:09:53 AmrRadwan-MAC mdworker[1917]: zip importer encountered an error (2) scanning "/Users/amrradwan/Music/iTunes/iTunes Media/Mobile Applications/com.AlphonsoLabs.iphone.PulseNewsReader.zip".
Jan 7 21:10:04 AmrRadwan-MAC mdworker[1917]: zip importer encountered an error (2) scanning "/Users/amrradwan/Music/iTunes/iTunes Media/Mobile Applications/com.mediocre.sprinkle.zip".
Jan 7 21:10:09 AmrRadwan-MAC mdworker[1917]: zip importer encountered an error (2) scanning "/Users/amrradwan/Music/iTunes/iTunes Media/Mobile Applications/com.sgiggle.Tango.zip".
Jan 7 21:10:14 AmrRadwan-MAC mdworker[1917]: zip importer encountered an error (2) scanning "/Users/amrradwan/Music/iTunes/iTunes Media/Mobile Applications/com.teamviewer.teamviewer.zip".
Jan 7 21:10:28 AmrRadwan-MAC mdworker[1917]: zip importer encountered an error (2) scanning "/Users/amrradwan/Music/iTunes/iTunes Media/Mobile Applications/com.viber.zip".
Jan 7 21:11:38 AmrRadwan-MAC AppleMobileBackup[1980]: WARNING: Backing up 972bc20ba200e270c977e46c391e22db2279809c
Jan 7 21:11:38 AmrRadwan-MAC [0x0-0x8008].com.apple.iTunes[178]: 2012-01-07 21:11:38.371 AppleMobileBackup[1980:703] WARNING: Backing up 972bc20ba200e270c977e46c391e22db2279809c
Jan 7 21:11:38 AmrRadwan-MAC AppleMobileBackup[1980]: _AMDDeviceAttachedCallbackv3 (thread 0x7fff7794c960): Device 'AMDevice 0x102112930 {UDID = 972bc20ba200e270c977e46c391e22db2279809c, device ID = 17, location ID = 0xfd120000, product ID = 0x1297}' attached.
Jan 7 21:15:30 AmrRadwan-MAC ath[1973]: _AMDDeviceAttachedCallbackv3 (thread 0x7fff7794c960): Device 'AMDevice 0x100517390 {UDID = 972bc20ba200e270c977e46c391e22db2279809c, device ID = 17, location ID = 0xfd120000, product ID = 0x1297}' attached.
Jan 7 21:23:08 AmrRadwan-MAC mDNSResponder[33]: PenaltyTimeForServer: PenaltyTime negative -51738, (server penaltyTime 586800512, timenow 586852250) resetting the penalty
Jan 7 21:28:27 AmrRadwan-MAC iTunesHelper[235]: _AMDDeviceDetached (thread 0x7fff7794c960): Device 'AMDevice 0x100203960 {UDID = 972bc20ba200e270c977e46c391e22db2279809c, device ID = 17, location ID = 0xfd120000, product ID = 0x1297}' detached.
Jan 7 21:28:27 AmrRadwan-MAC iTunes[178]: _AMDDeviceDetached (thread 0x111388000): Device 'AMDevice 0x7fc71b958730 {UDID = 972bc20ba200e270c977e46c391e22db2279809c, device ID = 17, location ID = 0xfd120000, product ID = 0x1297}' detached.
Jan 7 21:28:27 AmrRadwan-MAC iTunes[178]: _NotificationSocketReadCallbackGCD (thread 0x7fff7794c960): getsockopt(..., SO_NREAD, ...) failed: Bad file descriptor
Jan 7 21:28:27 AmrRadwan-MAC iTunes[178]: _NotificationSocketReadCallbackGCD (thread 0x7fff7794c960): Unexpected connection closure...
Jan 7 21:28:27: --- last message repeated 1 time ---
Jan 7 21:28:27 AmrRadwan-MAC [0x0-0x8008].com.apple.iTunes[178]: Parent: Error or timeout on select
Jan 7 21:28:27 AmrRadwan-MAC [0x0-0x8008].com.apple.iTunes[178]: Child with pid 1973 exited normally
Jan 7 21:28:27: --- last message repeated 1 time ---
Jan 7 21:28:27 AmrRadwan-MAC [0x0-0x8008].com.apple.iTunes[178]: ATHostConnectionDestroy 0x7fc71b9b4330
Jan 7 21:36:13 AmrRadwan-MAC UserEventAgent[11]: CaptiveNetworkSupport:CaptivePublishState:1211 en1 - PreProbe
Jan 7 21:36:13 AmrRadwan-MAC configd[14]: network configuration changed.
Jan 7 21:36:13 AmrRadwan-MAC vmnet-bridge[84]: Dynamic store changed
Jan 7 21:36:13 AmrRadwan-MAC vmnet-bridge[84]: Failed to read SCproperties for key: State:/Network/Global/IPv4
Jan 7 21:36:13 AmrRadwan-MAC vmnet-bridge[84]: Stopping bridge for: en1
Jan 9 15:16:49 AmrRadwan-MAC SubmitDiagInfo[2014]: Cleaning up expired diagnostic messages database at path: /var/log/DiagnosticMessages/2011.12.09.asl
Jan 9 15:16:49 AmrRadwan-MAC SubmitDiagInfo[2014]: Cleaning up expired diagnostic messages database at path: /var/log/DiagnosticMessages/2011.12.08.asl
Jan 9 15:16:49 AmrRadwan-MAC SubmitDiagInfo[2014]: Removed expired file file://localhost/Library/Logs/DiagnosticReports/com.apple.dock.extra_2011-12-08-205039_localhost.crash
Jan 9 15:16:49 AmrRadwan-MAC SubmitDiagInfo[2014]: Removed expired plist file file://localhost/Library/Logs/DiagnosticReports/.com.apple.dock.extra_2011-12-08-205039_localhost.crash.plist
Jan 9 15:16:51 AmrRadwan-MAC vmnet-bridge[84]: Preferences changed called
Jan 9 15:16:52: --- last message repeated 1 time ---
Jan 9 15:16:52 AmrRadwan-MAC configd[14]: network configuration changed.
Jan 9 15:16:52 AmrRadwan-MAC vmnet-bridge[84]: Dynamic store changed
Jan 9 15:16:52 AmrRadwan-MAC vmnet-bridge[84]: Started bridge for 0, en1
Jan 9 15:16:52 AmrRadwan-MAC UserEventAgent[11]: CaptiveNetworkSupport:CaptivePublishState:1211 en1 - Probe
Jan 9 15:16:52 AmrRadwan-MAC UserEventAgent[11]: CaptiveNetworkSupport:CaptiveStartDetect:2343 Bypassing probe on AmrRadwan because it is protected and not on the exception list
Jan 9 15:16:52 AmrRadwan-MAC UserEventAgent[11]: CaptiveNetworkSupport:CaptivePublishState:1211 en1 - Unknown
Jan 9 15:16:52 AmrRadwan-MAC vmnet-bridge[84]: Dynamic store changed
Jan 9 15:16:52 AmrRadwan-MAC configd[14]: network configuration changed.
Jan 9 15:16:52 AmrRadwan-MAC airportd[2008]: _doAutoJoin: Already associated to “AmrRadwan”. Bailing on auto-join.
Jan 9 16:01:24 AmrRadwan-MAC SubmitDiagInfo[2118]: Cleaning up expired diagnostic messages database at path: /var/log/DiagnosticMessages/2011.12.10.asl
Jan 9 16:01:24 AmrRadwan-MAC SubmitDiagInfo[2118]: Removed expired file file://localhost/Users/amrradwan/Library/Logs/DiagnosticReports/RealPlayer_2011-12-08-150812_AmrRadwan-MAC.crash
Jan 9 16:01:24 AmrRadwan-MAC SubmitDiagInfo[2118]: Removed expired plist file file://localhost/Users/amrradwan/Library/Logs/DiagnosticReports/.RealPlayer_2011-12-08-150812_AmrRadwan-MAC.crash.plist
Jan 9 16:07:46 AmrRadwan-MAC UserEventAgent[11]: CaptiveNetworkSupport:CaptivePublishState:1211 en1 - PreProbe
Jan 9 16:07:46 AmrRadwan-MAC configd[14]: network configuration changed.
Jan 9 16:07:46 AmrRadwan-MAC vmnet-bridge[84]: Dynamic store changed
Jan 9 16:07:46 AmrRadwan-MAC vmnet-bridge[84]: Failed to read SCproperties for key: State:/Network/Global/IPv4
Jan 9 16:07:46 AmrRadwan-MAC vmnet-bridge[84]: Stopping bridge for: en1
Jan 9 16:07:46 AmrRadwan-MAC applepushserviced[50]: : Stream error occurred for : The operation couldn’t be completed. Socket is not connected
Jan 9 16:07:46 AmrRadwan-MAC configd[14]: network configuration changed.
Jan 9 17:03:24 AmrRadwan-MAC configd[14]: network configuration changed.
Jan 9 17:03:24 AmrRadwan-MAC vmnet-bridge[84]: Dynamic store changed
Jan 9 17:03:24 AmrRadwan-MAC vmnet-bridge[84]: Started bridge for 0, en1
Jan 9 17:03:24 AmrRadwan-MAC UserEventAgent[11]: CaptiveNetworkSupport:CaptivePublishState:1211 en1 - Probe
Jan 9 17:03:24 AmrRadwan-MAC UserEventAgent[11]: CaptiveNetworkSupport:CaptiveStartDetect:2343 Bypassing probe on AmrRadwan because it is protected and not on the exception list
Jan 9 17:03:24 AmrRadwan-MAC UserEventAgent[11]: CaptiveNetworkSupport:CaptivePublishState:1211 en1 - Unknown
Jan 9 17:03:24 AmrRadwan-MAC vmnet-bridge[84]: Dynamic store changed
Jan 9 17:03:24 AmrRadwan-MAC configd[14]: network configuration changed.
Jan 9 17:03:24 AmrRadwan-MAC vmnet-bridge[84]: Preferences changed called
Jan 9 17:06:22 AmrRadwan-MAC Safari[1954]: IPCClient: Server port 0 is invalid; looking it up again...
Jan 9 17:09:17 AmrRadwan-MAC UserEventAgent[11]: CaptiveNetworkSupport:CaptivePublishState:1211 en1 - PreProbe
Jan 9 17:09:17 AmrRadwan-MAC configd[14]: network configuration changed.
Jan 9 17:09:17 AmrRadwan-MAC vmnet-bridge[84]: Dynamic store changed
Jan 9 17:09:17 AmrRadwan-MAC vmnet-bridge[84]: Failed to read SCproperties for key: State:/Network/Global/IPv4
Jan 9 17:09:17 AmrRadwan-MAC vmnet-bridge[84]: Stopping bridge for: en1
Jan 9 17:09:17 AmrRadwan-MAC applepushserviced[50]: : Stream error occurred for : The operation couldn’t be completed. Socket is not connected
Jan 9 17:09:17 AmrRadwan-MAC configd[14]: network configuration changed.
Jan 9 17:09:17 AmrRadwan-MAC applepushserviced[50]: : Stream error occurred for : The operation couldn’t be completed. (kCFErrorDomainCFNetwork error 2.)
Jan 10 15:43:04 AmrRadwan-MAC SubmitDiagInfo[2152]: Cleaning up expired diagnostic messages database at path: /var/log/DiagnosticMessages/2011.12.11.asl
Jan 10 15:43:06 AmrRadwan-MAC configd[14]: network configuration changed.
Jan 10 15:43:06 AmrRadwan-MAC vmnet-bridge[84]: Dynamic store changed
Jan 10 15:43:06 AmrRadwan-MAC vmnet-bridge[84]: Started bridge for 0, en1
Jan 10 15:43:06 AmrRadwan-MAC vmnet-bridge[84]: Preferences changed called
Jan 10 15:43:07 AmrRadwan-MAC UserEventAgent[11]: CaptiveNetworkSupport:CaptivePublishState:1211 en1 - Probe
Jan 10 15:43:07 AmrRadwan-MAC UserEventAgent[11]: CaptiveNetworkSupport:CaptiveStartDetect:2343 Bypassing probe on AmrRadwan because it is protected and not on the exception list
Jan 10 15:43:07 AmrRadwan-MAC UserEventAgent[11]: CaptiveNetworkSupport:CaptivePublishState:1211 en1 - Unknown
Jan 10 15:43:07 AmrRadwan-MAC configd[14]: network configuration changed.
Jan 10 15:43:07 AmrRadwan-MAC vmnet-bridge[84]: Dynamic store changed
Jan 11 08:32:29 AmrRadwan-MAC UserEventAgent[11]: CaptiveNetworkSupport:CaptivePublishState:1211 en1 - PreProbe
Jan 11 08:32:30 AmrRadwan-MAC configd[14]: network configuration changed.
Jan 11 08:32:31 AmrRadwan-MAC vmnet-bridge[84]: Dynamic store changed
Jan 11 08:32:31 AmrRadwan-MAC vmnet-bridge[84]: Failed to read SCproperties for key: State:/Network/Global/IPv4
Jan 11 08:32:31 AmrRadwan-MAC vmnet-bridge[84]: Stopping bridge for: en1
Jan 11 08:32:31 AmrRadwan-MAC applepushserviced[50]: : Stream error occurred for : The operation couldn’t be completed. Socket is not connected
Jan 11 08:32:40 AmrRadwan-MAC vmnet-bridge[84]: Preferences changed called
Jan 11 08:32:41 AmrRadwan-MAC configd[14]: network configuration changed.
Jan 11 08:32:41 AmrRadwan-MAC vmnet-bridge[84]: Dynamic store changed
Jan 11 08:32:41 AmrRadwan-MAC vmnet-bridge[84]: Started bridge for 0, en1
Jan 11 08:32:41 AmrRadwan-MAC UserEventAgent[11]: CaptiveNetworkSupport:CaptivePublishState:1211 en1 - Probe
Jan 11 08:32:41 AmrRadwan-MAC UserEventAgent[11]: CaptiveNetworkSupport:CaptiveStartDetect:2343 Bypassing probe on AmrRadwan because it is protected and not on the exception list
Jan 11 08:32:41 AmrRadwan-MAC UserEventAgent[11]: CaptiveNetworkSupport:CaptivePublishState:1211 en1 - Unknown
Jan 11 08:32:41 AmrRadwan-MAC configd[14]: network configuration changed.
Jan 11 08:32:41 AmrRadwan-MAC vmnet-bridge[84]: Dynamic store changed
Jan 11 08:34:03 AmrRadwan-MAC com.apple.usbmuxd[19]: _SendAttachNotification (thread 0x7fff7794c960): sending attach for device e4:ce:8f:b6:ec:ce@fe80::e6ce:8fff:feb6:ecce._apple-mobdev._tcp.local.: _GetAddrInfoReplyReceivedCallback matched.
Jan 11 08:34:04 AmrRadwan-MAC usbmuxd[19]: _AMDeviceConnectByAddressAndPort (thread 0x101c81000): IPv4
Jan 11 08:34:05 AmrRadwan-MAC iTunes[178]: _AMDDeviceAttachedCallbackv3 (thread 0x111388000): Device 'AMDevice 0x7fc71ba1d3c0 {UDID = 972bc20ba200e270c977e46c391e22db2279809c, device ID = 18, FullServiceName = e4:ce:8f:b6:ec:ce@fe80::e6ce:8fff:feb6:ecce._apple-mobdev._tcp.local.}' attached.
Jan 11 08:34:09 AmrRadwan-MAC ath[2323]: _AMDDeviceAttachedCallbackv3 (thread 0x7fff7794c960): Device 'AMDevice 0x100519ea0 {UDID = 972bc20ba200e270c977e46c391e22db2279809c, device ID = 18, FullServiceName = e4:ce:8f:b6:ec:ce@fe80::e6ce:8fff:feb6:ecce._apple-mobdev._tcp.local.}' attached.
Jan 11 08:34:31 AmrRadwan-MAC AppleMobileDeviceHelper[1857]: _AMDDeviceDetached (thread 0xacf4b2c0): Device 'AMDevice 0x50db00 {UDID = 972bc20ba200e270c977e46c391e22db2279809c, device ID = 17, location ID = 0xfd120000, product ID = 0x1297}' detached.
Jan 11 08:34:31 AmrRadwan-MAC AppleMobileDeviceHelper[1857]: _AMDDeviceAttachedCallbackv3 (thread 0xacf4b2c0): Device 'AMDevice 0x55aee0 {UDID = 972bc20ba200e270c977e46c391e22db2279809c, device ID = 18, FullServiceName = e4:ce:8f:b6:ec:ce@fe80::e6ce:8fff:feb6:ecce._apple-mobdev._tcp.local.}' attached.
Jan 11 08:34:49 AmrRadwan-MAC com.apple.usbmuxd[19]: _SendDetachNotification (thread 0x7fff7794c960): sending detach for device e4:ce:8f:b6:ec:ce@fe80::e6ce:8fff:feb6:ecce._apple-mobdev._tcp.local.: _BrowseReplyReceivedCallback got bonjour removal.
Jan 11 08:34:49 AmrRadwan-MAC iTunes[178]: _AMDDeviceDetached (thread 0x111388000): Device 'AMDevice 0x7fc71ba1d3c0 {UDID = 972bc20ba200e270c977e46c391e22db2279809c, device ID = 18, FullServiceName = e4:ce:8f:b6:ec:ce@fe80::e6ce:8fff:feb6:ecce._apple-mobdev._tcp.local.}' detached.
Jan 11 08:34:49 AmrRadwan-MAC iTunes[178]: _NotificationSocketReadCallbackGCD (thread 0x7fff7794c960): Unexpected connection closure...
Jan 11 08:35:32 AmrRadwan-MAC com.apple.usbmuxd[19]: _SendAttachNotification (thread 0x7fff7794c960): sending attach for device e4:ce:8f:b6:ec:ce@fe80::e6ce:8fff:feb6:ecce._apple-mobdev._tcp.local.: _GetAddrInfoReplyReceivedCallback matched.
Jan 11 08:35:33 AmrRadwan-MAC usbmuxd[19]: _AMDeviceConnectByAddressAndPort (thread 0x100797000): IPv4
Jan 11 08:35:33 AmrRadwan-MAC ath[2323]: _AMDDeviceAttachedCallbackv3 (thread 0x7fff7794c960): Device 'AMDevice 0x102012240 {UDID = 972bc20ba200e270c977e46c391e22db2279809c, device ID = 19, FullServiceName = e4:ce:8f:b6:ec:ce@fe80::e6ce:8fff:feb6:ecce._apple-mobdev._tcp.local.}' attached.
Jan 11 08:35:33 AmrRadwan-MAC iTunes[178]: _AMDDeviceAttachedCallbackv3 (thread 0x111388000): Device 'AMDevice 0x7fc71b986240 {UDID = 972bc20ba200e270c977e46c391e22db2279809c, device ID = 19, FullServiceName = e4:ce:8f:b6:ec:ce@fe80::e6ce:8fff:feb6:ecce._apple-mobdev._tcp.local.}' attached.
Jan 11 08:35:43 AmrRadwan-MAC AppleMobileDeviceHelper[1857]: _AMDDeviceDetached (thread 0xacf4b2c0): Device 'AMDevice 0x55aee0 {UDID = 972bc20ba200e270c977e46c391e22db2279809c, device ID = 18, FullServiceName = e4:ce:8f:b6:ec:ce@fe80::e6ce:8fff:feb6:ecce._apple-mobdev._tcp.local.}' detached.
Jan 11 08:35:57 AmrRadwan-MAC com.apple.usbmuxd[19]: _SendDetachNotification (thread 0x7fff7794c960): sending detach for device e4:ce:8f:b6:ec:ce@fe80::e6ce:8fff:feb6:ecce._apple-mobdev._tcp.local.: _BrowseReplyReceivedCallback got bonjour removal.
Jan 11 08:35:57 AmrRadwan-MAC iTunes[178]: _AMDDeviceDetached (thread 0x111388000): Device 'AMDevice 0x7fc71b986240 {UDID = 972bc20ba200e270c977e46c391e22db2279809c, device ID = 19, FullServiceName = e4:ce:8f:b6:ec:ce@fe80::e6ce:8fff:feb6:ecce._apple-mobdev._tcp.local.}' detached.
Jan 11 08:35:57 AmrRadwan-MAC iTunes[178]: _NotificationSocketReadCallbackGCD (thread 0x7fff7794c960): Unexpected connection closure...
Jan 11 08:36:34 AmrRadwan-MAC com.apple.usbmuxd[19]: _SendAttachNotification (thread 0x7fff7794c960): sending attach for device e4:ce:8f:b6:ec:ce@fe80::e6ce:8fff:feb6:ecce._apple-mobdev._tcp.local.: _GetAddrInfoReplyReceivedCallback matched.
Jan 11 08:36:34 AmrRadwan-MAC usbmuxd[19]: _AMDeviceConnectByAddressAndPort (thread 0x100797000): IPv4
Jan 11 08:36:34 AmrRadwan-MAC ath[2323]: _AMDDeviceAttachedCallbackv3 (thread 0x7fff7794c960): Device 'AMDevice 0x10220d030 {UDID = 972bc20ba200e270c977e46c391e22db2279809c, device ID = 20, FullServiceName = e4:ce:8f:b6:ec:ce@fe80::e6ce:8fff:feb6:ecce._apple-mobdev._tcp.local.}' attached.
Jan 11 08:36:34 AmrRadwan-MAC iTunes[178]: _AMDDeviceAttachedCallbackv3 (thread 0x111388000): Device 'AMDevice 0x7fc71c10ad10 {UDID = 972bc20ba200e270c977e46c391e22db2279809c, device ID = 20, FullServiceName = e4:ce:8f:b6:ec:ce@fe80::e6ce:8fff:feb6:ecce._apple-mobdev._tcp.local.}' attached.
Jan 11 08:36:39 AmrRadwan-MAC AppleMobileDeviceHelper[1857]: _AMDDeviceAttachedCallbackv3 (thread 0xacf4b2c0): Device 'AMDevice 0x22217d0 {UDID = 972bc20ba200e270c977e46c391e22db2279809c, device ID = 19, FullServiceName = e4:ce:8f:b6:ec:ce@fe80::e6ce:8fff:feb6:ecce._apple-mobdev._tcp.local.}' attached.
Jan 11 08:36:39 AmrRadwan-MAC com.apple.usbmuxd[19]: HandleUSBMuxConnect Client 0x101907c70-AppleMobileDeviceHelper/com.apple.SyncServices.AppleMobileDeviceHelper requesting attach to 0x13:62078 failed, no such device
Jan 11 08:36:39 AmrRadwan-MAC AppleMobileDeviceHelper[1857]: AMDeviceConnect (thread 0xacf4b2c0): Could not connect to lockdown port (62078) on device 19 - 972bc20ba200e270c977e46c391e22db2279809c: 0xe800006b.
Jan 11 08:36:39 AmrRadwan-MAC AppleMobileDeviceHelper[1857]: 1857:2901717696|DeviceLinkListener.c:_copyMobileDeviceValue| ERROR: Could not connect to attached device: This device is no longer connected. Try disconnecting and reconnecting your device. (107)
Jan 11 08:36:48 AmrRadwan-MAC com.apple.usbmuxd[19]: _SendDetachNotification (thread 0x7fff7794c960): sending detach for device e4:ce:8f:b6:ec:ce@fe80::e6ce:8fff:feb6:ecce._apple-mobdev._tcp.local.: _BrowseReplyReceivedCallback got bonjour removal.
Jan 11 08:36:48 AmrRadwan-MAC iTunes[178]: _receive_message (thread 0x1110b8000): Far end closed connection: Undefined error: 0
Jan 11 08:36:48 AmrRadwan-MAC iTunes[178]: _AMDDeviceDetached (thread 0x111388000): Device 'AMDevice 0x7fc71c10ad10 {UDID = 972bc20ba200e270c977e46c391e22db2279809c, device ID = 20, FullServiceName = e4:ce:8f:b6:ec:ce@fe80::e6ce:8fff:feb6:ecce._apple-mobdev._tcp.local.}' detached.
Jan 11 08:36:48 AmrRadwan-MAC iTunes[178]: AMDeviceValidatePairing (thread 0x1110b8000): Could not validate pairing with device: kAMDInvalidResponseError
Jan 11 08:36:48 AmrRadwan-MAC com.apple.usbmuxd[19]: HandleUSBMuxConnect Client 0x1003282b0-iTunes/com.apple.iTunes requesting attach to 0x14:62078 failed, no such device
Jan 11 08:36:48 AmrRadwan-MAC iTunes[178]: AMDeviceConnect (thread 0x1110b8000): Could not connect to lockdown port (62078) on device 20 - 972bc20ba200e270c977e46c391e22db2279809c: 0xe800006b.
Jan 11 08:36:48 AmrRadwan-MAC iTunes[178]: _NotificationSocketReadCallbackGCD (thread 0x7fff7794c960): Unexpected connection closure...
Jan 11 16:37:48 AmrRadwan-MAC applepushserviced[50]: : Stream error occurred for : The operation couldn’t be completed. Socket is not connected
Jan 11 16:37:48 AmrRadwan-MAC applepushserviced[50]: : Stream error occurred for : The operation couldn’t be completed. (kCFErrorDomainCFNetwork error 2.)
Jan 11 16:37:49 AmrRadwan-MAC SubmitDiagInfo[2329]: Cleaning up expired diagnostic messages database at path: /var/log/DiagnosticMessages/2011.12.12.asl
Jan 11 16:37:49 AmrRadwan-MAC UserEventAgent[11]: CaptiveNetworkSupport:CaptivePublishState:1211 en1 - PreProbe
Jan 11 16:37:49 AmrRadwan-MAC vmnet-bridge[84]: Dynamic store changed
Jan 11 16:37:49 AmrRadwan-MAC configd[14]: network configuration changed.
Jan 11 16:37:49 AmrRadwan-MAC vmnet-bridge[84]: Failed to read SCproperties for key: State:/Network/Global/IPv4
Jan 11 16:37:49 AmrRadwan-MAC vmnet-bridge[84]: Stopping bridge for: en1
Jan 11 16:37:51 AmrRadwan-MAC vmnet-bridge[84]: Preferences changed called
Jan 11 16:37:51 AmrRadwan-MAC configd[14]: network configuration changed.
Jan 11 16:37:51 AmrRadwan-MAC vmnet-bridge[84]: Dynamic store changed
Jan 11 16:37:51 AmrRadwan-MAC vmnet-bridge[84]: Started bridge for 0, en1
Jan 11 16:37:51 AmrRadwan-MAC UserEventAgent[11]: CaptiveNetworkSupport:CaptivePublishState:1211 en1 - Probe
Jan 11 16:37:51 AmrRadwan-MAC UserEventAgent[11]: CaptiveNetworkSupport:CaptiveStartDetect:2343 Bypassing probe on AmrRadwan because it is protected and not on the exception list
Jan 11 16:37:51 AmrRadwan-MAC UserEventAgent[11]: CaptiveNetworkSupport:CaptivePublishState:1211 en1 - Unknown
Jan 11 16:37:51 AmrRadwan-MAC vmnet-bridge[84]: Dynamic store changed
Jan 11 16:37:51 AmrRadwan-MAC configd[14]: network configuration changed.
Jan 11 16:37:51 AmrRadwan-MAC airportd[2327]: _doAutoJoin: Already associated to “AmrRadwan”. Bailing on auto-join.
Jan 11 16:39:15 AmrRadwan-MAC PluginProcess[2345]: AVF error: fail to setup QT accelerator
Jan 11 17:24:00 AmrRadwan-MAC UserEventAgent[11]: CaptiveNetworkSupport:CaptivePublishState:1211 en1 - PreProbe
Jan 11 17:24:00 AmrRadwan-MAC configd[14]: network configuration changed.
Jan 11 17:24:00 AmrRadwan-MAC vmnet-bridge[84]: Dynamic store changed
Jan 11 17:24:00 AmrRadwan-MAC vmnet-bridge[84]: Failed to read SCproperties for key: State:/Network/Global/IPv4
Jan 11 17:24:00 AmrRadwan-MAC vmnet-bridge[84]: Stopping bridge for: en1
Jan 11 17:24:00 AmrRadwan-MAC applepushserviced[50]: : Stream error occurred for : The operation couldn’t be completed. Socket is not connected
Jan 11 17:24:00 AmrRadwan-MAC configd[14]: network configuration changed.
Jan 11 17:35:45 AmrRadwan-MAC vmnet-bridge[84]: Preferences changed called
Jan 11 17:35:45 AmrRadwan-MAC vmnet-bridge[84]: Dynamic store changed
Jan 11 17:35:45 AmrRadwan-MAC configd[14]: network configuration changed.
Jan 11 17:35:45 AmrRadwan-MAC vmnet-bridge[84]: Started bridge for 0, en1
Jan 11 17:35:45 AmrRadwan-MAC UserEventAgent[11]: CaptiveNetworkSupport:CaptivePublishState:1211 en1 - Probe
Jan 11 17:35:45 AmrRadwan-MAC UserEventAgent[11]: CaptiveNetworkSupport:CaptiveStartDetect:2343 Bypassing probe on AmrRadwan because it is protected and not on the exception list
Jan 11 17:35:45 AmrRadwan-MAC UserEventAgent[11]: CaptiveNetworkSupport:CaptivePublishState:1211 en1 - Unknown
Jan 11 17:35:45 AmrRadwan-MAC vmnet-bridge[84]: Dynamic store changed
Jan 11 17:35:45 AmrRadwan-MAC configd[14]: network configuration changed.
Jan 11 17:41:07 AmrRadwan-MAC UserEventAgent[11]: CaptiveNetworkSupport:CaptivePublishState:1211 en1 - PreProbe
Jan 11 17:41:07 AmrRadwan-MAC configd[14]: network configuration changed.
Jan 11 17:41:07 AmrRadwan-MAC vmnet-bridge[84]: Dynamic store changed
Jan 11 17:41:07 AmrRadwan-MAC vmnet-bridge[84]: Failed to read SCproperties for key: State:/Network/Global/IPv4
Jan 11 17:41:07 AmrRadwan-MAC vmnet-bridge[84]: Stopping bridge for: en1
Jan 11 17:41:07 AmrRadwan-MAC applepushserviced[50]: : Stream error occurred for : The operation couldn’t be completed. Socket is not connected
Jan 11 17:41:07 AmrRadwan-MAC applepushserviced[50]: : Stream error occurred for : The operation couldn’t be completed. (kCFErrorDomainCFNetwork error 2.)
Jan 11 17:41:14 AmrRadwan-MAC vmnet-bridge[84]: Dynamic store changed
Jan 11 17:41:14 AmrRadwan-MAC vmnet-bridge[84]: Started bridge for 0, en1
Jan 11 17:41:14 AmrRadwan-MAC configd[14]: network configuration changed.
Jan 11 17:41:14 AmrRadwan-MAC UserEventAgent[11]: CaptiveNetworkSupport:CaptivePublishState:1211 en1 - Probe
Jan 11 17:41:14 AmrRadwan-MAC UserEventAgent[11]: CaptiveNetworkSupport:CaptiveStartDetect:2343 Bypassing probe on AmrRadwan because it is protected and not on the exception list
Jan 11 17:41:14 AmrRadwan-MAC UserEventAgent[11]: CaptiveNetworkSupport:CaptivePublishState:1211 en1 - Unknown
Jan 11 17:41:14 AmrRadwan-MAC vmnet-bridge[84]: Dynamic store changed
Jan 11 17:41:14 AmrRadwan-MAC configd[14]: network configuration changed.
Jan 11 17:41:14 AmrRadwan-MAC vmnet-bridge[84]: Preferences changed called
Jan 11 17:46:07 AmrRadwan-MAC UserEventAgent[11]: CaptiveNetworkSupport:CaptivePublishState:1211 en1 - PreProbe
Jan 11 17:46:07 AmrRadwan-MAC configd[14]: network configuration changed.
Jan 11 17:46:07 AmrRadwan-MAC vmnet-bridge[84]: Dynamic store changed
Jan 11 17:46:07 AmrRadwan-MAC vmnet-bridge[84]: Failed to read SCproperties for key: State:/Network/Global/IPv4
Jan 11 17:46:07 AmrRadwan-MAC vmnet-bridge[84]: Stopping bridge for: en1
Jan 11 17:46:07 AmrRadwan-MAC applepushserviced[50]: : Stream error occurred for : The operation couldn’t be completed. Socket is not connected
Jan 11 17:46:07 AmrRadwan-MAC applepushserviced[50]: : Stream error occurred for : The operation couldn’t be completed. (kCFErrorDomainCFNetwork error 2.)
Jan 11 22:10:25 AmrRadwan-MAC vmnet-bridge[84]: Preferences changed called
Jan 11 22:10:25 AmrRadwan-MAC airportd[2383]: _doAutoJoin: Already associated to “AmrRadwan”. Bailing on auto-join.
Jan 11 22:10:26 AmrRadwan-MAC configd[14]: network configuration changed.
Jan 11 22:10:26 AmrRadwan-MAC vmnet-bridge[84]: Dynamic store changed
Jan 11 22:10:26 AmrRadwan-MAC vmnet-bridge[84]: Started bridge for 0, en1
Jan 11 22:10:26 AmrRadwan-MAC UserEventAgent[11]: CaptiveNetworkSupport:CaptivePublishState:1211 en1 - Probe
Jan 11 22:10:26 AmrRadwan-MAC UserEventAgent[11]: CaptiveNetworkSupport:CaptiveStartDetect:2343 Bypassing probe on AmrRadwan because it is protected and not on the exception list
Jan 11 22:10:26 AmrRadwan-MAC UserEventAgent[11]: CaptiveNetworkSupport:CaptivePublishState:1211 en1 - Unknown
Jan 11 22:10:26 AmrRadwan-MAC configd[14]: network configuration changed.
Jan 11 22:10:26 AmrRadwan-MAC vmnet-bridge[84]: Dynamic store changed
Jan 11 22:10:36 AmrRadwan-MAC com.apple.launchd.peruser.501[157] ([0x0-0xc70c7].com.apple.Safari[1954]): Exited: Killed: 9
Jan 11 22:10:52 AmrRadwan-MAC com.apple.usbmuxd[19]: _SendAttachNotification (thread 0x7fff7794c960): sending attach for device e4:ce:8f:b6:ec:ce@fe80::e6ce:8fff:feb6:ecce._apple-mobdev._tcp.local.: _GetAddrInfoReplyReceivedCallback matched.
Jan 11 22:10:52 AmrRadwan-MAC ath[2323]: _AMDDeviceAttachedCallbackv3 (thread 0x7fff7794c960): Device 'AMDevice 0x102012ba0 {UDID = 972bc20ba200e270c977e46c391e22db2279809c, device ID = 21, location ID = 0xfd120000, product ID = 0x1297}' attached.
Jan 11 22:10:52 AmrRadwan-MAC iTunes[178]: _AMDDeviceAttachedCallbackv3 (thread 0x111388000): Device 'AMDevice 0x7fc71bd25c10 {UDID = 972bc20ba200e270c977e46c391e22db2279809c, device ID = 21, location ID = 0xfd120000, product ID = 0x1297}' attached.
Jan 11 22:10:52 AmrRadwan-MAC iTunesHelper[235]: _AMDDeviceAttachedCallbackv3 (thread 0x7fff7794c960): Device 'AMDevice 0x100215350 {UDID = 972bc20ba200e270c977e46c391e22db2279809c, device ID = 21, location ID = 0xfd120000, product ID = 0x1297}' attached.
Jan 11 22:10:53 AmrRadwan-MAC usbmuxd[19]: _AMDeviceConnectByAddressAndPort (thread 0x101f81000): IPv4
Jan 11 22:10:53 AmrRadwan-MAC iTunes[178]: _AMDDeviceAttachedCallbackv3 (thread 0x111388000): Device 'AMDevice 0x7fc71ba1b680 {UDID = 972bc20ba200e270c977e46c391e22db2279809c, device ID = 22, FullServiceName = e4:ce:8f:b6:ec:ce@fe80::e6ce:8fff:feb6:ecce._apple-mobdev._tcp.local.}' attached.
Jan 11 22:10:54 AmrRadwan-MAC AppleMobileDeviceHelper[1857]: _AMDDeviceDetached (thread 0xacf4b2c0): Device 'AMDevice 0x22217d0 {UDID = 972bc20ba200e270c977e46c391e22db2279809c, device ID = 19, FullServiceName = e4:ce:8f:b6:ec:ce@fe80::e6ce:8fff:feb6:ecce._apple-mobdev._tcp.local.}' detached.
Jan 11 22:11:01 AmrRadwan-MAC PTPCamera[2393]: Camera closed session unexpectedly. Terminating connection with camera.
Jan 11 22:11:01 AmrRadwan-MAC com.apple.launchd.peruser.501[157] ([0x0-0xef0ef].com.apple.PTPCamera[2393]): Exited with code: 255
Jan 11 22:11:01 AmrRadwan-MAC Image Capture Extension[2395]: [2] Failed to register for death of process with pid: 2393
Jan 11 22:13:10 AmrRadwan-MAC AppleMobileDeviceHelper[1857]: _AMDDeviceAttachedCallbackv3 (thread 0xacf4b2c0): Device 'AMDevice 0x260a740 {UDID = 972bc20ba200e270c977e46c391e22db2279809c, device ID = 20, FullServiceName = e4:ce:8f:b6:ec:ce@fe80::e6ce:8fff:feb6:ecce._apple-mobdev._tcp.local.}' attached.
Jan 11 22:13:10 AmrRadwan-MAC com.apple.usbmuxd[19]: HandleUSBMuxConnect Client 0x101804ad0-AppleMobileDeviceHelper/com.apple.SyncServices.AppleMobileDeviceHelper requesting attach to 0x14:62078 failed, no such device
Jan 11 22:13:10 AmrRadwan-MAC AppleMobileDeviceHelper[1857]: AMDeviceConnect (thread 0xacf4b2c0): Could not connect to lockdown port (62078) on device 20 - 972bc20ba200e270c977e46c391e22db2279809c: 0xe800006b.
Jan 11 22:13:10 AmrRadwan-MAC AppleMobileDeviceHelper[1857]: 1857:2901717696|DeviceLinkListener.c:_copyMobileDeviceValue| ERROR: Could not connect to attached device: This device is no longer connected. Try disconnecting and reconnecting your device. (107)
Jan 11 22:24:14 AmrRadwan-MAC iPhoto[2425]: PhotoStreamPreferencesController loaded, delegate =
Jan 11 22:25:37 AmrRadwan-MAC System Preferences[2438]: [BluetoothHIDDevice][initWithHIDDevice] Unable to get Object ID from IORegistry
Jan 11 22:25:37: --- last message repeated 2 times ---
Jan 11 22:25:37 AmrRadwan-MAC System Preferences[2438]: kCGErrorIllegalArgument: CGSDeviceCreate: Invalid window
Jan 11 22:25:37 AmrRadwan-MAC System Preferences[2438]: kCGErrorFailure: Set a breakpoint @ CGErrorBreakpoint() to catch errors as they are logged.
Jan 11 22:25:37 AmrRadwan-MAC System Preferences[2438]: Failed to create window context device
Jan 11 22:25:37 AmrRadwan-MAC System Preferences[2438]: CGWindowContextCreate: failed to create window context delegate.
Jan 11 22:25:37 AmrRadwan-MAC System Preferences[2438]: _initWithWindowNumber: error creating graphics ctxt object for ctxt:0x1352b, window:0x0
Jan 11 22:25:37 AmrRadwan-MAC System Preferences[2438]: CGPixelAccessLock failed!
Jan 11 22:25:37 AmrRadwan-MAC [0x0-0xfa0fa].com.apple.systempreferences[2438]:
Jan 11 22:25:37 AmrRadwan-MAC.local System Preferences[2438] : Failed to create window context device
Jan 11 22:25:37 AmrRadwan-MAC [0x0-0xfa0fa].com.apple.systempreferences[2438]:
Jan 11 22:25:37 AmrRadwan-MAC.local System Preferences[2438] : CGWindowContextCreate: failed to create window context delegate.
Jan 11 22:27:00 AmrRadwan-MAC AppleMobileDeviceHelper[1857]: _AMDDeviceDetached (thread 0xacf4b2c0): Device 'AMDevice 0x260a740 {UDID = 972bc20ba200e270c977e46c391e22db2279809c, device ID = 20, FullServiceName = e4:ce:8f:b6:ec:ce@fe80::e6ce:8fff:feb6:ecce._apple-mobdev._tcp.local.}' detached.
Jan 11 22:27:00 AmrRadwan-MAC AppleMobileDeviceHelper[1857]: _AMDDeviceAttachedCallbackv3 (thread 0xacf4b2c0): Device 'AMDevice 0x22217d0 {UDID = 972bc20ba200e270c977e46c391e22db2279809c, device ID = 21, location ID = 0xfd120000, product ID = 0x1297}' attached.
Jan 11 22:27:06 AmrRadwan-MAC AppleMobileDeviceHelper[1857]: _AMDDeviceAttachedCallbackv3 (thread 0xacf4b2c0): Device 'AMDevice 0x2612360 {UDID = 972bc20ba200e270c977e46c391e22db2279809c, device ID = 22, FullServiceName = e4:ce:8f:b6:ec:ce@fe80::e6ce:8fff:feb6:ecce._apple-mobdev._tcp.local.}' attached.
Jan 11 22:27:17 AmrRadwan-MAC mdworker[2001]: zip importer encountered an error (2) scanning "/Users/amrradwan/Music/iTunes/iTunes Media/Mobile Applications/com.samsung.msc.chaton.zip".
Jan 11 22:27:22 AmrRadwan-MAC mdworker[2001]: zip importer encountered an error (2) scanning "/Users/amrradwan/Music/iTunes/iTunes Media/Mobile Applications/com.google.GooglePlus.zip".
Jan 11 22:27:28 AmrRadwan-MAC mdworker[2001]: zip importer encountered an error (2) scanning "/Users/amrradwan/Music/iTunes/iTunes Media/Mobile Applications/com.logmein.ignition.zip".
Jan 11 22:27:36 AmrRadwan-MAC mdworker[2001]: zip importer encountered an error (2) scanning "/Users/amrradwan/Music/iTunes/iTunes Media/Mobile Applications/com.boreaal.LetterSchool.en-US.zip".
Jan 11 22:27:43 AmrRadwan-MAC mdworker[2001]: zip importer encountered an error (2) scanning "/Users/amrradwan/Music/iTunes/iTunes Media/Mobile Applications/com.logmein.logmein.zip".
Jan 11 22:28:34 AmrRadwan-MAC 1PasswordAgent[260]: (Information) All 1Password browser extensions are disabled. To enable extensions, open the 1Password > Preferences > Browsers window and enable browser extensions.
Jan 11 22:29:34 AmrRadwan-MAC iMovie[2465]: _AMDDeviceAttachedCallbackv3 (thread 0xacf4b2c0): Device 'AMDevice 0xd51600 {UDID = 972bc20ba200e270c977e46c391e22db2279809c, device ID = 21, location ID = 0xfd120000, product ID = 0x1297}' attached.
Jan 11 22:30:04 AmrRadwan-MAC mds[32]: (Error) Server: No store registered for scope "/Volumes/home/iMovie Events.localized"
Jan 11 22:30:04 AmrRadwan-MAC mds[32]: (Error) Server: No store registered for scope "/Volumes/net/iMovie Events"
Jan 11 22:30:04 AmrRadwan-MAC mds[32]: (Error) Server: No store registered for scope "/Volumes/net/iMovie Events.localized"
Jan 11 22:30:04 AmrRadwan-MAC mds[32]: (Error) Server: No store registered for scope "/Volumes/home/iMovie Events"
Jan 11 22:32:45 AmrRadwan-MAC ath[2323]: _AMDDeviceAttachedCallbackv3 (thread 0x7fff7794c960): Device 'AMDevice 0x10220e830 {UDID = 972bc20ba200e270c977e46c391e22db2279809c, device ID = 22, FullServiceName = e4:ce:8f:b6:ec:ce@fe80::e6ce:8fff:feb6:ecce._apple-mobdev._tcp.local.}' attached.
Jan 11 22:32:45 AmrRadwan-MAC ath[2323]: _AMDDeviceAttachedCallbackv3 (thread 0x7fff7794c960): Device 'AMDevice 0x10220e400 {UDID = 972bc20ba200e270c977e46c391e22db2279809c, device ID = 21, location ID = 0xfd120000, product ID = 0x1297}' attached.
Jan 11 22:33:10 AmrRadwan-MAC iMovie[2465]: _AMDDeviceDetached (thread 0xacf4b2c0): Device 'AMDevice 0xd51600 {UDID = 972bc20ba200e270c977e46c391e22db2279809c, device ID = 21, location ID = 0xfd120000, product ID = 0x1297}' detached.
Jan 11 22:33:10 AmrRadwan-MAC iTunesHelper[235]: _AMDDeviceDetached (thread 0x7fff7794c960): Device 'AMDevice 0x100215350 {UDID = 972bc20ba200e270c977e46c391e22db2279809c, device ID = 21, location ID = 0xfd120000, product ID = 0x1297}' detached.
Jan 11 22:33:10 AmrRadwan-MAC iTunes[178]: _AMDDeviceDetached (thread 0x111388000): Device 'AMDevice 0x7fc71bd25c10 {UDID = 972bc20ba200e270c977e46c391e22db2279809c, device ID = 21, location ID = 0xfd120000, product ID = 0x1297}' detached.
Jan 11 22:33:10 AmrRadwan-MAC iTunes[178]: _NotificationSocketReadCallbackGCD (thread 0x7fff7794c960): Unexpected connection closure...
Jan 11 22:33:10 AmrRadwan-MAC ath[2323]: _AMDDeviceAttachedCallbackv3 (thread 0x7fff7794c960): Device 'AMDevice 0x10220dc50 {UDID = 972bc20ba200e270c977e46c391e22db2279809c, device ID = 22, FullServiceName = e4:ce:8f:b6:ec:ce@fe80::e6ce:8fff:feb6:ecce._apple-mobdev._tcp.local.}' attached.
Jan 11 22:33:12 AmrRadwan-MAC iTunes[178]: _NotificationSocketReadCallbackGCD (thread 0x7fff7794c960): Unexpected connection closure...
Jan 11 22:33:12 AmrRadwan-MAC AppleMobileDeviceHelper[1857]: _AMDDeviceDetached (thread 0xacf4b2c0): Device 'AMDevice 0x22217d0 {UDID = 972bc20ba200e270c977e46c391e22db2279809c, device ID = 21, location ID = 0xfd120000, product ID = 0x1297}' detached.
Jan 11 22:33:13 AmrRadwan-MAC iMovie[2465]: _AMDDeviceAttachedCallbackv3 (thread 0xacf4b2c0): Device 'AMDevice 0x23707f0 {UDID = 972bc20ba200e270c977e46c391e22db2279809c, device ID = 23, location ID = 0xfd120000, product ID = 0x1297}' attached.
Jan 11 22:33:13 AmrRadwan-MAC iTunesHelper[235]: _AMDDeviceAttachedCallbackv3 (thread 0x7fff7794c960): Device 'AMDevice 0x102302a00 {UDID = 972bc20ba200e270c977e46c391e22db2279809c, device ID = 23, location ID = 0xfd120000, product ID = 0x1297}' attached.
Jan 11 22:33:13 AmrRadwan-MAC iTunes[178]: _AMDDeviceAttachedCallbackv3 (thread 0x111388000): Device 'AMDevice 0x7fc71bd26350 {UDID = 972bc20ba200e270c977e46c391e22db2279809c, device ID = 23, location ID = 0xfd120000, product ID = 0x1297}' attached.
Jan 11 22:33:15 AmrRadwan-MAC AppleMobileDeviceHelper[1857]: _AMDDeviceAttachedCallbackv3 (thread 0xacf4b2c0): Device 'AMDevice 0x57dd60 {UDID = 972bc20ba200e270c977e46c391e22db2279809c, device ID = 23, location ID = 0xfd120000, product ID = 0x1297}' attached.
Jan 11 22:33:15 AmrRadwan-MAC iMovie[2465]: _AMDDeviceAttachedCallbackv3 (thread 0xacf4b2c0): Device 'AMDevice 0xa57dfd0 {UDID = 972bc20ba200e270c977e46c391e22db2279809c, device ID = 23, location ID = 0xfd120000, product ID = 0x1297}' attached.
Jan 11 22:33:27 AmrRadwan-MAC [0x0-0xfe0fe].com.apple.iMovieApp[2465]: DVFreeThread - CFMachPortCreateWithPort hack = 0xa5de6d0, fPowerNotifyPort= 0xa5de620
Jan 11 22:33:27 AmrRadwan-MAC [0x0-0xfe0fe].com.apple.iMovieApp[2465]: DVFreeThread - CFMachPortCreateWithPort hack = 0xa5afc20, fPowerNotifyPort= 0xa5295c0
Jan 11 22:33:27 AmrRadwan-MAC [0x0-0xfe0fe].com.apple.iMovieApp[2465]: DVFreeThread - CFMachPortCreateWithPort hack = 0xe213a0, fPowerNotifyPort= 0xca198a0
Jan 11 22:52:27 AmrRadwan-MAC Image Capture Extension[2428]: [2] Failed to register for death of process with pid: 2483
Jan 11 22:54:45 AmrRadwan-MAC [0x0-0x8008].com.apple.iTunes[178]: Parent: Error or timeout on select
Jan 11 22:54:45 AmrRadwan-MAC [0x0-0x8008].com.apple.iTunes[178]: Child with pid 2323 exited normally
Jan 11 22:54:45 AmrRadwan-MAC [0x0-0x8008].com.apple.iTunes[178]: ATHostConnectionDestroy 0x7fc71bfa8fa0
Jan 11 22:54:46 AmrRadwan-MAC [0x0-0x8008].com.apple.iTunes[178]: Version from driver for Certificates 1
Jan 11 22:54:50 AmrRadwan-MAC [0x0-0x109109].com.apple.iTunes[2521]: The plugin 'Quartz Composer Visualizer' failed to load because it has the wrong CPU architecture for this version of iTunes. (3585)
Jan 11 22:54:50 AmrRadwan-MAC [0x0-0x109109].com.apple.iTunes[2521]: Returning 0x0. Advertising wake service for libraryIdentifier "3E87DF5D2F5EB936".
Jan 11 22:54:51 AmrRadwan-MAC iTunes[2521]: _AMDDeviceAttachedCallbackv3 (thread 0x1136ec000): Device 'AMDevice 0x7fde5561d750 {UDID = 972bc20ba200e270c977e46c391e22db2279809c, device ID = 23, location ID = 0xfd120000, product ID = 0x1297}' attached.
Jan 11 22:54:51 AmrRadwan-MAC iTunes[2521]: _AMDDeviceAttachedCallbackv3 (thread 0x1136ec000): Device 'AMDevice 0x7fde55628860 {UDID = 972bc20ba200e270c977e46c391e22db2279809c, device ID = 22, FullServiceName = e4:ce:8f:b6:ec:ce@fe80::e6ce:8fff:feb6:ecce._apple-mobdev._tcp.local.}' attached.
Jan 11 22:54:51 AmrRadwan-MAC ath[2525]: _AMDDeviceAttachedCallbackv3 (thread 0x7fff7794c960): Device 'AMDevice 0x101815b10 {UDID = 972bc20ba200e270c977e46c391e22db2279809c, device ID = 23, location ID = 0xfd120000, product ID = 0x1297}' attached.
Jan 11 22:54:51 AmrRadwan-MAC ath[2525]: _AMDDeviceAttachedCallbackv3 (thread 0x7fff7794c960): Device 'AMDevice 0x101e00b30 {UDID = 972bc20ba200e270c977e46c391e22db2279809c, device ID = 22, FullServiceName = e4:ce:8f:b6:ec:ce@fe80::e6ce:8fff:feb6:ecce._apple-mobdev._tcp.local.}' attached.
Jan 11 22:54:54 AmrRadwan-MAC iTunes[2521]: _GCDSearchPthreadOnceRoutine (thread 0x7fff7794c960): Looked up GCD symbols, got addresses: 8e504884, GCD_AVAILABLE is 1
Jan 11 22:54:56 AmrRadwan-MAC AppleMobileDeviceHelper[2527]: _AMDDeviceAttachedCallbackv3 (thread 0xacf4b2c0): Device 'AMDevice 0x56e820 {UDID = 972bc20ba200e270c977e46c391e22db2279809c, device ID = 23, location ID = 0xfd120000, product ID = 0x1297}' attached.
Jan 11 22:54:56 AmrRadwan-MAC AppleMobileDeviceHelper[2527]: _AMDDeviceAttachedCallbackv3 (thread 0xacf4b2c0): Device 'AMDevice 0x385f40 {UDID = 972bc20ba200e270c977e46c391e22db2279809c, device ID = 22, FullServiceName = e4:ce:8f:b6:ec:ce@fe80::e6ce:8fff:feb6:ecce._apple-mobdev._tcp.local.}' attached.
Jan 11 23:28:45 AmrRadwan-MAC installd[2611]: Starting
Jan 11 23:28:45 AmrRadwan-MAC installd[2611]: uid=0, euid=0
Jan 11 23:28:52 AmrRadwan-MAC com.apple.launchd[1] (com.apple.SystemStarter): Failed to count the number of files in "/System/Library/StartupItems": No such file or directory
Jan 11 23:28:52: --- last message repeated 3 times ---
Jan 11 23:28:52 AmrRadwan-MAC fseventsd[40]: Logging disabled completely for device:1: /Volumes/Recovery HD
Jan 11 23:28:53 AmrRadwan-MAC com.apple.launchd[1] (com.apple.SystemStarter): Failed to count the number of files in "/System/Library/StartupItems": No such file or directory
Jan 11 23:29:50: --- last message repeated 1 time ---
Jan 11 23:29:50 AmrRadwan-MAC Software Update[2605]: Layout still needs update after calling -[WebHTMLView layout]. WebHTMLView or one of its superclasses may have overridden -layout without calling super. Or, something may have dirtied layout in the middle of updating it. Both are programming errors in Cocoa Autolayout. The former is pretty likely to arise if some pre-Cocoa Autolayout class had a method called layout, but it should be fixed.
Jan 11 23:29:56 AmrRadwan-MAC installd[2611]: Exiting.
Jan 12 00:12:33 AmrRadwan-MAC AppleMobileBackup[2660]: WARNING: Backing up 972bc20ba200e270c977e46c391e22db2279809c
Jan 12 00:12:33 AmrRadwan-MAC [0x0-0x109109].com.apple.iTunes[2521]: 2012-01-12 00:12:33.721 AppleMobileBackup[2660:703] WARNING: Backing up 972bc20ba200e270c977e46c391e22db2279809c
Jan 12 00:12:33 AmrRadwan-MAC AppleMobileBackup[2660]: _AMDDeviceAttachedCallbackv3 (thread 0x7fff7794c960): Device 'AMDevice 0x100613250 {UDID = 972bc20ba200e270c977e46c391e22db2279809c, device ID = 23, location ID = 0xfd120000, product ID = 0x1297}' attached.
Jan 12 00:12:33 AmrRadwan-MAC AppleMobileBackup[2660]: _AMDDeviceAttachedCallbackv3 (thread 0x7fff7794c960): Device 'AMDevice 0x100613950 {UDID = 972bc20ba200e270c977e46c391e22db2279809c, device ID = 22, FullServiceName = e4:ce:8f:b6:ec:ce@fe80::e6ce:8fff:feb6:ecce._apple-mobdev._tcp.local.}' attached.
Jan 12 00:14:40 AmrRadwan-MAC [0x0-0x109109].com.apple.iTunes[2521]: Parent: Error or timeout on select
Jan 12 00:14:40 AmrRadwan-MAC [0x0-0x109109].com.apple.iTunes[2521]: Child with pid 2525 exited normally
Jan 12 00:14:40 AmrRadwan-MAC [0x0-0x109109].com.apple.iTunes[2521]: ATHostConnectionDestroy 0x7fde5562be30
Jan 12 00:14:41 AmrRadwan-MAC [0x0-0x109109].com.apple.iTunes[2521]: Version from driver for Certificates 1
Jan 12 00:15:04 AmrRadwan-MAC com.apple.usbmuxd[19]: DeviceRequestAsync failed: 0xe0004057
Jan 12 00:15:04 AmrRadwan-MAC iTunesHelper[235]: _AMDDeviceDetached (thread 0x7fff7794c960): Device 'AMDevice 0x102302a00 {UDID = 972bc20ba200e270c977e46c391e22db2279809c, device ID = 23, location ID = 0xfd120000, product ID = 0x1297}' detached.
Jan 12 00:15:07 AmrRadwan-MAC UserEventAgent[11]: CaptiveNetworkSupport:CaptivePublishState:1211 en1 - PreProbe
Jan 12 00:15:07 AmrRadwan-MAC configd[14]: network configuration changed.
Jan 12 00:15:07 AmrRadwan-MAC vmnet-bridge[84]: Dynamic store changed
Jan 12 00:15:07 AmrRadwan-MAC vmnet-bridge[84]: Failed to read SCproperties for key: State:/Network/Global/IPv4
Jan 12 00:15:07 AmrRadwan-MAC vmnet-bridge[84]: Stopping bridge for: en1
Jan 12 00:15:07 AmrRadwan-MAC applepushserviced[50]: : Stream error occurred for : The operation couldn’t be completed. Socket is not connected
Jan 12 00:15:07 AmrRadwan-MAC com.apple.usbmuxd[19]: _SendDetachNotification (thread 0x7fff7794c960): sending detach for device e4:ce:8f:b6:ec:ce@fe80::e6ce:8fff:feb6:ecce._apple-mobdev._tcp.local.: _BrowseReplyReceivedCallback got bonjour removal.
Jan 12 00:15:08 AmrRadwan-MAC vmnet-bridge[84]: Preferences changed called
Jan 12 00:15:09 AmrRadwan-MAC vmnet-bridge[84]: Dynamic store changed
Jan 12 00:15:09 AmrRadwan-MAC configd[14]: network configuration changed.
Jan 12 00:15:09 AmrRadwan-MAC vmnet-bridge[84]: Started bridge for 0, en1
Jan 12 00:15:09 AmrRadwan-MAC UserEventAgent[11]: CaptiveNetworkSupport:CaptivePublishState:1211 en1 - Probe
Jan 12 00:15:09 AmrRadwan-MAC UserEventAgent[11]: CaptiveNetworkSupport:CaptiveStartDetect:2343 Bypassing probe on AmrRadwan because it is protected and not on the exception list
Jan 12 00:15:09 AmrRadwan-MAC UserEventAgent[11]: CaptiveNetworkSupport:CaptivePublishState:1211 en1 - Unknown
Jan 12 00:15:09 AmrRadwan-MAC configd[14]: network configuration changed.
Jan 12 00:15:09 AmrRadwan-MAC vmnet-bridge[84]: Dynamic store changed
Jan 12 00:15:21 AmrRadwan-MAC UserEventAgent[11]: CaptiveNetworkSupport:CaptivePublishState:1211 en1 - PreProbe
Jan 12 14:42:59 AmrRadwan-MAC SyncServer[2659]: [0x104416e10] |SyncServer|Warning| Refreshing watchdog because of a calendar time change alert.
Jan 12 14:43:01 AmrRadwan-MAC mDNSResponder[33]: ConfigResolvers: interface specific index 5 not found
Jan 12 14:43:01: --- last message repeated 1 time ---
Jan 12 14:43:01 AmrRadwan-MAC vmnet-bridge[84]: Dynamic store changed
Jan 12 14:43:01 AmrRadwan-MAC configd[14]: network configuration changed.
Jan 12 14:43:01 AmrRadwan-MAC vmnet-bridge[84]: Failed to read SCproperties for key: State:/Network/Global/IPv4
Jan 12 14:43:01 AmrRadwan-MAC vmnet-bridge[84]: Stopping bridge for: en1
Jan 12 14:43:02 AmrRadwan-MAC SubmitDiagInfo[2680]: Cleaning up expired diagnostic messages database at path: /var/log/DiagnosticMessages/2011.12.13.asl
Jan 12 14:43:11 AmrRadwan-MAC vmnet-bridge[84]: Preferences changed called
Jan 12 14:43:11 AmrRadwan-MAC configd[14]: network configuration changed.
Jan 12 14:43:11 AmrRadwan-MAC vmnet-bridge[84]: Dynamic store changed
Jan 12 14:43:11 AmrRadwan-MAC vmnet-bridge[84]: Started bridge for 0, en1
Jan 12 14:43:11 AmrRadwan-MAC UserEventAgent[11]: CaptiveNetworkSupport:CaptivePublishState:1211 en1 - Probe
Jan 12 14:43:12 AmrRadwan-MAC UserEventAgent[11]: CaptiveNetworkSupport:CaptiveStartDetect:2343 Bypassing probe on AmrRadwan because it is protected and not on the exception list
Jan 12 14:43:12 AmrRadwan-MAC UserEventAgent[11]: CaptiveNetworkSupport:CaptivePublishState:1211 en1 - Unknown
Jan 12 14:43:12 AmrRadwan-MAC configd[14]: network configuration changed.
Jan 12 14:43:12 AmrRadwan-MAC vmnet-bridge[84]: Dynamic store changed
Jan 12 14:43:34 AmrRadwan-MAC loginwindow[35]: ERROR | -[LWBuiltInScreenLockAuthLion _handleAction:forController:] | Unknow action received, LUIBackgroundPressed
Jan 12 14:44:11 AmrRadwan-MAC 1PasswordAgent[260]: (Information) All 1Password browser extensions are disabled. To enable extensions, open the 1Password > Preferences > Browsers window and enable browser extensions.
Jan 12 14:44:56 AmrRadwan-MAC mDNSResponder[33]: Client application bug: DNSServiceResolve(e4:ce:8f:b6:ec:ce@fe80::e6ce:8fff:feb6:ecce._apple-mobdev._tcp.local.) active for over two minutes. This places considerable burden on the network.
Jan 12 15:05:47 AmrRadwan-MAC applepushserviced[50]: : Stream error occurred for : The operation couldn’t be completed. Socket is not connected
Jan 12 15:05:48 AmrRadwan-MAC UserEventAgent[11]: CaptiveNetworkSupport:CaptivePublishState:1211 en1 - PreProbe
Jan 12 15:05:48 AmrRadwan-MAC configd[14]: network configuration changed.
Jan 12 15:05:48 AmrRadwan-MAC vmnet-bridge[84]: Dynamic store changed
Jan 12 15:05:48 AmrRadwan-MAC vmnet-bridge[84]: Failed to read SCproperties for key: State:/Network/Global/IPv4
Jan 12 15:05:48 AmrRadwan-MAC vmnet-bridge[84]: Stopping bridge for: en1
Jan 12 15:05:49 AmrRadwan-MAC vmnet-bridge[84]: Preferences changed called
Jan 12 15:05:50 AmrRadwan-MAC configd[14]: network configuration changed.
Jan 12 15:05:50 AmrRadwan-MAC vmnet-bridge[84]: Dynamic store changed
Jan 12 15:05:50 AmrRadwan-MAC vmnet-bridge[84]: Started bridge for 0, en1
Jan 12 15:05:50 AmrRadwan-MAC UserEventAgent[11]: CaptiveNetworkSupport:CaptivePublishState:1211 en1 - Probe
Jan 12 15:05:50 AmrRadwan-MAC UserEventAgent[11]: CaptiveNetworkSupport:CaptiveStartDetect:2343 Bypassing probe on AmrRadwan because it is protected and not on the exception list
Jan 12 15:05:50 AmrRadwan-MAC UserEventAgent[11]: CaptiveNetworkSupport:CaptivePublishState:1211 en1 - Unknown
Jan 12 15:05:50 AmrRadwan-MAC configd[14]: network configuration changed.
