Jan 22 19:35:18 AmrRadwan-MAC com.apple.launchd[1] (com.apple.SystemStarter): Failed to count the number of files in "/System/Library/StartupItems": No such file or directory
Jan 22 19:36:26: --- last message repeated 1 time ---
Jan 22 19:36:26 AmrRadwan-MAC com.apple.launchctl.Background[436]: launchctl: Dubious permissions on file (skipping): /Library/LaunchAgents/com.logmein.logmeingui.plist
Jan 22 19:36:26 AmrRadwan-MAC com.apple.launchctl.Background[436]: launchctl: Dubious permissions on file (skipping): /Library/LaunchAgents/com.logmein.logmeinguiagent.plist
Jan 22 19:39:32 AmrRadwan-MAC Software Update[405]: Layout still needs update after calling -[WebHTMLView layout]. WebHTMLView or one of its superclasses may have overridden -layout without calling super. Or, something may have dirtied layout in the middle of updating it. Both are programming errors in Cocoa Autolayout. The former is pretty likely to arise if some pre-Cocoa Autolayout class had a method called layout, but it should be fixed.
Jan 22 19:40:05 AmrRadwan-MAC com.apple.usbmuxd[19]: _SendAttachNotification (thread 0x7fff76b7a960): sending attach for device e4:ce:8f:b6:ec:ce@fe80::e6ce:8fff:feb6:ecce._apple-mobdev._tcp.local.: _GetAddrInfoReplyReceivedCallback matched.
Jan 22 19:40:05 AmrRadwan-MAC usbmuxd[19]: _AMDeviceConnectByAddressAndPort (thread 0x100797000): IPv4
Jan 22 19:40:06 AmrRadwan-MAC ath[357]: _AMDDeviceAttachedCallbackv3 (thread 0x7fff76b7a960): Device 'AMDevice 0x10180f090 {UDID = 972bc20ba200e270c977e46c391e22db2279809c, device ID = 7, FullServiceName = e4:ce:8f:b6:ec:ce@fe80::e6ce:8fff:feb6:ecce._apple-mobdev._tcp.local.}' attached.
Jan 22 19:40:06 AmrRadwan-MAC iTunes[177]: _AMDDeviceAttachedCallbackv3 (thread 0x10e0a9000): Device 'AMDevice 0x7fb6568cc910 {UDID = 972bc20ba200e270c977e46c391e22db2279809c, device ID = 7, FullServiceName = e4:ce:8f:b6:ec:ce@fe80::e6ce:8fff:feb6:ecce._apple-mobdev._tcp.local.}' attached.
Jan 22 19:40:07 AmrRadwan-MAC AppleMobileDeviceHelper[358]: _AMDDeviceDetached (thread 0xacf4b2c0): Device 'AMDevice 0x3807d0 {UDID = 972bc20ba200e270c977e46c391e22db2279809c, device ID = 5, FullServiceName = e4:ce:8f:b6:ec:ce@fe80::e6ce:8fff:feb6:ecce._apple-mobdev._tcp.local.}' detached.
Jan 22 19:40:17 AmrRadwan-MAC com.apple.usbmuxd[19]: _SendDetachNotification (thread 0x7fff76b7a960): sending detach for device e4:ce:8f:b6:ec:ce@fe80::e6ce:8fff:feb6:ecce._apple-mobdev._tcp.local.: _BrowseReplyReceivedCallback got bonjour removal.
Jan 22 19:40:17 AmrRadwan-MAC iTunes[177]: _AMDDeviceDetached (thread 0x10e0a9000): Device 'AMDevice 0x7fb6568cc910 {UDID = 972bc20ba200e270c977e46c391e22db2279809c, device ID = 7, FullServiceName = e4:ce:8f:b6:ec:ce@fe80::e6ce:8fff:feb6:ecce._apple-mobdev._tcp.local.}' detached.
Jan 22 19:40:17 AmrRadwan-MAC iTunes[177]: _NotificationSocketReadCallbackGCD (thread 0x7fff76b7a960): Unexpected connection closure...
Jan 22 19:40:17 AmrRadwan-MAC ath[357]: _AMDDeviceAttachedCallbackv3 (thread 0x7fff76b7a960): Device 'AMDevice 0x101d12f60 {UDID = cce5db8cbe92c04596ed89d57c471de6754b628a, device ID = 6, location ID = 0xfd120000, product ID = 0x1293}' attached.
Jan 22 19:40:23 AmrRadwan-MAC com.apple.launchd[1] (com.apple.SystemStarter): Failed to count the number of files in "/System/Library/StartupItems": No such file or directory
Jan 22 19:40:23: --- last message repeated 3 times ---
Jan 22 19:40:23 AmrRadwan-MAC mds[32]: (/)(Warning) IndexQuery in bool preIterate_FSI(SISearchCtx_FSI*):Throttling inefficient file system query
Jan 22 19:40:23 AmrRadwan-MAC fseventsd[40]: could not open <> (No such file or directory)
Jan 22 19:40:23 AmrRadwan-MAC fseventsd[40]: log dir: /Volumes/5482DEB1-5648-42D3-9639-B49F265B1CBF-452-00000657B9288A67/.fseventsd getting new uuid: 62EEA498-8F78-4AEF-B01F-5126B97D4328
Jan 22 19:40:34 AmrRadwan-MAC com.apple.kextcache[380]: Created prelinked kernel /System/Library/Caches/com.apple.kext.caches/Startup/kernelcache.
Jan 22 19:41:18 AmrRadwan-MAC [0x0-0x7007].com.apple.iTunes[177]: Parent: Error or timeout on select
Jan 22 19:41:18 AmrRadwan-MAC [0x0-0x7007].com.apple.iTunes[177]: Child with pid 357 exited normally
Jan 22 19:41:18: --- last message repeated 1 time ---
Jan 22 19:41:18 AmrRadwan-MAC [0x0-0x7007].com.apple.iTunes[177]: ATHostConnectionDestroy 0x7fb655206080
Jan 22 19:41:18 AmrRadwan-MAC [0x0-0x7007].com.apple.iTunes[177]: Version from driver for Certificates 1
Jan 22 19:42:39 AmrRadwan-MAC xpchelper[1445]: could not open dyld map file: (null)
Jan 22 19:42:40 AmrRadwan-MAC AlertAll[1458]: Looking for applications at
Jan 22 19:42:40 AmrRadwan-MAC AlertAll[1458]: --(null)
Jan 22 19:42:40 AmrRadwan-MAC AlertAll[1458]: Path PurpleRestore.app given to -[NSWorkspace iconForFile:] is not a full path.
Jan 22 19:42:40 AmrRadwan-MAC AlertAll[1458]: img:1
Jan 22 19:42:40 AmrRadwan-MAC AlertAll[1458]: >> timerMethod
Jan 22 19:42:40 AmrRadwan-MAC AlertAll[1458]: >> updateTable
Jan 22 19:42:40 AmrRadwan-MAC AlertAll[1458]: >> applicationShouldTerminate
Jan 22 19:42:40 AmrRadwan-MAC AlertAll[1458]: >> applicationWillTerminate
Jan 22 19:42:45 AmrRadwan-MAC com.apple.launchd.peruser.501[159] ([0x0-0x12012].com.apple.iTunesHelper[201]): Exited with code: 1
Jan 22 19:42:45 AmrRadwan-MAC iTunesHelper[1520]: _AMDDeviceAttachedCallbackv3 (thread 0x7fff76b7a960): Device 'AMDevice 0x100318dc0 {UDID = cce5db8cbe92c04596ed89d57c471de6754b628a, device ID = 6, location ID = 0xfd120000, product ID = 0x1293}' attached.
Jan 22 19:42:49 AmrRadwan-MAC com.apple.launchd[1] (com.apple.SystemStarter): Failed to count the number of files in "/System/Library/StartupItems": No such file or directory
Jan 22 19:42:50: --- last message repeated 3 times ---
Jan 22 19:42:50 AmrRadwan-MAC fseventsd[40]: Logging disabled completely for device:1: /Volumes/Recovery HD
Jan 22 19:42:50 AmrRadwan-MAC com.apple.launchd[1] (com.apple.SystemStarter): Failed to count the number of files in "/System/Library/StartupItems": No such file or directory
Jan 22 19:43:20: --- last message repeated 1 time ---
Jan 22 19:45:41 AmrRadwan-MAC com.apple.usbmuxd[19]: _SendAttachNotification (thread 0x7fff76b7a960): sending attach for device e4:ce:8f:b6:ec:ce@fe80::e6ce:8fff:feb6:ecce._apple-mobdev._tcp.local.: _GetAddrInfoReplyReceivedCallback matched.
Jan 22 19:45:42 AmrRadwan-MAC usbmuxd[19]: _AMDeviceConnectByAddressAndPort (thread 0x100797000): IPv4
Jan 22 19:47:12 AmrRadwan-MAC com.apple.usbmuxd[19]: _handle_timer Fish out of water!!!
Jan 22 19:47:16 AmrRadwan-MAC [0x0-0x50050].com.apple.iTunes[1592]: The plugin 'Quartz Composer Visualizer' failed to load because it has the wrong CPU architecture for this version of iTunes. (3585)
Jan 22 19:47:17 AmrRadwan-MAC [0x0-0x50050].com.apple.iTunes[1592]: Returning 0x0. Advertising wake service for libraryIdentifier "3E87DF5D2F5EB936".
Jan 22 19:47:17 AmrRadwan-MAC iTunes[1592]: _AMDDeviceAttachedCallbackv3 (thread 0x119072000): Device 'AMDevice 0x7f8f1ad614d0 {UDID = cce5db8cbe92c04596ed89d57c471de6754b628a, device ID = 6, location ID = 0xfd120000, product ID = 0x1293}' attached.
Jan 22 19:47:18 AmrRadwan-MAC iTunes[1592]: _GCDSearchPthreadOnceRoutine (thread 0x7fff76b7a960): Looked up GCD symbols, got addresses: 8d732884, GCD_AVAILABLE is 1
Jan 22 19:47:18 AmrRadwan-MAC AppleMobileDeviceHelper[1597]: _AMDDeviceAttachedCallbackv3 (thread 0xacf4b2c0): Device 'AMDevice 0x363140 {UDID = cce5db8cbe92c04596ed89d57c471de6754b628a, device ID = 6, location ID = 0xfd120000, product ID = 0x1293}' attached.
Jan 22 19:47:19 AmrRadwan-MAC com.apple.usbmuxd[19]: _SendDetachNotification (thread 0x7fff76b7a960): sending detach for device e4:ce:8f:b6:ec:ce@fe80::e6ce:8fff:feb6:ecce._apple-mobdev._tcp.local.: _BrowseReplyReceivedCallback got bonjour removal.
Jan 22 19:47:19 AmrRadwan-MAC com.apple.usbmuxd[19]: networkDeviceCallback Surprisingly, there is no mie matching name
Jan 22 19:47:19 AmrRadwan-MAC installd[410]: Exiting.
Jan 22 19:47:20 AmrRadwan-MAC com.apple.usbmuxd[19]: _SendAttachNotification (thread 0x7fff76b7a960): sending attach for device e4:ce:8f:b6:ec:ce@fe80::e6ce:8fff:feb6:ecce._apple-mobdev._tcp.local.: _GetAddrInfoReplyReceivedCallback matched.
Jan 22 19:47:21 AmrRadwan-MAC usbmuxd[19]: _AMDeviceConnectByAddressAndPort (thread 0x100797000): IPv4
Jan 22 19:47:21 AmrRadwan-MAC iTunes[1592]: _AMDDeviceAttachedCallbackv3 (thread 0x119072000): Device 'AMDevice 0x7f8f1ad6f3d0 {UDID = 972bc20ba200e270c977e46c391e22db2279809c, device ID = 9, FullServiceName = e4:ce:8f:b6:ec:ce@fe80::e6ce:8fff:feb6:ecce._apple-mobdev._tcp.local.}' attached.
Jan 22 19:47:22 AmrRadwan-MAC ath[1599]: _AMDDeviceAttachedCallbackv3 (thread 0x7fff76b7a960): Device 'AMDevice 0x100518980 {UDID = 972bc20ba200e270c977e46c391e22db2279809c, device ID = 9, FullServiceName = e4:ce:8f:b6:ec:ce@fe80::e6ce:8fff:feb6:ecce._apple-mobdev._tcp.local.}' attached.
Jan 22 19:47:22 AmrRadwan-MAC ath[1599]: _AMDDeviceAttachedCallbackv3 (thread 0x7fff76b7a960): Device 'AMDevice 0x1005186c0 {UDID = cce5db8cbe92c04596ed89d57c471de6754b628a, device ID = 6, location ID = 0xfd120000, product ID = 0x1293}' attached.
Jan 22 19:47:22 AmrRadwan-MAC com.apple.usbmuxd[19]: SCEDeviceSocketCallback 0x101804650-iTunes/com.apple.iTunes remote peer closed connection for sce 0x101804650.
Jan 22 19:47:22 AmrRadwan-MAC com.apple.usbmuxd[19]: SCEDeviceSocketCallback 0x101c07880-iTunes/com.apple.iTunes remote peer closed connection for sce 0x101c07880.
Jan 22 19:48:23 AmrRadwan-MAC iTunes[1592]: AMDeviceCopyValue (thread 0x114eed000): There was an error getting the value for [(null)]:[ApNonce] from device 6: GetProhibited. (session == (null))
Jan 22 19:48:23 AmrRadwan-MAC iTunes[1592]: AMDeviceCopyAuthInstallPreflightOptions (thread 0x114eed000): device doesn't report a baseband snum
Jan 22 19:49:15 AmrRadwan-MAC redsn0w[1611]: CFURLCreateWithString was passed this invalid URL string: '/System/Library/CoreServices/CommonCocoaPanels.bundle' (a file system path instead of an URL string). The URL created will not work with most file URL functions. CFURLCreateWithFileSystemPath or CFURLCreateWithFileSystemPathRelativeToBase should be used instead.
Jan 22 19:49:15 AmrRadwan-MAC com.apple.launchd.peruser.501[159] ([0x0-0x50050].com.apple.iTunes[1592]): Exited: Killed: 9
Jan 22 19:49:15 AmrRadwan-MAC com.apple.launchd.peruser.501[159] ([0x0-0x46046].com.apple.iTunesHelper[1520]): Exited: Killed: 9
Jan 22 19:49:41 AmrRadwan-MAC com.apple.usbmuxd[19]: _handle_timer Fish out of water!!!
Jan 22 19:49:49 AmrRadwan-MAC com.apple.usbmuxd[19]: _SendDetachNotification (thread 0x7fff76b7a960): sending detach for device e4:ce:8f:b6:ec:ce@fe80::e6ce:8fff:feb6:ecce._apple-mobdev._tcp.local.: _BrowseReplyReceivedCallback got bonjour removal.
Jan 22 19:49:49 AmrRadwan-MAC com.apple.usbmuxd[19]: networkDeviceCallback Surprisingly, there is no mie matching name
Jan 22 19:51:43 AmrRadwan-MAC com.apple.usbmuxd[19]: _SendAttachNotification (thread 0x7fff76b7a960): sending attach for device e4:ce:8f:b6:ec:ce@fe80::e6ce:8fff:feb6:ecce._apple-mobdev._tcp.local.: _GetAddrInfoReplyReceivedCallback matched.
Jan 22 19:51:44 AmrRadwan-MAC usbmuxd[19]: _AMDeviceConnectByAddressAndPort (thread 0x101f81000): IPv4
Jan 22 19:52:14 AmrRadwan-MAC com.apple.usbmuxd[19]: _handle_timer Fish out of water!!!
Jan 22 19:52:20 AmrRadwan-MAC com.apple.usbmuxd[19]: _SendDetachNotification (thread 0x7fff76b7a960): sending detach for device e4:ce:8f:b6:ec:ce@fe80::e6ce:8fff:feb6:ecce._apple-mobdev._tcp.local.: _BrowseReplyReceivedCallback got bonjour removal.
Jan 22 19:52:20 AmrRadwan-MAC com.apple.usbmuxd[19]: networkDeviceCallback Surprisingly, there is no mie matching name
Jan 22 19:52:35 AmrRadwan-MAC KernelEventAgent[37]: tid 00000000 received event(s) VQ_DEAD (32)
Jan 22 19:52:35 AmrRadwan-MAC com.apple.launchd[1] (com.apple.SystemStarter): Failed to count the number of files in "/System/Library/StartupItems": No such file or directory
Jan 22 19:52:35: --- last message repeated 1 time ---
Jan 22 19:52:35 AmrRadwan-MAC [0x0-0x41041].com.codeius.izip[452]: iZip@fuse0 unmount from /Volumes/5482DEB1-5648-42D3-9639-B49F265B1CBF-452-00000657B9288A67
Jan 22 19:53:32 AmrRadwan-MAC sandboxd[1637] ([1636]): Safari Webpage P(1636) deny file-read-data /Users/amrradwan/Library/Preferences/com.apple.quicktime.plugin.preferences.plist
Jan 22 19:53:32 AmrRadwan-MAC sandboxd[1637] ([1636]): Safari Webpage P(1636) deny process-fork
Jan 22 19:53:32 AmrRadwan-MAC sandboxd[1637] ([1636]): Safari Webpage P(1636) deny file-read-data /Users/amrradwan/Library/Preferences/com.apple.quicktime.plugin.preferences.plist
Jan 22 19:53:32 AmrRadwan-MAC sandboxd[1637] ([1636]): Safari Webpage P(1636) deny file-read-data /Applications/RealPlayer.app/Contents/MacOS/RealPlayer Plugin.plugin
Jan 22 19:53:48: --- last message repeated 3 times ---
Jan 22 19:53:48 AmrRadwan-MAC sandboxd[1637] ([1636]): Safari Webpage P(1636) deny file-read-data /
Jan 22 19:53:48 AmrRadwan-MAC sandboxd[1637] ([1636]): Safari Webpage P(1636) deny mach-lookup org.h5l.kcm
Jan 22 19:55:10 AmrRadwan-MAC sandboxd[1642] ([1636]): Safari Webpage P(1636) deny iokit-open AppleGraphicsPolicyClient
Jan 22 19:56:04 AmrRadwan-MAC com.apple.usbmuxd[19]: _SendAttachNotification (thread 0x7fff76b7a960): sending attach for device e4:ce:8f:b6:ec:ce@fe80::e6ce:8fff:feb6:ecce._apple-mobdev._tcp.local.: _GetAddrInfoReplyReceivedCallback matched.
Jan 22 19:56:04 AmrRadwan-MAC usbmuxd[19]: _AMDeviceConnectByAddressAndPort (thread 0x100797000): IPv4
Jan 22 19:56:11 AmrRadwan-MAC com.apple.usbmuxd[19]: _SendDetachNotification (thread 0x7fff76b7a960): sending detach for device e4:ce:8f:b6:ec:ce@fe80::e6ce:8fff:feb6:ecce._apple-mobdev._tcp.local.: _BrowseReplyReceivedCallback got bonjour removal.
Jan 22 20:06:26 AmrRadwan-MAC [0x0-0x5d05d].TinyUmbrella[1654]: [JavaAppLauncher] Requested [1.5], launching in [1.6] instead.
Jan 22 20:06:36 AmrRadwan-MAC JavaApplicationStub[1654]: _AMDDeviceAttachedCallbackv3 (thread 0x11c7f2000): Device 'AMDevice 0x7fd41bc20bc0 {UDID = cce5db8cbe92c04596ed89d57c471de6754b628a, device ID = 11, location ID = 0xfd120000, product ID = 0x1293}' attached.
Jan 22 20:06:56 AmrRadwan-MAC [0x0-0x5d05d].TinyUmbrella[1654]: TinyUmbrella[INFO|AWT-EventQueue-0|8:06:56]: Trying to enable TSS...
Jan 22 20:06:59 AmrRadwan-MAC com.apple.launchd[1] (com.apple.SystemStarter): Failed to count the number of files in "/System/Library/StartupItems": No such file or directory
Jan 22 20:07:29: --- last message repeated 7 times ---
Jan 22 20:07:40 AmrRadwan-MAC com.apple.launchd[1] (com.apple.SystemStarter): Failed to count the number of files in "/System/Library/StartupItems": No such file or directory
Jan 22 20:08:10: --- last message repeated 3 times ---
Jan 22 20:08:13 AmrRadwan-MAC com.apple.usbmuxd[19]: _SendAttachNotification (thread 0x7fff76b7a960): sending attach for device e4:ce:8f:b6:ec:ce@fe80::e6ce:8fff:feb6:ecce._apple-mobdev._tcp.local.: _GetAddrInfoReplyReceivedCallback matched.
Jan 22 20:08:14 AmrRadwan-MAC usbmuxd[19]: _AMDeviceConnectByAddressAndPort (thread 0x100797000): IPv4
Jan 22 20:08:14 AmrRadwan-MAC JavaApplicationStub[1654]: _AMDDeviceAttachedCallbackv3 (thread 0x11c7f2000): Device 'AMDevice 0x7fd41ba31fc0 {UDID = 972bc20ba200e270c977e46c391e22db2279809c, device ID = 13, FullServiceName = e4:ce:8f:b6:ec:ce@fe80::e6ce:8fff:feb6:ecce._apple-mobdev._tcp.local.}' attached.
Jan 22 20:08:28 AmrRadwan-MAC com.apple.launchd[1] (com.apple.SystemStarter): Failed to count the number of files in "/System/Library/StartupItems": No such file or directory
Jan 22 20:08:34: --- last message repeated 3 times ---
Jan 22 20:08:34 AmrRadwan-MAC com.apple.usbmuxd[19]: SCEDeviceSocketCallback 0x101800dc0-JavaApplicationStub/NULL remote peer closed connection for sce 0x101800dc0.
Jan 22 20:09:04 AmrRadwan-MAC com.apple.usbmuxd[19]: _handle_timer Fish out of water!!!
Jan 22 20:09:04 AmrRadwan-MAC JavaApplicationStub[1654]: _AMDDeviceDetached (thread 0x11c7f2000): Device 'AMDevice 0x7fd41ba31fc0 {UDID = 972bc20ba200e270c977e46c391e22db2279809c, device ID = 13, FullServiceName = e4:ce:8f:b6:ec:ce@fe80::e6ce:8fff:feb6:ecce._apple-mobdev._tcp.local.}' detached.
Jan 22 20:09:10 AmrRadwan-MAC com.apple.usbmuxd[19]: _SendDetachNotification (thread 0x7fff76b7a960): sending detach for device e4:ce:8f:b6:ec:ce@fe80::e6ce:8fff:feb6:ecce._apple-mobdev._tcp.local.: _BrowseReplyReceivedCallback got bonjour removal.
Jan 22 20:09:10 AmrRadwan-MAC com.apple.usbmuxd[19]: networkDeviceCallback Surprisingly, there is no mie matching name
Jan 22 20:09:51 AmrRadwan-MAC com.apple.launchd[1] (com.apple.SystemStarter): Failed to count the number of files in "/System/Library/StartupItems": No such file or directory
Jan 22 20:10:21: --- last message repeated 3 times ---
Jan 22 20:10:46 AmrRadwan-MAC com.apple.launchd[1] (com.apple.SystemStarter): Failed to count the number of files in "/System/Library/StartupItems": No such file or directory
Jan 22 20:11:16: --- last message repeated 3 times ---
Jan 22 20:11:34 AmrRadwan-MAC redsn0w[1669]: CFURLCreateWithString was passed this invalid URL string: '/System/Library/CoreServices/CommonCocoaPanels.bundle' (a file system path instead of an URL string). The URL created will not work with most file URL functions. CFURLCreateWithFileSystemPath or CFURLCreateWithFileSystemPathRelativeToBase should be used instead.
Jan 22 20:12:27 AmrRadwan-MAC com.apple.usbmuxd[19]: _SendAttachNotification (thread 0x7fff76b7a960): sending attach for device e4:ce:8f:b6:ec:ce@fe80::e6ce:8fff:feb6:ecce._apple-mobdev._tcp.local.: _GetAddrInfoReplyReceivedCallback matched.
Jan 22 20:12:27 AmrRadwan-MAC usbmuxd[19]: _AMDeviceConnectByAddressAndPort (thread 0x100797000): IPv4
Jan 22 20:12:30 AmrRadwan-MAC JavaApplicationStub[1654]: _AMDDeviceAttachedCallbackv3 (thread 0x11c7f2000): Device 'AMDevice 0x7fd41b8c6890 {UDID = 972bc20ba200e270c977e46c391e22db2279809c, device ID = 14, FullServiceName = e4:ce:8f:b6:ec:ce@fe80::e6ce:8fff:feb6:ecce._apple-mobdev._tcp.local.}' attached.
Jan 22 20:12:35 AmrRadwan-MAC com.apple.launchd.peruser.501[159] ([0x0-0x5f05f].com.devteam.redsn0w[1669]): Job appears to have crashed: Segmentation fault: 11
Jan 22 20:12:36 AmrRadwan-MAC ReportCrash[1682]: Saved crash report for redsn0w[1669] version 0.9.2 (0.9.2) to /Users/amrradwan/Library/Logs/DiagnosticReports/redsn0w_2012-01-22-201236_AmrRadwan-MAC.crash
Jan 22 20:12:52 AmrRadwan-MAC com.apple.usbmuxd[19]: SCEDeviceSocketCallback 0x10190c390-JavaApplicationStub/NULL remote peer closed connection for sce 0x10190c390.
Jan 22 20:12:59 AmrRadwan-MAC com.apple.usbmuxd[19]: _SendDetachNotification (thread 0x7fff76b7a960): sending detach for device e4:ce:8f:b6:ec:ce@fe80::e6ce:8fff:feb6:ecce._apple-mobdev._tcp.local.: _BrowseReplyReceivedCallback got bonjour removal.
Jan 22 20:12:59 AmrRadwan-MAC JavaApplicationStub[1654]: _AMDDeviceDetached (thread 0x11c7f2000): Device 'AMDevice 0x7fd41b8c6890 {UDID = 972bc20ba200e270c977e46c391e22db2279809c, device ID = 14, FullServiceName = e4:ce:8f:b6:ec:ce@fe80::e6ce:8fff:feb6:ecce._apple-mobdev._tcp.local.}' detached.
Jan 22 20:13:16 AmrRadwan-MAC com.apple.launchd[1] (com.apple.SystemStarter): Failed to count the number of files in "/System/Library/StartupItems": No such file or directory
Jan 22 20:13:17: --- last message repeated 7 times ---
Jan 22 20:13:17 AmrRadwan-MAC com.apple.usbmuxd[19]: _SendAttachNotification (thread 0x7fff76b7a960): sending attach for device e4:ce:8f:b6:ec:ce@fe80::e6ce:8fff:feb6:ecce._apple-mobdev._tcp.local.: _GetAddrInfoReplyReceivedCallback matched.
Jan 22 20:13:17 AmrRadwan-MAC usbmuxd[19]: _AMDeviceConnectByAddressAndPort (thread 0x100797000): IPv4
Jan 22 20:13:17 AmrRadwan-MAC JavaApplicationStub[1654]: _AMDDeviceAttachedCallbackv3 (thread 0x11c7f2000): Device 'AMDevice 0x7fd41ba3efd0 {UDID = 972bc20ba200e270c977e46c391e22db2279809c, device ID = 15, FullServiceName = e4:ce:8f:b6:ec:ce@fe80::e6ce:8fff:feb6:ecce._apple-mobdev._tcp.local.}' attached.
Jan 22 20:13:26 AmrRadwan-MAC com.apple.launchd[1] (com.apple.SystemStarter): Failed to count the number of files in "/System/Library/StartupItems": No such file or directory
Jan 22 20:13:56: --- last message repeated 3 times ---
Jan 22 20:13:57 AmrRadwan-MAC com.apple.usbmuxd[19]: _handle_timer Fish out of water!!!
Jan 22 20:14:04 AmrRadwan-MAC com.apple.usbmuxd[19]: _SendDetachNotification (thread 0x7fff76b7a960): sending detach for device e4:ce:8f:b6:ec:ce@fe80::e6ce:8fff:feb6:ecce._apple-mobdev._tcp.local.: _BrowseReplyReceivedCallback got bonjour removal.
Jan 22 20:14:04 AmrRadwan-MAC com.apple.usbmuxd[19]: networkDeviceCallback Surprisingly, there is no mie matching name
Jan 22 20:14:13 AmrRadwan-MAC com.apple.usbmuxd[19]: _SendAttachNotification (thread 0x7fff76b7a960): sending attach for device e4:ce:8f:b6:ec:ce@fe80::e6ce:8fff:feb6:ecce._apple-mobdev._tcp.local.: _GetAddrInfoReplyReceivedCallback matched.
Jan 22 20:14:14 AmrRadwan-MAC usbmuxd[19]: _AMDeviceConnectByAddressAndPort (thread 0x100797000): IPv4
Jan 22 20:15:04 AmrRadwan-MAC com.apple.usbmuxd[19]: _handle_timer Fish out of water!!!
Jan 22 20:15:11 AmrRadwan-MAC com.apple.usbmuxd[19]: _SendDetachNotification (thread 0x7fff76b7a960): sending detach for device e4:ce:8f:b6:ec:ce@fe80::e6ce:8fff:feb6:ecce._apple-mobdev._tcp.local.: _BrowseReplyReceivedCallback got bonjour removal.
Jan 22 20:15:11 AmrRadwan-MAC com.apple.usbmuxd[19]: networkDeviceCallback Surprisingly, there is no mie matching name
Jan 22 20:19:27 AmrRadwan-MAC com.apple.usbmuxd[19]: _SendAttachNotification (thread 0x7fff76b7a960): sending attach for device e4:ce:8f:b6:ec:ce@fe80::e6ce:8fff:feb6:ecce._apple-mobdev._tcp.local.: _GetAddrInfoReplyReceivedCallback matched.
Jan 22 20:19:28 AmrRadwan-MAC usbmuxd[19]: _AMDeviceConnectByAddressAndPort (thread 0x100797000): IPv4
Jan 22 20:19:42 AmrRadwan-MAC com.apple.usbmuxd[19]: _SendDetachNotification (thread 0x7fff76b7a960): sending detach for device e4:ce:8f:b6:ec:ce@fe80::e6ce:8fff:feb6:ecce._apple-mobdev._tcp.local.: _BrowseReplyReceivedCallback got bonjour removal.
Jan 22 20:20:39 AmrRadwan-MAC com.apple.usbmuxd[19]: _SendAttachNotification (thread 0x7fff76b7a960): sending attach for device e4:ce:8f:b6:ec:ce@fe80::e6ce:8fff:feb6:ecce._apple-mobdev._tcp.local.: _GetAddrInfoReplyReceivedCallback matched.
Jan 22 20:20:39 AmrRadwan-MAC usbmuxd[19]: _AMDeviceConnectByAddressAndPort (thread 0x100797000): IPv4
Jan 22 20:21:00 AmrRadwan-MAC com.apple.usbmuxd[19]: _handle_timer Fish out of water!!!
Jan 22 20:21:06 AmrRadwan-MAC com.apple.usbmuxd[19]: _SendDetachNotification (thread 0x7fff76b7a960): sending detach for device e4:ce:8f:b6:ec:ce@fe80::e6ce:8fff:feb6:ecce._apple-mobdev._tcp.local.: _BrowseReplyReceivedCallback got bonjour removal.
Jan 22 20:21:06 AmrRadwan-MAC com.apple.usbmuxd[19]: networkDeviceCallback Surprisingly, there is no mie matching name
Jan 22 20:21:06 AmrRadwan-MAC com.apple.launchctl.Background[1707]: launchctl: Dubious permissions on file (skipping): /Library/LaunchAgents/com.logmein.logmeingui.plist
Jan 22 20:21:06 AmrRadwan-MAC com.apple.launchctl.Background[1707]: launchctl: Dubious permissions on file (skipping): /Library/LaunchAgents/com.logmein.logmeinguiagent.plist
Jan 22 20:24:42 AmrRadwan-MAC com.apple.usbmuxd[19]: _SendAttachNotification (thread 0x7fff76b7a960): sending attach for device e4:ce:8f:b6:ec:ce@fe80::e6ce:8fff:feb6:ecce._apple-mobdev._tcp.local.: _GetAddrInfoReplyReceivedCallback matched.
Jan 22 20:24:42 AmrRadwan-MAC usbmuxd[19]: _AMDeviceConnectByAddressAndPort (thread 0x100797000): IPv4
Jan 22 20:25:12 AmrRadwan-MAC com.apple.usbmuxd[19]: _handle_timer Fish out of water!!!
Jan 22 20:25:50 AmrRadwan-MAC com.apple.usbmuxd[19]: _SendDetachNotification (thread 0x7fff76b7a960): sending detach for device e4:ce:8f:b6:ec:ce@fe80::e6ce:8fff:feb6:ecce._apple-mobdev._tcp.local.: _BrowseReplyReceivedCallback got bonjour removal.
Jan 22 20:25:50 AmrRadwan-MAC com.apple.usbmuxd[19]: networkDeviceCallback Surprisingly, there is no mie matching name
Jan 22 20:26:23 AmrRadwan-MAC [0x0-0x68068].com.vmware.fusion[1724]: 2012-01-22 20:26:23 no printer configured or none available
Jan 22 20:26:23 AmrRadwan-MAC [0x0-0x68068].com.vmware.fusion[1724]: 2012-01-22 20:26:23 adaptor daemon booted
Jan 22 20:26:23 AmrRadwan-MAC [0x0-0x68068].com.vmware.fusion[1724]: 2012-01-22 20:26:23 no locale info available
Jan 22 20:26:23 AmrRadwan-MAC [0x0-0x68068].com.vmware.fusion[1724]: 2012-01-22 20:26:23 connector "vmlocal" booted
Jan 22 20:26:23 AmrRadwan-MAC [0x0-0x68068].com.vmware.fusion[1724]: 2012-01-22 20:26:23 CUPS HTTP Server tag version 10400 != CUPS HTML TITLE version 10500
Jan 22 20:26:23 AmrRadwan-MAC com.apple.launchctl.Background[1756]: launchctl: Dubious permissions on file (skipping): /Library/LaunchAgents/com.logmein.logmeingui.plist
Jan 22 20:26:23 AmrRadwan-MAC com.apple.launchctl.Background[1756]: launchctl: Dubious permissions on file (skipping): /Library/LaunchAgents/com.logmein.logmeinguiagent.plist
Jan 22 20:28:26 AmrRadwan-MAC 1PasswordAgent[217]: reloadAllObjects
Jan 22 20:28:26 AmrRadwan-MAC 1PasswordAgent[217]: Database (agilekeychain:/Users/amrradwan/Library/Application Support/1Password/1Password.agilekeychain) load time [NSOperationQueue]: 0.007+0.021 (44 objects)
Jan 22 20:29:55 AmrRadwan-MAC [0x0-0x6b06b].TinyUmbrella[1825]: [JavaAppLauncher] Requested [1.5], launching in [1.6] instead.
Jan 22 20:30:08 AmrRadwan-MAC [0x0-0x6b06b].TinyUmbrella[1825]: Warning: ch.randelshofer.quaqua.util.OSXPreferences failed to load /Users/amrradwan/Library/Preferences/.GlobalPreferences.plist
Jan 22 20:30:08 AmrRadwan-MAC [0x0-0x6b06b].TinyUmbrella[1825]: java.io.FileNotFoundException: /Users/amrradwan/Library/Preferences/.GlobalPreferences.plist (No such file or directory)
Jan 22 20:30:08 AmrRadwan-MAC [0x0-0x6b06b].TinyUmbrella[1825]: at java.io.FileInputStream.open(Native Method)
Jan 22 20:30:08 AmrRadwan-MAC [0x0-0x6b06b].TinyUmbrella[1825]: at java.io.FileInputStream.(FileInputStream.java:120)
Jan 22 20:30:08 AmrRadwan-MAC [0x0-0x6b06b].TinyUmbrella[1825]: at java.io.FileReader.(FileReader.java:55)
Jan 22 20:30:08 AmrRadwan-MAC [0x0-0x6b06b].TinyUmbrella[1825]: at ch.randelshofer.quaqua.osx.OSXPreferences.readPList(OSXPreferences.java:171)
Jan 22 20:30:08 AmrRadwan-MAC [0x0-0x6b06b].TinyUmbrella[1825]: at ch.randelshofer.quaqua.osx.OSXPreferences.updateCache(OSXPreferences.java:99)
Jan 22 20:30:08 AmrRadwan-MAC [0x0-0x6b06b].TinyUmbrella[1825]: at ch.randelshofer.quaqua.osx.OSXPreferences.ensureCached(OSXPreferences.java:90)
Jan 22 20:30:08 AmrRadwan-MAC [0x0-0x6b06b].TinyUmbrella[1825]: at ch.randelshofer.quaqua.osx.OSXPreferences.get(OSXPreferences.java:79)
Jan 22 20:30:08 AmrRadwan-MAC [0x0-0x6b06b].TinyUmbrella[1825]: at ch.randelshofer.quaqua.osx.OSXPreferences.getString(OSXPreferences.java:45)
Jan 22 20:30:08 AmrRadwan-MAC [0x0-0x6b06b].TinyUmbrella[1825]: at ch.randelshofer.quaqua.BasicQuaquaLookAndFeel.initSystemColorDefaults(BasicQuaquaLookAndFeel.java:151)
Jan 22 20:30:08 AmrRadwan-MAC [0x0-0x6b06b].TinyUmbrella[1825]: at ch.randelshofer.quaqua.leopard.Quaqua15LeopardLookAndFeel.initSystemColorDefaults(Quaqua15LeopardLookAndFeel.java:208)
Jan 22 20:30:08 AmrRadwan-MAC [0x0-0x6b06b].TinyUmbrella[1825]: at ch.randelshofer.quaqua.BasicQuaquaLookAndFeel.getDefaults(BasicQuaquaLookAndFeel.java:76)
Jan 22 20:30:08 AmrRadwan-MAC [0x0-0x6b06b].TinyUmbrella[1825]: at javax.swing.UIManager.setLookAndFeel(UIManager.java:520)
Jan 22 20:30:08 AmrRadwan-MAC [0x0-0x6b06b].TinyUmbrella[1825]: at javax.swing.UIManager.setLookAndFeel(UIManager.java:564)
Jan 22 20:30:08 AmrRadwan-MAC [0x0-0x6b06b].TinyUmbrella[1825]: at com.semaphore.TinyUmbrella.load(TinyUmbrella.java:155)
Jan 22 20:30:08 AmrRadwan-MAC [0x0-0x6b06b].TinyUmbrella[1825]: at sun.reflect.NativeMethodAccessorImpl.invoke0(Native Method)
Jan 22 20:30:08 AmrRadwan-MAC [0x0-0x6b06b].TinyUmbrella[1825]: at sun.reflect.NativeMethodAccessorImpl.invoke(NativeMethodAccessorImpl.java:39)
Jan 22 20:30:08 AmrRadwan-MAC [0x0-0x6b06b].TinyUmbrella[1825]: at sun.reflect.DelegatingMethodAccessorImpl.invoke(DelegatingMethodAccessorImpl.java:25)
Jan 22 20:30:08 AmrRadwan-MAC [0x0-0x6b06b].TinyUmbrella[1825]: at java.lang.reflect.Method.invoke(Method.java:597)
Jan 22 20:30:08 AmrRadwan-MAC [0x0-0x6b06b].TinyUmbrella[1825]: at com.semaphore.TinyLoader.loadTiny(TinyLoader.java:248)
Jan 22 20:30:08 AmrRadwan-MAC [0x0-0x6b06b].TinyUmbrella[1825]: at com.semaphore.TinyLoader.access$000(TinyLoader.java:27)
Jan 22 20:30:08 AmrRadwan-MAC [0x0-0x6b06b].TinyUmbrella[1825]: at com.semaphore.TinyLoader$1.run(TinyLoader.java:40)
Jan 22 20:30:08 AmrRadwan-MAC [0x0-0x6b06b].TinyUmbrella[1825]: at java.awt.event.InvocationEvent.dispatch(InvocationEvent.java:209)
Jan 22 20:30:08 AmrRadwan-MAC [0x0-0x6b06b].TinyUmbrella[1825]: at java.awt.EventQueue.dispatchEventImpl(EventQueue.java:677)
Jan 22 20:30:08 AmrRadwan-MAC [0x0-0x6b06b].TinyUmbrella[1825]: at java.awt.EventQueue.access$000(EventQueue.java:85)
Jan 22 20:30:08 AmrRadwan-MAC [0x0-0x6b06b].TinyUmbrella[1825]: at java.awt.EventQueue$1.run(EventQueue.java:638)
Jan 22 20:30:08 AmrRadwan-MAC [0x0-0x6b06b].TinyUmbrella[1825]: at java.awt.EventQueue$1.run(EventQueue.java:636)
Jan 22 20:30:08 AmrRadwan-MAC [0x0-0x6b06b].TinyUmbrella[1825]: at java.security.AccessController.doPrivileged(Native Method)
Jan 22 20:30:08 AmrRadwan-MAC [0x0-0x6b06b].TinyUmbrella[1825]: at java.security.AccessControlContext$1.doIntersectionPrivilege(AccessControlContext.java:87)
Jan 22 20:30:08 AmrRadwan-MAC [0x0-0x6b06b].TinyUmbrella[1825]: at java.awt.EventQueue.dispatchEvent(EventQueue.java:647)
Jan 22 20:30:08 AmrRadwan-MAC [0x0-0x6b06b].TinyUmbrella[1825]: at java.awt.EventDispatchThread.pumpOneEventForFilters(EventDispatchThread.java:296)
Jan 22 20:30:08 AmrRadwan-MAC [0x0-0x6b06b].TinyUmbrella[1825]: at java.awt.EventDispatchThread.pumpEventsForFilter(EventDispatchThread.java:211)
Jan 22 20:30:08 AmrRadwan-MAC [0x0-0x6b06b].TinyUmbrella[1825]: at java.awt.EventDispatchThread.pumpEventsForHierarchy(EventDispatchThread.java:201)
Jan 22 20:30:08 AmrRadwan-MAC [0x0-0x6b06b].TinyUmbrella[1825]: at java.awt.EventDispatchThread.pumpEvents(EventDispatchThread.java:196)
Jan 22 20:30:08 AmrRadwan-MAC [0x0-0x6b06b].TinyUmbrella[1825]: at java.awt.EventDispatchThread.pumpEvents(EventDispatchThread.java:188)
Jan 22 20:30:08 AmrRadwan-MAC [0x0-0x6b06b].TinyUmbrella[1825]: at java.awt.EventDispatchThread.run(EventDispatchThread.java:122)
Jan 22 20:30:08 AmrRadwan-MAC [0x0-0x6b06b].TinyUmbrella[1825]: Warning: ch.randelshofer.quaqua.util.OSXPreferences failed to load /Users/amrradwan/Library/Preferences/com.apple.finder.plist
Jan 22 20:30:08 AmrRadwan-MAC [0x0-0x6b06b].TinyUmbrella[1825]: java.io.FileNotFoundException: /Users/amrradwan/Library/Preferences/com.apple.finder.plist (No such file or directory)
Jan 22 20:30:08 AmrRadwan-MAC [0x0-0x6b06b].TinyUmbrella[1825]: at java.io.FileInputStream.open(Native Method)
Jan 22 20:30:08 AmrRadwan-MAC [0x0-0x6b06b].TinyUmbrella[1825]: at java.io.FileInputStream.(FileInputStream.java:120)
Jan 22 20:30:08 AmrRadwan-MAC [0x0-0x6b06b].TinyUmbrella[1825]: at java.io.FileReader.(FileReader.java:55)
Jan 22 20:30:08 AmrRadwan-MAC [0x0-0x6b06b].TinyUmbrella[1825]: at ch.randelshofer.quaqua.osx.OSXPreferences.readPList(OSXPreferences.java:171)
Jan 22 20:30:08 AmrRadwan-MAC [0x0-0x6b06b].TinyUmbrella[1825]: at ch.randelshofer.quaqua.osx.OSXPreferences.updateCache(OSXPreferences.java:99)
Jan 22 20:30:08 AmrRadwan-MAC [0x0-0x6b06b].TinyUmbrella[1825]: at ch.randelshofer.quaqua.osx.OSXPreferences.ensureCached(OSXPreferences.java:90)
Jan 22 20:30:08 AmrRadwan-MAC [0x0-0x6b06b].TinyUmbrella[1825]: at ch.randelshofer.quaqua.osx.OSXPreferences.get(OSXPreferences.java:79)
Jan 22 20:30:08 AmrRadwan-MAC [0x0-0x6b06b].TinyUmbrella[1825]: at ch.randelshofer.quaqua.osx.OSXPreferences.getString(OSXPreferences.java:45)
Jan 22 20:30:08 AmrRadwan-MAC [0x0-0x6b06b].TinyUmbrella[1825]: at ch.randelshofer.quaqua.BasicQuaquaLookAndFeel.initGeneralDefaults(BasicQuaquaLookAndFeel.java:1594)
Jan 22 20:30:08 AmrRadwan-MAC [0x0-0x6b06b].TinyUmbrella[1825]: at ch.randelshofer.quaqua.BasicQuaquaLookAndFeel.initComponentDefaults(BasicQuaquaLookAndFeel.java:91)
Jan 22 20:30:08 AmrRadwan-MAC [0x0-0x6b06b].TinyUmbrella[1825]: at ch.randelshofer.quaqua.BasicQuaquaLookAndFeel.getDefaults(BasicQuaquaLookAndFeel.java:77)
Jan 22 20:30:08 AmrRadwan-MAC [0x0-0x6b06b].TinyUmbrella[1825]: at javax.swing.UIManager.setLookAndFeel(UIManager.java:520)
Jan 22 20:30:08 AmrRadwan-MAC [0x0-0x6b06b].TinyUmbrella[1825]: at javax.swing.UIManager.setLookAndFeel(UIManager.java:564)
Jan 22 20:30:08 AmrRadwan-MAC [0x0-0x6b06b].TinyUmbrella[1825]: at com.semaphore.TinyUmbrella.load(TinyUmbrella.java:155)
Jan 22 20:30:08 AmrRadwan-MAC [0x0-0x6b06b].TinyUmbrella[1825]: at sun.reflect.NativeMethodAccessorImpl.invoke0(Native Method)
Jan 22 20:30:08 AmrRadwan-MAC [0x0-0x6b06b].TinyUmbrella[1825]: at sun.reflect.NativeMethodAccessorImpl.invoke(NativeMethodAccessorImpl.java:39)
Jan 22 20:30:08 AmrRadwan-MAC [0x0-0x6b06b].TinyUmbrella[1825]: at sun.reflect.DelegatingMethodAccessorImpl.invoke(DelegatingMethodAccessorImpl.java:25)
Jan 22 20:30:08 AmrRadwan-MAC [0x0-0x6b06b].TinyUmbrella[1825]: at java.lang.reflect.Method.invoke(Method.java:597)
Jan 22 20:30:08 AmrRadwan-MAC [0x0-0x6b06b].TinyUmbrella[1825]: at com.semaphore.TinyLoader.loadTiny(TinyLoader.java:248)
Jan 22 20:30:08 AmrRadwan-MAC [0x0-0x6b06b].TinyUmbrella[1825]: at com.semaphore.TinyLoader.access$000(TinyLoader.java:27)
Jan 22 20:30:08 AmrRadwan-MAC [0x0-0x6b06b].TinyUmbrella[1825]: at com.semaphore.TinyLoader$1.run(TinyLoader.java:40)
Jan 22 20:30:08 AmrRadwan-MAC [0x0-0x6b06b].TinyUmbrella[1825]: at java.awt.event.InvocationEvent.dispatch(InvocationEvent.java:209)
Jan 22 20:30:08 AmrRadwan-MAC [0x0-0x6b06b].TinyUmbrella[1825]: at java.awt.EventQueue.dispatchEventImpl(EventQueue.java:677)
Jan 22 20:30:08 AmrRadwan-MAC [0x0-0x6b06b].TinyUmbrella[1825]: at java.awt.EventQueue.access$000(EventQueue.java:85)
Jan 22 20:30:08 AmrRadwan-MAC [0x0-0x6b06b].TinyUmbrella[1825]: at java.awt.EventQueue$1.run(EventQueue.java:638)
Jan 22 20:30:08 AmrRadwan-MAC [0x0-0x6b06b].TinyUmbrella[1825]: at java.awt.EventQueue$1.run(EventQueue.java:636)
Jan 22 20:30:08 AmrRadwan-MAC [0x0-0x6b06b].TinyUmbrella[1825]: at java.security.AccessController.doPrivileged(Native Method)
Jan 22 20:30:08 AmrRadwan-MAC [0x0-0x6b06b].TinyUmbrella[1825]: at java.security.AccessControlContext$1.doIntersectionPrivilege(AccessControlContext.java:87)
Jan 22 20:30:08 AmrRadwan-MAC [0x0-0x6b06b].TinyUmbrella[1825]: at java.awt.EventQueue.dispatchEvent(EventQueue.java:647)
Jan 22 20:30:08 AmrRadwan-MAC [0x0-0x6b06b].TinyUmbrella[1825]: at java.awt.EventDispatchThread.pumpOneEventForFilters(EventDispatchThread.java:296)
Jan 22 20:30:08 AmrRadwan-MAC [0x0-0x6b06b].TinyUmbrella[1825]: at java.awt.EventDispatchThread.pumpEventsForFilter(EventDispatchThread.java:211)
Jan 22 20:30:08 AmrRadwan-MAC [0x0-0x6b06b].TinyUmbrella[1825]: at java.awt.EventDispatchThread.pumpEventsForHierarchy(EventDispatchThread.java:201)
Jan 22 20:30:08 AmrRadwan-MAC [0x0-0x6b06b].TinyUmbrella[1825]: at java.awt.EventDispatchThread.pumpEvents(EventDispatchThread.java:196)
Jan 22 20:30:08 AmrRadwan-MAC [0x0-0x6b06b].TinyUmbrella[1825]: at java.awt.EventDispatchThread.pumpEvents(EventDispatchThread.java:188)
Jan 22 20:30:08 AmrRadwan-MAC [0x0-0x6b06b].TinyUmbrella[1825]: at java.awt.EventDispatchThread.run(EventDispatchThread.java:122)
Jan 22 20:30:09 AmrRadwan-MAC JavaApplicationStub[1825]: _AMDDeviceAttachedCallbackv3 (thread 0x115b2c000): Device 'AMDevice 0x7f8ee6031dc0 {UDID = cce5db8cbe92c04596ed89d57c471de6754b628a, device ID = 11, location ID = 0xfd120000, product ID = 0x1293}' attached.
Jan 22 20:30:14 AmrRadwan-MAC [0x0-0x6b06b].TinyUmbrella[1825]: TinyUmbrella[INFO|AWT-EventQueue-0|8:30:14]: Trying to enable TSS...
Jan 22 20:30:17 AmrRadwan-MAC com.apple.launchd[1] (com.apple.SystemStarter): Failed to count the number of files in "/System/Library/StartupItems": No such file or directory
Jan 22 20:30:39: --- last message repeated 5 times ---
Jan 22 20:30:39 AmrRadwan-MAC JavaApplicationStub[1825]: _send_message (thread 0x114d1a000): Could not securely send message size 344: SSL_ERROR_SYSCALL errno (Broken pipe).
Jan 22 20:30:39 AmrRadwan-MAC JavaApplicationStub[1825]: AMDeviceEnterRecovery (thread 0x114d1a000): Could not enter recovery mode: kAMDUndefinedError
Jan 22 20:32:28 AmrRadwan-MAC JavaApplicationStub[1825]: _send_message (thread 0x114d1a000): Could not securely send message size 344: SSL_ERROR_SYSCALL errno (Broken pipe).
Jan 22 20:32:28 AmrRadwan-MAC JavaApplicationStub[1825]: AMDeviceEnterRecovery (thread 0x114d1a000): Could not enter recovery mode: kAMDUndefinedError
Jan 22 20:34:43 AmrRadwan-MAC JavaApplicationStub[1825]: _send_message (thread 0x114d1a000): Could not securely send message size 344: SSL_ERROR_SYSCALL errno (Broken pipe).
Jan 22 20:34:43 AmrRadwan-MAC JavaApplicationStub[1825]: AMDeviceEnterRecovery (thread 0x114d1a000): Could not enter recovery mode: kAMDUndefinedError
Jan 22 20:34:51 AmrRadwan-MAC com.apple.usbmuxd[19]: _SendAttachNotification (thread 0x7fff76b7a960): sending attach for device e4:ce:8f:b6:ec:ce@fe80::e6ce:8fff:feb6:ecce._apple-mobdev._tcp.local.: _GetAddrInfoReplyReceivedCallback matched.
Jan 22 20:34:51 AmrRadwan-MAC usbmuxd[19]: _AMDeviceConnectByAddressAndPort (thread 0x100797000): IPv4
Jan 22 20:34:51 AmrRadwan-MAC JavaApplicationStub[1825]: _AMDDeviceAttachedCallbackv3 (thread 0x115b2c000): Device 'AMDevice 0x7f8ee4a20350 {UDID = 972bc20ba200e270c977e46c391e22db2279809c, device ID = 20, FullServiceName = e4:ce:8f:b6:ec:ce@fe80::e6ce:8fff:feb6:ecce._apple-mobdev._tcp.local.}' attached.
Jan 22 20:35:11 AmrRadwan-MAC com.apple.usbmuxd[19]: SCEDeviceSocketCallback 0x10035a5d0-JavaApplicationStub/NULL remote peer closed connection for sce 0x10035a5d0.
Jan 22 20:35:41 AmrRadwan-MAC com.apple.usbmuxd[19]: _handle_timer Fish out of water!!!
Jan 22 20:35:41 AmrRadwan-MAC JavaApplicationStub[1825]: _AMDDeviceDetached (thread 0x115b2c000): Device 'AMDevice 0x7f8ee4a20350 {UDID = 972bc20ba200e270c977e46c391e22db2279809c, device ID = 20, FullServiceName = e4:ce:8f:b6:ec:ce@fe80::e6ce:8fff:feb6:ecce._apple-mobdev._tcp.local.}' detached.
Jan 22 20:35:48 AmrRadwan-MAC com.apple.usbmuxd[19]: _SendDetachNotification (thread 0x7fff76b7a960): sending detach for device e4:ce:8f:b6:ec:ce@fe80::e6ce:8fff:feb6:ecce._apple-mobdev._tcp.local.: _BrowseReplyReceivedCallback got bonjour removal.
Jan 22 20:35:48 AmrRadwan-MAC com.apple.usbmuxd[19]: networkDeviceCallback Surprisingly, there is no mie matching name
Jan 22 20:39:41 AmrRadwan-MAC com.apple.usbmuxd[19]: _SendAttachNotification (thread 0x7fff76b7a960): sending attach for device e4:ce:8f:b6:ec:ce@fe80::e6ce:8fff:feb6:ecce._apple-mobdev._tcp.local.: _GetAddrInfoReplyReceivedCallback matched.
Jan 22 20:39:43 AmrRadwan-MAC usbmuxd[19]: _AMDeviceConnectByAddressAndPort (thread 0x100797000): IPv4
Jan 22 20:39:44 AmrRadwan-MAC JavaApplicationStub[1825]: _AMDDeviceAttachedCallbackv3 (thread 0x115b2c000): Device 'AMDevice 0x7f8ee4a20830 {UDID = 972bc20ba200e270c977e46c391e22db2279809c, device ID = 21, FullServiceName = e4:ce:8f:b6:ec:ce@fe80::e6ce:8fff:feb6:ecce._apple-mobdev._tcp.local.}' attached.
Jan 22 20:40:04 AmrRadwan-MAC com.apple.usbmuxd[19]: SCEDeviceSocketCallback 0x100357d80-JavaApplicationStub/NULL remote peer closed connection for sce 0x100357d80.
Jan 22 20:40:55 AmrRadwan-MAC mDNSResponder[33]: PenaltyTimeForServer: PenaltyTime negative -13208, (server penaltyTime 1294734998, timenow 1294748206) resetting the penalty
Jan 22 20:41:44 AmrRadwan-MAC com.apple.usbmuxd[19]: _handle_timer Fish out of water!!!
Jan 22 20:41:44 AmrRadwan-MAC JavaApplicationStub[1825]: _AMDDeviceDetached (thread 0x115b2c000): Device 'AMDevice 0x7f8ee4a20830 {UDID = 972bc20ba200e270c977e46c391e22db2279809c, device ID = 21, FullServiceName = e4:ce:8f:b6:ec:ce@fe80::e6ce:8fff:feb6:ecce._apple-mobdev._tcp.local.}' detached.
Jan 22 20:41:51 AmrRadwan-MAC com.apple.usbmuxd[19]: _SendDetachNotification (thread 0x7fff76b7a960): sending detach for device e4:ce:8f:b6:ec:ce@fe80::e6ce:8fff:feb6:ecce._apple-mobdev._tcp.local.: _BrowseReplyReceivedCallback got bonjour removal.
Jan 22 20:41:51 AmrRadwan-MAC com.apple.usbmuxd[19]: networkDeviceCallback Surprisingly, there is no mie matching name
Jan 22 20:45:06 AmrRadwan-MAC com.apple.launchd.peruser.501[159] (com.apple.AddressBook.ScheduledSync.ABExchangeSource.AD8EDF2C-0522-43E8-B5F1-77B4E67964AE[1864]): Exited with code: 255
Jan 22 20:45:12 AmrRadwan-MAC iCal Helper[1865]: Could not find Meta Data for persistent Store
Jan 22 20:45:13 AmrRadwan-MAC upgradedb[1868]: [0x104c16260] |ISDException|Error| *** SyncServices Exception Type : ISyncDataDirectoryCorruptedException Reason : Detected database corruption: 0 (Undefined error: 0) disk full like error but plenty of free space 443862421504 bytes free in amrradwan. Database Path : */Library/Application Support/SyncServices/Local/admin.syncdb Database Access Mode : Read Only Open SQLite Files : */Library/Application Support/SyncServices/Local/admin.syncdb Stack Trace : ( 0 upgradedb 0x0000000104b22b26 upgradedb + 555814 1 upgradedb 0x0000000104b22f52 upgradedb + 556882 2 upgradedb 0x0000000104b0b839 upgradedb + 460857 3 upgradedb 0x0000000104a9cbe5 upgradedb + 7141 4 upgradedb 0x0000000104a9e7b7 upgradedb + 14263 5 upgradedb 0x0000000104aca987 upgradedb + 194951 6 upgradedb 0x0000000104abf4ff upgradedb + 148735 7 upgradedb 0x0000000104b2b256 upgradedb + 590422 8 upgradedb 0x0000000104b288b0 upgradedb + 579760 9 upgradedb 0x0000000104a9c160 upgradedb + 4448 )
Jan 22 20:45:13 AmrRadwan-MAC com.apple.syncservices.SyncServer[1867]: 2012-01-22 20:45:13.663 upgradedb[1868:707] [0x104c16260] |ISDException|Error| *** SyncServices Exception
Jan 22 20:45:13 AmrRadwan-MAC com.apple.syncservices.SyncServer[1867]: Type : ISyncDataDirectoryCorruptedException
Jan 22 20:45:13 AmrRadwan-MAC com.apple.syncservices.SyncServer[1867]: Reason : Detected database corruption: 0 (Undefined error: 0) disk full like error but plenty of free space 443862421504 bytes free in amrradwan.
Jan 22 20:45:13 AmrRadwan-MAC com.apple.syncservices.SyncServer[1867]: Database Path : */Library/Application Support/SyncServices/Local/admin.syncdb
Jan 22 20:45:13 AmrRadwan-MAC com.apple.syncservices.SyncServer[1867]: Database Access Mode : Read Only
Jan 22 20:45:13 AmrRadwan-MAC com.apple.syncservices.SyncServer[1867]: Open SQLite Files :
Jan 22 20:45:13 AmrRadwan-MAC com.apple.syncservices.SyncServer[1867]: */Library/Application Support/SyncServices/Local/admin.syncdb
Jan 22 20:45:13 AmrRadwan-MAC com.apple.syncservices.SyncServer[1867]: Stack Trace :
Jan 22 20:45:13 AmrRadwan-MAC com.apple.syncservices.SyncServer[1867]: (
Jan 22 20:45:13 AmrRadwan-MAC com.apple.syncservices.SyncServer[1867]: 0 upgradedb 0x0000000104b22b26 upgradedb + 555814
Jan 22 20:45:13 AmrRadwan-MAC com.apple.syncservices.SyncServer[1867]: 1 upgradedb 0x0000000104b22f52 upgradedb + 556882
Jan 22 20:45:13 AmrRadwan-MAC com.apple.syncservices.SyncServer[1867]: 2 upgradedb 0x0000000104b0b839 upgradedb + 460857
Jan 22 20:45:13 AmrRadwan-MAC com.apple.syncservices.SyncServer[1867]: 3 upgradedb 0x0000000104a9cbe5 upgradedb + 7141
Jan 22 20:45:13 AmrRadwan-MAC com.apple.syncservices.SyncServer[1867]: 4 upgradedb 0x0000000104a9e7b7 upgradedb + 14263
Jan 22 20:45:13 AmrRadwan-MAC com.apple.syncservices.SyncServer[1867]: 5 upgradedb 0x0000000104aca987 upgradedb + 194951
Jan 22 20:45:13 AmrRadwan-MAC com.apple.syncservices.SyncServer[1867]: 6 upgradedb 0x0000000104abf4ff upgradedb + 148735
Jan 22 20:45:13 AmrRadwan-MAC com.apple.syncservices.SyncServer[1867]: 7 upgradedb 0x0000000104b2b256 upgradedb + 590422
Jan 22 20:45:13 AmrRadwan-MAC com.apple.syncservices.SyncServer[1867]: 8 upgradedb 0x0000000104b288b0 upgradedb + 579760
Jan 22 20:45:13 AmrRadwan-MAC com.apple.syncservices.SyncServer[1867]: 9 upgradedb 0x0000000104a9c160 upgradedb + 4448
Jan 22 20:45:13 AmrRadwan-MAC com.apple.syncservices.SyncServer[1867]: )
Jan 22 20:45:13 AmrRadwan-MAC upgradedb[1868]: [0x104c16260] |DataManager|Error| Exception opening admin objects /Users/amrradwan/Library/Application Support/SyncServices/Local/admin.syncdb. Reason: *** SyncServices Exception Type : ISyncDataDirectoryCorruptedException Reason : Detected database corruption: 0 (Undefined error: 0) disk full like error but plenty of free space 443862421504 bytes free in amrradwan. Database Path : */Library/Application Support/SyncServices/Local/admin.syncdb Database Access Mode : Read Only Open SQLite Files : */Library/Application Support/SyncServices/Local/admin.syncdb Stack Trace : ( 0 upgradedb 0x0000000104b22b26 upgradedb + 555814 1 upgradedb 0x0000000104b22f52 upgradedb + 556882 2 upgradedb 0x0000000104b0b839 upgradedb + 460857 3 upgradedb 0x0000000104a9cbe5 upgradedb + 7141 4 upgradedb 0x0000000104a9e7b7 upgradedb + 14263 5 upgradedb 0x0000000104aca987 upgradedb + 194951 6 upgradedb 0x0000000104abf4ff upgradedb + 148735 7 upgradedb 0x0000000104b2b256 upgradedb + 590422 8 upgradedb 0x0000000104b288b0 upgradedb + 579760 9 upgradedb 0x0000000104a9c160 upgradedb + 4448 )
Jan 22 20:45:13 AmrRadwan-MAC com.apple.syncservices.SyncServer[1867]: 2012-01-22 20:45:13.664 upgradedb[1868:707] [0x104c16260] |DataManager|Error| Exception opening admin objects /Users/amrradwan/Library/Application Support/SyncServices/Local/admin.syncdb. Reason:
Jan 22 20:45:13 AmrRadwan-MAC com.apple.syncservices.SyncServer[1867]: *** SyncServices Exception
Jan 22 20:45:13 AmrRadwan-MAC com.apple.syncservices.SyncServer[1867]: Type : ISyncDataDirectoryCorruptedException
Jan 22 20:45:13 AmrRadwan-MAC com.apple.syncservices.SyncServer[1867]: Reason : Detected database corruption: 0 (Undefined error: 0) disk full like error but plenty of free space 443862421504 bytes free in amrradwan.
Jan 22 20:45:13 AmrRadwan-MAC com.apple.syncservices.SyncServer[1867]: Database Path : */Library/Application Support/SyncServices/Local/admin.syncdb
Jan 22 20:45:13 AmrRadwan-MAC com.apple.syncservices.SyncServer[1867]: Database Access Mode : Read Only
Jan 22 20:45:13 AmrRadwan-MAC com.apple.syncservices.SyncServer[1867]: Open SQLite Files :
Jan 22 20:45:13 AmrRadwan-MAC com.apple.syncservices.SyncServer[1867]: */Library/Application Support/SyncServices/Local/admin.syncdb
Jan 22 20:45:13 AmrRadwan-MAC com.apple.syncservices.SyncServer[1867]: Stack Trace :
Jan 22 20:45:13 AmrRadwan-MAC com.apple.syncservices.SyncServer[1867]: (
Jan 22 20:45:13 AmrRadwan-MAC com.apple.syncservices.SyncServer[1867]: 0 upgradedb 0x0000000104b22b26 upgradedb + 555814
Jan 22 20:45:13 AmrRadwan-MAC com.apple.syncservices.SyncServer[1867]: 1 upgradedb 0x0000000104b22f52 upgradedb + 556882
Jan 22 20:45:13 AmrRadwan-MAC com.apple.syncservices.SyncServer[1867]: 2 upgradedb 0x0000000104b0b839 upgradedb + 460857
Jan 22 20:45:13 AmrRadwan-MAC com.apple.syncservices.SyncServer[1867]: 3 upgradedb 0x0000000104a9cbe5 upgradedb + 7141
Jan 22 20:45:13 AmrRadwan-MAC com.apple.syncservices.SyncServer[1867]: 4 upgradedb 0x0000000104a9e7b7 upgradedb + 14263
Jan 22 20:45:13 AmrRadwan-MAC com.apple.syncservices.SyncServer[1867]: 5 upgradedb 0x0000000104aca987 upgradedb + 194951
Jan 22 20:45:13 AmrRadwan-MAC com.apple.syncservices.SyncServer[1867]: 6 upgradedb 0x0000000104abf4ff upgradedb + 148735
Jan 22 20:45:13 AmrRadwan-MAC com.apple.syncservices.SyncServer[1867]: 7 upgradedb 0x0000000104b2b256 upgradedb + 590422
Jan 22 20:45:13 AmrRadwan-MAC com.apple.syncservices.SyncServer[1867]: 8 upgradedb 0x0000000104b288b0 upgradedb + 579760
Jan 22 20:45:13 AmrRadwan-MAC com.apple.syncservices.SyncServer[1867]: 9 upgradedb 0x0000000104a9c160 upgradedb + 4448
Jan 22 20:45:13 AmrRadwan-MAC com.apple.syncservices.SyncServer[1867]: )
Jan 22 20:45:17 AmrRadwan-MAC PubSubAgent[1873]: SQL Error: SQLITE_CANTOPEN[14.0]: Database file not found
Jan 22 20:50:27 AmrRadwan-MAC com.apple.usbmuxd[19]: _SendAttachNotification (thread 0x7fff76b7a960): sending attach for device e4:ce:8f:b6:ec:ce@fe80::e6ce:8fff:feb6:ecce._apple-mobdev._tcp.local.: _GetAddrInfoReplyReceivedCallback matched.
Jan 22 20:50:27 AmrRadwan-MAC usbmuxd[19]: _AMDeviceConnectByAddressAndPort (thread 0x100797000): IPv4
Jan 22 20:50:28 AmrRadwan-MAC JavaApplicationStub[1825]: _AMDDeviceAttachedCallbackv3 (thread 0x115b2c000): Device 'AMDevice 0x7f8ee4a4ad60 {UDID = 972bc20ba200e270c977e46c391e22db2279809c, device ID = 22, FullServiceName = e4:ce:8f:b6:ec:ce@fe80::e6ce:8fff:feb6:ecce._apple-mobdev._tcp.local.}' attached.
Jan 22 20:50:48 AmrRadwan-MAC com.apple.usbmuxd[19]: SCEDeviceSocketCallback 0x10035cf70-JavaApplicationStub/NULL remote peer closed connection for sce 0x10035cf70.
Jan 22 20:54:28 AmrRadwan-MAC com.apple.usbmuxd[19]: _handle_timer Fish out of water!!!
Jan 22 20:54:28 AmrRadwan-MAC JavaApplicationStub[1825]: _AMDDeviceDetached (thread 0x115b2c000): Device 'AMDevice 0x7f8ee4a4ad60 {UDID = 972bc20ba200e270c977e46c391e22db2279809c, device ID = 22, FullServiceName = e4:ce:8f:b6:ec:ce@fe80::e6ce:8fff:feb6:ecce._apple-mobdev._tcp.local.}' detached.
Jan 22 20:54:35 AmrRadwan-MAC com.apple.usbmuxd[19]: _SendDetachNotification (thread 0x7fff76b7a960): sending detach for device e4:ce:8f:b6:ec:ce@fe80::e6ce:8fff:feb6:ecce._apple-mobdev._tcp.local.: _BrowseReplyReceivedCallback got bonjour removal.
Jan 22 20:54:35 AmrRadwan-MAC com.apple.usbmuxd[19]: networkDeviceCallback Surprisingly, there is no mie matching name
Jan 22 20:57:51 AmrRadwan-MAC sandboxd[1903] ([1901]): Safari Webpage P(1901) deny process-fork
Jan 22 20:57:51 AmrRadwan-MAC sandboxd[1903] ([1901]): Safari Webpage P(1901) deny file-read-data /Applications/RealPlayer.app/Contents/MacOS/RealPlayer Plugin.plugin
Jan 22 20:57:59: --- last message repeated 3 times ---
Jan 22 20:57:59 AmrRadwan-MAC sandboxd[1903] ([1901]): Safari Webpage P(1901) deny file-read-data /
