Jan 19 10:03:54 AmrRadwan-MAC vmnet-bridge[87]: Dynamic store changed
Jan 19 10:03:54 AmrRadwan-MAC vmnet-bridge[87]: Started bridge for 0, en1
Jan 19 10:03:54 AmrRadwan-MAC UserEventAgent[11]: CaptiveNetworkSupport:CaptivePublishState:1211 en1 - Probe
Jan 19 10:03:54 AmrRadwan-MAC UserEventAgent[11]: CaptiveNetworkSupport:CaptiveStartDetect:2343 Bypassing probe on AmrRadwan because it is protected and not on the exception list
Jan 19 10:03:54 AmrRadwan-MAC UserEventAgent[11]: CaptiveNetworkSupport:CaptivePublishState:1211 en1 - Unknown
Jan 19 10:03:54 AmrRadwan-MAC vmnet-bridge[87]: Dynamic store changed
Jan 19 10:03:54 AmrRadwan-MAC configd[14]: network configuration changed.
Jan 19 10:03:54 AmrRadwan-MAC vmnet-bridge[87]: Preferences changed called
Jan 19 10:03:55 AmrRadwan-MAC com.apple.usbmuxd[19]: _SendAttachNotification (thread 0x7fff794ef960): sending attach for device e4:ce:8f:b6:ec:ce@fe80::e6ce:8fff:feb6:ecce._apple-mobdev._tcp.local.: _GetAddrInfoReplyReceivedCallback matched.
Jan 19 10:03:55 AmrRadwan-MAC usbmuxd[19]: _AMDeviceConnectByAddressAndPort (thread 0x100781000): IPv4
Jan 19 10:03:55 AmrRadwan-MAC ath[971]: _AMDDeviceAttachedCallbackv3 (thread 0x7fff794ef960): Device 'AMDevice 0x101b14bf0 {UDID = 972bc20ba200e270c977e46c391e22db2279809c, device ID = 14, FullServiceName = e4:ce:8f:b6:ec:ce@fe80::e6ce:8fff:feb6:ecce._apple-mobdev._tcp.local.}' attached.
Jan 19 10:03:55 AmrRadwan-MAC iTunes[822]: _AMDDeviceAttachedCallbackv3 (thread 0x112bc9000): Device 'AMDevice 0x7fca81dcd080 {UDID = 972bc20ba200e270c977e46c391e22db2279809c, device ID = 14, FullServiceName = e4:ce:8f:b6:ec:ce@fe80::e6ce:8fff:feb6:ecce._apple-mobdev._tcp.local.}' attached.
Jan 19 10:03:56 AmrRadwan-MAC AppleMobileDeviceHelper[972]: _AMDDeviceAttachedCallbackv3 (thread 0xacf4b2c0): Device 'AMDevice 0x63b290 {UDID = 972bc20ba200e270c977e46c391e22db2279809c, device ID = 13, FullServiceName = e4:ce:8f:b6:ec:ce@fe80::e6ce:8fff:feb6:ecce._apple-mobdev._tcp.local.}' attached.
Jan 19 10:03:56 AmrRadwan-MAC com.apple.usbmuxd[19]: HandleUSBMuxConnect Client 0x101a0b470-AppleMobileDeviceHelper/com.apple.SyncServices.AppleMobileDeviceHelper requesting attach to 0xd:62078 failed, no such device
Jan 19 10:03:56 AmrRadwan-MAC AppleMobileDeviceHelper[972]: AMDeviceConnect (thread 0xacf4b2c0): Could not connect to lockdown port (62078) on device 13 - 972bc20ba200e270c977e46c391e22db2279809c: 0xe800006b.
Jan 19 10:03:56 AmrRadwan-MAC AppleMobileDeviceHelper[972]: 972:2901717696|DeviceLinkListener.c:_copyMobileDeviceValue| ERROR: Could not connect to attached device: This device is no longer connected. Try disconnecting and reconnecting your device. (107)
Jan 19 10:05:11 AmrRadwan-MAC mds[32]: (Error) LSOF: File '/Volumes/9681F51F-00A2-466C-95F7-62ACB17D60D6-1028-00000939324C93F4' (fd=10) left open on device 754974723
Jan 19 10:05:11 AmrRadwan-MAC com.apple.launchd[1] (com.apple.SystemStarter): Failed to count the number of files in "/System/Library/StartupItems": No such file or directory
Jan 19 10:05:11: --- last message repeated 1 time ---
Jan 19 10:05:11 AmrRadwan-MAC KernelEventAgent[37]: tid 00000000 received event(s) VQ_DEAD (32)
Jan 19 10:06:57 AmrRadwan-MAC com.apple.usbmuxd[19]: _SendDetachNotification (thread 0x7fff794ef960): sending detach for device e4:ce:8f:b6:ec:ce@fe80::e6ce:8fff:feb6:ecce._apple-mobdev._tcp.local.: _BrowseReplyReceivedCallback got bonjour removal.
Jan 19 10:06:57 AmrRadwan-MAC iTunes[822]: _AMDDeviceDetached (thread 0x112bc9000): Device 'AMDevice 0x7fca81dcd080 {UDID = 972bc20ba200e270c977e46c391e22db2279809c, device ID = 14, FullServiceName = e4:ce:8f:b6:ec:ce@fe80::e6ce:8fff:feb6:ecce._apple-mobdev._tcp.local.}' detached.
Jan 19 10:06:57 AmrRadwan-MAC iTunes[822]: _NotificationSocketReadCallbackGCD (thread 0x7fff794ef960): Unexpected connection closure...
Jan 19 10:07:41 AmrRadwan-MAC UserEventAgent[11]: CaptiveNetworkSupport:CaptivePublishState:1211 en1 - PreProbe
Jan 19 10:07:41 AmrRadwan-MAC configd[14]: network configuration changed.
Jan 19 10:07:41 AmrRadwan-MAC vmnet-bridge[87]: Dynamic store changed
Jan 19 10:07:41 AmrRadwan-MAC vmnet-bridge[87]: Failed to read SCproperties for key: State:/Network/Global/IPv4
Jan 19 10:07:41 AmrRadwan-MAC vmnet-bridge[87]: Stopping bridge for: en1
Jan 19 10:07:41 AmrRadwan-MAC applepushserviced[50]: : Stream error occurred for : The operation couldn’t be completed. Socket is not connected
Jan 22 11:44:18 AmrRadwan-MAC SubmitDiagInfo[1081]: Cleaning up expired diagnostic messages database at path: /var/log/DiagnosticMessages/2011.12.22.asl
Jan 22 11:44:18 AmrRadwan-MAC SubmitDiagInfo[1081]: Cleaning up expired diagnostic messages database at path: /var/log/DiagnosticMessages/2011.12.21.asl
Jan 22 11:44:18 AmrRadwan-MAC SubmitDiagInfo[1081]: Cleaning up expired diagnostic messages database at path: /var/log/DiagnosticMessages/2011.12.20.asl
Jan 22 11:44:21 AmrRadwan-MAC vmnet-bridge[87]: Preferences changed called
Jan 22 11:44:22 AmrRadwan-MAC configd[14]: network configuration changed.
Jan 22 11:44:22 AmrRadwan-MAC vmnet-bridge[87]: Dynamic store changed
Jan 22 11:44:22 AmrRadwan-MAC vmnet-bridge[87]: Started bridge for 0, en1
Jan 22 11:44:22 AmrRadwan-MAC UserEventAgent[11]: CaptiveNetworkSupport:CaptivePublishState:1211 en1 - Probe
Jan 22 11:44:22 AmrRadwan-MAC UserEventAgent[11]: CaptiveNetworkSupport:CaptiveStartDetect:2343 Bypassing probe on AmrRadwan because it is protected and not on the exception list
Jan 22 11:44:22 AmrRadwan-MAC UserEventAgent[11]: CaptiveNetworkSupport:CaptivePublishState:1211 en1 - Unknown
Jan 22 11:44:22 AmrRadwan-MAC configd[14]: network configuration changed.
Jan 22 11:44:22 AmrRadwan-MAC vmnet-bridge[87]: Dynamic store changed
Jan 22 11:44:22 AmrRadwan-MAC airportd[1077]: _doAutoJoin: Already associated to “AmrRadwan”. Bailing on auto-join.
Jan 22 11:48:18 AmrRadwan-MAC [0x0-0x43043].com.apple.Safari[701]: SystemFlippers: didn't consume all data for sing ID 0 (pBase = 0x7fdda912a878, p = 0x7fdda912a87c, pEnd = 0x7fdda912a880)
Jan 22 11:48:18 AmrRadwan-MAC [0x0-0x43043].com.apple.Safari[701]: SystemFlippers: didn't consume all data for sing ID 0 (pBase = 0x7fdda912a88c, p = 0x7fdda912a890, pEnd = 0x7fdda912a894)
Jan 22 11:48:39 AmrRadwan-MAC sandboxd[1193] ([1188]): Safari Webpage P(1188) deny file-read-data /
Jan 22 11:48:39 AmrRadwan-MAC sandboxd[1193] ([1188]): Safari Webpage P(1188) deny mach-lookup org.h5l.kcm
Jan 22 11:49:48 AmrRadwan-MAC sandboxd[1198] ([1188]): Safari Webpage P(1188) deny iokit-open AppleGraphicsPolicyClient
Jan 22 11:56:41 AmrRadwan-MAC Safari[701]: kCGErrorIllegalArgument: CGSFlushSurfaceWithOptions
Jan 22 11:56:41 AmrRadwan-MAC Safari[701]: kCGErrorFailure: Set a breakpoint @ CGErrorBreakpoint() to catch errors as they are logged.
Jan 22 11:56:59 AmrRadwan-MAC com.apple.launchctl.Background[1208]: launchctl: Dubious permissions on file (skipping): /Library/LaunchAgents/com.logmein.logmeingui.plist
Jan 22 11:56:59 AmrRadwan-MAC com.apple.launchctl.Background[1208]: launchctl: Dubious permissions on file (skipping): /Library/LaunchAgents/com.logmein.logmeinguiagent.plist
Jan 22 12:11:21 AmrRadwan-MAC com.apple.launchctl.Background[1223]: launchctl: Dubious permissions on file (skipping): /Library/LaunchAgents/com.logmein.logmeingui.plist
Jan 22 12:11:21 AmrRadwan-MAC com.apple.launchctl.Background[1223]: launchctl: Dubious permissions on file (skipping): /Library/LaunchAgents/com.logmein.logmeinguiagent.plist
Jan 22 12:11:48 AmrRadwan-MAC UserEventAgent[11]: CaptiveNetworkSupport:CaptivePublishState:1211 en1 - PreProbe
Jan 22 12:11:48 AmrRadwan-MAC configd[14]: network configuration changed.
Jan 22 12:11:48 AmrRadwan-MAC vmnet-bridge[87]: Dynamic store changed
Jan 22 12:11:48 AmrRadwan-MAC vmnet-bridge[87]: Failed to read SCproperties for key: State:/Network/Global/IPv4
Jan 22 12:11:48 AmrRadwan-MAC vmnet-bridge[87]: Stopping bridge for: en1
Jan 22 12:11:48 AmrRadwan-MAC applepushserviced[50]: : Stream error occurred for : The operation couldn’t be completed. Socket is not connected
Jan 22 12:11:48 AmrRadwan-MAC applepushserviced[50]: : Stream error occurred for : The operation couldn’t be completed. (kCFErrorDomainCFNetwork error 2.)
Jan 22 13:20:31 AmrRadwan-MAC vmnet-bridge[87]: Preferences changed called
Jan 22 13:20:31 AmrRadwan-MAC configd[14]: network configuration changed.
Jan 22 13:20:31 AmrRadwan-MAC vmnet-bridge[87]: Dynamic store changed
Jan 22 13:20:31 AmrRadwan-MAC vmnet-bridge[87]: Started bridge for 0, en1
Jan 22 13:20:31 AmrRadwan-MAC UserEventAgent[11]: CaptiveNetworkSupport:CaptivePublishState:1211 en1 - Probe
Jan 22 13:20:31 AmrRadwan-MAC UserEventAgent[11]: CaptiveNetworkSupport:CaptiveStartDetect:2343 Bypassing probe on AmrRadwan because it is protected and not on the exception list
Jan 22 13:20:31 AmrRadwan-MAC UserEventAgent[11]: CaptiveNetworkSupport:CaptivePublishState:1211 en1 - Unknown
Jan 22 13:20:31 AmrRadwan-MAC vmnet-bridge[87]: Dynamic store changed
Jan 22 13:20:31 AmrRadwan-MAC configd[14]: network configuration changed.
Jan 22 13:20:32 AmrRadwan-MAC airportd[1229]: _doAutoJoin: Already associated to “AmrRadwan”. Bailing on auto-join.
Jan 22 13:30:50 AmrRadwan-MAC com.apple.launchctl.Background[1250]: launchctl: Dubious permissions on file (skipping): /Library/LaunchAgents/com.logmein.logmeingui.plist
Jan 22 13:30:50 AmrRadwan-MAC com.apple.launchctl.Background[1250]: launchctl: Dubious permissions on file (skipping): /Library/LaunchAgents/com.logmein.logmeinguiagent.plist
Jan 22 13:30:53 AmrRadwan-MAC com.apple.launchctl.Background[1255]: launchctl: Dubious permissions on file (skipping): /Library/LaunchAgents/com.logmein.logmeingui.plist
Jan 22 13:30:53 AmrRadwan-MAC com.apple.launchctl.Background[1255]: launchctl: Dubious permissions on file (skipping): /Library/LaunchAgents/com.logmein.logmeinguiagent.plist
Jan 22 13:32:37 AmrRadwan-MAC sandboxd[1271] ([1264]): Preview(1264) deny iokit-open AppleGraphicsPolicyClient
Jan 22 13:35:24 localhost bootlog[0]: BOOT_TIME 1327232124 0
Jan 22 13:35:32 localhost com.apple.launchd[1]: *** launchd[1] has started up. ***
Jan 22 13:35:47 localhost com.apple.launchd[1] (com.apple.SystemStarter): Failed to count the number of files in "/System/Library/StartupItems": No such file or directory
Jan 22 13:35:47: --- last message repeated 1 time ---
Jan 22 13:35:47 localhost com.apple.pfctl[29]: No ALTQ support in kernel
Jan 22 13:35:47 localhost com.apple.pfctl[29]: ALTQ related functions disabled
Jan 22 13:35:47 localhost fseventsd[40]: event logs in /.fseventsd out of sync with volume. destroying old logs. (830051 22 830214)
Jan 22 13:35:49 localhost com.apple.ucupdate.plist[20]: ucupdate: Checked 1 update, no match found.
Jan 22 13:35:49 localhost fseventsd[40]: log dir: /.fseventsd getting new uuid: 560218D6-A893-4FA1-8F9B-A2208F64B57C
Jan 22 13:35:52 localhost UserEventAgent[11]: starting CaptiveNetworkSupport as SystemEventAgent built Jun 13 2011 17:29:21
Jan 22 13:35:52 localhost UserEventAgent[11]: WirelessAirPortDeviceNameCopy(): no BSD interface name found for object 12295
Jan 22 13:35:52 localhost UserEventAgent[11]: CaptiveNetworkSupport:CaptiveSCCopyWiFiDevices:388 WiFi Device Name == NULL
Jan 22 13:35:52 localhost UserEventAgent[11]: CertsKeychainMonitor: configuring
Jan 22 13:35:53 localhost mDNSResponder[33]: mDNSResponder mDNSResponder-320.10 (Aug 2 2011 19:56:51) starting OSXVers 11
Jan 22 13:35:53 localhost com.apple.usbmuxd[19]: usbmuxd-263 on Aug 23 2011 at 00:44:06, running 64 bit
Jan 22 13:35:54 localhost VMware Fusion 416484[61]: Starting VMware Fusion:
Jan 22 13:35:54 localhost com.vmware.launchd.vmware[52]:
Jan 22 13:35:54 localhost VMware Fusion 416484[61] : Starting VMware Fusion:
Jan 22 13:35:55 localhost com.apple.launchd[1] (com.apple.SystemStarter): Failed to count the number of files in "/System/Library/StartupItems": No such file or directory
Jan 22 13:36:01: --- last message repeated 3 times ---
Jan 22 13:35:57 localhost mds[32]: (Normal) FMW: FMW 0 0
Jan 22 13:35:57 localhost com.vmware.launchd.vmware[52]: Verifying files from package 'com.vmware.fusion.application' on '/'.
Jan 22 13:35:57 localhost com.vmware.launchd.vmware[52]: Permissions differ on "Library/Application Support/VMware Fusion/VMDKMounter.app/Contents/MacOS/vmware-vmdkMounter", should be -rwxr-xr-x , they are -rwsr-xr-x .
Jan 22 13:35:57 localhost com.vmware.launchd.vmware[52]: Warning: SUID file 'Library/Application Support/VMware Fusion/VMDKMounter.app/Contents/MacOS/vmware-vmdkMounter' has been modified and will not be repaired.
Jan 22 13:35:57 localhost com.vmware.launchd.vmware[52]: Finished verifying files from package 'com.vmware.fusion.application' on '/'.
Jan 22 13:35:58 localhost systemkeychain[68]: done file: /var/run/systemkeychaincheck.done
Jan 22 13:35:58 localhost UserEventAgent[11]: ServermgrdRegistration cannot load config data
Jan 22 13:35:58 localhost mDNSResponder[33]: D2D_IPC: Loaded
Jan 22 13:35:58 localhost mDNSResponder[33]: D2DInitialize succeeded
Jan 22 13:35:58 localhost UserEventAgent[11]: get_backup_share_points no AFP
Jan 22 13:36:00 localhost airportd[71]: _processDLILEvent: en1 attached (down)
Jan 22 13:36:00 localhost vmnet-bridge[102]: UUID: Unable to open /dev/mem: No such file or directory
Jan 22 13:36:01 localhost UserEventAgent[11]: CaptiveNetworkSupport:CreateInterfaceWatchList:2788 WiFi Devices Found. :)
Jan 22 13:36:01 localhost UserEventAgent[11]: CaptiveNetworkSupport:CaptivePublishState:1211 en1 - PreProbe
Jan 22 13:36:01 localhost UserEventAgent[11]: CaptiveNetworkSupport:CaptiveSCRebuildCache:81 Failed to get service order
Jan 22 13:36:01: --- last message repeated 1 time ---
Jan 22 13:36:01 localhost UserEventAgent[11]: CaptiveNetworkSupport:CaptivePublishState:1211 en1 - PreProbe
Jan 22 13:36:01 localhost UserEventAgent[11]: CaptiveNetworkSupport:CaptiveSCRebuildCache:81 Failed to get service order
Jan 22 13:36:01: --- last message repeated 1 time ---
Jan 22 13:36:01 localhost UserEventAgent[11]: CaptiveNetworkSupport:CaptivePublishState:1211 en1 - PreProbe
Jan 22 13:36:02 localhost configd[14]: bootp_session_transmit: bpf_write(en1) failed: Network is down (50)
Jan 22 13:36:02 localhost configd[14]: DHCP en1: INIT-REBOOT transmit failed
Jan 22 13:36:02 localhost configd[14]: network configuration changed.
Jan 22 13:36:02 AmrRadwan-MAC configd[14]: setting hostname to "AmrRadwan-MAC.local"
Jan 22 13:36:03 AmrRadwan-MAC vmnet-bridge[102]: Dynamic store changed
Jan 22 13:36:03 AmrRadwan-MAC vmnet-bridge[102]: Failed to read SCproperties for key: State:/Network/Global/IPv4
Jan 22 13:36:03 AmrRadwan-MAC vmnet-bridge[102]: Stopping bridge for:
Jan 22 13:36:04 AmrRadwan-MAC com.apple.launchd[1] (com.apple.SystemStarter): Failed to count the number of files in "/System/Library/StartupItems": No such file or directory
Jan 22 13:36:06: --- last message repeated 1 time ---
Jan 22 13:36:06 AmrRadwan-MAC rpcsvchost[107]: sandbox_init: com.apple.msrpc.netlogon.sb succeeded
Jan 22 13:36:10 AmrRadwan-MAC configd[14]: network configuration changed.
Jan 22 13:36:10 AmrRadwan-MAC vmnet-bridge[102]: Dynamic store changed
Jan 22 13:36:10 AmrRadwan-MAC vmnet-bridge[102]: Started bridge for 0, en1
Jan 22 13:36:10 AmrRadwan-MAC UserEventAgent[11]: CaptiveNetworkSupport:CaptivePublishState:1211 en1 - Probe
Jan 22 13:36:10 AmrRadwan-MAC UserEventAgent[11]: CaptiveNetworkSupport:CNSPreferences:60 Creating new preferences
Jan 22 13:36:10 AmrRadwan-MAC UserEventAgent[11]: CaptiveNetworkSupport:CaptiveStartDetect:2343 Bypassing probe on AmrRadwan because it is protected and not on the exception list
Jan 22 13:36:10 AmrRadwan-MAC UserEventAgent[11]: CaptiveNetworkSupport:CaptivePublishState:1211 en1 - Unknown
Jan 22 13:36:10 AmrRadwan-MAC vmnet-bridge[102]: Dynamic store changed
Jan 22 13:36:10 AmrRadwan-MAC configd[14]: network configuration changed.
Jan 22 13:36:10 AmrRadwan-MAC vmnet-bridge[102]: Preferences changed called
Jan 22 13:36:11: --- last message repeated 1 time ---
Jan 22 13:36:11 AmrRadwan-MAC com.apple.launchd[1] (com.apple.netbiosd[105]): Exited abnormally: Hangup: 1
Jan 22 13:36:11 AmrRadwan-MAC com.apple.launchd[1] (com.apple.netbiosd): Throttling respawn: Will start in 4 seconds
Jan 22 13:36:11 AmrRadwan-MAC com.vmware.launchd.vmware[52]: Started network services
Jan 22 13:36:11 AmrRadwan-MAC com.vmware.launchd.vmware[52]: Verifying and re-installing files from /Library/Application Support/VMware Fusion/thnuclnt
Jan 22 13:36:12 AmrRadwan-MAC mds[32]: (/.Spotlight-V100/Store-V2/88FCDBED-7D39-4AE0-8353-4806E50069F0)(Error) IndexPath in openReverseStore:Successfully recovered from shadow with state d00d0dd0
Jan 22 13:36:12 AmrRadwan-MAC loginwindow[35]: Login Window Application Started
Jan 22 13:36:16 AmrRadwan-MAC loginwindow[35]: **DMPROXY** Found `/System/Library/CoreServices/DMProxy'.
Jan 22 13:36:16 AmrRadwan-MAC com.apple.launchctl.Background[139]: launchctl: Dubious permissions on file (skipping): /Library/LaunchAgents/com.logmein.logmeingui.plist
Jan 22 13:36:16 AmrRadwan-MAC com.apple.launchctl.Background[139]: launchctl: Dubious permissions on file (skipping): /Library/LaunchAgents/com.logmein.logmeinguiagent.plist
Jan 22 13:36:16 AmrRadwan-MAC com.apple.launchctl.LoginWindow[143]: launchctl: Dubious permissions on file (skipping): /Library/LaunchAgents/com.logmein.logmeingui.plist
Jan 22 13:36:16 AmrRadwan-MAC com.apple.launchctl.LoginWindow[143]: launchctl: Dubious permissions on file (skipping): /Library/LaunchAgents/com.logmein.logmeinguiagent.plist
Jan 22 13:36:17 AmrRadwan-MAC com.apple.launchctl.LoginWindow[143]: com.apple.findmymacmessenger: Already loaded
Jan 22 13:36:17 AmrRadwan-MAC airportd[71]: _doAutoJoin: Already associated to “AmrRadwan”. Bailing on auto-join.
Jan 22 13:36:17 AmrRadwan-MAC loginwindow[35]: Login Window Started Security Agent
Jan 22 13:36:17 AmrRadwan-MAC SecurityAgent[150]: Echo enabled
Jan 22 13:36:18 AmrRadwan-MAC com.apple.launchctl.Background[154]: launchctl: Dubious permissions on file (skipping): /Library/LaunchAgents/com.logmein.logmeingui.plist
Jan 22 13:36:18 AmrRadwan-MAC com.apple.launchctl.Background[154]: launchctl: Dubious permissions on file (skipping): /Library/LaunchAgents/com.logmein.logmeinguiagent.plist
Jan 22 13:36:18 AmrRadwan-MAC SecurityAgent[150]: User info context values set for amrradwan
Jan 22 13:36:19 AmrRadwan-MAC SecurityAgent[150]: Login Window login proceeding
Jan 22 13:36:19 AmrRadwan-MAC loginwindow[35]: Login Window - Returned from Security Agent
Jan 22 13:36:19 AmrRadwan-MAC loginwindow[35]: USER_PROCESS: 35 console
Jan 22 13:36:19 AmrRadwan-MAC airportd[71]: _doAutoJoin: Already associated to “AmrRadwan”. Bailing on auto-join.
Jan 22 13:36:19 AmrRadwan-MAC com.apple.launchctl.Background[160]: launchctl: Dubious permissions on file (skipping): /Library/LaunchAgents/com.logmein.logmeingui.plist
Jan 22 13:36:19 AmrRadwan-MAC com.apple.launchctl.Background[160]: launchctl: Dubious permissions on file (skipping): /Library/LaunchAgents/com.logmein.logmeinguiagent.plist
Jan 22 13:36:19 AmrRadwan-MAC applepushserviced[50]: Unable to bootstrap_lookup connection port for 'com.apple.syncdefaultsd.push': unknown error code
Jan 22 13:36:19 AmrRadwan-MAC com.apple.launchctl.Aqua[161]: launchctl: Dubious permissions on file (skipping): /Library/LaunchAgents/com.logmein.logmeingui.plist
Jan 22 13:36:19 AmrRadwan-MAC com.apple.launchctl.Aqua[161]: launchctl: Dubious permissions on file (skipping): /Library/LaunchAgents/com.logmein.logmeinguiagent.plist
Jan 22 13:36:20 AmrRadwan-MAC com.apple.launchd.peruser.501[159] (com.apple.ReportCrash): Falling back to default Mach exception handler. Could not find: com.apple.ReportCrash.Self
Jan 22 13:36:20 AmrRadwan-MAC com.apple.launchctl.Aqua[161]: load: option requires an argument -- D
Jan 22 13:36:20 AmrRadwan-MAC com.apple.launchctl.Aqua[161]: usage: launchctl load [-wF] [-D ] paths...
Jan 22 13:36:20 AmrRadwan-MAC com.apple.launchd.peruser.501[159] (com.apple.launchctl.Aqua[161]): Exited with code: 1
Jan 22 13:36:21 AmrRadwan-MAC UserEventAgent[11]: CaptiveNetworkSupport:CNSServerRegisterUserAgent:187 new user agent port: 17947
Jan 22 13:36:22 AmrRadwan-MAC UserEventAgent[11]: servermgr_certs[11] -[CertsRequestHandler(HelperAdditions) identitiesFromKeychain:]: SecItemCopyMatching (err = -25300)
Jan 22 13:36:23 AmrRadwan-MAC com.apple.UserEventAgent-System[11]: SecItemCopyMatching: The specified item could not be found in the keychain.
Jan 22 13:36:23 AmrRadwan-MAC UserEventAgent[11]: servermgr_certs[11] -[CertsRequestHandler(HelperAdditions) identitiesFromKeychain:]: SecItemCopyMatching (err = -25300)
Jan 22 13:36:23 AmrRadwan-MAC com.apple.UserEventAgent-System[11]: SecItemCopyMatching: The specified item could not be found in the keychain.
Jan 22 13:36:23 AmrRadwan-MAC UserEventAgent[11]: CertsKeychainMonitor: ready to process keychain & timer events
Jan 22 13:36:23 AmrRadwan-MAC talagent[179]: CoreDockMinimizeItems failed (-4959)
Jan 22 13:36:24 AmrRadwan-MAC WindowServer[132]: kCGErrorFailure: Set a breakpoint @ CGErrorBreakpoint() to catch errors as they are logged.
Jan 22 13:36:25 AmrRadwan-MAC Finder[182]: kCGErrorIllegalArgument: _CGSFindSharedWindow: WID 48
Jan 22 13:36:25 AmrRadwan-MAC Finder[182]: kCGErrorFailure: Set a breakpoint @ CGErrorBreakpoint() to catch errors as they are logged.
Jan 22 13:36:25 AmrRadwan-MAC Finder[182]: kCGErrorIllegalArgument: CGSRemoveSurface: Invalid window 0x30
Jan 22 13:36:25 AmrRadwan-MAC com.apple.dock.extra[190]: Could not connect the action buttonPressed: to target of class NSApplication
Jan 22 13:36:25 AmrRadwan-MAC com.apple.dock.extra[190]: 2012-01-22 13:36:25.828 com.apple.dock.extra[190:1707] Could not connect the action buttonPressed: to target of class NSApplication
Jan 22 13:36:25 AmrRadwan-MAC com.apple.dock.extra[190]: Could not connect the action buttonPressed: to target of class NSApplication
Jan 22 13:36:25: --- last message repeated 2 times ---
Jan 22 13:36:25 AmrRadwan-MAC com.apple.dock.extra[190]: 2012-01-22 13:36:25.851 com.apple.dock.extra[190:1707] Could not connect the action buttonPressed: to target of class NSApplication
Jan 22 13:36:25 AmrRadwan-MAC com.apple.dock.extra[190]: 2012-01-22 13:36:25.856 com.apple.dock.extra[190:1707] Could not connect the action buttonPressed: to target of class NSApplication
Jan 22 13:36:25 AmrRadwan-MAC com.apple.dock.extra[190]: 2012-01-22 13:36:25.860 com.apple.dock.extra[190:1707] Could not connect the action buttonPressed: to target of class NSApplication
Jan 22 13:36:25 AmrRadwan-MAC Dock[180]: kCGErrorIllegalArgument: CGSClearWindowTags: Invalid window 0x30
Jan 22 13:36:25 AmrRadwan-MAC Dock[180]: kCGErrorFailure: Set a breakpoint @ CGErrorBreakpoint() to catch errors as they are logged.
Jan 22 13:36:25 AmrRadwan-MAC Dock[180]: kCGErrorIllegalArgument: CGSOrderWindowList
Jan 22 13:36:25 AmrRadwan-MAC talagent[179]: kCGErrorIllegalArgument: CGSGetWindowPresenter
Jan 22 13:36:25 AmrRadwan-MAC talagent[179]: kCGErrorFailure: Set a breakpoint @ CGErrorBreakpoint() to catch errors as they are logged.
Jan 22 13:36:25 AmrRadwan-MAC talagent[179]: kCGErrorIllegalArgument: CGSOrderWindowListWithGroups: invalid window ID (48)
Jan 22 13:36:25 AmrRadwan-MAC talagent[179]: kCGErrorIllegalArgument: CGSOrderWindowList: NULL list pointer or empty list
Jan 22 13:36:33 AmrRadwan-MAC talagent[179]: CGSConnectionRelinquishWindowRights(cid, newWindowNumber, reservedRights): CGError 1001 on line 619
Jan 22 13:36:39 AmrRadwan-MAC [0x0-0x7007].com.apple.iTunes[177]: The plugin 'Quartz Composer Visualizer' failed to load because it has the wrong CPU architecture for this version of iTunes. (3585)
Jan 22 13:36:43 AmrRadwan-MAC [0x0-0x7007].com.apple.iTunes[177]: Returning 0x0. Advertising wake service for libraryIdentifier "3E87DF5D2F5EB936".
Jan 22 13:37:22 AmrRadwan-MAC 1PasswordAgent[217]: Starting 1PasswordAgent 3.5.9 #30884 built Mar 11 2011 13:30:56
Jan 22 13:37:22 AmrRadwan-MAC 1PasswordAgent[217]: reloadAllObjects
Jan 22 13:37:22 AmrRadwan-MAC 1PasswordAgent[217]: Database (agilekeychain:/Users/amrradwan/Library/Application Support/1Password/1Password.agilekeychain) load time [Cache]: 0.006+0.000 (47 objects)
Jan 22 13:37:22 AmrRadwan-MAC 1PasswordAgent[217]: (Information) All 1Password browser extensions are disabled. To enable extensions, open the 1Password > Preferences > Browsers window and enable browser extensions.
Jan 22 13:37:22 AmrRadwan-MAC 1PasswordAgent[217]: Beginning backup to '/Users/amrradwan/Library/Application Support/1Password/Backups/1Password 2012-01-22 133722 (47 items).agilekeychain_backup'
Jan 22 13:37:22 AmrRadwan-MAC VMware Fusion Helper[220]: Could not connect the action buttonPressed: to target of class NSApplication
Jan 22 13:37:22: --- last message repeated 3 times ---
Jan 22 13:37:22 AmrRadwan-MAC VMware Fusion Start Menu[228]: Could not connect the action buttonPressed: to target of class NSApplication
Jan 22 13:37:58: --- last message repeated 3 times ---
Jan 22 13:37:58 AmrRadwan-MAC com.apple.launchctl.Background[236]: launchctl: Dubious permissions on file (skipping): /Library/LaunchAgents/com.logmein.logmeingui.plist
Jan 22 13:37:58 AmrRadwan-MAC com.apple.launchctl.Background[236]: launchctl: Dubious permissions on file (skipping): /Library/LaunchAgents/com.logmein.logmeinguiagent.plist
Jan 22 13:45:30 AmrRadwan-MAC SystemUIServer[181]: It does not make sense to draw an image when [NSGraphicsContext currentContext] is nil. This is a programming error. Break on _NSWarnForDrawingImageWithNoCurrentContext to debug. This will be logged only once. This may break in the future.
Jan 22 13:46:25 AmrRadwan-MAC warmd[18]: [__warmctl_evt_desktop_up_block_invoke_0:478] Desktop up bcstop timer fired!
Jan 22 13:46:26 AmrRadwan-MAC com.apple.launchctl.Background[252]: launchctl: Dubious permissions on file (skipping): /Library/LaunchAgents/com.logmein.logmeingui.plist
Jan 22 13:46:26 AmrRadwan-MAC com.apple.launchctl.Background[252]: launchctl: Dubious permissions on file (skipping): /Library/LaunchAgents/com.logmein.logmeinguiagent.plist
Jan 22 14:28:28 AmrRadwan-MAC com.apple.launchctl.Background[271]: launchctl: Dubious permissions on file (skipping): /Library/LaunchAgents/com.logmein.logmeingui.plist
Jan 22 14:28:28 AmrRadwan-MAC com.apple.launchctl.Background[271]: launchctl: Dubious permissions on file (skipping): /Library/LaunchAgents/com.logmein.logmeinguiagent.plist
Jan 22 15:16:34 AmrRadwan-MAC applepushserviced[50]: : Stream error occurred for : The operation couldn’t be completed. Socket is not connected
Jan 22 15:16:35 AmrRadwan-MAC UserEventAgent[11]: CaptiveNetworkSupport:CaptivePublishState:1211 en1 - PreProbe
Jan 22 15:16:35 AmrRadwan-MAC configd[14]: network configuration changed.
Jan 22 15:16:35 AmrRadwan-MAC vmnet-bridge[102]: Dynamic store changed
Jan 22 15:16:35 AmrRadwan-MAC vmnet-bridge[102]: Failed to read SCproperties for key: State:/Network/Global/IPv4
Jan 22 15:16:35 AmrRadwan-MAC vmnet-bridge[102]: Stopping bridge for: en1
Jan 22 15:16:37 AmrRadwan-MAC configd[14]: network configuration changed.
Jan 22 15:16:37 AmrRadwan-MAC vmnet-bridge[102]: Dynamic store changed
Jan 22 15:16:37 AmrRadwan-MAC vmnet-bridge[102]: Started bridge for 0, en1
Jan 22 15:16:37 AmrRadwan-MAC UserEventAgent[11]: CaptiveNetworkSupport:CaptivePublishState:1211 en1 - Probe
Jan 22 15:16:37 AmrRadwan-MAC UserEventAgent[11]: CaptiveNetworkSupport:CaptiveStartDetect:2343 Bypassing probe on AmrRadwan because it is protected and not on the exception list
Jan 22 15:16:37 AmrRadwan-MAC UserEventAgent[11]: CaptiveNetworkSupport:CaptivePublishState:1211 en1 - Unknown
Jan 22 15:16:37 AmrRadwan-MAC configd[14]: network configuration changed.
Jan 22 15:16:37 AmrRadwan-MAC vmnet-bridge[102]: Dynamic store changed
Jan 22 15:16:37 AmrRadwan-MAC vmnet-bridge[102]: Preferences changed called
Jan 22 15:40:27 AmrRadwan-MAC com.apple.launchctl.Background[311]: launchctl: Dubious permissions on file (skipping): /Library/LaunchAgents/com.logmein.logmeingui.plist
Jan 22 15:40:27 AmrRadwan-MAC com.apple.launchctl.Background[311]: launchctl: Dubious permissions on file (skipping): /Library/LaunchAgents/com.logmein.logmeinguiagent.plist
Jan 22 15:40:38 AmrRadwan-MAC UserEventAgent[11]: CaptiveNetworkSupport:CaptivePublishState:1211 en1 - PreProbe
Jan 22 15:40:38 AmrRadwan-MAC configd[14]: network configuration changed.
Jan 22 15:40:38 AmrRadwan-MAC vmnet-bridge[102]: Dynamic store changed
Jan 22 15:40:38 AmrRadwan-MAC vmnet-bridge[102]: Failed to read SCproperties for key: State:/Network/Global/IPv4
Jan 22 15:40:38 AmrRadwan-MAC vmnet-bridge[102]: Stopping bridge for: en1
Jan 22 15:40:38 AmrRadwan-MAC applepushserviced[50]: : Stream error occurred for : The operation couldn’t be completed. Socket is not connected
Jan 22 15:40:38 AmrRadwan-MAC applepushserviced[50]: : Stream error occurred for : The operation couldn’t be completed. (kCFErrorDomainCFNetwork error 2.)
Jan 22 16:51:51 AmrRadwan-MAC vmnet-bridge[102]: Dynamic store changed
Jan 22 16:51:51 AmrRadwan-MAC vmnet-bridge[102]: Started bridge for 0, en1
Jan 22 16:51:51 AmrRadwan-MAC configd[14]: network configuration changed.
Jan 22 16:51:51 AmrRadwan-MAC mDNSResponder[33]: ConfigResolvers: interface specific index 5 not found
Jan 22 16:51:52: --- last message repeated 1 time ---
Jan 22 16:51:51 AmrRadwan-MAC UserEventAgent[11]: CaptiveNetworkSupport:CaptivePublishState:1211 en1 - Probe
Jan 22 16:51:51 AmrRadwan-MAC UserEventAgent[11]: CaptiveNetworkSupport:CaptiveStartDetect:2343 Bypassing probe on AmrRadwan because it is protected and not on the exception list
Jan 22 16:51:51 AmrRadwan-MAC UserEventAgent[11]: CaptiveNetworkSupport:CaptivePublishState:1211 en1 - Unknown
Jan 22 16:51:51 AmrRadwan-MAC vmnet-bridge[102]: Dynamic store changed
Jan 22 16:51:51 AmrRadwan-MAC configd[14]: network configuration changed.
Jan 22 16:51:51 AmrRadwan-MAC vmnet-bridge[102]: Preferences changed called
Jan 22 16:51:54 AmrRadwan-MAC loginwindow[35]: ERROR | -[LWBuiltInScreenLockAuthLion _handleAction:forController:] | Unknow action received, LUIBackgroundPressed
Jan 22 16:52:37 AmrRadwan-MAC Air Hockey Free[323]: http://acceleroto.com
Jan 22 16:52:38 AmrRadwan-MAC [0x0-0x26026].com.acceleroto.airhockeyfreemac[323]: ImageIO: CGImageSourceCreateWithData data parameter is nil
Jan 22 16:53:10: --- last message repeated 3 times ---
Jan 22 16:53:10 AmrRadwan-MAC [0x0-0x26026].com.acceleroto.airhockeyfreemac[323]: ImageIO: CGImageSourceCreateWithData data parameter is nil
Jan 22 16:54:19: --- last message repeated 1 time ---
Jan 22 16:55:25 AmrRadwan-MAC [0x0-0x26026].com.acceleroto.airhockeyfreemac[323]: ImageIO: CGImageSourceCreateWithData data parameter is nil
Jan 22 16:56:49: --- last message repeated 1 time ---
Jan 22 17:05:05 AmrRadwan-MAC com.apple.launchctl.Background[339]: launchctl: Dubious permissions on file (skipping): /Library/LaunchAgents/com.logmein.logmeingui.plist
Jan 22 17:05:05 AmrRadwan-MAC com.apple.launchctl.Background[339]: launchctl: Dubious permissions on file (skipping): /Library/LaunchAgents/com.logmein.logmeinguiagent.plist
Jan 22 17:05:14 AmrRadwan-MAC UserEventAgent[11]: CaptiveNetworkSupport:CaptivePublishState:1211 en1 - PreProbe
Jan 22 17:05:14 AmrRadwan-MAC configd[14]: network configuration changed.
Jan 22 17:05:14 AmrRadwan-MAC vmnet-bridge[102]: Dynamic store changed
Jan 22 17:05:14 AmrRadwan-MAC vmnet-bridge[102]: Failed to read SCproperties for key: State:/Network/Global/IPv4
Jan 22 17:05:14 AmrRadwan-MAC vmnet-bridge[102]: Stopping bridge for: en1
Jan 22 17:05:14 AmrRadwan-MAC applepushserviced[50]: : Stream error occurred for : The operation couldn’t be completed. Socket is not connected
Jan 22 17:05:14 AmrRadwan-MAC applepushserviced[50]: : Stream error occurred for : The operation couldn’t be completed. (kCFErrorDomainCFNetwork error 2.)
Jan 22 18:20:24 AmrRadwan-MAC configd[14]: network configuration changed.
Jan 22 18:20:24 AmrRadwan-MAC vmnet-bridge[102]: Dynamic store changed
Jan 22 18:20:24 AmrRadwan-MAC vmnet-bridge[102]: Started bridge for 0, en1
Jan 22 18:20:24 AmrRadwan-MAC UserEventAgent[11]: CaptiveNetworkSupport:CaptivePublishState:1211 en1 - Probe
Jan 22 18:20:24 AmrRadwan-MAC UserEventAgent[11]: CaptiveNetworkSupport:CaptiveStartDetect:2343 Bypassing probe on AmrRadwan because it is protected and not on the exception list
Jan 22 18:20:24 AmrRadwan-MAC UserEventAgent[11]: CaptiveNetworkSupport:CaptivePublishState:1211 en1 - Unknown
Jan 22 18:20:24 AmrRadwan-MAC configd[14]: network configuration changed.
Jan 22 18:20:24 AmrRadwan-MAC vmnet-bridge[102]: Dynamic store changed
Jan 22 18:20:24 AmrRadwan-MAC mDNSResponder[33]: ConfigResolvers: interface specific index 5 not found
Jan 22 18:20:24: --- last message repeated 1 time ---
Jan 22 18:20:24 AmrRadwan-MAC vmnet-bridge[102]: Preferences changed called
Jan 22 18:25:32 AmrRadwan-MAC com.apple.usbmuxd[19]: _SendAttachNotification (thread 0x7fff76b7a960): sending attach for device e4:ce:8f:b6:ec:ce@fe80::e6ce:8fff:feb6:ecce._apple-mobdev._tcp.local.: _GetAddrInfoReplyReceivedCallback matched.
Jan 22 18:25:32 AmrRadwan-MAC usbmuxd[19]: _AMDeviceConnectByAddressAndPort (thread 0x100781000): IPv4
Jan 22 18:25:32 AmrRadwan-MAC iTunes[177]: _AMDDeviceAttachedCallbackv3 (thread 0x10e0a9000): Device 'AMDevice 0x7fb655033b60 {UDID = 972bc20ba200e270c977e46c391e22db2279809c, device ID = 1, FullServiceName = e4:ce:8f:b6:ec:ce@fe80::e6ce:8fff:feb6:ecce._apple-mobdev._tcp.local.}' attached.
Jan 22 18:25:33 AmrRadwan-MAC ath[357]: _AMDDeviceAttachedCallbackv3 (thread 0x7fff76b7a960): Device 'AMDevice 0x100518700 {UDID = 972bc20ba200e270c977e46c391e22db2279809c, device ID = 1, FullServiceName = e4:ce:8f:b6:ec:ce@fe80::e6ce:8fff:feb6:ecce._apple-mobdev._tcp.local.}' attached.
Jan 22 18:25:35 AmrRadwan-MAC iTunes[177]: _GCDSearchPthreadOnceRoutine (thread 0x7fff76b7a960): Looked up GCD symbols, got addresses: 8d732884, GCD_AVAILABLE is 1
Jan 22 18:25:41 AmrRadwan-MAC AppleMobileDeviceHelper[358]: _AMDDeviceAttachedCallbackv3 (thread 0xacf4b2c0): Device 'AMDevice 0x3276910 {UDID = 972bc20ba200e270c977e46c391e22db2279809c, device ID = 1, FullServiceName = e4:ce:8f:b6:ec:ce@fe80::e6ce:8fff:feb6:ecce._apple-mobdev._tcp.local.}' attached.
Jan 22 18:25:52 AmrRadwan-MAC com.apple.usbmuxd[19]: _SendDetachNotification (thread 0x7fff76b7a960): sending detach for device e4:ce:8f:b6:ec:ce@fe80::e6ce:8fff:feb6:ecce._apple-mobdev._tcp.local.: _BrowseReplyReceivedCallback got bonjour removal.
Jan 22 18:25:52 AmrRadwan-MAC iTunes[177]: _AMDDeviceDetached (thread 0x10e0a9000): Device 'AMDevice 0x7fb655033b60 {UDID = 972bc20ba200e270c977e46c391e22db2279809c, device ID = 1, FullServiceName = e4:ce:8f:b6:ec:ce@fe80::e6ce:8fff:feb6:ecce._apple-mobdev._tcp.local.}' detached.
Jan 22 18:25:52 AmrRadwan-MAC iTunes[177]: _NotificationSocketReadCallbackGCD (thread 0x7fff76b7a960): Unexpected connection closure...
Jan 22 18:26:05 AmrRadwan-MAC com.apple.usbmuxd[19]: _SendAttachNotification (thread 0x7fff76b7a960): sending attach for device e4:ce:8f:b6:ec:ce@fe80::e6ce:8fff:feb6:ecce._apple-mobdev._tcp.local.: _GetAddrInfoReplyReceivedCallback matched.
Jan 22 18:26:05 AmrRadwan-MAC usbmuxd[19]: _AMDeviceConnectByAddressAndPort (thread 0x100781000): IPv4
Jan 22 18:26:05 AmrRadwan-MAC ath[357]: _AMDDeviceAttachedCallbackv3 (thread 0x7fff76b7a960): Device 'AMDevice 0x10051cd70 {UDID = 972bc20ba200e270c977e46c391e22db2279809c, device ID = 2, FullServiceName = e4:ce:8f:b6:ec:ce@fe80::e6ce:8fff:feb6:ecce._apple-mobdev._tcp.local.}' attached.
Jan 22 18:26:05 AmrRadwan-MAC iTunes[177]: _AMDDeviceAttachedCallbackv3 (thread 0x10e0a9000): Device 'AMDevice 0x7fb6552aba60 {UDID = 972bc20ba200e270c977e46c391e22db2279809c, device ID = 2, FullServiceName = e4:ce:8f:b6:ec:ce@fe80::e6ce:8fff:feb6:ecce._apple-mobdev._tcp.local.}' attached.
Jan 22 18:26:06 AmrRadwan-MAC AppleMobileDeviceHelper[358]: _AMDDeviceDetached (thread 0xacf4b2c0): Device 'AMDevice 0x3276910 {UDID = 972bc20ba200e270c977e46c391e22db2279809c, device ID = 1, FullServiceName = e4:ce:8f:b6:ec:ce@fe80::e6ce:8fff:feb6:ecce._apple-mobdev._tcp.local.}' detached.
Jan 22 18:26:15 AmrRadwan-MAC com.apple.usbmuxd[19]: _SendDetachNotification (thread 0x7fff76b7a960): sending detach for device e4:ce:8f:b6:ec:ce@fe80::e6ce:8fff:feb6:ecce._apple-mobdev._tcp.local.: _BrowseReplyReceivedCallback got bonjour removal.
Jan 22 18:26:15 AmrRadwan-MAC iTunes[177]: _AMDDeviceDetached (thread 0x10e0a9000): Device 'AMDevice 0x7fb6552aba60 {UDID = 972bc20ba200e270c977e46c391e22db2279809c, device ID = 2, FullServiceName = e4:ce:8f:b6:ec:ce@fe80::e6ce:8fff:feb6:ecce._apple-mobdev._tcp.local.}' detached.
Jan 22 18:26:15 AmrRadwan-MAC iTunes[177]: _NotificationSocketReadCallbackGCD (thread 0x7fff76b7a960): Unexpected connection closure...
Jan 22 18:28:02 AmrRadwan-MAC [0x0-0x6006].com.apple.Safari[176]: CoreAnimation: context hosting changed while locked!
Jan 22 18:28:07 AmrRadwan-MAC com.apple.usbmuxd[19]: _SendAttachNotification (thread 0x7fff76b7a960): sending attach for device e4:ce:8f:b6:ec:ce@fe80::e6ce:8fff:feb6:ecce._apple-mobdev._tcp.local.: _GetAddrInfoReplyReceivedCallback matched.
Jan 22 18:28:07 AmrRadwan-MAC usbmuxd[19]: _AMDeviceConnectByAddressAndPort (thread 0x100781000): IPv4
Jan 22 18:28:07 AmrRadwan-MAC ath[357]: _AMDDeviceAttachedCallbackv3 (thread 0x7fff76b7a960): Device 'AMDevice 0x100521530 {UDID = 972bc20ba200e270c977e46c391e22db2279809c, device ID = 3, FullServiceName = e4:ce:8f:b6:ec:ce@fe80::e6ce:8fff:feb6:ecce._apple-mobdev._tcp.local.}' attached.
Jan 22 18:28:07 AmrRadwan-MAC iTunes[177]: _AMDDeviceAttachedCallbackv3 (thread 0x10e0a9000): Device 'AMDevice 0x7fb656b0b230 {UDID = 972bc20ba200e270c977e46c391e22db2279809c, device ID = 3, FullServiceName = e4:ce:8f:b6:ec:ce@fe80::e6ce:8fff:feb6:ecce._apple-mobdev._tcp.local.}' attached.
Jan 22 18:28:08 AmrRadwan-MAC AppleMobileDeviceHelper[358]: _AMDDeviceAttachedCallbackv3 (thread 0xacf4b2c0): Device 'AMDevice 0x307df40 {UDID = 972bc20ba200e270c977e46c391e22db2279809c, device ID = 2, FullServiceName = e4:ce:8f:b6:ec:ce@fe80::e6ce:8fff:feb6:ecce._apple-mobdev._tcp.local.}' attached.
Jan 22 18:28:08 AmrRadwan-MAC com.apple.usbmuxd[19]: HandleUSBMuxConnect Client 0x10032b5f0-AppleMobileDeviceHelper/com.apple.SyncServices.AppleMobileDeviceHelper requesting attach to 0x2:62078 failed, no such device
Jan 22 18:28:08 AmrRadwan-MAC AppleMobileDeviceHelper[358]: AMDeviceConnect (thread 0xacf4b2c0): Could not connect to lockdown port (62078) on device 2 - 972bc20ba200e270c977e46c391e22db2279809c: 0xe800006b.
Jan 22 18:28:08 AmrRadwan-MAC AppleMobileDeviceHelper[358]: 358:2901717696|DeviceLinkListener.c:_copyMobileDeviceValue| ERROR: Could not connect to attached device: This device is no longer connected. Try disconnecting and reconnecting your device. (107)
Jan 22 18:28:19 AmrRadwan-MAC com.apple.usbmuxd[19]: _SendDetachNotification (thread 0x7fff76b7a960): sending detach for device e4:ce:8f:b6:ec:ce@fe80::e6ce:8fff:feb6:ecce._apple-mobdev._tcp.local.: _BrowseReplyReceivedCallback got bonjour removal.
Jan 22 18:28:19 AmrRadwan-MAC iTunes[177]: _AMDDeviceDetached (thread 0x10e0a9000): Device 'AMDevice 0x7fb656b0b230 {UDID = 972bc20ba200e270c977e46c391e22db2279809c, device ID = 3, FullServiceName = e4:ce:8f:b6:ec:ce@fe80::e6ce:8fff:feb6:ecce._apple-mobdev._tcp.local.}' detached.
Jan 22 18:28:19 AmrRadwan-MAC iTunes[177]: _NotificationSocketReadCallbackGCD (thread 0x7fff76b7a960): Unexpected connection closure...
Jan 22 18:30:15 AmrRadwan-MAC com.apple.usbmuxd[19]: _SendAttachNotification (thread 0x7fff76b7a960): sending attach for device e4:ce:8f:b6:ec:ce@fe80::e6ce:8fff:feb6:ecce._apple-mobdev._tcp.local.: _GetAddrInfoReplyReceivedCallback matched.
Jan 22 18:30:15 AmrRadwan-MAC usbmuxd[19]: _AMDeviceConnectByAddressAndPort (thread 0x100781000): IPv4
Jan 22 18:30:15 AmrRadwan-MAC ath[357]: _AMDDeviceAttachedCallbackv3 (thread 0x7fff76b7a960): Device 'AMDevice 0x101902ba0 {UDID = 972bc20ba200e270c977e46c391e22db2279809c, device ID = 4, FullServiceName = e4:ce:8f:b6:ec:ce@fe80::e6ce:8fff:feb6:ecce._apple-mobdev._tcp.local.}' attached.
Jan 22 18:30:15 AmrRadwan-MAC iTunes[177]: _AMDDeviceAttachedCallbackv3 (thread 0x10e0a9000): Device 'AMDevice 0x7fb656d4daf0 {UDID = 972bc20ba200e270c977e46c391e22db2279809c, device ID = 4, FullServiceName = e4:ce:8f:b6:ec:ce@fe80::e6ce:8fff:feb6:ecce._apple-mobdev._tcp.local.}' attached.
Jan 22 18:30:17 AmrRadwan-MAC AppleMobileDeviceHelper[358]: _AMDDeviceDetached (thread 0xacf4b2c0): Device 'AMDevice 0x307df40 {UDID = 972bc20ba200e270c977e46c391e22db2279809c, device ID = 2, FullServiceName = e4:ce:8f:b6:ec:ce@fe80::e6ce:8fff:feb6:ecce._apple-mobdev._tcp.local.}' detached.
Jan 22 18:30:29 AmrRadwan-MAC com.apple.usbmuxd[19]: _SendDetachNotification (thread 0x7fff76b7a960): sending detach for device e4:ce:8f:b6:ec:ce@fe80::e6ce:8fff:feb6:ecce._apple-mobdev._tcp.local.: _BrowseReplyReceivedCallback got bonjour removal.
Jan 22 18:30:29 AmrRadwan-MAC iTunes[177]: _AMDDeviceDetached (thread 0x10e0a9000): Device 'AMDevice 0x7fb656d4daf0 {UDID = 972bc20ba200e270c977e46c391e22db2279809c, device ID = 4, FullServiceName = e4:ce:8f:b6:ec:ce@fe80::e6ce:8fff:feb6:ecce._apple-mobdev._tcp.local.}' detached.
Jan 22 18:30:29 AmrRadwan-MAC iTunes[177]: _NotificationSocketReadCallbackGCD (thread 0x7fff76b7a960): Unexpected connection closure...
Jan 22 18:35:28 AmrRadwan-MAC com.apple.launchctl.Background[365]: launchctl: Dubious permissions on file (skipping): /Library/LaunchAgents/com.logmein.logmeingui.plist
Jan 22 18:35:28 AmrRadwan-MAC com.apple.launchctl.Background[365]: launchctl: Dubious permissions on file (skipping): /Library/LaunchAgents/com.logmein.logmeinguiagent.plist
Jan 22 19:30:17 AmrRadwan-MAC applepushserviced[50]: : Stream error occurred for : The operation couldn’t be completed. Socket is not connected
Jan 22 19:30:18 AmrRadwan-MAC UserEventAgent[11]: CaptiveNetworkSupport:CaptivePublishState:1211 en1 - PreProbe
Jan 22 19:30:18 AmrRadwan-MAC configd[14]: network configuration changed.
Jan 22 19:30:18 AmrRadwan-MAC vmnet-bridge[102]: Dynamic store changed
Jan 22 19:30:18 AmrRadwan-MAC vmnet-bridge[102]: Failed to read SCproperties for key: State:/Network/Global/IPv4
Jan 22 19:30:18 AmrRadwan-MAC vmnet-bridge[102]: Stopping bridge for: en1
Jan 22 19:30:18 AmrRadwan-MAC applepushserviced[50]: : Stream error occurred for : The operation couldn’t be completed. (kCFErrorDomainCFNetwork error 2.)
Jan 22 19:30:19 AmrRadwan-MAC vmnet-bridge[102]: Preferences changed called
Jan 22 19:30:23 AmrRadwan-MAC configd[14]: network configuration changed.
Jan 22 19:30:23 AmrRadwan-MAC vmnet-bridge[102]: Dynamic store changed
Jan 22 19:30:23 AmrRadwan-MAC vmnet-bridge[102]: Started bridge for 0, en1
Jan 22 19:30:23 AmrRadwan-MAC UserEventAgent[11]: CaptiveNetworkSupport:CaptivePublishState:1211 en1 - Probe
Jan 22 19:30:23 AmrRadwan-MAC UserEventAgent[11]: CaptiveNetworkSupport:CaptiveStartDetect:2343 Bypassing probe on TEData because it is protected and not on the exception list
Jan 22 19:30:23 AmrRadwan-MAC UserEventAgent[11]: CaptiveNetworkSupport:CaptivePublishState:1211 en1 - Unknown
Jan 22 19:30:23 AmrRadwan-MAC configd[14]: network configuration changed.
Jan 22 19:30:23 AmrRadwan-MAC vmnet-bridge[102]: Dynamic store changed
Jan 22 19:30:23 AmrRadwan-MAC com.apple.usbmuxd[19]: _SendAttachNotification (thread 0x7fff76b7a960): sending attach for device e4:ce:8f:b6:ec:ce@fe80::e6ce:8fff:feb6:ecce._apple-mobdev._tcp.local.: _GetAddrInfoReplyReceivedCallback matched.
Jan 22 19:30:23 AmrRadwan-MAC usbmuxd[19]: _AMDeviceConnectByAddressAndPort (thread 0x101b81000): IPv4
Jan 22 19:30:23 AmrRadwan-MAC ath[357]: _AMDDeviceAttachedCallbackv3 (thread 0x7fff76b7a960): Device 'AMDevice 0x10051bcb0 {UDID = 972bc20ba200e270c977e46c391e22db2279809c, device ID = 5, FullServiceName = e4:ce:8f:b6:ec:ce@fe80::e6ce:8fff:feb6:ecce._apple-mobdev._tcp.local.}' attached.
Jan 22 19:30:23 AmrRadwan-MAC iTunes[177]: _AMDDeviceAttachedCallbackv3 (thread 0x10e0a9000): Device 'AMDevice 0x7fb656cf5710 {UDID = 972bc20ba200e270c977e46c391e22db2279809c, device ID = 5, FullServiceName = e4:ce:8f:b6:ec:ce@fe80::e6ce:8fff:feb6:ecce._apple-mobdev._tcp.local.}' attached.
Jan 22 19:30:24 AmrRadwan-MAC AppleMobileDeviceHelper[358]: _AMDDeviceAttachedCallbackv3 (thread 0xacf4b2c0): Device 'AMDevice 0x3229050 {UDID = 972bc20ba200e270c977e46c391e22db2279809c, device ID = 3, FullServiceName = e4:ce:8f:b6:ec:ce@fe80::e6ce:8fff:feb6:ecce._apple-mobdev._tcp.local.}' attached.
Jan 22 19:30:24 AmrRadwan-MAC com.apple.usbmuxd[19]: HandleUSBMuxConnect Client 0x101c046d0-AppleMobileDeviceHelper/com.apple.SyncServices.AppleMobileDeviceHelper requesting attach to 0x3:62078 failed, no such device
Jan 22 19:30:24 AmrRadwan-MAC AppleMobileDeviceHelper[358]: AMDeviceConnect (thread 0xacf4b2c0): Could not connect to lockdown port (62078) on device 3 - 972bc20ba200e270c977e46c391e22db2279809c: 0xe800006b.
Jan 22 19:30:24 AmrRadwan-MAC AppleMobileDeviceHelper[358]: 358:2901717696|DeviceLinkListener.c:_copyMobileDeviceValue| ERROR: Could not connect to attached device: This device is no longer connected. Try disconnecting and reconnecting your device. (107)
Jan 22 19:31:43 AmrRadwan-MAC iTunes[177]: _AMDDeviceAttachedCallbackv3 (thread 0x10e0a9000): Device 'AMDevice 0x7fb656b24ea0 {UDID = cce5db8cbe92c04596ed89d57c471de6754b628a, device ID = 6, location ID = 0xfd120000, product ID = 0x1293}' attached.
Jan 22 19:31:43 AmrRadwan-MAC iTunesHelper[201]: _AMDDeviceAttachedCallbackv3 (thread 0x7fff76b7a960): Device 'AMDevice 0x10061a850 {UDID = cce5db8cbe92c04596ed89d57c471de6754b628a, device ID = 6, location ID = 0xfd120000, product ID = 0x1293}' attached.
Jan 22 19:31:46 AmrRadwan-MAC AppleMobileDeviceHelper[358]: _AMDDeviceDetached (thread 0xacf4b2c0): Device 'AMDevice 0x3229050 {UDID = 972bc20ba200e270c977e46c391e22db2279809c, device ID = 3, FullServiceName = e4:ce:8f:b6:ec:ce@fe80::e6ce:8fff:feb6:ecce._apple-mobdev._tcp.local.}' detached.
Jan 22 19:31:46 AmrRadwan-MAC AppleMobileDeviceHelper[358]: _AMDDeviceAttachedCallbackv3 (thread 0xacf4b2c0): Device 'AMDevice 0x5b2740 {UDID = 972bc20ba200e270c977e46c391e22db2279809c, device ID = 4, FullServiceName = e4:ce:8f:b6:ec:ce@fe80::e6ce:8fff:feb6:ecce._apple-mobdev._tcp.local.}' attached.
Jan 22 19:31:46 AmrRadwan-MAC com.apple.usbmuxd[19]: HandleUSBMuxConnect Client 0x10190c680-AppleMobileDeviceHelper/com.apple.SyncServices.AppleMobileDeviceHelper requesting attach to 0x4:62078 failed, no such device
Jan 22 19:31:46 AmrRadwan-MAC AppleMobileDeviceHelper[358]: AMDeviceConnect (thread 0xacf4b2c0): Could not connect to lockdown port (62078) on device 4 - 972bc20ba200e270c977e46c391e22db2279809c: 0xe800006b.
Jan 22 19:31:46 AmrRadwan-MAC AppleMobileDeviceHelper[358]: 358:2901717696|DeviceLinkListener.c:_copyMobileDeviceValue| ERROR: Could not connect to attached device: This device is no longer connected. Try disconnecting and reconnecting your device. (107)
Jan 22 19:31:46 AmrRadwan-MAC AppleMobileDeviceHelper[358]: _AMDDeviceDetached (thread 0xacf4b2c0): Device 'AMDevice 0x5b2740 {UDID = 972bc20ba200e270c977e46c391e22db2279809c, device ID = 4, FullServiceName = e4:ce:8f:b6:ec:ce@fe80::e6ce:8fff:feb6:ecce._apple-mobdev._tcp.local.}' detached.
Jan 22 19:31:46 AmrRadwan-MAC AppleMobileDeviceHelper[358]: _AMDDeviceAttachedCallbackv3 (thread 0xacf4b2c0): Device 'AMDevice 0x3807d0 {UDID = 972bc20ba200e270c977e46c391e22db2279809c, device ID = 5, FullServiceName = e4:ce:8f:b6:ec:ce@fe80::e6ce:8fff:feb6:ecce._apple-mobdev._tcp.local.}' attached.
Jan 22 19:31:47 AmrRadwan-MAC AppleMobileDeviceHelper[358]: _AMDDeviceAttachedCallbackv3 (thread 0xacf4b2c0): Device 'AMDevice 0x5b2740 {UDID = cce5db8cbe92c04596ed89d57c471de6754b628a, device ID = 6, location ID = 0xfd120000, product ID = 0x1293}' attached.
Jan 22 19:32:13 AmrRadwan-MAC com.apple.launchd[1] (com.apple.SystemStarter): Failed to count the number of files in "/System/Library/StartupItems": No such file or directory
Jan 22 19:32:13: --- last message repeated 3 times ---
Jan 22 19:32:13 AmrRadwan-MAC fseventsd[40]: could not open <> (No such file or directory)
Jan 22 19:32:13 AmrRadwan-MAC fseventsd[40]: log dir: /Volumes/KINGSTON/.fseventsd getting new uuid: 793D5C33-37FC-4471-8FC9-AD443F7E3C02
Jan 22 19:32:41 AmrRadwan-MAC com.apple.usbmuxd[19]: _handle_timer Fish out of water!!!
Jan 22 19:32:41 AmrRadwan-MAC iTunes[177]: _AMDDeviceDetached (thread 0x10e0a9000): Device 'AMDevice 0x7fb656cf5710 {UDID = 972bc20ba200e270c977e46c391e22db2279809c, device ID = 5, FullServiceName = e4:ce:8f:b6:ec:ce@fe80::e6ce:8fff:feb6:ecce._apple-mobdev._tcp.local.}' detached.
Jan 22 19:32:41 AmrRadwan-MAC iTunes[177]: _NotificationSocketReadCallbackGCD (thread 0x7fff76b7a960): Unexpected connection closure...
Jan 22 19:32:41 AmrRadwan-MAC ath[357]: _AMDDeviceAttachedCallbackv3 (thread 0x7fff76b7a960): Device 'AMDevice 0x100521530 {UDID = cce5db8cbe92c04596ed89d57c471de6754b628a, device ID = 6, location ID = 0xfd120000, product ID = 0x1293}' attached.
Jan 22 19:32:45 AmrRadwan-MAC mdworker32[392]: kCGErrorFailure: Set a breakpoint @ CGErrorBreakpoint() to catch errors as they are logged.
Jan 22 19:32:49 AmrRadwan-MAC com.apple.usbmuxd[19]: _SendDetachNotification (thread 0x7fff76b7a960): sending detach for device e4:ce:8f:b6:ec:ce@fe80::e6ce:8fff:feb6:ecce._apple-mobdev._tcp.local.: _BrowseReplyReceivedCallback got bonjour removal.
Jan 22 19:32:49 AmrRadwan-MAC com.apple.usbmuxd[19]: networkDeviceCallback Surprisingly, there is no mie matching name
Jan 22 19:34:59 AmrRadwan-MAC installd[410]: Starting
Jan 22 19:34:59 AmrRadwan-MAC installd[410]: uid=0, euid=0
Jan 22 19:35:17 AmrRadwan-MAC com.apple.launchd[1] (com.apple.SystemStarter): Failed to count the number of files in "/System/Library/StartupItems": No such file or directory
Jan 22 19:35:17: --- last message repeated 3 times ---
Jan 22 19:35:17 AmrRadwan-MAC fseventsd[40]: Logging disabled completely for device:1: /Volumes/Recovery HD
