09-18 17:17:23.706 23674 23710 I ModernAudioDeviceMonitor: onAudioDevicesAdded headphones: false, usb: false, devices: [[1:TYPE_BUILTIN_EARPIECE], [2:TYPE_BUILTIN_SPEAKER], [5:TYPE_BUILTIN_MIC], [7:TYPE_TELEPHONY]] (causeId: 9b4447c7)
09-18 17:17:23.706 23674 23710 I AudioManagerModule: Output update and reset (destination 3, deviceStatus 2, causeId 351c0393)
09-18 17:17:23.714 23674 23720 I TokenShareModule: getAccounts() called, returned with list size 0
09-18 17:17:23.753 23674 23710 I ModernAudioDeviceMonitor: onAudioDevicesAdded headphones: false, usb: false, devices: [[1:TYPE_BUILTIN_EARPIECE], [2:TYPE_BUILTIN_SPEAKER], [5:TYPE_BUILTIN_MIC], [7:TYPE_TELEPHONY]] (causeId: 1177fb05)
09-18 17:17:23.759 23674 23674 I TelephoneStateListener: Registering phone state listener (causeId 351c0393)
09-18 17:17:23.770 23674 23674 I AudioManagerModule: TelephoneStateListener.init took 17ms
09-18 17:17:23.787 23674 23674 I AudioManagerModule: Sending output changed event to EARPIECE (causeId 351c0393)
09-18 17:17:23.789 23674 23721 I TelephoneStateListener: onCallStateChanged 0 (causeId 4a6f395)
09-18 17:17:24.423 23674 23715 I ReactNativeJS: [#ffffffff-u] [TRACE] [JS.HeadlessJsTask] registerHeadlessTaskCallbacks called for 'StaticTask.OnAppUpdated'
09-18 17:17:24.426 23674 23715 I ReactNativeJS: [#ffffffff-u] [TRACE] [JS.HeadlessJsTask] registerHeadlessTaskCallbacks called for 'StaticTask.OnAppUpdatedRetry'
09-18 17:17:24.466 23674 23715 I ReactNativeJS: [#ffffffff-u] [TRACE] [JS.HeadlessJsTask] registerHeadlessTaskCallbacks called for 'SignInOnUserSessionConnected'
09-18 17:17:24.467 23674 23715 I ReactNativeJS: [#ffffffff-u] [TRACE] [JS.HeadlessJsTask] registerHeadlessTaskCallbacks called for 'SignInOnUserSessionConnectedRetry'
09-18 17:17:24.467 23674 23715 I ReactNativeJS: [#ffffffff-u] [TRACE] [JS.HeadlessJsTask] registerHeadlessTaskCallbacks called for 'SignInOnDefaultMSAConnected'
09-18 17:17:24.467 23674 23715 I ReactNativeJS: [#ffffffff-u] [TRACE] [JS.HeadlessJsTask] registerHeadlessTaskCallbacks called for 'SignInOnDefaultMSAConnectedRetry'
09-18 17:17:24.468 23674 23715 I ReactNativeJS: [#ffffffff-u] [TRACE] [JS.HeadlessJsTask] registerHeadlessTaskCallbacks called for 'BackgroundHeartbeatTelemetry'
09-18 17:17:24.470 23674 23715 I ReactNativeJS: [#ffffffff-u] [TRACE] [JS.HeadlessJsTask] registerHeadlessTaskCallbacks called for 'OnMaintenanceWindowStart'
09-18 17:17:24.470 23674 23715 I ReactNativeJS: [#ffffffff-u] [TRACE] [JS.HeadlessJsTask] registerHeadlessTaskCallbacks called for 'OnMaintenanceWindowStartRetry'
09-18 17:17:24.489 23674 23715 I ReactNativeJS: [#ffffffff-u] [TRACE] [JS.HeadlessJsTask] registerHeadlessTaskCallbacks called for 'ToastActivation'
09-18 17:17:24.489 23674 23715 I ReactNativeJS: [#ffffffff-u] [TRACE] [JS.HeadlessJsTask] registerHeadlessTaskCallbacks called for 'ToastActivationRetry'
09-18 17:17:24.507 23674 23715 I RNAppUpgrade: Getting app launch attribution state = false
09-18 17:17:24.508 23674 23715 I RNAppUpgrade: hasOldSessionPreferences:false
09-18 17:17:24.513 23674 23715 I ReactNativeJS: [#ffffffff-u] [TRACE] [JS.AppUpgrade] Preparing to handle App Upgrade Event
09-18 17:17:24.514 23674 23715 I ReactNativeJS: [#ffffffff-u] [TRACE] [JS.AppUpgrade] Preparing to handle Rtc Wake Event
09-18 17:17:24.515 23674 23715 I ReactNativeJS: [#ffffffff-u] [TRACE] [JS.AppUpgrade] _setUpAppLaunchStateChangeListener
09-18 17:17:24.517 23674 23715 I ReactNativeJS: [#ffffffff-u] [TRACE] [JS.AppUpgrade] _setUpNoticationClickListener
09-18 17:17:24.518 23674 23715 I RNAppUpgrade: Getting app launch attribution state = false
09-18 17:17:24.519 23674 23715 I RNAppUpgrade: hasOldSessionPreferences:false
09-18 17:17:24.520 23674 23715 I RNAppUpgrade: Getting app launch attribution state = false
09-18 17:17:24.521 23674 23715 I RNAppUpgrade: hasOldSessionPreferences:false
09-18 17:17:24.522 23674 23715 I RNAppUpgrade: Getting app launch attribution state = false
09-18 17:17:24.522 23674 23715 I RNAppUpgrade: hasOldSessionPreferences:false
09-18 17:17:24.524 23674 23715 I RNAppUpgrade: Getting app launch attribution state = false
09-18 17:17:24.524 23674 23716 I RNAppUpgrade: initialize
09-18 17:17:24.524 23674 23715 I RNAppUpgrade: hasOldSessionPreferences:false
09-18 17:17:24.525 23674 23716 I UpgradeContext: acquireWakeLock taskId 2
09-18 17:17:24.526 23674 23715 I RNAppUpgrade: Getting app launch attribution state = false
09-18 17:17:24.526 23674 23715 I RNAppUpgrade: hasOldSessionPreferences:false
09-18 17:17:24.527 23674 23674 I SimpleWakefulService: Acquire WAKE_LOCK for taskId: 2 with startId: 2
09-18 17:17:24.529 23674 23716 I RNAppUpgrade: processPendingIntents
09-18 17:17:24.530 23674 23716 I RNAppUpgrade: processPendingIntents:delayedIntentQueue size(1)
09-18 17:17:24.530 23674 23716 I RNAppUpgrade: processPendingIntent with action: WakeEventReceiver.ACTION_OEM_RTC_WAKE
09-18 17:17:24.530 23674 23716 I RNAppUpgrade: App Received Intent with action - WakeEventReceiver.ACTION_OEM_RTC_WAKE
09-18 17:17:24.540 23674 23716 I RNAppUpgrade: Emitted event for intent with action WakeEventReceiver.ACTION_OEM_RTC_WAKE with eventOptions: {"notificationId":0,"scheduledWakeUpTime":1537291046526,"taskId":1}
09-18 17:17:24.614 23674 23716 I RNAppUpgrade: initialize
09-18 17:17:24.688 23674 23715 I ReactNativeJS: [#ffffffff-u] [TRACE] [JS.Startup] Locale initialized to [de_DE]
09-18 17:17:24.689 23674 23715 I ReactNativeJS: [#ffffffff-u] [TRACE] [JS.Startup] Country code is [DE]
09-18 17:17:24.708 23674 23715 I ReactNativeJS: [#ffffffff-u] [TRACE] [JS.Startup] Device Id: dNWT97_WBMo
09-18 17:17:24.709 23674 23715 I ReactNativeJS: [#ffffffff-u] [TRACE] [JS.Startup] Device Manufacturer: samsung
09-18 17:17:24.710 23674 23715 I ReactNativeJS: [#ffffffff-u] [TRACE] [JS.Startup] Device Model: SM-A310F
09-18 17:17:24.710 23674 23715 I ReactNativeJS: [#ffffffff-u] [TRACE] [JS.Startup] Device OS version: 7.0
09-18 17:17:24.711 23674 23715 I ReactNativeJS: [#ffffffff-u] [TRACE] [JS.Startup] App version: 8.30.0.50
09-18 17:17:24.711 23674 23715 I ReactNativeJS: [#ffffffff-u] [TRACE] [JS.Startup] App activation state: Background
09-18 17:17:24.720 23674 23715 I ReactNativeJS: [#ffffffff-u] [TRACE] [JS.GenericUnsafe] Startup Phase 1 duration: 1178ms
09-18 17:17:24.725 23674 23715 I ReactNativeJS: [#ffffffff-u] [TRACE] [JS.GenericUnsafe] Startup Phase 2 duration: 797ms
09-18 17:17:24.733 23674 23715 I ReactNativeJS: [#ffffffff-u] [TRACE] [JS.Startup] Starting: HockeyAppService
09-18 17:17:24.739 23674 23715 I ReactNativeJS: [#ffffffff-S] [TRACE] [JS.HockeyApp] Ignoring check for updates - PUBLIC build
09-18 17:17:24.741 23674 23716 I ReactHockeyApp: HockeyApp - initializing configuration
09-18 17:17:24.741 23674 23715 I ReactNativeJS: [#ffffffff-u] [TRACE] [JS.Startup] Finish: HockeyAppService: 9ms
09-18 17:17:24.747 23674 23730 I React: Check for new app crashes
09-18 17:17:24.758 23674 23715 I ReactNativeJS: [#ffffffff-u] [TRACE] [JS.Startup] Starting: CrashStatusStore
09-18 17:17:24.760 23674 23715 I ReactNativeJS: [#ffffffff-u] [TRACE] [JS.GenericUnsafe] RN Entry
09-18 17:17:24.768 23674 23715 I ReactNativeJS: [#ffffffff-u] [TRACE] [JS.AppUpgrade] Last app launch time: undefined
09-18 17:17:24.773 23674 23715 I RNAppUpgrade: Getting app launch attribution state = false
09-18 17:17:24.773 23674 23715 I RNAppUpgrade: hasOldSessionPreferences:false
09-18 17:17:24.776 23674 23715 I ReactNativeJS: [#ffffffff-u] [TRACE] [JS.AppUpgrade] _getAppLaunchState:subscribe:fired:0
09-18 17:17:24.780 23674 23715 I ReactNativeJS: [#ffffffff-u] [TRACE] [JS.AppUpgrade] Rtc Wake event Received with token 1
09-18 17:17:24.781 23674 23715 I ReactNativeJS: [#ffffffff-u] [TRACE] [JS.AppUpgrade] _getOEMConfigUsingBackgroundECSFetch, acceptStale:true
09-18 17:17:24.785 23674 23715 I ReactNativeJS: [#ffffffff-u] [TRACE] [JS.AppUpgrade] _subscribeAndFetchEcs
09-18 17:17:24.787 23674 23715 I ReactNativeJS: [#ffffffff-u] [TRACE] [JS.AppUpgrade] ECSConfig:Subscribing for fresh ECS
09-18 17:17:24.897 23674 23715 I ReactNativeJS: [#ffffffff-S] [TRACE] [JS.HockeyApp] Last launch crashed: false
09-18 17:17:24.898 23674 23715 I ReactNativeJS: [#ffffffff-u] [TRACE] [JS.Startup] Finish: CrashStatusStore: 141ms
09-18 17:17:24.901 23674 23715 I ReactNativeJS: [#ffffffff-u] [TRACE] [JS.Startup] SkypeId missing in Storage
09-18 17:17:24.968 23674 23715 I ReactNativeJS: [#ffffffff-u] [TRACE] [JS.AppUpgrade] ECSConfig:ECS, expires in: -21483481.213
09-18 17:17:24.971 23674 23715 I ReactNativeJS: [#ffffffff-u] [TRACE] [JS.AppUpgrade] _getWakeUpActivationData:begin:
09-18 17:17:24.973 23674 23715 I ReactNativeJS: [#ffffffff-u] [TRACE] [JS.AppUpgrade] _getWakeUpActivationData:end:
09-18 17:17:24.974 23674 23715 I ReactNativeJS: [#ffffffff-u] [TRACE] [JS.AppUpgrade] No notification type came from ECS config, falling back to PictureWithText1 notification
09-18 17:17:24.979 23674 23715 I ReactNativeJS: [#ffffffff-u] [TRACE] [JS.AppUpgrade] Using notification details for style TextOnly2
09-18 17:17:24.982 23674 23715 I ReactNativeJS: [#ffffffff-u] [TRACE] [JS.AppUpgrade] _triggerRtcWakeUpForActivationExperiment:begin
09-18 17:17:24.983 23674 23715 I RNAppUpgrade: Getting app launch attribution state = false
09-18 17:17:24.983 23674 23715 I RNAppUpgrade: hasOldSessionPreferences:false
09-18 17:17:24.985 23674 23716 I RNAppUpgrade: scheduleWakeUpForActivationExperiment
09-18 17:17:24.997 23674 23716 I ActivationExperiment: ActivationOptions{"ecsConfig":{"sendAppUpgradeTelemetry":true,"upgradeNotification":{"appParameters":{"appStateList":["Launched"],"maxWakeAttempts":3,"minHoursSinceLaunch":72,"wakeIntervalSecs":259200},"enabled":false,"enabledExperiments":[],"notificationTimingInfo":{"scheduleHourOfDay":19}}},"isInsidersBuild":false,"lastLaunchTime":-1,"launchState":"NeverLaunched","notificationMeta":{"imageStyle":"None","imageUri":"https://secure.skypeassets.com/content/dam/scom/app/notifications/ensure_network_image.png","notificationStyle":"TextOnly2","notificationTemplateType":"Default","subtitle":"Tägliche Chats in großartige Momente verwandeln","title":"Wir stellen vor: dein neues Skype"},"notificationState":"NotScheduled","notificationStyle":"TextOnly2","partnerPreInstallId":"534","scheduleWakeUpTime":1537291046526}
09-18 17:17:25.002 23674 23716 I ActivationExperiment: onAppWakeUp, woke up at: Tuesday, September 18, 2018 at 7:17 PM with AppLaunchState NeverLaunched, wakeUpReason(RtcWakeUp)
09-18 17:17:25.003 23674 23716 I ActivationExperiment: isEligibleToStartExperiment, SAMSUNG_PREINSTALL
09-18 17:17:25.009 23674 23716 I ActivationExperiment: loadFromDisk:{"experimentList":[],"schemaVersion":"v1","totalRetargetAttempts":-1,"totalWakeAttempts":39,"wakeUpList":[{"reason":"Upgrade","status":"NextWakeUpScheduled","time":1535676121435},{"reason":"RtcWakeUp","status":"NextWakeUpScheduled","time":1535996521436},{"reason":"RtcWakeUp","status":"NextWakeUpScheduled","time":1536255726454},{"reason":"RtcWakeUp","status":"WakeUpRetriesExhausted","time":1536515215180},{"reason":"Upgrade","status":"NextWakeUpScheduled","time":1536786907686},{"reason":"RtcWakeUp","status":"NextWakeUpScheduled","time":1537031707689},{"reason":"RtcWakeUp","status":"WakeUpPending","time":1537291046526}]}, timeTaken(5 ms)
09-18 17:17:25.017 23674 23716 I ActivationExperiment: isEligibleToExecuteExperiment: upgradeNotification not enabled
09-18 17:17:25.018 23674 23716 I ActivationExperiment: scheduleWakeUpForActivationExperiment: schedule next wake up after: 259200 secs, app will wake up on Friday, September 21, 2018 at 7:17 PM
09-18 17:17:25.019 23674 23716 I ActivationExperiment: cancelPendingRtcWake
09-18 17:17:25.032 23674 23716 I ActivationExperiment: persistToDisk: SAVING, payload({"experimentList":[],"schemaVersion":"v1","totalRetargetAttempts":-1,"totalWakeAttempts":40,"wakeUpList":[{"reason":"Upgrade","status":"NextWakeUpScheduled","time":1535676121435},{"reason":"RtcWakeUp","status":"NextWakeUpScheduled","time":1535996521436},{"reason":"RtcWakeUp","status":"NextWakeUpScheduled","time":1536255726454},{"reason":"RtcWakeUp","status":"WakeUpRetriesExhausted","time":1536515215180},{"reason":"Upgrade","status":"NextWakeUpScheduled","time":1536786907686},{"reason":"RtcWakeUp","status":"NextWakeUpScheduled","time":1537031707689},{"reason":"RtcWakeUp","status":"NextWakeUpScheduled","time":1537291046526},{"reason":"RtcWakeUp","status":"WakeUpPending","time":1537550245018}]})
09-18 17:17:25.032 23674 23716 I ActivationExperiment: scheduleWakeUpForActivationExperiment: scheduled attempt(3), TimeTaken(14 ms)
09-18 17:17:25.140 23674 23715 I RNAppUpgrade: Getting app launch attribution state = false
09-18 17:17:25.141 23674 23715 I RNAppUpgrade: hasOldSessionPreferences:false
09-18 17:17:25.592 23674 23716 W ReactMethodWatchdog: Method RNCookieManagerAndroid.clearAll invocation took too long: 459ms
09-18 17:17:25.593 23674 23716 I UpgradeContext: releaseWakeLock taskId 1
09-18 17:17:25.606 23674 23674 I SimpleWakefulService: Release WAKE_LOCK for taskId: 1 with startId: 3
09-18 17:17:25.610 23674 23674 I SimpleWakefulService: Removing Stop message
09-18 17:17:25.735 23674 23716 I DeviceUtilities: DeviceUtilities: currentOrientation
09-18 17:17:25.785 23674 23716 W React: StatusBarModule: Ignored status bar change, current activity is null.
09-18 17:17:25.791 23674 23716 W React: StatusBarModule: Ignored status bar change, current activity is null.
09-18 17:17:25.792 23674 23716 W React: StatusBarModule: Ignored status bar change, current activity is null.
09-18 17:17:25.792 23674 23716 I DeviceUtilities: DeviceUtilities: statusBarHeight
09-18 17:17:25.822 23674 23715 W ReactNativeJS: [#ffffffff-u] [WARN] [JS.ResponsiveWidthStore] DeviceUtilities.currentOrientation failed: [pii] causeId: 48e25a10
09-18 17:17:25.824 23674 23715 W ReactNativeJS: [#ffffffff-u] [WARN] [JS.GenericUnsafe] SafeAreaStore statusBarHeight failed: [pii]
09-18 17:17:33.180 23674 23709 I RNSlimcore: Clearing old logs
09-18 17:17:33.188 23674 23709 I SkyLibManager[TERMINATED:null]: clearOldLogs found 0 potential log files
09-18 17:17:39.531 23674 23729 I UpgradeContext: releaseWakeLock taskId 2
09-18 17:17:39.538 23674 23674 I SimpleWakefulService: Release WAKE_LOCK for taskId: 2 with startId: 4
09-18 17:17:39.558 23674 23674 I SimpleWakefulService: Removing Stop message
09-18 17:17:39.560 23674 23674 I SimpleWakefulService: Service destroyed
09-20 23:05:43.960 14809 14809 W ReactHockeyApp: RNHockeyApp: Failed to get existing metadata
09-20 23:05:43.960 14809 14809 W ReactHockeyApp: /data/user/0/com.skype.raider/files/HockeyAppCrashMetadata.json (No such file or directory)
09-20 23:05:43.960 14809 14809 W ReactHockeyApp: java.io.FileInputStream.open(FileInputStream.java:-2)
09-20 23:05:43.960 14809 14809 W ReactHockeyApp: java.io.FileInputStream.(FileInputStream.java:146)
09-20 23:05:43.960 14809 14809 W ReactHockeyApp: android.app.ContextImpl.openFileInput(ContextImpl.java:505)
09-20 23:05:43.960 14809 14809 W ReactHockeyApp: android.content.ContextWrapper.openFileInput(ContextWrapper.java:193)
09-20 23:05:43.960 14809 14809 W ReactHockeyApp: com.skype.hockeyapp.SkypeCrashListener.f(SourceFile:139)
09-20 23:05:43.960 14809 14809 W ReactHockeyApp: com.skype.hockeyapp.SkypeCrashListener.(SourceFile:48)
09-20 23:05:43.960 14809 14809 W ReactHockeyApp: com.skype.hockeyapp.SkypeCrashListener.a(SourceFile:43)
09-20 23:05:43.960 14809 14809 W ReactHockeyApp: com.skype.hockeyapp.SkypeCrashManager.a(SourceFile:40)
09-20 23:05:43.960 14809 14809 W ReactHockeyApp: com.skype4life.SkypeApplication.onCreate(SourceFile:1045)
09-20 23:05:43.960 14809 14809 W ReactHockeyApp: android.app.Instrumentation.callApplicationOnCreate(Instrumentation.java:1032)
09-20 23:05:43.960 14809 14809 W ReactHockeyApp: android.app.ActivityThread.handleBindApplication(ActivityThread.java:5970)
09-20 23:05:43.960 14809 14809 W ReactHockeyApp: android.app.ActivityThread.-wrap3(ActivityThread.java:-1)
09-20 23:05:43.960 14809 14809 W ReactHockeyApp: android.app.ActivityThread$H.handleMessage(ActivityThread.java:1710)
09-20 23:05:43.960 14809 14809 W ReactHockeyApp: android.os.Handler.dispatchMessage(Handler.java:102)
09-20 23:05:43.960 14809 14809 W ReactHockeyApp: android.os.Looper.loop(Looper.java:154)
09-20 23:05:43.960 14809 14809 W ReactHockeyApp: android.app.ActivityThread.main(ActivityThread.java:6776)
09-20 23:05:43.960 14809 14809 W ReactHockeyApp: java.lang.reflect.Method.invoke(Method.java:-2)
09-20 23:05:43.960 14809 14809 W ReactHockeyApp: com.android.internal.os.ZygoteInit$MethodAndArgsCaller.run(ZygoteInit.java:1496)
09-20 23:05:43.960 14809 14809 W ReactHockeyApp: com.android.internal.os.ZygoteInit.main(ZygoteInit.java:1386)
09-20 23:05:43.982 14809 14809 I DumpUploader: Preparing check for new crash dumps
09-20 23:05:43.988 14809 14856 I DumpUploader: Started check for new crash dumps
09-20 23:05:43.989 14809 14809 I ReactApp: parsingProcessName took 0ms
09-20 23:05:43.990 14809 14809 I ReactApp: onCreate start
09-20 23:05:43.994 14809 14856 I DumpUploader: Marking dumps as known:
09-20 23:05:44.106 14809 14809 I ReactApp: leakCanaryInstall took 0ms
09-20 23:05:44.141 14809 14809 I ReactApp: configureOkHttp took 34ms
09-20 23:05:44.142 14809 14809 I ReactApp: configureStetho took 0ms
09-20 23:05:44.251 14809 14809 I ReactApp: configureYoga took 108ms
09-20 23:05:44.262 14809 14809 I ReactApp: CsiManager.onCreate took 10ms
09-20 23:05:44.537 14809 14809 I ReactApp: mReactNativeHost.getReactInstanceManager took 274ms
09-20 23:05:44.538 14809 14872 I React: Creating react context.
09-20 23:05:44.539 14809 14809 I ReactApp: onCreate complete in 652ms
09-20 23:05:44.540 14809 14809 I ReactApp: onTrimMemory level: 5
09-20 23:05:44.569 14809 14872 I SkypeCameraViewManager: init
09-20 23:05:44.706 14809 14872 I GradientImagePackage: createViewManagers
09-20 23:05:44.715 14809 14872 W ViewManagerPropertyUpdater: Could not find generated setter for class com.skype.ink.AdditiveSurfaceViewManager
09-20 23:05:44.742 14809 14872 W ViewManagerPropertyUpdater: Could not find generated setter for class com.skype.ink.AdditiveSurfaceViewShadowNode
09-20 23:05:44.753 14809 14872 W ViewManagerPropertyUpdater: Could not find generated setter for class com.facebook.react.uimanager.h
09-20 23:05:44.762 14809 14872 W ViewManagerPropertyUpdater: Could not find generated setter for class com.facebook.react.views.text.g
09-20 23:05:44.776 14809 14872 W ViewManagerPropertyUpdater: Could not find generated setter for class com.facebook.react.views.textinput.i
09-20 23:05:44.782 14809 14809 I ReactApp: dumpMemoryUsage [BeforeOnTrim] JavaUsedMemInMB=4 MB JavaMaxHeapSizeInMB=128 MB JavaAvailHeapSizeInMB=124 MB SysTotalMem=1.441.517.568 SysAvailMem=252.719.104 Threshold=100.663.296 InLowMem=false dalvikPss=1.914 KB dalvikPrivateDirty=1.884 KB dalvikSharedDirty=300 KB nativePss=1.929 KB nativePrivateDirty=1.908 KB nativeSharedDirty=52 KB otherPss=12.354 KB otherPrivateDirty=3.292 KB otherSharedDirty=1.204 KB summary.java-heap=2.468 KB summary.native-heap=1.908 KB summary.code=7.448 KB summary.stack=132 KB summary.graphics=0 KB summary.private-other=2.256 KB summary.system=2.180 KB summary.total-pss=16.392 KB summary.total-swap=11.332 KB
09-20 23:05:44.783 14809 14809 I ReactApp: onTrimMemory flush Fresco in-memory cache FG mode. level=5
09-20 23:05:44.784 14809 14809 I PushReceiver: onReceive
09-20 23:05:44.785 14809 14809 I PushHandlingContext: onReceive
09-20 23:05:44.786 14809 14809 I PushHandlingContext: onReceive - no prior WakeLock; starting push handling
09-20 23:05:44.791 14809 14809 I skype:bgexec: startWakefulService at=1537484744.791s debugCause=PushHelper
09-20 23:05:44.800 14809 14809 I PushHandlingContext: onReceive - delaying message until PushModule is initialized
09-20 23:05:44.801 14809 14809 I skype:bgexec: completeWakefulIntentAfterAllWakeLocks at=1537484744.801s debugCause=PushReceiver
09-20 23:05:44.804 14809 14809 I PushHandlingService: Service created
09-20 23:05:44.805 14809 14809 I PushHandlingService: Start push handling. pushId: 1 startId: 1
09-20 23:05:44.805 14809 14872 W ViewManagerPropertyUpdater: Could not find generated setter for class com.facebook.react.views.art.c
09-20 23:05:44.806 14809 14809 I UpgradeContext: onReceive action android.intent.action.MY_PACKAGE_REPLACED
09-20 23:05:44.807 14809 14872 W ViewManagerPropertyUpdater: Could not find generated setter for class com.facebook.react.views.art.b
09-20 23:05:44.807 14809 14809 I UpgradeContext: acquireWakeLock taskId 1
09-20 23:05:44.810 14809 14872 W ViewManagerPropertyUpdater: Could not find generated setter for class com.facebook.react.views.art.a
09-20 23:05:44.813 14809 14872 W ViewManagerPropertyUpdater: Could not find generated setter for class com.facebook.react.views.progressbar.b
09-20 23:05:44.815 14809 14872 W ViewManagerPropertyUpdater: Could not find generated setter for class com.facebook.react.views.text.frescosupport.a
09-20 23:05:44.816 14809 14809 I UpgradeContext: UpgradeModuleNotReady: task 1, intent pushed to delayedIntentQueue
09-20 23:05:44.817 14809 14809 I SimpleWakefulService: Service created
09-20 23:05:44.818 14809 14809 I SimpleWakefulService: Acquire WAKE_LOCK for taskId: 1 with startId: 1
09-20 23:05:44.818 14809 14872 W ViewManagerPropertyUpdater: Could not find generated setter for class com.brentvatne.react.ReactVideoViewManager
09-20 23:05:44.824 14809 14872 W ViewManagerPropertyUpdater: Could not find generated setter for class com.skpcamera.SkypeCameraViewManager
09-20 23:05:44.829 14809 14872 W ViewManagerPropertyUpdater: Could not find generated setter for class com.customkeyboard.CustomKeyboardViewManager
09-20 23:05:44.833 14809 14872 W ViewManagerPropertyUpdater: Could not find generated setter for class com.skype.slimcore.video.RNCallingVideoViewManager
09-20 23:05:44.837 14809 14872 W ViewManagerPropertyUpdater: Could not find generated setter for class com.skype.slimcore.video.RNCallingVideoViewLocalManager
09-20 23:05:44.840 14809 14872 W ViewManagerPropertyUpdater: Could not find generated setter for class com.skype.slimcore.video.RNCallingVideoViewPreviewManager
09-20 23:05:44.844 14809 14872 W ViewManagerPropertyUpdater: Could not find generated setter for class com.microsoft.react.mediapicker.MediaPickerViewManager
09-20 23:05:44.852 14809 14872 W ViewManagerPropertyUpdater: Could not find generated setter for class com.microsoft.react.mediapicker.c
09-20 23:05:44.863 14809 14872 W ViewManagerPropertyUpdater: Could not find generated setter for class com.microsoft.skypemessagetextinput.view.RNViewManager
09-20 23:05:44.870 14809 14872 W ViewManagerPropertyUpdater: Could not find generated setter for class com.microsoft.skypemessagetextinput.view.c
09-20 23:05:44.872 14809 14872 W ViewManagerPropertyUpdater: Could not find generated setter for class com.skype.reactnativesprites.SpriteViewManager
09-20 23:05:44.877 14809 14872 W ViewManagerPropertyUpdater: Could not find generated setter for class com.projectseptember.RNGL.GLCanvasManager
09-20 23:05:44.883 14809 14872 W ViewManagerPropertyUpdater: Could not find generated setter for class com.github.alinz.reactnativewebviewbridge.WebViewBridgeManager
09-20 23:05:44.889 14809 14872 W ViewManagerPropertyUpdater: Could not find generated setter for class com.airbnb.android.react.maps.AirMapCalloutManager
09-20 23:05:44.893 14809 14872 W ViewManagerPropertyUpdater: Could not find generated setter for class com.airbnb.android.react.maps.AirMapMarkerManager
09-20 23:05:44.900 14809 14872 W ViewManagerPropertyUpdater: Could not find generated setter for class com.airbnb.android.react.maps.AirMapPolylineManager
09-20 23:05:44.904 14809 14872 W ViewManagerPropertyUpdater: Could not find generated setter for class com.airbnb.android.react.maps.AirMapPolygonManager
09-20 23:05:44.908 14809 14872 W ViewManagerPropertyUpdater: Could not find generated setter for class com.airbnb.android.react.maps.AirMapCircleManager
09-20 23:05:44.913 14809 14872 W ViewManagerPropertyUpdater: Could not find generated setter for class com.airbnb.android.react.maps.AirMapManager
09-20 23:05:44.922 14809 14872 W ViewManagerPropertyUpdater: Could not find generated setter for class com.airbnb.android.react.maps.AirMapLiteManager
09-20 23:05:44.924 14809 14872 W ViewManagerPropertyUpdater: Could not find generated setter for class com.airbnb.android.react.maps.AirMapUrlTileManager
09-20 23:05:44.927 14809 14872 W ViewManagerPropertyUpdater: Could not find generated setter for class com.microsoft.react.videofxp.VideoFXPViewManager
09-20 23:05:44.932 14809 14872 W ViewManagerPropertyUpdater: Could not find generated setter for class com.skype.virtualmessageview.VirtualMessageViewControllerManager
09-20 23:05:44.934 14809 14872 W ViewManagerPropertyUpdater: Could not find generated setter for class com.microsoft.react.clippedview.ClippedViewManager
09-20 23:05:44.937 14809 14872 W ViewManagerPropertyUpdater: Could not find generated setter for class com.BV.LinearGradient.LinearGradientManager
09-20 23:05:44.944 14809 14872 W ViewManagerPropertyUpdater: Could not find generated setter for class com.airbnb.android.react.lottie.LottieAnimationViewManager
09-20 23:05:44.952 14809 14872 W ViewManagerPropertyUpdater: Could not find generated setter for class com.microsoft.react.gradientimage.GradientImageViewManager
09-20 23:05:44.956 14809 14872 W ViewManagerPropertyUpdater: Could not find generated setter for class com.skype.qrcode.QRCodeViewManager
09-20 23:05:44.963 14809 14872 W ViewManagerPropertyUpdater: Could not find generated setter for class com.skype.camera.imagefilter.ImageFilterManager
09-20 23:05:45.420 14809 14872 W JavaModuleHelper: Could not find generated custom module provider
09-20 23:05:45.421 14809 14872 W React: There is no generated module helper for module: RNStorage using FallbackModuleHelper which works way slower. Consider enabling apt generation for this module in order to improve startup performance
09-20 23:05:45.422 14809 14872 W React: There is no generated module helper for module: RNBackgroundTimer using FallbackModuleHelper which works way slower. Consider enabling apt generation for this module in order to improve startup performance
09-20 23:05:45.422 14809 14872 W React: There is no generated module helper for module: TokenShareModule using FallbackModuleHelper which works way slower. Consider enabling apt generation for this module in order to improve startup performance
09-20 23:05:45.422 14809 14872 W React: There is no generated module helper for module: DeviceUtilities using FallbackModuleHelper which works way slower. Consider enabling apt generation for this module in order to improve startup performance
09-20 23:05:45.422 14809 14872 W React: There is no generated module helper for module: FileEncryptionNative using FallbackModuleHelper which works way slower. Consider enabling apt generation for this module in order to improve startup performance
09-20 23:05:45.423 14809 14872 W React: There is no generated module helper for module: EnvironmentInfo using FallbackModuleHelper which works way slower. Consider enabling apt generation for this module in order to improve startup performance
09-20 23:05:45.423 14809 14872 W React: There is no generated module helper for module: SoundPlayer using FallbackModuleHelper which works way slower. Consider enabling apt generation for this module in order to improve startup performance
09-20 23:05:45.423 14809 14872 W React: There is no generated module helper for module: ShareToApp using FallbackModuleHelper which works way slower. Consider enabling apt generation for this module in order to improve startup performance
09-20 23:05:45.424 14809 14872 W React: There is no generated module helper for module: Contacts using FallbackModuleHelper which works way slower. Consider enabling apt generation for this module in order to improve startup performance
09-20 23:05:45.424 14809 14872 W React: There is no generated module helper for module: CortanaSignals using FallbackModuleHelper which works way slower. Consider enabling apt generation for this module in order to improve startup performance
09-20 23:05:45.424 14809 14872 W React: There is no generated module helper for module: AndroidSmsManager using FallbackModuleHelper which works way slower. Consider enabling apt generation for this module in order to improve startup performance
09-20 23:05:45.425 14809 14872 W React: There is no generated module helper for module: ShareSheet using FallbackModuleHelper which works way slower. Consider enabling apt generation for this module in order to improve startup performance
09-20 23:05:45.425 14809 14872 W React: There is no generated module helper for module: RNGLContext using FallbackModuleHelper which works way slower. Consider enabling apt generation for this module in order to improve startup performance
09-20 23:05:45.425 14809 14872 W React: There is no generated module helper for module: RNManualFileCache using FallbackModuleHelper which works way slower. Consider enabling apt generation for this module in order to improve startup performance
09-20 23:05:45.426 14809 14872 W React: There is no generated module helper for module: RNHockeyApp using FallbackModuleHelper which works way slower. Consider enabling apt generation for this module in order to improve startup performance
09-20 23:05:45.426 14809 14872 W React: There is no generated module helper for module: CallMonitor using FallbackModuleHelper which works way slower. Consider enabling apt generation for this module in order to improve startup performance
09-20 23:05:45.426 14809 14872 W React: There is no generated module helper for module: SoundRecorder using FallbackModuleHelper which works way slower. Consider enabling apt generation for this module in order to improve startup performance
09-20 23:05:45.427 14809 14872 W React: There is no generated module helper for module: FrescoModule using FallbackModuleHelper which works way slower. Consider enabling apt generation for this module in order to improve startup performance
09-20 23:05:45.427 14809 14872 W React: There is no generated module helper for module: MediaPicker using FallbackModuleHelper which works way slower. Consider enabling apt generation for this module in order to improve startup performance
09-20 23:05:45.427 14809 14872 W React: There is no generated module helper for module: SnapshotManager using FallbackModuleHelper which works way slower. Consider enabling apt generation for this module in order to improve startup performance
09-20 23:05:45.427 14809 14872 W React: There is no generated module helper for module: PlatformConstants using FallbackModuleHelper which works way slower. Consider enabling apt generation for this module in order to improve startup performance
09-20 23:05:45.427 14809 14872 W React: There is no generated module helper for module: FingerprintingLib using FallbackModuleHelper which works way slower. Consider enabling apt generation for this module in order to improve startup performance
09-20 23:05:45.428 14809 14872 W React: There is no generated module helper for module: FileTracker using FallbackModuleHelper which works way slower. Consider enabling apt generation for this module in order to improve startup performance
09-20 23:05:45.428 14809 14872 W React: There is no generated module helper for module: RNCommandInvoker using FallbackModuleHelper which works way slower. Consider enabling apt generation for this module in order to improve startup performance
09-20 23:05:45.429 14809 14872 W React: There is no generated module helper for module: ImagePickerManager using FallbackModuleHelper which works way slower. Consider enabling apt generation for this module in order to improve startup performance
09-20 23:05:45.429 14809 14872 W React: There is no generated module helper for module: RNBackgroundExecution using FallbackModuleHelper which works way slower. Consider enabling apt generation for this module in order to improve startup performance
09-20 23:05:45.429 14809 14872 W React: There is no generated module helper for module: AirMapModule using FallbackModuleHelper which works way slower. Consider enabling apt generation for this module in order to improve startup performance
09-20 23:05:45.430 14809 14872 W React: There is no generated module helper for module: RNSlimcore using FallbackModuleHelper which works way slower. Consider enabling apt generation for this module in order to improve startup performance
09-20 23:05:45.430 14809 14872 W React: There is no generated module helper for module: SourceCode using FallbackModuleHelper which works way slower. Consider enabling apt generation for this module in order to improve startup performance
09-20 23:05:45.431 14809 14872 W React: There is no generated module helper for module: AdvertisementUtilities using FallbackModuleHelper which works way slower. Consider enabling apt generation for this module in order to improve startup performance
09-20 23:05:45.431 14809 14872 W React: There is no generated module helper for module: RNReload using FallbackModuleHelper which works way slower. Consider enabling apt generation for this module in order to improve startup performance
09-20 23:05:45.431 14809 14872 W React: There is no generated module helper for module: Calendar using FallbackModuleHelper which works way slower. Consider enabling apt generation for this module in order to improve startup performance
09-20 23:05:45.432 14809 14872 W React: There is no generated module helper for module: DeviceInfo using FallbackModuleHelper which works way slower. Consider enabling apt generation for this module in order to improve startup performance
09-20 23:05:45.432 14809 14872 W React: There is no generated module helper for module: AndroidBadges using FallbackModuleHelper which works way slower. Consider enabling apt generation for this module in order to improve startup performance
09-20 23:05:45.433 14809 14872 W React: There is no generated module helper for module: TimeZoneManager using FallbackModuleHelper which works way slower. Consider enabling apt generation for this module in order to improve startup performance
09-20 23:05:45.433 14809 14872 W React: There is no generated module helper for module: RNViewConfig using FallbackModuleHelper which works way slower. Consider enabling apt generation for this module in order to improve startup performance
09-20 23:05:45.433 14809 14872 W React: There is no generated module helper for module: RNUrlRequest using FallbackModuleHelper which works way slower. Consider enabling apt generation for this module in order to improve startup performance
09-20 23:05:45.433 14809 14872 W React: There is no generated module helper for module: AssetReader using FallbackModuleHelper which works way slower. Consider enabling apt generation for this module in order to improve startup performance
09-20 23:05:45.434 14809 14872 W React: There is no generated module helper for module: ExtendedAppState using FallbackModuleHelper which works way slower. Consider enabling apt generation for this module in order to improve startup performance
09-20 23:05:45.434 14809 14872 W React: There is no generated module helper for module: SkypeCamera using FallbackModuleHelper which works way slower. Consider enabling apt generation for this module in order to improve startup performance
09-20 23:05:45.434 14809 14872 W React: There is no generated module helper for module: RNPushAndroid using FallbackModuleHelper which works way slower. Consider enabling apt generation for this module in order to improve startup performance
09-20 23:05:45.434 14809 14872 W React: There is no generated module helper for module: RNGeocoder using FallbackModuleHelper which works way slower. Consider enabling apt generation for this module in order to improve startup performance
09-20 23:05:45.435 14809 14872 W React: There is no generated module helper for module: RNDocumentPicker using FallbackModuleHelper which works way slower. Consider enabling apt generation for this module in order to improve startup performance
09-20 23:05:45.435 14809 14872 W React: There is no generated module helper for module: RNCookieManagerAndroid using FallbackModuleHelper which works way slower. Consider enabling apt generation for this module in order to improve startup performance
09-20 23:05:45.436 14809 14872 W React: There is no generated module helper for module: IncomingCallInteractionManager using FallbackModuleHelper which works way slower. Consider enabling apt generation for this module in order to improve startup performance
09-20 23:05:45.436 14809 14872 W React: There is no generated module helper for module: CallIntent using FallbackModuleHelper which works way slower. Consider enabling apt generation for this module in order to improve startup performance
09-20 23:05:45.437 14809 14872 W React: There is no generated module helper for module: VideoFXP using FallbackModuleHelper which works way slower. Consider enabling apt generation for this module in order to improve startup performance
09-20 23:05:45.437 14809 14872 W React: There is no generated module helper for module: RNGraphicsContext using FallbackModuleHelper which works way slower. Consider enabling apt generation for this module in order to improve startup performance
09-20 23:05:45.438 14809 14872 W React: There is no generated module helper for module: SKPSkypeMessageTextInputModule using FallbackModuleHelper which works way slower. Consider enabling apt generation for this module in order to improve startup performance
09-20 23:05:45.439 14809 14872 W React: There is no generated module helper for module: RNSkypeCredentialsFetcher using FallbackModuleHelper which works way slower. Consider enabling apt generation for this module in order to improve startup performance
09-20 23:05:45.439 14809 14872 W React: There is no generated module helper for module: SyncModule using FallbackModuleHelper which works way slower. Consider enabling apt generation for this module in order to improve startup performance
09-20 23:05:45.439 14809 14872 W React: There is no generated module helper for module: RNNetworkInfo using FallbackModuleHelper which works way slower. Consider enabling apt generation for this module in order to improve startup performance
09-20 23:05:45.440 14809 14872 W React: There is no generated module helper for module: ZipUtil using FallbackModuleHelper which works way slower. Consider enabling apt generation for this module in order to improve startup performance
09-20 23:05:45.440 14809 14872 W React: There is no generated module helper for module: ExternalBrowser using FallbackModuleHelper which works way slower. Consider enabling apt generation for this module in order to improve startup performance
09-20 23:05:45.440 14809 14872 W React: There is no generated module helper for module: RNAppUpgrade using FallbackModuleHelper which works way slower. Consider enabling apt generation for this module in order to improve startup performance
09-20 23:05:45.441 14809 14872 W React: There is no generated module helper for module: Adjust using FallbackModuleHelper which works way slower. Consider enabling apt generation for this module in order to improve startup performance
09-20 23:05:45.441 14809 14872 W React: There is no generated module helper for module: RNKeychainManager using FallbackModuleHelper which works way slower. Consider enabling apt generation for this module in order to improve startup performance
09-20 23:05:45.441 14809 14872 W React: There is no generated module helper for module: ClientLogging using FallbackModuleHelper which works way slower. Consider enabling apt generation for this module in order to improve startup performance
09-20 23:05:45.442 14809 14872 W React: There is no generated module helper for module: SplashScreenNotifier using FallbackModuleHelper which works way slower. Consider enabling apt generation for this module in order to improve startup performance
09-20 23:05:45.442 14809 14872 W React: There is no generated module helper for module: PermissionsManager using FallbackModuleHelper which works way slower. Consider enabling apt generation for this module in order to improve startup performance
09-20 23:05:45.442 14809 14872 W React: There is no generated module helper for module: UrlUtil using FallbackModuleHelper which works way slower. Consider enabling apt generation for this module in order to improve startup performance
09-20 23:05:45.443 14809 14872 W React: There is no generated module helper for module: CampaignReceiver using FallbackModuleHelper which works way slower. Consider enabling apt generation for this module in order to improve startup performance
09-20 23:05:45.443 14809 14872 W React: There is no generated module helper for module: ImageResizerAndroid using FallbackModuleHelper which works way slower. Consider enabling apt generation for this module in order to improve startup performance
09-20 23:05:45.443 14809 14872 W React: There is no generated module helper for module: AudioManager using FallbackModuleHelper which works way slower. Consider enabling apt generation for this module in order to improve startup performance
09-20 23:05:45.444 14809 14872 W React: There is no generated module helper for module: DeviceSettings using FallbackModuleHelper which works way slower. Consider enabling apt generation for this module in order to improve startup performance
09-20 23:05:45.444 14809 14872 W React: There is no generated module helper for module: NativeEntropy using FallbackModuleHelper which works way slower. Consider enabling apt generation for this module in order to improve startup performance
09-20 23:05:45.445 14809 14872 W React: There is no generated module helper for module: ContextMenuAndroid using FallbackModuleHelper which works way slower. Consider enabling apt generation for this module in order to improve startup performance
09-20 23:05:45.445 14809 14872 W React: There is no generated module helper for module: CustomKeyboard using FallbackModuleHelper which works way slower. Consider enabling apt generation for this module in order to improve startup performance
09-20 23:05:45.652 14809 14809 I SmsHandlingContext: init()
09-20 23:05:45.660 14809 14915 W ReactApp: registerMemoryTrimmable current size: 0
09-20 23:05:45.661 14809 14915 W ReactApp: registerMemoryTrimmable current size: 1
09-20 23:05:45.669 14809 14915 I SkypeCameraModule: SkypeCameraModule initialize
09-20 23:05:45.672 14809 14915 I AudioManagerModule: initialize (causeId 98be7642)
09-20 23:05:45.674 14809 14915 I AudioManagerModule: AudioManagerModule.initialize took 3ms
09-20 23:05:45.674 14809 14905 I AudioOptions: initialize (causeId 98be7642)
09-20 23:05:45.690 14809 14905 I WiredHeadsetReceiver: Registered receiver
09-20 23:05:45.692 14809 14906 I WiredHeadsetReceiver: addListener (causeId: 98be7642)
09-20 23:05:45.693 14809 14906 I AudioOptions: WiredHeadsetReceiver.headsetStateChanged UNPLUGGED (causeId 98be7642)
09-20 23:05:45.699 14809 14905 I BluetoothReceiver: Received sticky intent android.media.ACTION_SCO_AUDIO_STATE_UPDATED
09-20 23:05:45.701 14809 14905 I BluetoothReceiver: Registered receiver
09-20 23:05:45.700 14809 14906 I BluetoothReceiver: BluetoothReceiver: AudioManager.ACTION_SCO_AUDIO_STATE_UPDATED: UNKNOWN -> STATE_DISCONNECTED (causeId: f356c127)
09-20 23:05:45.704 14809 14905 I BluetoothReceiver: loadAlreadyConnectedDevices (causeId: 98be7642)
09-20 23:05:45.707 14809 14943 I BluetoothReceiver: BluetoothReceiver: AudioManager.ACTION_SCO_AUDIO_STATE_UPDATED: UNKNOWN -> STATE_DISCONNECTED (causeId: 181eaaeb)
09-20 23:05:45.719 14809 14906 I BluetoothReceiver: addListener (causeId: 98be7642)
09-20 23:05:45.794 14809 14905 I BluetoothReceiver: createServiceListener (causeId: 98be7642)
09-20 23:05:45.835 14809 14943 I ModernAudioDeviceMonitor: addListener (causeId: 98be7642)
09-20 23:05:45.835 14809 14943 I AudioOptions: ModernAudioDeviceMonitor.availableAudioDeviceTypesChanged headphones: false usb: false (causeId 98be7642)
09-20 23:05:45.877 14809 14937 I TokenShareModule: getAccounts() called, returned with list size 0
09-20 23:05:45.893 14809 14905 I AudioManagerModule: Output update and reset (destination 3, deviceStatus 2, causeId 98be7642)
09-20 23:05:45.894 14809 14943 I AudioManagerModule: Output update and reset (destination 3, deviceStatus 2, causeId 98be7642)
09-20 23:05:45.896 14809 14906 I ModernAudioDeviceMonitor: initialization headphones: false, usb: false, devices: [[1:TYPE_BUILTIN_EARPIECE], [2:TYPE_BUILTIN_SPEAKER], [5:TYPE_BUILTIN_MIC], [7:TYPE_TELEPHONY]] (causeId: 807ce89e)
09-20 23:05:45.990 14809 14809 I ReactApp: dumpMemoryUsage [AfterOnTrim] JavaUsedMemInMB=5 MB JavaMaxHeapSizeInMB=128 MB JavaAvailHeapSizeInMB=123 MB SysTotalMem=1.441.517.568 SysAvailMem=245.575.680 Threshold=100.663.296 InLowMem=false dalvikPss=4.689 KB dalvikPrivateDirty=4.640 KB dalvikSharedDirty=308 KB nativePss=17.146 KB nativePrivateDirty=17.132 KB nativeSharedDirty=48 KB otherPss=34.324 KB otherPrivateDirty=16.840 KB otherSharedDirty=1.152 KB summary.java-heap=5.520 KB summary.native-heap=17.132 KB summary.code=15.456 KB summary.stack=276 KB summary.graphics=0 KB summary.private-other=14.704 KB summary.system=3.234 KB summary.total-pss=56.322 KB summary.total-swap=10.596 KB
09-20 23:05:45.991 14809 14905 I ModernAudioDeviceMonitor: onAudioDevicesAdded headphones: false, usb: false, devices: [[1:TYPE_BUILTIN_EARPIECE], [2:TYPE_BUILTIN_SPEAKER], [5:TYPE_BUILTIN_MIC], [7:TYPE_TELEPHONY]] (causeId: e5bf179d)
09-20 23:05:46.071 14809 14809 I TelephoneStateListener: Registering phone state listener (causeId 98be7642)
09-20 23:05:46.118 14809 14809 I AudioManagerModule: TelephoneStateListener.init took 50ms
09-20 23:05:46.134 14809 14809 I AudioManagerModule: Sending output changed event to EARPIECE (causeId 98be7642)
09-20 23:05:46.140 14809 14943 I TelephoneStateListener: onCallStateChanged 0 (causeId 4468430d)
09-20 23:05:49.223 14809 14913 I ReactNativeJS: [#ffffffff-u] [TRACE] [JS.HeadlessJsTask] registerHeadlessTaskCallbacks called for 'StaticTask.OnAppUpdated'
09-20 23:05:49.229 14809 14913 I ReactNativeJS: [#ffffffff-u] [TRACE] [JS.HeadlessJsTask] registerHeadlessTaskCallbacks called for 'StaticTask.OnAppUpdatedRetry'
09-20 23:05:49.336 14809 14913 I ReactNativeJS: [#ffffffff-u] [TRACE] [JS.HeadlessJsTask] registerHeadlessTaskCallbacks called for 'SignInOnUserSessionConnected'
09-20 23:05:49.336 14809 14913 I ReactNativeJS: [#ffffffff-u] [TRACE] [JS.HeadlessJsTask] registerHeadlessTaskCallbacks called for 'SignInOnUserSessionConnectedRetry'
09-20 23:05:49.337 14809 14913 I ReactNativeJS: [#ffffffff-u] [TRACE] [JS.HeadlessJsTask] registerHeadlessTaskCallbacks called for 'SignInOnDefaultMSAConnected'
09-20 23:05:49.338 14809 14913 I ReactNativeJS: [#ffffffff-u] [TRACE] [JS.HeadlessJsTask] registerHeadlessTaskCallbacks called for 'SignInOnDefaultMSAConnectedRetry'
09-20 23:05:49.341 14809 14913 I ReactNativeJS: [#ffffffff-u] [TRACE] [JS.HeadlessJsTask] registerHeadlessTaskCallbacks called for 'BackgroundHeartbeatTelemetry'
09-20 23:05:49.346 14809 14913 I ReactNativeJS: [#ffffffff-u] [TRACE] [JS.HeadlessJsTask] registerHeadlessTaskCallbacks called for 'OnMaintenanceWindowStart'
09-20 23:05:49.347 14809 14913 I ReactNativeJS: [#ffffffff-u] [TRACE] [JS.HeadlessJsTask] registerHeadlessTaskCallbacks called for 'OnMaintenanceWindowStartRetry'
09-20 23:05:49.379 14809 14913 I ReactNativeJS: [#ffffffff-u] [TRACE] [JS.HeadlessJsTask] registerHeadlessTaskCallbacks called for 'ToastActivation'
09-20 23:05:49.379 14809 14913 I ReactNativeJS: [#ffffffff-u] [TRACE] [JS.HeadlessJsTask] registerHeadlessTaskCallbacks called for 'ToastActivationRetry'
09-20 23:05:49.409 14809 14913 I RNAppUpgrade: Getting app launch attribution state = false
09-20 23:05:49.427 14809 14913 I RNAppUpgrade: hasOldSessionPreferences:false
09-20 23:05:49.513 14809 14913 I ReactNativeJS: [#ffffffff-u] [TRACE] [JS.AppUpgrade] Preparing to handle App Upgrade Event
09-20 23:05:49.515 14809 14913 I ReactNativeJS: [#ffffffff-u] [TRACE] [JS.AppUpgrade] Preparing to handle Rtc Wake Event
09-20 23:05:49.517 14809 14913 I ReactNativeJS: [#ffffffff-u] [TRACE] [JS.AppUpgrade] _setUpAppLaunchStateChangeListener
09-20 23:05:49.525 14809 14913 I ReactNativeJS: [#ffffffff-u] [TRACE] [JS.AppUpgrade] _setUpNoticationClickListener
09-20 23:05:49.527 14809 14913 I RNAppUpgrade: Getting app launch attribution state = false
09-20 23:05:49.528 14809 14913 I RNAppUpgrade: hasOldSessionPreferences:false
09-20 23:05:49.532 14809 14913 I RNAppUpgrade: Getting app launch attribution state = false
09-20 23:05:49.532 14809 14913 I RNAppUpgrade: hasOldSessionPreferences:false
09-20 23:05:49.536 14809 14913 I RNAppUpgrade: Getting app launch attribution state = false
09-20 23:05:49.537 14809 14913 I RNAppUpgrade: hasOldSessionPreferences:false
09-20 23:05:49.543 14809 14913 I RNAppUpgrade: Getting app launch attribution state = false
09-20 23:05:49.543 14809 14915 I RNAppUpgrade: initialize
09-20 23:05:49.543 14809 14913 I RNAppUpgrade: hasOldSessionPreferences:false
09-20 23:05:49.543 14809 14915 I UpgradeContext: acquireWakeLock taskId 2
09-20 23:05:49.545 14809 14913 I RNAppUpgrade: Getting app launch attribution state = false
09-20 23:05:49.545 14809 14913 I RNAppUpgrade: hasOldSessionPreferences:false
09-20 23:05:49.546 14809 14809 I SimpleWakefulService: Acquire WAKE_LOCK for taskId: 2 with startId: 2
09-20 23:05:49.550 14809 14915 I RNAppUpgrade: processPendingIntents
09-20 23:05:49.550 14809 14915 I RNAppUpgrade: processPendingIntents:delayedIntentQueue size(1)
09-20 23:05:49.551 14809 14915 I RNAppUpgrade: processPendingIntent with action: android.intent.action.MY_PACKAGE_REPLACED
