08-20 17:59:40.923 6810 6847 E RNEnvironmentInfoModule: com.facebook.react.bridge.queue.a.dispatchMessage(SourceFile:31)
08-20 17:59:40.923 6810 6847 E RNEnvironmentInfoModule: android.os.Looper.loop(Looper.java:154)
08-20 17:59:40.923 6810 6847 E RNEnvironmentInfoModule: com.facebook.react.bridge.queue.MessageQueueThreadImpl$3.run(SourceFile:194)
08-20 17:59:40.923 6810 6847 E RNEnvironmentInfoModule: java.lang.Thread.run(Thread.java:762)
08-20 17:59:40.928 6810 6847 E RNEnvironmentInfoModule: getCpuMaxFrequency()
08-20 17:59:40.928 6810 6847 E RNEnvironmentInfoModule: /sys/devices/system/cpu/cpu3/cpufreq/cpuinfo_max_freq: open failed: ENOENT (No such file or directory)
08-20 17:59:40.928 6810 6847 E RNEnvironmentInfoModule: libcore.io.IoBridge.open(IoBridge.java:455)
08-20 17:59:40.928 6810 6847 E RNEnvironmentInfoModule: java.io.RandomAccessFile.(RandomAccessFile.java:247)
08-20 17:59:40.928 6810 6847 E RNEnvironmentInfoModule: java.io.RandomAccessFile.(RandomAccessFile.java:128)
08-20 17:59:40.928 6810 6847 E RNEnvironmentInfoModule: com.microsoft.environment.RNEnvironmentInfoPackage.c(SourceFile:213)
08-20 17:59:40.928 6810 6847 E RNEnvironmentInfoModule: com.microsoft.environment.RNEnvironmentInfoPackage.b(SourceFile:37)
08-20 17:59:40.928 6810 6847 E RNEnvironmentInfoModule: com.microsoft.environment.RNEnvironmentInfoPackage$RNEnvironmentInfoModule.getConstants(SourceFile:109)
08-20 17:59:40.928 6810 6847 E RNEnvironmentInfoModule: com.facebook.react.bridge.JavaModuleWrapper.getConstants(SourceFile:155)
08-20 17:59:40.928 6810 6847 E RNEnvironmentInfoModule: com.facebook.react.bridge.queue.NativeRunnable.run(SourceFile:-2)
08-20 17:59:40.928 6810 6847 E RNEnvironmentInfoModule: android.os.Handler.handleCallback(Handler.java:751)
08-20 17:59:40.928 6810 6847 E RNEnvironmentInfoModule: android.os.Handler.dispatchMessage(Handler.java:95)
08-20 17:59:40.928 6810 6847 E RNEnvironmentInfoModule: com.facebook.react.bridge.queue.a.dispatchMessage(SourceFile:31)
08-20 17:59:40.928 6810 6847 E RNEnvironmentInfoModule: android.os.Looper.loop(Looper.java:154)
08-20 17:59:40.928 6810 6847 E RNEnvironmentInfoModule: com.facebook.react.bridge.queue.MessageQueueThreadImpl$3.run(SourceFile:194)
08-20 17:59:40.928 6810 6847 E RNEnvironmentInfoModule: java.lang.Thread.run(Thread.java:762)
08-20 17:59:41.230 6810 6847 I ReactNativeJS: [#ffffffff-u] [TRACE] [JS.HeadlessJsTask] registerHeadlessTaskCallbacks called for 'StaticTask.OnAppUpdated'
08-20 17:59:41.234 6810 6847 I ReactNativeJS: [#ffffffff-u] [TRACE] [JS.HeadlessJsTask] registerHeadlessTaskCallbacks called for 'StaticTask.OnAppUpdatedRetry'
08-20 17:59:41.278 6810 6847 I ReactNativeJS: [#ffffffff-u] [TRACE] [JS.HeadlessJsTask] registerHeadlessTaskCallbacks called for 'SignInOnUserSessionConnected'
08-20 17:59:41.279 6810 6847 I ReactNativeJS: [#ffffffff-u] [TRACE] [JS.HeadlessJsTask] registerHeadlessTaskCallbacks called for 'SignInOnUserSessionConnectedRetry'
08-20 17:59:41.279 6810 6847 I ReactNativeJS: [#ffffffff-u] [TRACE] [JS.HeadlessJsTask] registerHeadlessTaskCallbacks called for 'SignInOnDefaultMSAConnected'
08-20 17:59:41.279 6810 6847 I ReactNativeJS: [#ffffffff-u] [TRACE] [JS.HeadlessJsTask] registerHeadlessTaskCallbacks called for 'SignInOnDefaultMSAConnectedRetry'
08-20 17:59:41.281 6810 6847 I ReactNativeJS: [#ffffffff-u] [TRACE] [JS.HeadlessJsTask] registerHeadlessTaskCallbacks called for 'BackgroundHeartbeatTelemetry'
08-20 17:59:41.282 6810 6847 I ReactNativeJS: [#ffffffff-u] [TRACE] [JS.HeadlessJsTask] registerHeadlessTaskCallbacks called for 'OnMaintenanceWindowStart'
08-20 17:59:41.283 6810 6847 I ReactNativeJS: [#ffffffff-u] [TRACE] [JS.HeadlessJsTask] registerHeadlessTaskCallbacks called for 'OnMaintenanceWindowStartRetry'
08-20 17:59:41.303 6810 6847 I ReactNativeJS: [#ffffffff-u] [TRACE] [JS.HeadlessJsTask] registerHeadlessTaskCallbacks called for 'ToastActivation'
08-20 17:59:41.304 6810 6847 I ReactNativeJS: [#ffffffff-u] [TRACE] [JS.HeadlessJsTask] registerHeadlessTaskCallbacks called for 'ToastActivationRetry'
08-20 17:59:41.322 6810 6847 I RNAppUpgrade: Getting app launch attribution state = false
08-20 17:59:41.328 6810 6847 I RNAppUpgrade: hasOldSessionPreferences:false
08-20 17:59:41.333 6810 6847 I ReactNativeJS: [#ffffffff-u] [TRACE] [JS.AppUpgrade] Preparing to handle App Upgrade Event
08-20 17:59:41.334 6810 6847 I ReactNativeJS: [#ffffffff-u] [TRACE] [JS.AppUpgrade] Preparing to handle Rtc Wake Event
08-20 17:59:41.335 6810 6847 I ReactNativeJS: [#ffffffff-u] [TRACE] [JS.AppUpgrade] _setUpAppLaunchStateChangeListener
08-20 17:59:41.337 6810 6847 I ReactNativeJS: [#ffffffff-u] [TRACE] [JS.AppUpgrade] _setUpNoticationClickListener
08-20 17:59:41.338 6810 6847 I RNAppUpgrade: Getting app launch attribution state = false
08-20 17:59:41.338 6810 6847 I RNAppUpgrade: hasOldSessionPreferences:false
08-20 17:59:41.340 6810 6847 I RNAppUpgrade: Getting app launch attribution state = false
08-20 17:59:41.340 6810 6847 I RNAppUpgrade: hasOldSessionPreferences:false
08-20 17:59:41.341 6810 6847 I RNAppUpgrade: Getting app launch attribution state = false
08-20 17:59:41.342 6810 6847 I RNAppUpgrade: hasOldSessionPreferences:false
08-20 17:59:41.344 6810 6847 I RNAppUpgrade: Getting app launch attribution state = false
08-20 17:59:41.345 6810 6848 I RNAppUpgrade: initialize
08-20 17:59:41.345 6810 6847 I RNAppUpgrade: hasOldSessionPreferences:false
08-20 17:59:41.345 6810 6848 I UpgradeContext: acquireWakeLock taskId 2
08-20 17:59:41.346 6810 6847 I RNAppUpgrade: Getting app launch attribution state = false
08-20 17:59:41.347 6810 6847 I RNAppUpgrade: hasOldSessionPreferences:false
08-20 17:59:41.350 6810 6810 I SimpleWakefulService: Acquire WAKE_LOCK for taskId: 2 with startId: 2
08-20 17:59:41.355 6810 6848 I RNAppUpgrade: processPendingIntents
08-20 17:59:41.356 6810 6848 I RNAppUpgrade: processPendingIntents:delayedIntentQueue size(1)
08-20 17:59:41.356 6810 6848 I RNAppUpgrade: processPendingIntent with action: WakeEventReceiver.ACTION_OEM_RTC_WAKE
08-20 17:59:41.356 6810 6848 I RNAppUpgrade: App Received Intent with action - WakeEventReceiver.ACTION_OEM_RTC_WAKE
08-20 17:59:41.361 6810 6848 I RNAppUpgrade: Emitted event for intent with action WakeEventReceiver.ACTION_OEM_RTC_WAKE with eventOptions: {"notificationId":0,"scheduledWakeUpTime":1534787951092,"taskId":1}
08-20 17:59:41.362 6810 6848 I RNAppUpgrade: initialize
08-20 17:59:41.494 6810 6847 I ReactNativeJS: [#ffffffff-u] [TRACE] [JS.Startup] Locale initialized to [de_DE]
08-20 17:59:41.495 6810 6847 I ReactNativeJS: [#ffffffff-u] [TRACE] [JS.Startup] Country code is [DE]
08-20 17:59:41.503 6810 6847 I ReactNativeJS: [#ffffffff-u] [TRACE] [JS.Startup] Device Id: dNWT97_WBMo
08-20 17:59:41.503 6810 6847 I ReactNativeJS: [#ffffffff-u] [TRACE] [JS.Startup] Device Manufacturer: samsung
08-20 17:59:41.504 6810 6847 I ReactNativeJS: [#ffffffff-u] [TRACE] [JS.Startup] Device Model: SM-A310F
08-20 17:59:41.505 6810 6847 I ReactNativeJS: [#ffffffff-u] [TRACE] [JS.Startup] Device OS version: 7.0
08-20 17:59:41.505 6810 6847 I ReactNativeJS: [#ffffffff-u] [TRACE] [JS.Startup] App version: 8.28.0.41
08-20 17:59:41.505 6810 6847 I ReactNativeJS: [#ffffffff-u] [TRACE] [JS.Startup] App activation state: Background
08-20 17:59:41.529 6810 6847 I ReactNativeJS: [#ffffffff-u] [TRACE] [JS.GenericUnsafe] Startup Phase 1 duration: 3455ms
08-20 17:59:41.535 6810 6847 I ReactNativeJS: [#ffffffff-u] [TRACE] [JS.GenericUnsafe] Startup Phase 2 duration: 795ms
08-20 17:59:41.554 6810 6847 I ReactNativeJS: [#ffffffff-u] [TRACE] [JS.Startup] Starting: HockeyAppService
08-20 17:59:41.561 6810 6848 I ReactHockeyApp: HockeyApp - initializing configuration
08-20 17:59:41.561 6810 6847 I ReactNativeJS: [#ffffffff-S] [TRACE] [JS.HockeyApp] Ignoring check for updates - PUBLIC build
08-20 17:59:41.564 6810 6847 I ReactNativeJS: [#ffffffff-u] [TRACE] [JS.Startup] Finish: HockeyAppService: 9ms
08-20 17:59:41.588 6810 6859 I React: Check for new app crashes
08-20 17:59:41.599 6810 6847 I ReactNativeJS: [#ffffffff-u] [TRACE] [JS.Startup] Starting: CrashStatusStore
08-20 17:59:41.601 6810 6847 I ReactNativeJS: [#ffffffff-u] [TRACE] [JS.GenericUnsafe] RN Entry
08-20 17:59:41.610 6810 6847 I ReactNativeJS: [#ffffffff-u] [TRACE] [JS.AppUpgrade] Last app launch time: undefined
08-20 17:59:41.615 6810 6847 I RNAppUpgrade: Getting app launch attribution state = false
08-20 17:59:41.616 6810 6847 I RNAppUpgrade: hasOldSessionPreferences:false
08-20 17:59:41.631 6810 6847 I ReactNativeJS: [#ffffffff-u] [TRACE] [JS.AppUpgrade] _getAppLaunchState:subscribe:fired:0
08-20 17:59:41.634 6810 6847 I ReactNativeJS: [#ffffffff-u] [TRACE] [JS.AppUpgrade] Rtc Wake event Received with token 1
08-20 17:59:41.636 6810 6847 I ReactNativeJS: [#ffffffff-u] [TRACE] [JS.AppUpgrade] _getOEMConfigUsingBackgroundECSFetch, acceptStale:true
08-20 17:59:41.641 6810 6847 I ReactNativeJS: [#ffffffff-u] [TRACE] [JS.AppUpgrade] _subscribeAndFetchEcs
08-20 17:59:41.643 6810 6847 I ReactNativeJS: [#ffffffff-u] [TRACE] [JS.AppUpgrade] ECSConfig:Subscribing for fresh ECS
08-20 17:59:41.760 6810 6847 I ReactNativeJS: [#ffffffff-S] [TRACE] [JS.HockeyApp] Last launch crashed: false
08-20 17:59:41.761 6810 6847 I ReactNativeJS: [#ffffffff-u] [TRACE] [JS.Startup] Finish: CrashStatusStore: 162ms
08-20 17:59:41.764 6810 6847 I ReactNativeJS: [#ffffffff-u] [TRACE] [JS.Startup] SkypeId missing in Storage
08-20 17:59:41.816 6810 6847 I ReactNativeJS: [#ffffffff-u] [TRACE] [JS.AppUpgrade] ECSConfig:ECS, expires in: -18980418.061
08-20 17:59:41.819 6810 6847 I ReactNativeJS: [#ffffffff-u] [TRACE] [JS.AppUpgrade] _getWakeUpActivationData:begin:
08-20 17:59:41.821 6810 6847 I ReactNativeJS: [#ffffffff-u] [TRACE] [JS.AppUpgrade] _getWakeUpActivationData:end:
08-20 17:59:41.822 6810 6847 I ReactNativeJS: [#ffffffff-u] [TRACE] [JS.AppUpgrade] No notification type came from ECS config, falling back to PictureWithText1 notification
08-20 17:59:41.828 6810 6847 I ReactNativeJS: [#ffffffff-u] [TRACE] [JS.AppUpgrade] Using notification details for style TextOnly2
08-20 17:59:41.830 6810 6847 I ReactNativeJS: [#ffffffff-u] [TRACE] [JS.AppUpgrade] _triggerRtcWakeUpForActivationExperiment:begin
08-20 17:59:41.831 6810 6847 I RNAppUpgrade: Getting app launch attribution state = false
08-20 17:59:41.831 6810 6847 I RNAppUpgrade: hasOldSessionPreferences:false
08-20 17:59:41.833 6810 6848 I RNAppUpgrade: scheduleWakeUpForActivationExperiment
08-20 17:59:41.900 6810 6848 I ActivationExperiment: ActivationOptions{"ecsConfig":{"sendAppUpgradeTelemetry":true,"upgradeNotification":{"appParameters":{"appStateList":["Launched"],"maxWakeAttempts":3,"minHoursSinceLaunch":72,"wakeIntervalSecs":259200},"enabled":false,"enabledExperiments":[],"notificationTimingInfo":{"scheduleHourOfDay":19}}},"isInsidersBuild":false,"lastLaunchTime":-1,"launchState":"NeverLaunched","notificationMeta":{"imageStyle":"None","imageUri":"https://secure.skypeassets.com/content/dam/scom/app/notifications/ensure_network_image.png","notificationStyle":"TextOnly2","notificationTemplateType":"Default","subtitle":"Tägliche Chats in großartige Momente verwandeln","title":"Wir stellen vor: dein neues Skype"},"notificationState":"NotScheduled","notificationStyle":"TextOnly2","partnerPreInstallId":"534","scheduleWakeUpTime":1534787951092}
08-20 17:59:41.902 6810 6848 I ActivationExperiment: onAppWakeUp, woke up at: Monday, August 20, 2018 at 7:59 PM with AppLaunchState NeverLaunched, wakeUpReason(RtcWakeUp)
08-20 17:59:41.902 6810 6848 I ActivationExperiment: isEligibleToStartExperiment, SAMSUNG_PREINSTALL
08-20 17:59:41.977 6810 6848 I ActivationExperiment: loadFromDisk:{"experimentList":[],"schemaVersion":"v1","totalRetargetAttempts":-1,"totalWakeAttempts":30,"wakeUpList":[{"reason":"Upgrade","status":"NextWakeUpScheduled","time":1533946234151},{"reason":"RtcWakeUp","status":"NextWakeUpScheduled","time":1534266634152},{"reason":"RtcWakeUp","status":"WakeUpPending","time":1534525837347},{"reason":"Upgrade","status":"NextWakeUpScheduled","time":1534471151091},{"reason":"RtcWakeUp","status":"WakeUpPending","time":1534787951092}]}, timeTaken(4 ms)
08-20 17:59:41.984 6810 6848 I ActivationExperiment: isEligibleToExecuteExperiment: upgradeNotification not enabled
08-20 17:59:41.985 6810 6848 I ActivationExperiment: scheduleWakeUpForActivationExperiment: schedule next wake up after: 259200 secs, app will wake up on Thursday, August 23, 2018 at 7:59 PM
08-20 17:59:41.985 6810 6848 I ActivationExperiment: cancelPendingRtcWake
08-20 17:59:41.997 6810 6848 I ActivationExperiment: persistToDisk: SAVING, payload({"experimentList":[],"schemaVersion":"v1","totalRetargetAttempts":-1,"totalWakeAttempts":31,"wakeUpList":[{"reason":"Upgrade","status":"NextWakeUpScheduled","time":1533946234151},{"reason":"RtcWakeUp","status":"NextWakeUpScheduled","time":1534266634152},{"reason":"RtcWakeUp","status":"WakeUpPending","time":1534525837347},{"reason":"Upgrade","status":"NextWakeUpScheduled","time":1534471151091},{"reason":"RtcWakeUp","status":"NextWakeUpScheduled","time":1534787951092},{"reason":"RtcWakeUp","status":"WakeUpPending","time":1535047181984}]})
08-20 17:59:41.998 6810 6848 I ActivationExperiment: scheduleWakeUpForActivationExperiment: scheduled attempt(2), TimeTaken(14 ms)
08-20 17:59:42.002 6810 6848 W ReactMethodWatchdog: Method RNAppUpgrade.onRtcWakeUpForActivationExperiment invocation took too long: 170ms
08-20 17:59:42.005 6810 6847 I RNAppUpgrade: Getting app launch attribution state = false
08-20 17:59:42.006 6810 6847 I RNAppUpgrade: hasOldSessionPreferences:false
08-20 17:59:42.312 6810 6848 W ReactMethodWatchdog: Method RNCookieManagerAndroid.clearAll invocation took too long: 295ms
08-20 17:59:42.313 6810 6848 I UpgradeContext: releaseWakeLock taskId 1
08-20 17:59:42.347 6810 6810 I SimpleWakefulService: Release WAKE_LOCK for taskId: 1 with startId: 3
08-20 17:59:42.358 6810 6810 I SimpleWakefulService: Removing Stop message
08-20 17:59:42.471 6810 6848 I DeviceUtilities: DeviceUtilities: currentOrientation
08-20 17:59:42.559 6810 6848 W React: StatusBarModule: Ignored status bar change, current activity is null.
08-20 17:59:42.562 6810 6848 W React: StatusBarModule: Ignored status bar change, current activity is null.
08-20 17:59:42.563 6810 6848 W React: StatusBarModule: Ignored status bar change, current activity is null.
08-20 17:59:42.563 6810 6848 I DeviceUtilities: DeviceUtilities: statusBarHeight
08-20 17:59:42.608 6810 6847 W ReactNativeJS: [#ffffffff-u] [WARN] [JS.ResponsiveWidthStore] DeviceUtilities.currentOrientation failed: [pii] causeId: 557a1cd0
08-20 17:59:42.610 6810 6847 W ReactNativeJS: [#ffffffff-u] [WARN] [JS.GenericUnsafe] SafeAreaStore statusBarHeight failed: [pii]
08-20 17:59:47.794 6810 6850 I RNSlimcore: Clearing old logs
08-20 17:59:47.803 6810 6850 I SkyLibManager[TERMINATED:null]: clearOldLogs found 0 potential log files
08-20 17:59:56.356 6810 6858 I UpgradeContext: releaseWakeLock taskId 2
08-20 17:59:56.363 6810 6810 I SimpleWakefulService: Release WAKE_LOCK for taskId: 2 with startId: 4
08-20 17:59:56.379 6810 6810 I SimpleWakefulService: Removing Stop message
08-20 17:59:56.381 6810 6810 I SimpleWakefulService: Service destroyed
08-20 17:59:56.390 6810 6810 I ReactApp: onTrimMemory level: 80
08-20 17:59:59.125 6810 6810 I ReactApp: dumpMemoryUsage [BeforeOnTrim] JavaUsedMemInMB=5 MB JavaMaxHeapSizeInMB=128 MB JavaAvailHeapSizeInMB=123 MB SysTotalMem=1.441.517.568 SysAvailMem=322.224.128 Threshold=100.663.296 InLowMem=false dalvikPss=2.685 KB dalvikPrivateDirty=2.648 KB dalvikSharedDirty=196 KB nativePss=6.949 KB nativePrivateDirty=6.924 KB nativeSharedDirty=60 KB otherPss=58.885 KB otherPrivateDirty=32.012 KB otherSharedDirty=856 KB summary.java-heap=4.056 KB summary.native-heap=6.924 KB summary.code=21.508 KB summary.stack=800 KB summary.graphics=0 KB summary.private-other=28.760 KB summary.system=6.683 KB summary.total-pss=68.731 KB summary.total-swap=10.468 KB
08-20 17:59:59.149 6810 6810 I ReactApp: onTrimMemory flush Fresco in-memory cache BG mode. level=80
08-20 18:00:01.171 6810 6810 I ReactApp: dumpMemoryUsage [AfterOnTrim] JavaUsedMemInMB=5 MB JavaMaxHeapSizeInMB=128 MB JavaAvailHeapSizeInMB=123 MB SysTotalMem=1.441.517.568 SysAvailMem=324.009.984 Threshold=100.663.296 InLowMem=false dalvikPss=2.733 KB dalvikPrivateDirty=2.696 KB dalvikSharedDirty=196 KB nativePss=7.065 KB nativePrivateDirty=7.040 KB nativeSharedDirty=60 KB otherPss=52.732 KB otherPrivateDirty=25.852 KB otherSharedDirty=856 KB summary.java-heap=4.104 KB summary.native-heap=7.040 KB summary.code=21.512 KB summary.stack=800 KB summary.graphics=0 KB summary.private-other=22.600 KB summary.system=6.685 KB summary.total-pss=62.741 KB summary.total-swap=10.464 KB
08-20 18:02:10.523 6810 6810 I ReactApp: onTrimMemory level: 80
08-20 18:02:10.661 6810 6810 I ReactApp: dumpMemoryUsage [BeforeOnTrim] JavaUsedMemInMB=5 MB JavaMaxHeapSizeInMB=128 MB JavaAvailHeapSizeInMB=123 MB SysTotalMem=1.441.517.568 SysAvailMem=297.455.616 Threshold=100.663.296 InLowMem=false dalvikPss=2.960 KB dalvikPrivateDirty=2.924 KB dalvikSharedDirty=196 KB nativePss=6.806 KB nativePrivateDirty=6.784 KB nativeSharedDirty=60 KB otherPss=51.736 KB otherPrivateDirty=25.832 KB otherSharedDirty=856 KB summary.java-heap=4.324 KB summary.native-heap=6.784 KB summary.code=21.144 KB summary.stack=768 KB summary.graphics=0 KB summary.private-other=22.628 KB summary.system=6.063 KB summary.total-pss=61.711 KB summary.total-swap=10.468 KB
08-20 18:02:10.665 6810 6810 I ReactApp: onTrimMemory flush Fresco in-memory cache BG mode. level=80
08-20 18:02:11.815 6810 6810 I ReactApp: dumpMemoryUsage [AfterOnTrim] JavaUsedMemInMB=5 MB JavaMaxHeapSizeInMB=128 MB JavaAvailHeapSizeInMB=123 MB SysTotalMem=1.441.517.568 SysAvailMem=302.125.056 Threshold=100.663.296 InLowMem=false dalvikPss=3.075 KB dalvikPrivateDirty=3.040 KB dalvikSharedDirty=196 KB nativePss=6.713 KB nativePrivateDirty=6.692 KB nativeSharedDirty=60 KB otherPss=49.070 KB otherPrivateDirty=24.884 KB otherSharedDirty=856 KB summary.java-heap=4.432 KB summary.native-heap=6.692 KB summary.code=19.608 KB summary.stack=768 KB summary.graphics=0 KB summary.private-other=21.680 KB summary.system=5.881 KB summary.total-pss=59.061 KB summary.total-swap=10.468 KB
08-23 18:03:56.803 11067 11067 W ReactHockeyApp: RNHockeyApp: Failed to get existing metadata
08-23 18:03:56.803 11067 11067 W ReactHockeyApp: /data/user/0/com.skype.raider/files/HockeyAppCrashMetadata.json (No such file or directory)
08-23 18:03:56.803 11067 11067 W ReactHockeyApp: java.io.FileInputStream.open(FileInputStream.java:-2)
08-23 18:03:56.803 11067 11067 W ReactHockeyApp: java.io.FileInputStream.(FileInputStream.java:146)
08-23 18:03:56.803 11067 11067 W ReactHockeyApp: android.app.ContextImpl.openFileInput(ContextImpl.java:505)
08-23 18:03:56.803 11067 11067 W ReactHockeyApp: android.content.ContextWrapper.openFileInput(ContextWrapper.java:193)
08-23 18:03:56.803 11067 11067 W ReactHockeyApp: com.skype.hockeyapp.SkypeCrashListener.f(SourceFile:139)
08-23 18:03:56.803 11067 11067 W ReactHockeyApp: com.skype.hockeyapp.SkypeCrashListener.(SourceFile:48)
08-23 18:03:56.803 11067 11067 W ReactHockeyApp: com.skype.hockeyapp.SkypeCrashListener.a(SourceFile:43)
08-23 18:03:56.803 11067 11067 W ReactHockeyApp: com.skype.hockeyapp.SkypeCrashManager.a(SourceFile:37)
08-23 18:03:56.803 11067 11067 W ReactHockeyApp: com.skype4life.SkypeApplication.onCreate(SourceFile:1042)
08-23 18:03:56.803 11067 11067 W ReactHockeyApp: android.app.Instrumentation.callApplicationOnCreate(Instrumentation.java:1032)
08-23 18:03:56.803 11067 11067 W ReactHockeyApp: android.app.ActivityThread.handleBindApplication(ActivityThread.java:5970)
08-23 18:03:56.803 11067 11067 W ReactHockeyApp: android.app.ActivityThread.-wrap3(ActivityThread.java:-1)
08-23 18:03:56.803 11067 11067 W ReactHockeyApp: android.app.ActivityThread$H.handleMessage(ActivityThread.java:1710)
08-23 18:03:56.803 11067 11067 W ReactHockeyApp: android.os.Handler.dispatchMessage(Handler.java:102)
08-23 18:03:56.803 11067 11067 W ReactHockeyApp: android.os.Looper.loop(Looper.java:154)
08-23 18:03:56.803 11067 11067 W ReactHockeyApp: android.app.ActivityThread.main(ActivityThread.java:6776)
08-23 18:03:56.803 11067 11067 W ReactHockeyApp: java.lang.reflect.Method.invoke(Method.java:-2)
08-23 18:03:56.803 11067 11067 W ReactHockeyApp: com.android.internal.os.ZygoteInit$MethodAndArgsCaller.run(ZygoteInit.java:1496)
08-23 18:03:56.803 11067 11067 W ReactHockeyApp: com.android.internal.os.ZygoteInit.main(ZygoteInit.java:1386)
08-23 18:03:56.836 11067 11067 I DumpUploader: Preparing check for new crash dumps
08-23 18:03:56.838 11067 11102 I DumpUploader: Started check for new crash dumps
08-23 18:03:56.840 11067 11067 I ReactApp: parsingProcessName took 1ms
08-23 18:03:56.840 11067 11067 I ReactApp: onCreate start
08-23 18:03:56.855 11067 11102 I DumpUploader: Marking dumps as known:
08-23 18:03:56.865 11067 11067 I ReactApp: leakCanaryInstall took 1ms
08-23 18:03:56.887 11067 11067 I ReactApp: configureOkHttp took 21ms
08-23 18:03:56.888 11067 11067 I ReactApp: configureStetho took 0ms
08-23 18:03:56.927 11067 11067 I ReactApp: configureYoga took 39ms
08-23 18:03:56.932 11067 11067 I ReactApp: CsiManager.onCreate took 4ms
08-23 18:03:57.123 11067 11067 I ReactApp: mReactNativeHost.getReactInstanceManager took 191ms
08-23 18:03:57.123 11067 11067 I ReactApp: onCreate complete in 394ms
08-23 18:03:57.123 11067 11067 I ReactApp: onTrimMemory level: 5
08-23 18:03:57.139 11067 11115 I React: Creating react context.
08-23 18:03:57.180 11067 11115 I SkypeCameraViewManager: init
08-23 18:03:57.275 11067 11115 I GradientImagePackage: createViewManagers
08-23 18:03:57.277 11067 11115 W ViewManagerPropertyUpdater: Could not find generated setter for class com.skype.ink.AdditiveSurfaceViewManager
08-23 18:03:57.283 11067 11115 W ViewManagerPropertyUpdater: Could not find generated setter for class com.skype.ink.AdditiveSurfaceViewShadowNode
08-23 18:03:57.299 11067 11115 W ViewManagerPropertyUpdater: Could not find generated setter for class com.facebook.react.uimanager.h
08-23 18:03:57.302 11067 11115 W ViewManagerPropertyUpdater: Could not find generated setter for class com.facebook.react.views.text.g
08-23 18:03:57.319 11067 11115 W ViewManagerPropertyUpdater: Could not find generated setter for class com.facebook.react.views.textinput.i
08-23 18:03:57.323 11067 11115 W ViewManagerPropertyUpdater: Could not find generated setter for class com.facebook.react.views.art.c
08-23 18:03:57.325 11067 11115 W ViewManagerPropertyUpdater: Could not find generated setter for class com.facebook.react.views.art.b
08-23 18:03:57.329 11067 11115 W ViewManagerPropertyUpdater: Could not find generated setter for class com.facebook.react.views.art.a
08-23 18:03:57.330 11067 11115 W ViewManagerPropertyUpdater: Could not find generated setter for class com.facebook.react.views.progressbar.b
08-23 18:03:57.332 11067 11115 W ViewManagerPropertyUpdater: Could not find generated setter for class com.facebook.react.views.text.frescosupport.a
08-23 18:03:57.334 11067 11115 W ViewManagerPropertyUpdater: Could not find generated setter for class com.brentvatne.react.ReactVideoViewManager
08-23 18:03:57.360 11067 11115 W ViewManagerPropertyUpdater: Could not find generated setter for class com.skpcamera.SkypeCameraViewManager
08-23 18:03:57.365 11067 11115 W ViewManagerPropertyUpdater: Could not find generated setter for class com.customkeyboard.CustomKeyboardViewManager
08-23 18:03:57.367 11067 11115 W ViewManagerPropertyUpdater: Could not find generated setter for class com.skype.slimcore.video.RNCallingVideoViewManager
08-23 18:03:57.369 11067 11115 W ViewManagerPropertyUpdater: Could not find generated setter for class com.skype.slimcore.video.RNCallingVideoViewLocalManager
08-23 18:03:57.374 11067 11115 W ViewManagerPropertyUpdater: Could not find generated setter for class com.microsoft.react.mediapicker.MediaPickerViewManager
08-23 18:03:57.380 11067 11115 W ViewManagerPropertyUpdater: Could not find generated setter for class com.microsoft.react.mediapicker.c
08-23 18:03:57.382 11067 11115 W ViewManagerPropertyUpdater: Could not find generated setter for class com.microsoft.skypemessagetextinput.view.RNViewManager
08-23 18:03:57.391 11067 11115 W ViewManagerPropertyUpdater: Could not find generated setter for class com.microsoft.skypemessagetextinput.view.c
08-23 18:03:57.393 11067 11115 W ViewManagerPropertyUpdater: Could not find generated setter for class com.skype.reactnativesprites.SpriteViewManager
08-23 18:03:57.395 11067 11115 W ViewManagerPropertyUpdater: Could not find generated setter for class com.projectseptember.RNGL.GLCanvasManager
08-23 18:03:57.397 11067 11115 W ViewManagerPropertyUpdater: Could not find generated setter for class com.github.alinz.reactnativewebviewbridge.WebViewBridgeManager
08-23 18:03:57.403 11067 11115 W ViewManagerPropertyUpdater: Could not find generated setter for class com.airbnb.android.react.maps.AirMapCalloutManager
08-23 18:03:57.405 11067 11115 W ViewManagerPropertyUpdater: Could not find generated setter for class com.airbnb.android.react.maps.AirMapMarkerManager
08-23 18:03:57.409 11067 11115 W ViewManagerPropertyUpdater: Could not find generated setter for class com.airbnb.android.react.maps.AirMapPolylineManager
08-23 18:03:57.411 11067 11115 W ViewManagerPropertyUpdater: Could not find generated setter for class com.airbnb.android.react.maps.AirMapPolygonManager
08-23 18:03:57.413 11067 11115 W ViewManagerPropertyUpdater: Could not find generated setter for class com.airbnb.android.react.maps.AirMapCircleManager
08-23 18:03:57.416 11067 11115 W ViewManagerPropertyUpdater: Could not find generated setter for class com.airbnb.android.react.maps.AirMapManager
08-23 18:03:57.420 11067 11115 W ViewManagerPropertyUpdater: Could not find generated setter for class com.airbnb.android.react.maps.AirMapLiteManager
08-23 18:03:57.421 11067 11115 W ViewManagerPropertyUpdater: Could not find generated setter for class com.airbnb.android.react.maps.AirMapUrlTileManager
08-23 18:03:57.423 11067 11115 W ViewManagerPropertyUpdater: Could not find generated setter for class com.microsoft.react.videofxp.VideoFXPViewManager
08-23 18:03:57.424 11067 11115 W ViewManagerPropertyUpdater: Could not find generated setter for class com.skype.virtualmessageview.VirtualMessageViewControllerManager
08-23 18:03:57.425 11067 11115 W ViewManagerPropertyUpdater: Could not find generated setter for class com.microsoft.react.clippedview.ClippedViewManager
08-23 18:03:57.427 11067 11115 W ViewManagerPropertyUpdater: Could not find generated setter for class com.BV.LinearGradient.LinearGradientManager
08-23 18:03:57.428 11067 11115 W ViewManagerPropertyUpdater: Could not find generated setter for class com.airbnb.android.react.lottie.LottieAnimationViewManager
08-23 18:03:57.431 11067 11115 W ViewManagerPropertyUpdater: Could not find generated setter for class com.microsoft.react.gradientimage.GradientImageViewManager
08-23 18:03:57.433 11067 11115 W ViewManagerPropertyUpdater: Could not find generated setter for class com.skype.qrcode.QRCodeViewManager
08-23 18:03:57.434 11067 11115 W ViewManagerPropertyUpdater: Could not find generated setter for class com.skype.camera.imagefilter.ImageFilterManager
08-23 18:03:57.476 11067 11067 I ReactApp: dumpMemoryUsage [BeforeOnTrim] JavaUsedMemInMB=6 MB JavaMaxHeapSizeInMB=128 MB JavaAvailHeapSizeInMB=122 MB SysTotalMem=1.441.517.568 SysAvailMem=312.840.192 Threshold=100.663.296 InLowMem=false dalvikPss=1.083 KB dalvikPrivateDirty=1.040 KB dalvikSharedDirty=692 KB nativePss=1.234 KB nativePrivateDirty=1.208 KB nativeSharedDirty=72 KB otherPss=12.323 KB otherPrivateDirty=3.920 KB otherSharedDirty=1.068 KB summary.java-heap=1.612 KB summary.native-heap=1.208 KB summary.code=7.268 KB summary.stack=112 KB summary.graphics=0 KB summary.private-other=2.940 KB summary.system=2.033 KB summary.total-pss=15.173 KB summary.total-swap=12.280 KB
08-23 18:03:57.477 11067 11067 I ReactApp: onTrimMemory flush Fresco in-memory cache FG mode. level=5
08-23 18:03:57.478 11067 11067 I UpgradeContext: onReceive action WakeEventReceiver.ACTION_OEM_RTC_WAKE
08-23 18:03:57.478 11067 11067 I UpgradeContext: acquireWakeLock taskId 1
08-23 18:03:57.486 11067 11067 I RNAppUpgrade: App Received Intent with action - WakeEventReceiver.ACTION_OEM_RTC_WAKE
08-23 18:03:57.487 11067 11067 I RNAppUpgrade: handleIntent when not initialized, WakeEventReceiver.ACTION_OEM_RTC_WAKE
08-23 18:03:57.488 11067 11067 I SimpleWakefulService: Service created
08-23 18:03:57.489 11067 11067 I SimpleWakefulService: Acquire WAKE_LOCK for taskId: 1 with startId: 1
08-23 18:03:57.930 11067 11115 W JavaModuleHelper: Could not find generated custom module provider
08-23 18:03:57.931 11067 11115 W React: There is no generated module helper for module: SplashScreenNotifier using FallbackModuleHelper which works way slower. Consider enabling apt generation for this module in order to improve startup performance
08-23 18:03:57.931 11067 11115 W React: There is no generated module helper for module: CustomKeyboard using FallbackModuleHelper which works way slower. Consider enabling apt generation for this module in order to improve startup performance
08-23 18:03:57.931 11067 11115 W React: There is no generated module helper for module: RNNetworkInfo using FallbackModuleHelper which works way slower. Consider enabling apt generation for this module in order to improve startup performance
08-23 18:03:57.931 11067 11115 W React: There is no generated module helper for module: RNAppUpgrade using FallbackModuleHelper which works way slower. Consider enabling apt generation for this module in order to improve startup performance
08-23 18:03:57.931 11067 11115 W React: There is no generated module helper for module: StyleTransfer using FallbackModuleHelper which works way slower. Consider enabling apt generation for this module in order to improve startup performance
08-23 18:03:57.931 11067 11115 W React: There is no generated module helper for module: SourceCode using FallbackModuleHelper which works way slower. Consider enabling apt generation for this module in order to improve startup performance
08-23 18:03:57.931 11067 11115 W React: There is no generated module helper for module: RNStorage using FallbackModuleHelper which works way slower. Consider enabling apt generation for this module in order to improve startup performance
08-23 18:03:57.932 11067 11115 W React: There is no generated module helper for module: RNGraphicsContext using FallbackModuleHelper which works way slower. Consider enabling apt generation for this module in order to improve startup performance
08-23 18:03:57.932 11067 11115 W React: There is no generated module helper for module: RNKeychainManager using FallbackModuleHelper which works way slower. Consider enabling apt generation for this module in order to improve startup performance
08-23 18:03:57.932 11067 11115 W React: There is no generated module helper for module: Calendar using FallbackModuleHelper which works way slower. Consider enabling apt generation for this module in order to improve startup performance
08-23 18:03:57.932 11067 11115 W React: There is no generated module helper for module: ContextMenuAndroid using FallbackModuleHelper which works way slower. Consider enabling apt generation for this module in order to improve startup performance
08-23 18:03:57.932 11067 11115 W React: There is no generated module helper for module: FingerprintingLib using FallbackModuleHelper which works way slower. Consider enabling apt generation for this module in order to improve startup performance
08-23 18:03:57.932 11067 11115 W React: There is no generated module helper for module: IncomingCallInteractionManager using FallbackModuleHelper which works way slower. Consider enabling apt generation for this module in order to improve startup performance
08-23 18:03:57.932 11067 11115 W React: There is no generated module helper for module: SyncModule using FallbackModuleHelper which works way slower. Consider enabling apt generation for this module in order to improve startup performance
08-23 18:03:57.932 11067 11115 W React: There is no generated module helper for module: AndroidSmsManager using FallbackModuleHelper which works way slower. Consider enabling apt generation for this module in order to improve startup performance
08-23 18:03:57.932 11067 11115 W React: There is no generated module helper for module: SKPSkypeMessageTextInputModule using FallbackModuleHelper which works way slower. Consider enabling apt generation for this module in order to improve startup performance
08-23 18:03:57.933 11067 11115 W React: There is no generated module helper for module: RNBackgroundTimer using FallbackModuleHelper which works way slower. Consider enabling apt generation for this module in order to improve startup performance
08-23 18:03:57.933 11067 11115 W React: There is no generated module helper for module: PermissionsManager using FallbackModuleHelper which works way slower. Consider enabling apt generation for this module in order to improve startup performance
08-23 18:03:57.933 11067 11115 W React: There is no generated module helper for module: DeviceInfo using FallbackModuleHelper which works way slower. Consider enabling apt generation for this module in order to improve startup performance
08-23 18:03:57.933 11067 11115 W React: There is no generated module helper for module: PlatformConstants using FallbackModuleHelper which works way slower. Consider enabling apt generation for this module in order to improve startup performance
08-23 18:03:57.933 11067 11115 W React: There is no generated module helper for module: NativeEntropy using FallbackModuleHelper which works way slower. Consider enabling apt generation for this module in order to improve startup performance
08-23 18:03:57.933 11067 11115 W React: There is no generated module helper for module: Contacts using FallbackModuleHelper which works way slower. Consider enabling apt generation for this module in order to improve startup performance
08-23 18:03:57.933 11067 11115 W React: There is no generated module helper for module: CampaignReceiver using FallbackModuleHelper which works way slower. Consider enabling apt generation for this module in order to improve startup performance
08-23 18:03:57.933 11067 11115 W React: There is no generated module helper for module: RNBackgroundExecution using FallbackModuleHelper which works way slower. Consider enabling apt generation for this module in order to improve startup performance
08-23 18:03:57.933 11067 11115 W React: There is no generated module helper for module: UrlUtil using FallbackModuleHelper which works way slower. Consider enabling apt generation for this module in order to improve startup performance
08-23 18:03:57.933 11067 11115 W React: There is no generated module helper for module: TimeZoneManager using FallbackModuleHelper which works way slower. Consider enabling apt generation for this module in order to improve startup performance
08-23 18:03:57.934 11067 11115 W React: There is no generated module helper for module: RNViewConfig using FallbackModuleHelper which works way slower. Consider enabling apt generation for this module in order to improve startup performance
08-23 18:03:57.934 11067 11115 W React: There is no generated module helper for module: RNGLContext using FallbackModuleHelper which works way slower. Consider enabling apt generation for this module in order to improve startup performance
08-23 18:03:57.934 11067 11115 W React: There is no generated module helper for module: CallMonitor using FallbackModuleHelper which works way slower. Consider enabling apt generation for this module in order to improve startup performance
08-23 18:03:57.934 11067 11115 W React: There is no generated module helper for module: SkypeCamera using FallbackModuleHelper which works way slower. Consider enabling apt generation for this module in order to improve startup performance
08-23 18:03:57.934 11067 11115 W React: There is no generated module helper for module: FileEncryptionNative using FallbackModuleHelper which works way slower. Consider enabling apt generation for this module in order to improve startup performance
08-23 18:03:57.934 11067 11115 W React: There is no generated module helper for module: AudioManager using FallbackModuleHelper which works way slower. Consider enabling apt generation for this module in order to improve startup performance
08-23 18:03:57.934 11067 11115 W React: There is no generated module helper for module: ExtendedAppState using FallbackModuleHelper which works way slower. Consider enabling apt generation for this module in order to improve startup performance
08-23 18:03:57.934 11067 11115 W React: There is no generated module helper for module: RNReload using FallbackModuleHelper which works way slower. Consider enabling apt generation for this module in order to improve startup performance
08-23 18:03:57.934 11067 11115 W React: There is no generated module helper for module: ShareToApp using FallbackModuleHelper which works way slower. Consider enabling apt generation for this module in order to improve startup performance
08-23 18:03:57.935 11067 11115 W React: There is no generated module helper for module: ExternalBrowser using FallbackModuleHelper which works way slower. Consider enabling apt generation for this module in order to improve startup performance
08-23 18:03:57.935 11067 11115 W React: There is no generated module helper for module: ImageResizerAndroid using FallbackModuleHelper which works way slower. Consider enabling apt generation for this module in order to improve startup performance
08-23 18:03:57.935 11067 11115 W React: There is no generated module helper for module: Adjust using FallbackModuleHelper which works way slower. Consider enabling apt generation for this module in order to improve startup performance
08-23 18:03:57.935 11067 11115 W React: There is no generated module helper for module: ZipUtil using FallbackModuleHelper which works way slower. Consider enabling apt generation for this module in order to improve startup performance
08-23 18:03:57.935 11067 11115 W React: There is no generated module helper for module: DeviceUtilities using FallbackModuleHelper which works way slower. Consider enabling apt generation for this module in order to improve startup performance
08-23 18:03:57.935 11067 11115 W React: There is no generated module helper for module: FileTracker using FallbackModuleHelper which works way slower. Consider enabling apt generation for this module in order to improve startup performance
08-23 18:03:57.935 11067 11115 W React: There is no generated module helper for module: RNDocumentPicker using FallbackModuleHelper which works way slower. Consider enabling apt generation for this module in order to improve startup performance
08-23 18:03:57.935 11067 11115 W React: There is no generated module helper for module: AndroidBadges using FallbackModuleHelper which works way slower. Consider enabling apt generation for this module in order to improve startup performance
08-23 18:03:57.936 11067 11115 W React: There is no generated module helper for module: RNCookieManagerAndroid using FallbackModuleHelper which works way slower. Consider enabling apt generation for this module in order to improve startup performance
08-23 18:03:57.936 11067 11115 W React: There is no generated module helper for module: RNPushAndroid using FallbackModuleHelper which works way slower. Consider enabling apt generation for this module in order to improve startup performance
08-23 18:03:57.936 11067 11115 W React: There is no generated module helper for module: RNUrlRequest using FallbackModuleHelper which works way slower. Consider enabling apt generation for this module in order to improve startup performance
08-23 18:03:57.936 11067 11115 W React: There is no generated module helper for module: ClientLogging using FallbackModuleHelper which works way slower. Consider enabling apt generation for this module in order to improve startup performance
08-23 18:03:57.936 11067 11115 W React: There is no generated module helper for module: SoundRecorder using FallbackModuleHelper which works way slower. Consider enabling apt generation for this module in order to improve startup performance
08-23 18:03:57.936 11067 11115 W React: There is no generated module helper for module: RNManualFileCache using FallbackModuleHelper which works way slower. Consider enabling apt generation for this module in order to improve startup performance
08-23 18:03:57.936 11067 11115 W React: There is no generated module helper for module: RNGeocoder using FallbackModuleHelper which works way slower. Consider enabling apt generation for this module in order to improve startup performance
08-23 18:03:57.936 11067 11115 W React: There is no generated module helper for module: CortanaSignals using FallbackModuleHelper which works way slower. Consider enabling apt generation for this module in order to improve startup performance
08-23 18:03:57.936 11067 11115 W React: There is no generated module helper for module: ShareSheet using FallbackModuleHelper which works way slower. Consider enabling apt generation for this module in order to improve startup performance
08-23 18:03:57.937 11067 11115 W React: There is no generated module helper for module: SoundPlayer using FallbackModuleHelper which works way slower. Consider enabling apt generation for this module in order to improve startup performance
08-23 18:03:57.937 11067 11115 W React: There is no generated module helper for module: AssetReader using FallbackModuleHelper which works way slower. Consider enabling apt generation for this module in order to improve startup performance
08-23 18:03:57.937 11067 11115 W React: There is no generated module helper for module: FrescoModule using FallbackModuleHelper which works way slower. Consider enabling apt generation for this module in order to improve startup performance
08-23 18:03:57.937 11067 11115 W React: There is no generated module helper for module: DeviceSettings using FallbackModuleHelper which works way slower. Consider enabling apt generation for this module in order to improve startup performance
08-23 18:03:57.937 11067 11115 W React: There is no generated module helper for module: RNCommandInvoker using FallbackModuleHelper which works way slower. Consider enabling apt generation for this module in order to improve startup performance
08-23 18:03:57.937 11067 11115 W React: There is no generated module helper for module: VideoFXP using FallbackModuleHelper which works way slower. Consider enabling apt generation for this module in order to improve startup performance
08-23 18:03:57.937 11067 11115 W React: There is no generated module helper for module: AirMapModule using FallbackModuleHelper which works way slower. Consider enabling apt generation for this module in order to improve startup performance
08-23 18:03:57.937 11067 11115 W React: There is no generated module helper for module: ImagePickerManager using FallbackModuleHelper which works way slower. Consider enabling apt generation for this module in order to improve startup performance
08-23 18:03:57.937 11067 11115 W React: There is no generated module helper for module: EnvironmentInfo using FallbackModuleHelper which works way slower. Consider enabling apt generation for this module in order to improve startup performance
08-23 18:03:57.938 11067 11115 W React: There is no generated module helper for module: MediaPicker using FallbackModuleHelper which works way slower. Consider enabling apt generation for this module in order to improve startup performance
08-23 18:03:57.938 11067 11115 W React: There is no generated module helper for module: TokenShareModule using FallbackModuleHelper which works way slower. Consider enabling apt generation for this module in order to improve startup performance
08-23 18:03:57.938 11067 11115 W React: There is no generated module helper for module: RNHockeyApp using FallbackModuleHelper which works way slower. Consider enabling apt generation for this module in order to improve startup performance
08-23 18:03:57.938 11067 11115 W React: There is no generated module helper for module: SnapshotManager using FallbackModuleHelper which works way slower. Consider enabling apt generation for this module in order to improve startup performance
08-23 18:03:57.938 11067 11115 W React: There is no generated module helper for module: AdvertisementUtilities using FallbackModuleHelper which works way slower. Consider enabling apt generation for this module in order to improve startup performance
08-23 18:03:57.938 11067 11115 W React: There is no generated module helper for module: CallIntent using FallbackModuleHelper which works way slower. Consider enabling apt generation for this module in order to improve startup performance
08-23 18:03:57.938 11067 11115 W React: There is no generated module helper for module: RNSlimcore using FallbackModuleHelper which works way slower. Consider enabling apt generation for this module in order to improve startup performance
08-23 18:03:57.938 11067 11115 W React: There is no generated module helper for module: RNSkypeCredentialsFetcher using FallbackModuleHelper which works way slower. Consider enabling apt generation for this module in order to improve startup performance
08-23 18:03:58.300 11067 11192 I SkypeCameraModule: SkypeCameraModule initialize
08-23 18:03:58.301 11067 11192 I AudioManagerModule: initialize (causeId 3a864e15)
08-23 18:03:58.302 11067 11192 I AudioManagerModule: AudioManagerModule.initialize took 1ms
08-23 18:03:58.302 11067 11163 I AudioOptions: initialize (causeId 3a864e15)
08-23 18:03:58.303 11067 11192 W ReactApp: registerMemoryTrimmable current size: 0
08-23 18:03:58.303 11067 11192 W ReactApp: registerMemoryTrimmable current size: 1
08-23 18:03:58.304 11067 11163 I WiredHeadsetReceiver: Registered receiver
08-23 18:03:58.305 11067 11164 I WiredHeadsetReceiver: addListener (causeId: 3a864e15)
08-23 18:03:58.306 11067 11164 I AudioOptions: WiredHeadsetReceiver.headsetStateChanged UNPLUGGED (causeId 3a864e15)
08-23 18:03:58.307 11067 11163 I BluetoothReceiver: Received sticky intent android.media.ACTION_SCO_AUDIO_STATE_UPDATED
08-23 18:03:58.308 11067 11163 I BluetoothReceiver: Registered receiver
08-23 18:03:58.308 11067 11163 I BluetoothReceiver: loadAlreadyConnectedDevices (causeId: 3a864e15)
08-23 18:03:58.308 11067 11164 I BluetoothReceiver: BluetoothReceiver: AudioManager.ACTION_SCO_AUDIO_STATE_UPDATED: UNKNOWN -> STATE_DISCONNECTED (causeId: d1a7bff9)
08-23 18:03:58.326 11067 11067 I SmsHandlingContext: init()
08-23 18:03:58.328 11067 11219 I BluetoothReceiver: addListener (causeId: 3a864e15)
08-23 18:03:58.330 11067 11219 I BluetoothReceiver: BluetoothReceiver: AudioManager.ACTION_SCO_AUDIO_STATE_UPDATED: UNKNOWN -> STATE_DISCONNECTED (causeId: 161caa58)
08-23 18:03:58.523 11067 11163 I BluetoothReceiver: createServiceListener (causeId: 3a864e15)
08-23 18:03:58.556 11067 11220 I TokenShareModule: getAccounts() called, returned with list size 0
08-23 18:03:58.668 11067 11164 I ModernAudioDeviceMonitor: addListener (causeId: 3a864e15)
08-23 18:03:58.668 11067 11164 I AudioOptions: ModernAudioDeviceMonitor.availableAudioDeviceTypesChanged headphones: false usb: false (causeId 3a864e15)
08-23 18:03:58.703 11067 11067 I ReactApp: dumpMemoryUsage [AfterOnTrim] JavaUsedMemInMB=6 MB JavaMaxHeapSizeInMB=128 MB JavaAvailHeapSizeInMB=122 MB SysTotalMem=1.441.517.568 SysAvailMem=250.957.824 Threshold=100.663.296 InLowMem=false dalvikPss=3.634 KB dalvikPrivateDirty=3.604 KB dalvikSharedDirty=652 KB nativePss=14.621 KB nativePrivateDirty=14.600 KB nativeSharedDirty=68 KB otherPss=34.392 KB otherPrivateDirty=18.656 KB otherSharedDirty=1.016 KB summary.java-heap=4.424 KB summary.native-heap=14.600 KB summary.code=14.572 KB summary.stack=308 KB summary.graphics=0 KB summary.private-other=16.508 KB summary.system=2.435 KB summary.total-pss=52.847 KB summary.total-swap=11.072 KB
08-23 18:03:58.811 11067 11219 I ModernAudioDeviceMonitor: initialization headphones: false, usb: false, devices: [[1:TYPE_BUILTIN_EARPIECE], [2:TYPE_BUILTIN_SPEAKER], [5:TYPE_BUILTIN_MIC], [7:TYPE_TELEPHONY]] (causeId: 163c04fe)
08-23 18:03:58.814 11067 11163 I AudioManagerModule: Output update and reset (destination 3, deviceStatus 2, causeId 3a864e15)
08-23 18:03:58.814 11067 11163 I AudioManagerModule: Output update and reset (destination 3, deviceStatus 2, causeId 3a864e15)
08-23 18:03:58.815 11067 11219 I ModernAudioDeviceMonitor: onAudioDevicesAdded headphones: false, usb: false, devices: [[1:TYPE_BUILTIN_EARPIECE], [2:TYPE_BUILTIN_SPEAKER], [5:TYPE_BUILTIN_MIC], [7:TYPE_TELEPHONY]] (causeId: e6817546)
08-23 18:03:58.894 11067 11067 I TelephoneStateListener: Registering phone state listener (causeId 3a864e15)
08-23 18:03:58.927 11067 11067 I AudioManagerModule: TelephoneStateListener.init took 34ms
08-23 18:03:58.937 11067 11067 I AudioManagerModule: Sending output changed event to EARPIECE (causeId 3a864e15)
08-23 18:03:58.940 11067 11164 I TelephoneStateListener: onCallStateChanged 0 (causeId 77d8e449)
08-23 18:03:59.551 11067 11185 I ReactNativeJS: [#ffffffff-u] [TRACE] [JS.HeadlessJsTask] registerHeadlessTaskCallbacks called for 'StaticTask.OnAppUpdated'
08-23 18:03:59.555 11067 11185 I ReactNativeJS: [#ffffffff-u] [TRACE] [JS.HeadlessJsTask] registerHeadlessTaskCallbacks called for 'StaticTask.OnAppUpdatedRetry'
08-23 18:03:59.602 11067 11185 I ReactNativeJS: [#ffffffff-u] [TRACE] [JS.HeadlessJsTask] registerHeadlessTaskCallbacks called for 'SignInOnUserSessionConnected'
