09-12 21:15:02.869 22837 22860 W ViewManagerPropertyUpdater: Could not find generated setter for class com.skpcamera.SkypeCameraViewManager
09-12 21:15:02.873 22837 22860 W ViewManagerPropertyUpdater: Could not find generated setter for class com.customkeyboard.CustomKeyboardViewManager
09-12 21:15:02.879 22837 22860 W ViewManagerPropertyUpdater: Could not find generated setter for class com.skype.slimcore.video.RNCallingVideoViewManager
09-12 21:15:02.884 22837 22860 W ViewManagerPropertyUpdater: Could not find generated setter for class com.skype.slimcore.video.RNCallingVideoViewLocalManager
09-12 21:15:02.888 22837 22860 W ViewManagerPropertyUpdater: Could not find generated setter for class com.skype.slimcore.video.RNCallingVideoViewPreviewManager
09-12 21:15:02.889 22837 22837 I ReactApp: dumpMemoryUsage [BeforeOnTrim] JavaUsedMemInMB=5 MB JavaMaxHeapSizeInMB=128 MB JavaAvailHeapSizeInMB=123 MB SysTotalMem=1.441.517.568 SysAvailMem=317.554.688 Threshold=100.663.296 InLowMem=false dalvikPss=2.166 KB dalvikPrivateDirty=2.124 KB dalvikSharedDirty=152 KB nativePss=1.862 KB nativePrivateDirty=1.836 KB nativeSharedDirty=96 KB otherPss=11.817 KB otherPrivateDirty=2.476 KB otherSharedDirty=804 KB summary.java-heap=2.692 KB summary.native-heap=1.836 KB summary.code=7.568 KB summary.stack=124 KB summary.graphics=0 KB summary.private-other=1.484 KB summary.system=2.382 KB summary.total-pss=16.086 KB summary.total-swap=12.080 KB
09-12 21:15:02.890 22837 22837 I ReactApp: onTrimMemory flush Fresco in-memory cache FG mode. level=5
09-12 21:15:02.891 22837 22860 W ViewManagerPropertyUpdater: Could not find generated setter for class com.microsoft.react.mediapicker.MediaPickerViewManager
09-12 21:15:02.891 22837 22837 I PushReceiver: onReceive
09-12 21:15:02.892 22837 22837 I PushHandlingContext: onReceive
09-12 21:15:02.892 22837 22837 I PushHandlingContext: onReceive - no prior WakeLock; starting push handling
09-12 21:15:02.894 22837 22837 I skype:bgexec: startWakefulService at=1536786902.894s debugCause=PushHelper
09-12 21:15:02.899 22837 22860 W ViewManagerPropertyUpdater: Could not find generated setter for class com.microsoft.react.mediapicker.c
09-12 21:15:02.909 22837 22860 W ViewManagerPropertyUpdater: Could not find generated setter for class com.microsoft.skypemessagetextinput.view.RNViewManager
09-12 21:15:02.913 22837 22837 I PushHandlingContext: onReceive - delaying message until PushModule is initialized
09-12 21:15:02.913 22837 22837 I skype:bgexec: completeWakefulIntentAfterAllWakeLocks at=1536786902.913s debugCause=PushReceiver
09-12 21:15:02.914 22837 22860 W ViewManagerPropertyUpdater: Could not find generated setter for class com.microsoft.skypemessagetextinput.view.c
09-12 21:15:02.915 22837 22837 I PushHandlingService: Service created
09-12 21:15:02.915 22837 22860 W ViewManagerPropertyUpdater: Could not find generated setter for class com.skype.reactnativesprites.SpriteViewManager
09-12 21:15:02.916 22837 22837 I PushHandlingService: Start push handling. pushId: 1 startId: 1
09-12 21:15:02.918 22837 22837 I UpgradeContext: onReceive action android.intent.action.MY_PACKAGE_REPLACED
09-12 21:15:02.919 22837 22837 I UpgradeContext: acquireWakeLock taskId 1
09-12 21:15:02.920 22837 22860 W ViewManagerPropertyUpdater: Could not find generated setter for class com.projectseptember.RNGL.GLCanvasManager
09-12 21:15:02.924 22837 22860 W ViewManagerPropertyUpdater: Could not find generated setter for class com.github.alinz.reactnativewebviewbridge.WebViewBridgeManager
09-12 21:15:02.924 22837 22837 I UpgradeContext: UpgradeModuleNotReady: task 1, intent pushed to delayedIntentQueue
09-12 21:15:02.925 22837 22837 I SimpleWakefulService: Service created
09-12 21:15:02.926 22837 22837 I SimpleWakefulService: Acquire WAKE_LOCK for taskId: 1 with startId: 1
09-12 21:15:02.930 22837 22860 W ViewManagerPropertyUpdater: Could not find generated setter for class com.airbnb.android.react.maps.AirMapCalloutManager
09-12 21:15:02.934 22837 22860 W ViewManagerPropertyUpdater: Could not find generated setter for class com.airbnb.android.react.maps.AirMapMarkerManager
09-12 21:15:02.940 22837 22860 W ViewManagerPropertyUpdater: Could not find generated setter for class com.airbnb.android.react.maps.AirMapPolylineManager
09-12 21:15:02.943 22837 22860 W ViewManagerPropertyUpdater: Could not find generated setter for class com.airbnb.android.react.maps.AirMapPolygonManager
09-12 21:15:02.946 22837 22860 W ViewManagerPropertyUpdater: Could not find generated setter for class com.airbnb.android.react.maps.AirMapCircleManager
09-12 21:15:02.951 22837 22860 W ViewManagerPropertyUpdater: Could not find generated setter for class com.airbnb.android.react.maps.AirMapManager
09-12 21:15:02.958 22837 22860 W ViewManagerPropertyUpdater: Could not find generated setter for class com.airbnb.android.react.maps.AirMapLiteManager
09-12 21:15:02.960 22837 22860 W ViewManagerPropertyUpdater: Could not find generated setter for class com.airbnb.android.react.maps.AirMapUrlTileManager
09-12 21:15:02.962 22837 22860 W ViewManagerPropertyUpdater: Could not find generated setter for class com.microsoft.react.videofxp.VideoFXPViewManager
09-12 21:15:02.965 22837 22860 W ViewManagerPropertyUpdater: Could not find generated setter for class com.skype.virtualmessageview.VirtualMessageViewControllerManager
09-12 21:15:02.968 22837 22860 W ViewManagerPropertyUpdater: Could not find generated setter for class com.microsoft.react.clippedview.ClippedViewManager
09-12 21:15:02.970 22837 22860 W ViewManagerPropertyUpdater: Could not find generated setter for class com.BV.LinearGradient.LinearGradientManager
09-12 21:15:02.972 22837 22860 W ViewManagerPropertyUpdater: Could not find generated setter for class com.airbnb.android.react.lottie.LottieAnimationViewManager
09-12 21:15:02.976 22837 22860 W ViewManagerPropertyUpdater: Could not find generated setter for class com.microsoft.react.gradientimage.GradientImageViewManager
09-12 21:15:02.979 22837 22860 W ViewManagerPropertyUpdater: Could not find generated setter for class com.skype.qrcode.QRCodeViewManager
09-12 21:15:02.982 22837 22860 W ViewManagerPropertyUpdater: Could not find generated setter for class com.skype.camera.imagefilter.ImageFilterManager
09-12 21:15:03.306 22837 22860 W JavaModuleHelper: Could not find generated custom module provider
09-12 21:15:03.307 22837 22860 W React: There is no generated module helper for module: DeviceSettings using FallbackModuleHelper which works way slower. Consider enabling apt generation for this module in order to improve startup performance
09-12 21:15:03.307 22837 22860 W React: There is no generated module helper for module: RNAppUpgrade using FallbackModuleHelper which works way slower. Consider enabling apt generation for this module in order to improve startup performance
09-12 21:15:03.308 22837 22860 W React: There is no generated module helper for module: Contacts using FallbackModuleHelper which works way slower. Consider enabling apt generation for this module in order to improve startup performance
09-12 21:15:03.308 22837 22860 W React: There is no generated module helper for module: TokenShareModule using FallbackModuleHelper which works way slower. Consider enabling apt generation for this module in order to improve startup performance
09-12 21:15:03.308 22837 22860 W React: There is no generated module helper for module: ContextMenuAndroid using FallbackModuleHelper which works way slower. Consider enabling apt generation for this module in order to improve startup performance
09-12 21:15:03.309 22837 22860 W React: There is no generated module helper for module: Adjust using FallbackModuleHelper which works way slower. Consider enabling apt generation for this module in order to improve startup performance
09-12 21:15:03.309 22837 22860 W React: There is no generated module helper for module: AirMapModule using FallbackModuleHelper which works way slower. Consider enabling apt generation for this module in order to improve startup performance
09-12 21:15:03.309 22837 22860 W React: There is no generated module helper for module: FingerprintingLib using FallbackModuleHelper which works way slower. Consider enabling apt generation for this module in order to improve startup performance
09-12 21:15:03.309 22837 22860 W React: There is no generated module helper for module: RNStorage using FallbackModuleHelper which works way slower. Consider enabling apt generation for this module in order to improve startup performance
09-12 21:15:03.309 22837 22860 W React: There is no generated module helper for module: SoundRecorder using FallbackModuleHelper which works way slower. Consider enabling apt generation for this module in order to improve startup performance
09-12 21:15:03.310 22837 22860 W React: There is no generated module helper for module: RNGLContext using FallbackModuleHelper which works way slower. Consider enabling apt generation for this module in order to improve startup performance
09-12 21:15:03.310 22837 22860 W React: There is no generated module helper for module: RNGraphicsContext using FallbackModuleHelper which works way slower. Consider enabling apt generation for this module in order to improve startup performance
09-12 21:15:03.311 22837 22860 W React: There is no generated module helper for module: ClientLogging using FallbackModuleHelper which works way slower. Consider enabling apt generation for this module in order to improve startup performance
09-12 21:15:03.311 22837 22860 W React: There is no generated module helper for module: RNBackgroundExecution using FallbackModuleHelper which works way slower. Consider enabling apt generation for this module in order to improve startup performance
09-12 21:15:03.311 22837 22860 W React: There is no generated module helper for module: ExtendedAppState using FallbackModuleHelper which works way slower. Consider enabling apt generation for this module in order to improve startup performance
09-12 21:15:03.312 22837 22860 W React: There is no generated module helper for module: CallMonitor using FallbackModuleHelper which works way slower. Consider enabling apt generation for this module in order to improve startup performance
09-12 21:15:03.312 22837 22860 W React: There is no generated module helper for module: AssetReader using FallbackModuleHelper which works way slower. Consider enabling apt generation for this module in order to improve startup performance
09-12 21:15:03.312 22837 22860 W React: There is no generated module helper for module: CallIntent using FallbackModuleHelper which works way slower. Consider enabling apt generation for this module in order to improve startup performance
09-12 21:15:03.313 22837 22860 W React: There is no generated module helper for module: FileTracker using FallbackModuleHelper which works way slower. Consider enabling apt generation for this module in order to improve startup performance
09-12 21:15:03.313 22837 22860 W React: There is no generated module helper for module: AndroidSmsManager using FallbackModuleHelper which works way slower. Consider enabling apt generation for this module in order to improve startup performance
09-12 21:15:03.314 22837 22860 W React: There is no generated module helper for module: RNBackgroundTimer using FallbackModuleHelper which works way slower. Consider enabling apt generation for this module in order to improve startup performance
09-12 21:15:03.314 22837 22860 W React: There is no generated module helper for module: SkypeCamera using FallbackModuleHelper which works way slower. Consider enabling apt generation for this module in order to improve startup performance
09-12 21:15:03.314 22837 22860 W React: There is no generated module helper for module: RNCommandInvoker using FallbackModuleHelper which works way slower. Consider enabling apt generation for this module in order to improve startup performance
09-12 21:15:03.315 22837 22860 W React: There is no generated module helper for module: FileEncryptionNative using FallbackModuleHelper which works way slower. Consider enabling apt generation for this module in order to improve startup performance
09-12 21:15:03.315 22837 22860 W React: There is no generated module helper for module: PermissionsManager using FallbackModuleHelper which works way slower. Consider enabling apt generation for this module in order to improve startup performance
09-12 21:15:03.315 22837 22860 W React: There is no generated module helper for module: ShareSheet using FallbackModuleHelper which works way slower. Consider enabling apt generation for this module in order to improve startup performance
09-12 21:15:03.315 22837 22860 W React: There is no generated module helper for module: RNManualFileCache using FallbackModuleHelper which works way slower. Consider enabling apt generation for this module in order to improve startup performance
09-12 21:15:03.316 22837 22860 W React: There is no generated module helper for module: RNSlimcore using FallbackModuleHelper which works way slower. Consider enabling apt generation for this module in order to improve startup performance
09-12 21:15:03.316 22837 22860 W React: There is no generated module helper for module: RNSkypeCredentialsFetcher using FallbackModuleHelper which works way slower. Consider enabling apt generation for this module in order to improve startup performance
09-12 21:15:03.316 22837 22860 W React: There is no generated module helper for module: SplashScreenNotifier using FallbackModuleHelper which works way slower. Consider enabling apt generation for this module in order to improve startup performance
09-12 21:15:03.316 22837 22860 W React: There is no generated module helper for module: RNDocumentPicker using FallbackModuleHelper which works way slower. Consider enabling apt generation for this module in order to improve startup performance
09-12 21:15:03.317 22837 22860 W React: There is no generated module helper for module: SnapshotManager using FallbackModuleHelper which works way slower. Consider enabling apt generation for this module in order to improve startup performance
09-12 21:15:03.317 22837 22860 W React: There is no generated module helper for module: RNKeychainManager using FallbackModuleHelper which works way slower. Consider enabling apt generation for this module in order to improve startup performance
09-12 21:15:03.317 22837 22860 W React: There is no generated module helper for module: VideoFXP using FallbackModuleHelper which works way slower. Consider enabling apt generation for this module in order to improve startup performance
09-12 21:15:03.318 22837 22860 W React: There is no generated module helper for module: Calendar using FallbackModuleHelper which works way slower. Consider enabling apt generation for this module in order to improve startup performance
09-12 21:15:03.318 22837 22860 W React: There is no generated module helper for module: RNGeocoder using FallbackModuleHelper which works way slower. Consider enabling apt generation for this module in order to improve startup performance
09-12 21:15:03.318 22837 22860 W React: There is no generated module helper for module: RNNetworkInfo using FallbackModuleHelper which works way slower. Consider enabling apt generation for this module in order to improve startup performance
09-12 21:15:03.318 22837 22860 W React: There is no generated module helper for module: DeviceInfo using FallbackModuleHelper which works way slower. Consider enabling apt generation for this module in order to improve startup performance
09-12 21:15:03.319 22837 22860 W React: There is no generated module helper for module: AudioManager using FallbackModuleHelper which works way slower. Consider enabling apt generation for this module in order to improve startup performance
09-12 21:15:03.319 22837 22860 W React: There is no generated module helper for module: RNCookieManagerAndroid using FallbackModuleHelper which works way slower. Consider enabling apt generation for this module in order to improve startup performance
09-12 21:15:03.319 22837 22860 W React: There is no generated module helper for module: ImagePickerManager using FallbackModuleHelper which works way slower. Consider enabling apt generation for this module in order to improve startup performance
09-12 21:15:03.320 22837 22860 W React: There is no generated module helper for module: ExternalBrowser using FallbackModuleHelper which works way slower. Consider enabling apt generation for this module in order to improve startup performance
09-12 21:15:03.320 22837 22860 W React: There is no generated module helper for module: SKPSkypeMessageTextInputModule using FallbackModuleHelper which works way slower. Consider enabling apt generation for this module in order to improve startup performance
09-12 21:15:03.320 22837 22860 W React: There is no generated module helper for module: CustomKeyboard using FallbackModuleHelper which works way slower. Consider enabling apt generation for this module in order to improve startup performance
09-12 21:15:03.320 22837 22860 W React: There is no generated module helper for module: ZipUtil using FallbackModuleHelper which works way slower. Consider enabling apt generation for this module in order to improve startup performance
09-12 21:15:03.320 22837 22860 W React: There is no generated module helper for module: RNPushAndroid using FallbackModuleHelper which works way slower. Consider enabling apt generation for this module in order to improve startup performance
09-12 21:15:03.320 22837 22860 W React: There is no generated module helper for module: ShareToApp using FallbackModuleHelper which works way slower. Consider enabling apt generation for this module in order to improve startup performance
09-12 21:15:03.321 22837 22860 W React: There is no generated module helper for module: IncomingCallInteractionManager using FallbackModuleHelper which works way slower. Consider enabling apt generation for this module in order to improve startup performance
09-12 21:15:03.321 22837 22860 W React: There is no generated module helper for module: SyncModule using FallbackModuleHelper which works way slower. Consider enabling apt generation for this module in order to improve startup performance
09-12 21:15:03.322 22837 22860 W React: There is no generated module helper for module: FrescoModule using FallbackModuleHelper which works way slower. Consider enabling apt generation for this module in order to improve startup performance
09-12 21:15:03.322 22837 22860 W React: There is no generated module helper for module: CampaignReceiver using FallbackModuleHelper which works way slower. Consider enabling apt generation for this module in order to improve startup performance
09-12 21:15:03.322 22837 22860 W React: There is no generated module helper for module: MediaPicker using FallbackModuleHelper which works way slower. Consider enabling apt generation for this module in order to improve startup performance
09-12 21:15:03.322 22837 22860 W React: There is no generated module helper for module: RNReload using FallbackModuleHelper which works way slower. Consider enabling apt generation for this module in order to improve startup performance
09-12 21:15:03.323 22837 22860 W React: There is no generated module helper for module: AndroidBadges using FallbackModuleHelper which works way slower. Consider enabling apt generation for this module in order to improve startup performance
09-12 21:15:03.323 22837 22860 W React: There is no generated module helper for module: RNUrlRequest using FallbackModuleHelper which works way slower. Consider enabling apt generation for this module in order to improve startup performance
09-12 21:15:03.324 22837 22860 W React: There is no generated module helper for module: RNViewConfig using FallbackModuleHelper which works way slower. Consider enabling apt generation for this module in order to improve startup performance
09-12 21:15:03.324 22837 22860 W React: There is no generated module helper for module: EnvironmentInfo using FallbackModuleHelper which works way slower. Consider enabling apt generation for this module in order to improve startup performance
09-12 21:15:03.324 22837 22860 W React: There is no generated module helper for module: DeviceUtilities using FallbackModuleHelper which works way slower. Consider enabling apt generation for this module in order to improve startup performance
09-12 21:15:03.325 22837 22860 W React: There is no generated module helper for module: PlatformConstants using FallbackModuleHelper which works way slower. Consider enabling apt generation for this module in order to improve startup performance
09-12 21:15:03.325 22837 22860 W React: There is no generated module helper for module: CortanaSignals using FallbackModuleHelper which works way slower. Consider enabling apt generation for this module in order to improve startup performance
09-12 21:15:03.325 22837 22860 W React: There is no generated module helper for module: ImageResizerAndroid using FallbackModuleHelper which works way slower. Consider enabling apt generation for this module in order to improve startup performance
09-12 21:15:03.326 22837 22860 W React: There is no generated module helper for module: TimeZoneManager using FallbackModuleHelper which works way slower. Consider enabling apt generation for this module in order to improve startup performance
09-12 21:15:03.326 22837 22860 W React: There is no generated module helper for module: NativeEntropy using FallbackModuleHelper which works way slower. Consider enabling apt generation for this module in order to improve startup performance
09-12 21:15:03.326 22837 22860 W React: There is no generated module helper for module: SourceCode using FallbackModuleHelper which works way slower. Consider enabling apt generation for this module in order to improve startup performance
09-12 21:15:03.327 22837 22860 W React: There is no generated module helper for module: AdvertisementUtilities using FallbackModuleHelper which works way slower. Consider enabling apt generation for this module in order to improve startup performance
09-12 21:15:03.327 22837 22860 W React: There is no generated module helper for module: SoundPlayer using FallbackModuleHelper which works way slower. Consider enabling apt generation for this module in order to improve startup performance
09-12 21:15:03.328 22837 22860 W React: There is no generated module helper for module: RNHockeyApp using FallbackModuleHelper which works way slower. Consider enabling apt generation for this module in order to improve startup performance
09-12 21:15:03.328 22837 22860 W React: There is no generated module helper for module: UrlUtil using FallbackModuleHelper which works way slower. Consider enabling apt generation for this module in order to improve startup performance
09-12 21:15:03.534 22837 22837 I SmsHandlingContext: init()
09-12 21:15:03.543 22837 22914 I SkypeCameraModule: SkypeCameraModule initialize
09-12 21:15:03.546 22837 22914 I AudioManagerModule: initialize (causeId 39d85f63)
09-12 21:15:03.548 22837 22914 I AudioManagerModule: AudioManagerModule.initialize took 3ms
09-12 21:15:03.549 22837 22907 I AudioOptions: initialize (causeId 39d85f63)
09-12 21:15:03.551 22837 22914 W ReactApp: registerMemoryTrimmable current size: 0
09-12 21:15:03.551 22837 22907 I WiredHeadsetReceiver: Registered receiver
09-12 21:15:03.551 22837 22914 W ReactApp: registerMemoryTrimmable current size: 1
09-12 21:15:03.555 22837 22908 I WiredHeadsetReceiver: addListener (causeId: 39d85f63)
09-12 21:15:03.556 22837 22908 I AudioOptions: WiredHeadsetReceiver.headsetStateChanged UNPLUGGED (causeId 39d85f63)
09-12 21:15:03.562 22837 22907 I BluetoothReceiver: Received sticky intent android.media.ACTION_SCO_AUDIO_STATE_UPDATED
09-12 21:15:03.563 22837 22907 I BluetoothReceiver: Registered receiver
09-12 21:15:03.564 22837 22907 I BluetoothReceiver: loadAlreadyConnectedDevices (causeId: 39d85f63)
09-12 21:15:03.564 22837 22908 I BluetoothReceiver: BluetoothReceiver: AudioManager.ACTION_SCO_AUDIO_STATE_UPDATED: UNKNOWN -> STATE_DISCONNECTED (causeId: e40442c6)
09-12 21:15:03.595 22837 22928 I BluetoothReceiver: BluetoothReceiver: AudioManager.ACTION_SCO_AUDIO_STATE_UPDATED: UNKNOWN -> STATE_DISCONNECTED (causeId: 3690772b)
09-12 21:15:03.600 22837 22928 I BluetoothReceiver: addListener (causeId: 39d85f63)
09-12 21:15:03.632 22837 22907 I BluetoothReceiver: createServiceListener (causeId: 39d85f63)
09-12 21:15:03.670 22837 22908 I ModernAudioDeviceMonitor: addListener (causeId: 39d85f63)
09-12 21:15:03.670 22837 22908 I AudioOptions: ModernAudioDeviceMonitor.availableAudioDeviceTypesChanged headphones: false usb: false (causeId 39d85f63)
09-12 21:15:03.683 22837 22928 I ModernAudioDeviceMonitor: initialization headphones: false, usb: false, devices: [[1:TYPE_BUILTIN_EARPIECE], [2:TYPE_BUILTIN_SPEAKER], [5:TYPE_BUILTIN_MIC], [7:TYPE_TELEPHONY]] (causeId: b80a8b49)
09-12 21:15:03.684 22837 22907 I AudioManagerModule: Output update and reset (destination 3, deviceStatus 2, causeId 39d85f63)
09-12 21:15:03.685 22837 22908 I ModernAudioDeviceMonitor: onAudioDevicesAdded headphones: false, usb: false, devices: [[1:TYPE_BUILTIN_EARPIECE], [2:TYPE_BUILTIN_SPEAKER], [5:TYPE_BUILTIN_MIC], [7:TYPE_TELEPHONY]] (causeId: 3f14fa83)
09-12 21:15:03.685 22837 22907 I AudioManagerModule: Output update and reset (destination 3, deviceStatus 2, causeId 39d85f63)
09-12 21:15:03.686 22837 22908 I ModernAudioDeviceMonitor: onAudioDevicesAdded headphones: false, usb: false, devices: [[1:TYPE_BUILTIN_EARPIECE], [2:TYPE_BUILTIN_SPEAKER], [5:TYPE_BUILTIN_MIC], [7:TYPE_TELEPHONY]] (causeId: 1d6931f6)
09-12 21:15:03.718 22837 22925 I TokenShareModule: getAccounts() called, returned with list size 0
09-12 21:15:03.725 22837 22837 I TelephoneStateListener: Registering phone state listener (causeId 39d85f63)
09-12 21:15:03.739 22837 22837 I AudioManagerModule: TelephoneStateListener.init took 16ms
09-12 21:15:03.751 22837 22837 I AudioManagerModule: Sending output changed event to EARPIECE (causeId 39d85f63)
09-12 21:15:03.756 22837 22907 I TelephoneStateListener: onCallStateChanged 0 (causeId 5af290d0)
09-12 21:15:04.049 22837 22837 I ReactApp: dumpMemoryUsage [AfterOnTrim] JavaUsedMemInMB=5 MB JavaMaxHeapSizeInMB=128 MB JavaAvailHeapSizeInMB=123 MB SysTotalMem=1.441.517.568 SysAvailMem=324.485.120 Threshold=100.663.296 InLowMem=false dalvikPss=4.690 KB dalvikPrivateDirty=4.648 KB dalvikSharedDirty=72 KB nativePss=18.250 KB nativePrivateDirty=18.232 KB nativeSharedDirty=48 KB otherPss=36.003 KB otherPrivateDirty=17.000 KB otherSharedDirty=572 KB summary.java-heap=5.784 KB summary.native-heap=18.232 KB summary.code=16.604 KB summary.stack=280 KB summary.graphics=0 KB summary.private-other=14.684 KB summary.system=3.526 KB summary.total-pss=59.110 KB summary.total-swap=10.584 KB
09-12 21:15:06.895 22837 22913 I ReactNativeJS: [#ffffffff-u] [TRACE] [JS.HeadlessJsTask] registerHeadlessTaskCallbacks called for 'StaticTask.OnAppUpdated'
09-12 21:15:06.899 22837 22913 I ReactNativeJS: [#ffffffff-u] [TRACE] [JS.HeadlessJsTask] registerHeadlessTaskCallbacks called for 'StaticTask.OnAppUpdatedRetry'
09-12 21:15:06.936 22837 22913 I ReactNativeJS: [#ffffffff-u] [TRACE] [JS.HeadlessJsTask] registerHeadlessTaskCallbacks called for 'SignInOnUserSessionConnected'
09-12 21:15:06.936 22837 22913 I ReactNativeJS: [#ffffffff-u] [TRACE] [JS.HeadlessJsTask] registerHeadlessTaskCallbacks called for 'SignInOnUserSessionConnectedRetry'
09-12 21:15:06.937 22837 22913 I ReactNativeJS: [#ffffffff-u] [TRACE] [JS.HeadlessJsTask] registerHeadlessTaskCallbacks called for 'SignInOnDefaultMSAConnected'
09-12 21:15:06.937 22837 22913 I ReactNativeJS: [#ffffffff-u] [TRACE] [JS.HeadlessJsTask] registerHeadlessTaskCallbacks called for 'SignInOnDefaultMSAConnectedRetry'
09-12 21:15:06.938 22837 22913 I ReactNativeJS: [#ffffffff-u] [TRACE] [JS.HeadlessJsTask] registerHeadlessTaskCallbacks called for 'BackgroundHeartbeatTelemetry'
09-12 21:15:06.940 22837 22913 I ReactNativeJS: [#ffffffff-u] [TRACE] [JS.HeadlessJsTask] registerHeadlessTaskCallbacks called for 'OnMaintenanceWindowStart'
09-12 21:15:06.940 22837 22913 I ReactNativeJS: [#ffffffff-u] [TRACE] [JS.HeadlessJsTask] registerHeadlessTaskCallbacks called for 'OnMaintenanceWindowStartRetry'
09-12 21:15:06.960 22837 22913 I ReactNativeJS: [#ffffffff-u] [TRACE] [JS.HeadlessJsTask] registerHeadlessTaskCallbacks called for 'ToastActivation'
09-12 21:15:06.961 22837 22913 I ReactNativeJS: [#ffffffff-u] [TRACE] [JS.HeadlessJsTask] registerHeadlessTaskCallbacks called for 'ToastActivationRetry'
09-12 21:15:06.978 22837 22913 I RNAppUpgrade: Getting app launch attribution state = false
09-12 21:15:06.980 22837 22913 I RNAppUpgrade: hasOldSessionPreferences:false
09-12 21:15:06.985 22837 22913 I ReactNativeJS: [#ffffffff-u] [TRACE] [JS.AppUpgrade] Preparing to handle App Upgrade Event
09-12 21:15:06.986 22837 22913 I ReactNativeJS: [#ffffffff-u] [TRACE] [JS.AppUpgrade] Preparing to handle Rtc Wake Event
09-12 21:15:06.987 22837 22913 I ReactNativeJS: [#ffffffff-u] [TRACE] [JS.AppUpgrade] _setUpAppLaunchStateChangeListener
09-12 21:15:06.989 22837 22913 I ReactNativeJS: [#ffffffff-u] [TRACE] [JS.AppUpgrade] _setUpNoticationClickListener
09-12 21:15:06.990 22837 22913 I RNAppUpgrade: Getting app launch attribution state = false
09-12 21:15:06.991 22837 22913 I RNAppUpgrade: hasOldSessionPreferences:false
09-12 21:15:06.992 22837 22913 I RNAppUpgrade: Getting app launch attribution state = false
09-12 21:15:06.992 22837 22913 I RNAppUpgrade: hasOldSessionPreferences:false
09-12 21:15:06.994 22837 22913 I RNAppUpgrade: Getting app launch attribution state = false
09-12 21:15:06.994 22837 22913 I RNAppUpgrade: hasOldSessionPreferences:false
09-12 21:15:06.997 22837 22913 I RNAppUpgrade: Getting app launch attribution state = false
09-12 21:15:06.997 22837 22914 I RNAppUpgrade: initialize
09-12 21:15:06.997 22837 22913 I RNAppUpgrade: hasOldSessionPreferences:false
09-12 21:15:06.997 22837 22914 I UpgradeContext: acquireWakeLock taskId 2
09-12 21:15:06.998 22837 22913 I RNAppUpgrade: Getting app launch attribution state = false
09-12 21:15:06.999 22837 22913 I RNAppUpgrade: hasOldSessionPreferences:false
09-12 21:15:07.000 22837 22837 I SimpleWakefulService: Acquire WAKE_LOCK for taskId: 2 with startId: 2
09-12 21:15:07.004 22837 22914 I RNAppUpgrade: processPendingIntents
09-12 21:15:07.005 22837 22914 I RNAppUpgrade: processPendingIntents:delayedIntentQueue size(1)
09-12 21:15:07.005 22837 22914 I RNAppUpgrade: processPendingIntent with action: android.intent.action.MY_PACKAGE_REPLACED
09-12 21:15:07.005 22837 22914 I RNAppUpgrade: App Received Intent with action - android.intent.action.MY_PACKAGE_REPLACED
09-12 21:15:07.011 22837 22914 I RNAppUpgrade: Emitted event for intent with action android.intent.action.MY_PACKAGE_REPLACED with eventOptions: {"notificationId":0,"scheduledWakeUpTime":0,"taskId":1}
09-12 21:15:07.087 22837 22914 I RNAppUpgrade: initialize
09-12 21:15:07.170 22837 22913 I ReactNativeJS: [#ffffffff-u] [TRACE] [JS.Startup] Locale initialized to [de_DE]
09-12 21:15:07.171 22837 22913 I ReactNativeJS: [#ffffffff-u] [TRACE] [JS.Startup] Country code is [DE]
09-12 21:15:07.241 22837 22913 I ReactNativeJS: [#ffffffff-u] [TRACE] [JS.Startup] Device Id: dNWT97_WBMo
09-12 21:15:07.242 22837 22913 I ReactNativeJS: [#ffffffff-u] [TRACE] [JS.Startup] Device Manufacturer: samsung
09-12 21:15:07.244 22837 22913 I ReactNativeJS: [#ffffffff-u] [TRACE] [JS.Startup] Device Model: SM-A310F
09-12 21:15:07.244 22837 22913 I ReactNativeJS: [#ffffffff-u] [TRACE] [JS.Startup] Device OS version: 7.0
09-12 21:15:07.245 22837 22913 I ReactNativeJS: [#ffffffff-u] [TRACE] [JS.Startup] App version: 8.30.0.50
09-12 21:15:07.246 22837 22913 I ReactNativeJS: [#ffffffff-u] [TRACE] [JS.Startup] App activation state: Background
09-12 21:15:07.258 22837 22913 I ReactNativeJS: [#ffffffff-u] [TRACE] [JS.GenericUnsafe] Startup Phase 1 duration: 3813ms
09-12 21:15:07.263 22837 22913 I ReactNativeJS: [#ffffffff-u] [TRACE] [JS.GenericUnsafe] Startup Phase 2 duration: 781ms
09-12 21:15:07.274 22837 22913 I ReactNativeJS: [#ffffffff-u] [TRACE] [JS.Startup] Starting: HockeyAppService
09-12 21:15:07.333 22837 22913 I ReactNativeJS: [#ffffffff-S] [TRACE] [JS.HockeyApp] Ignoring check for updates - PUBLIC build
09-12 21:15:07.333 22837 22914 I ReactHockeyApp: HockeyApp - initializing configuration
09-12 21:15:07.336 22837 22913 I ReactNativeJS: [#ffffffff-u] [TRACE] [JS.Startup] Finish: HockeyAppService: 62ms
09-12 21:15:07.342 22837 23027 I React: Check for new app crashes
09-12 21:15:07.365 22837 22913 I ReactNativeJS: [#ffffffff-u] [TRACE] [JS.Startup] Starting: CrashStatusStore
09-12 21:15:07.368 22837 22913 I ReactNativeJS: [#ffffffff-u] [TRACE] [JS.GenericUnsafe] RN Entry
09-12 21:15:07.383 22837 22913 I ReactNativeJS: [#ffffffff-u] [TRACE] [JS.AppUpgrade] Last app launch time: undefined
09-12 21:15:07.399 22837 22913 I RNAppUpgrade: Getting app launch attribution state = false
09-12 21:15:07.400 22837 22913 I RNAppUpgrade: hasOldSessionPreferences:false
09-12 21:15:07.404 22837 22913 I ReactNativeJS: [#ffffffff-u] [TRACE] [JS.AppUpgrade] _getAppLaunchState:subscribe:fired:0
09-12 21:15:07.408 22837 22913 I ReactNativeJS: [#ffffffff-u] [TRACE] [JS.AppUpgrade] App Upgrade Event Received with token 1
09-12 21:15:07.409 22837 22913 I ReactNativeJS: [#ffffffff-u] [TRACE] [JS.AppUpgrade] _onAppUpgradeEventReceived:_getAppLaunchState:begin: 1
09-12 21:15:07.410 22837 22913 I ReactNativeJS: [#ffffffff-u] [TRACE] [JS.AppUpgrade] _onAppUpgradeEventReceived:launchedState:NeverLaunched
09-12 21:15:07.411 22837 22913 I ReactNativeJS: [#ffffffff-u] [TRACE] [JS.AppUpgrade] _onAppUpgradeEventReceived:_getAppLaunchState:end: 1
09-12 21:15:07.412 22837 22913 I ReactNativeJS: [#ffffffff-u] [TRACE] [JS.AppUpgrade] _getOEMConfigUsingBackgroundECSFetch, acceptStale:true
09-12 21:15:07.418 22837 22913 I ReactNativeJS: [#ffffffff-u] [TRACE] [JS.AppUpgrade] _subscribeAndFetchEcs
09-12 21:15:07.421 22837 22913 I ReactNativeJS: [#ffffffff-u] [TRACE] [JS.AppUpgrade] ECSConfig:Subscribing for fresh ECS
09-12 21:15:07.530 22837 22913 I ReactNativeJS: [#ffffffff-S] [TRACE] [JS.HockeyApp] Last launch crashed: false
09-12 21:15:07.531 22837 22913 I ReactNativeJS: [#ffffffff-u] [TRACE] [JS.Startup] Finish: CrashStatusStore: 167ms
09-12 21:15:07.534 22837 22913 I ReactNativeJS: [#ffffffff-u] [TRACE] [JS.Startup] SkypeId missing in Storage
09-12 21:15:07.583 22837 22913 I ReactNativeJS: [#ffffffff-u] [TRACE] [JS.AppUpgrade] ECSConfig:ECS, expires in: -20979343.828
09-12 21:15:07.587 22837 22913 I ReactNativeJS: [#ffffffff-u] [TRACE] [JS.AppUpgrade] App upgraded with launch state - NeverLaunched
09-12 21:15:07.588 22837 22913 I ReactNativeJS: [#ffffffff-u] [TRACE] [JS.AppUpgrade] Elapsed time since last app launch -1
09-12 21:15:07.591 22837 22913 I ReactNativeJS: [#ffffffff-u] [TRACE] [JS.AppUpgrade] AppUpgradeTelemetry:SSO Account Present:false
09-12 21:15:07.591 22837 22913 I ReactNativeJS: [#ffffffff-u] [TRACE] [JS.AppUpgrade] AppUpgradeTelemetry:SENT:ECS enabled
09-12 21:15:07.593 22837 22913 I ReactNativeJS: [#ffffffff-u] [TRACE] [JS.AppUpgrade] _processUpgradeWakeUpForActivationExperiment._getWakeUpActivationData
09-12 21:15:07.595 22837 22913 I ReactNativeJS: [#ffffffff-u] [TRACE] [JS.AppUpgrade] _getWakeUpActivationData:begin:
09-12 21:15:07.597 22837 22913 I ReactNativeJS: [#ffffffff-u] [TRACE] [JS.AppUpgrade] _getWakeUpActivationData:end:
09-12 21:15:07.598 22837 22913 I ReactNativeJS: [#ffffffff-u] [TRACE] [JS.AppUpgrade] No notification type came from ECS config, falling back to PictureWithText1 notification
09-12 21:15:07.604 22837 22913 I ReactNativeJS: [#ffffffff-u] [TRACE] [JS.AppUpgrade] Using notification details for style TextOnly2
09-12 21:15:07.607 22837 22913 I ReactNativeJS: [#ffffffff-u] [TRACE] [JS.AppUpgrade] onUpgradeWakeUpForActivationExperiment:begin
09-12 21:15:07.608 22837 22913 I RNAppUpgrade: Getting app launch attribution state = false
09-12 21:15:07.609 22837 22913 I RNAppUpgrade: hasOldSessionPreferences:false
09-12 21:15:07.611 22837 22914 I RNAppUpgrade: onUpgradeWakeUpForActivationExperiment
09-12 21:15:07.648 22837 22914 I ActivationExperiment: ActivationOptions{"ecsConfig":{"sendAppUpgradeTelemetry":true,"upgradeNotification":{"appParameters":{"appStateList":["Launched"],"maxWakeAttempts":3,"minHoursSinceLaunch":72,"wakeIntervalSecs":259200},"enabled":false,"enabledExperiments":[],"notificationTimingInfo":{"scheduleHourOfDay":19}}},"isInsidersBuild":false,"lastLaunchTime":-1,"launchState":"NeverLaunched","notificationMeta":{"imageStyle":"None","imageUri":"https://secure.skypeassets.com/content/dam/scom/app/notifications/ensure_network_image.png","notificationStyle":"TextOnly2","notificationTemplateType":"Default","subtitle":"Tägliche Chats in großartige Momente verwandeln","title":"Wir stellen vor: dein neues Skype"},"notificationState":"NotScheduled","notificationStyle":"TextOnly2","partnerPreInstallId":"534","scheduleWakeUpTime":0}
09-12 21:15:07.653 22837 22914 I ActivationExperiment: onAppWakeUp, woke up at: Wednesday, September 12, 2018 at 11:15 PM with AppLaunchState NeverLaunched, wakeUpReason(Upgrade)
09-12 21:15:07.653 22837 22914 I ActivationExperiment: isEligibleToStartExperiment, SAMSUNG_PREINSTALL
09-12 21:15:07.658 22837 22914 I ActivationExperiment: loadFromDisk:{"experimentList":[],"schemaVersion":"v1","totalRetargetAttempts":-1,"totalWakeAttempts":37,"wakeUpList":[{"reason":"Upgrade","status":"NextWakeUpScheduled","time":1534471151091},{"reason":"RtcWakeUp","status":"NextWakeUpScheduled","time":1534787951092},{"reason":"RtcWakeUp","status":"NextWakeUpScheduled","time":1535047181984},{"reason":"RtcWakeUp","status":"WakeUpRetriesExhausted","time":1535303040320},{"reason":"Upgrade","status":"NextWakeUpScheduled","time":1535676121435},{"reason":"RtcWakeUp","status":"NextWakeUpScheduled","time":1535996521436},{"reason":"RtcWakeUp","status":"NextWakeUpScheduled","time":1536255726454},{"reason":"RtcWakeUp","status":"WakeUpRetriesExhausted","time":1536515215180}]}, timeTaken(2 ms)
09-12 21:15:07.689 22837 22914 I ActivationExperiment: isEligibleToExecuteExperiment: upgradeNotification not enabled
09-12 21:15:07.691 22837 22914 I ActivationExperiment: scheduleWakeUpForActivationExperiment: schedule next wake up after: 244800 secs, app will wake up on Saturday, September 15, 2018 at 7:15 PM
09-12 21:15:07.691 22837 22914 I ActivationExperiment: cancelPendingRtcWake
09-12 21:15:07.710 22837 22914 I ActivationExperiment: persistToDisk: SAVING, payload({"experimentList":[],"schemaVersion":"v1","totalRetargetAttempts":-1,"totalWakeAttempts":38,"wakeUpList":[{"reason":"Upgrade","status":"NextWakeUpScheduled","time":1535676121435},{"reason":"RtcWakeUp","status":"NextWakeUpScheduled","time":1535996521436},{"reason":"RtcWakeUp","status":"NextWakeUpScheduled","time":1536255726454},{"reason":"RtcWakeUp","status":"WakeUpRetriesExhausted","time":1536515215180},{"reason":"Upgrade","status":"NextWakeUpScheduled","time":1536786907686},{"reason":"RtcWakeUp","status":"WakeUpPending","time":1537031707689}]})
09-12 21:15:07.711 22837 22914 I ActivationExperiment: scheduleWakeUpForActivationExperiment: scheduled attempt(1), TimeTaken(22 ms)
09-12 21:15:07.721 22837 22914 W ReactMethodWatchdog: Method RNAppUpgrade.onUpgradeWakeUpForActivationExperiment invocation took too long: 111ms
09-12 21:15:07.818 22837 22913 I RNAppUpgrade: Getting app launch attribution state = false
09-12 21:15:07.819 22837 22913 I RNAppUpgrade: hasOldSessionPreferences:false
09-12 21:15:08.332 22837 22914 W ReactMethodWatchdog: Method RNCookieManagerAndroid.clearAll invocation took too long: 570ms
09-12 21:15:08.371 22837 22914 I UpgradeContext: releaseWakeLock taskId 1
09-12 21:15:08.377 22837 22837 I SimpleWakefulService: Release WAKE_LOCK for taskId: 1 with startId: 3
09-12 21:15:08.381 22837 22837 I SimpleWakefulService: Removing Stop message
09-12 21:15:08.524 22837 22914 I DeviceUtilities: DeviceUtilities: currentOrientation
09-12 21:15:08.608 22837 22914 W React: StatusBarModule: Ignored status bar change, current activity is null.
09-12 21:15:08.612 22837 22914 W React: StatusBarModule: Ignored status bar change, current activity is null.
09-12 21:15:08.616 22837 22914 W React: StatusBarModule: Ignored status bar change, current activity is null.
09-12 21:15:08.617 22837 22914 I DeviceUtilities: DeviceUtilities: statusBarHeight
09-12 21:15:08.654 22837 22913 W ReactNativeJS: [#ffffffff-u] [WARN] [JS.ResponsiveWidthStore] DeviceUtilities.currentOrientation failed: [pii] causeId: ecb15177
09-12 21:15:08.656 22837 22913 W ReactNativeJS: [#ffffffff-u] [WARN] [JS.GenericUnsafe] SafeAreaStore statusBarHeight failed: [pii]
09-12 21:15:08.784 22837 23082 I HttpLoggingInterceptor: Http succeeded, request: POST browser.pipe.aria.microsoft.com (1296 body). Response: 200 OK (410 ms, 0 body)
09-12 21:15:13.175 22837 22928 I RNSlimcore: Clearing old logs
09-12 21:15:13.187 22837 22928 I SkyLibManager[TERMINATED:null]: clearOldLogs found 0 potential log files
09-12 21:15:17.920 22837 22837 W PushHandlingService: PushHandling Service was not released in its processing time window of 15000 milliseconds for PushId of 1. Will stop the service now as a result of the timeout.
09-12 21:15:17.921 22837 22837 I skype:bgexec: completeWakefulIntentAfterAllWakeLocks at=1536786917.921s debugCause=PushHandling:endStart
09-12 21:15:17.923 22837 22837 I PushHandlingService: There are no intents to complete anymore. Stop pushId:1, startId: 1
09-12 21:15:17.925 22837 22837 I PushHandlingService: Service destroyed
09-12 21:15:22.004 22837 23026 I UpgradeContext: releaseWakeLock taskId 2
09-12 21:15:22.014 22837 22837 I SimpleWakefulService: Release WAKE_LOCK for taskId: 2 with startId: 4
09-12 21:15:22.024 22837 22837 I SimpleWakefulService: Removing Stop message
09-12 21:15:22.026 22837 22837 I SimpleWakefulService: Service destroyed
09-13 09:53:12.234 8014 8014 W ReactHockeyApp: RNHockeyApp: Failed to get existing metadata
09-13 09:53:12.234 8014 8014 W ReactHockeyApp: /data/user/0/com.skype.raider/files/HockeyAppCrashMetadata.json (No such file or directory)
09-13 09:53:12.234 8014 8014 W ReactHockeyApp: java.io.FileInputStream.open(FileInputStream.java:-2)
09-13 09:53:12.234 8014 8014 W ReactHockeyApp: java.io.FileInputStream.(FileInputStream.java:146)
09-13 09:53:12.234 8014 8014 W ReactHockeyApp: android.app.ContextImpl.openFileInput(ContextImpl.java:505)
09-13 09:53:12.234 8014 8014 W ReactHockeyApp: android.content.ContextWrapper.openFileInput(ContextWrapper.java:193)
09-13 09:53:12.234 8014 8014 W ReactHockeyApp: com.skype.hockeyapp.SkypeCrashListener.f(SourceFile:139)
09-13 09:53:12.234 8014 8014 W ReactHockeyApp: com.skype.hockeyapp.SkypeCrashListener.(SourceFile:48)
09-13 09:53:12.234 8014 8014 W ReactHockeyApp: com.skype.hockeyapp.SkypeCrashListener.a(SourceFile:43)
09-13 09:53:12.234 8014 8014 W ReactHockeyApp: com.skype.hockeyapp.SkypeCrashManager.a(SourceFile:40)
09-13 09:53:12.234 8014 8014 W ReactHockeyApp: com.skype4life.SkypeApplication.onCreate(SourceFile:1045)
09-13 09:53:12.234 8014 8014 W ReactHockeyApp: android.app.Instrumentation.callApplicationOnCreate(Instrumentation.java:1032)
09-13 09:53:12.234 8014 8014 W ReactHockeyApp: android.app.ActivityThread.handleBindApplication(ActivityThread.java:5970)
09-13 09:53:12.234 8014 8014 W ReactHockeyApp: android.app.ActivityThread.-wrap3(ActivityThread.java:-1)
09-13 09:53:12.234 8014 8014 W ReactHockeyApp: android.app.ActivityThread$H.handleMessage(ActivityThread.java:1710)
09-13 09:53:12.234 8014 8014 W ReactHockeyApp: android.os.Handler.dispatchMessage(Handler.java:102)
09-13 09:53:12.234 8014 8014 W ReactHockeyApp: android.os.Looper.loop(Looper.java:154)
09-13 09:53:12.234 8014 8014 W ReactHockeyApp: android.app.ActivityThread.main(ActivityThread.java:6776)
09-13 09:53:12.234 8014 8014 W ReactHockeyApp: java.lang.reflect.Method.invoke(Method.java:-2)
09-13 09:53:12.234 8014 8014 W ReactHockeyApp: com.android.internal.os.ZygoteInit$MethodAndArgsCaller.run(ZygoteInit.java:1496)
09-13 09:53:12.234 8014 8014 W ReactHockeyApp: com.android.internal.os.ZygoteInit.main(ZygoteInit.java:1386)
09-13 09:53:12.275 8014 8014 I DumpUploader: Preparing check for new crash dumps
09-13 09:53:12.277 8014 8014 I ReactApp: parsingProcessName took 1ms
09-13 09:53:12.277 8014 8014 I ReactApp: onCreate start
09-13 09:53:12.282 8014 8031 I DumpUploader: Started check for new crash dumps
09-13 09:53:12.312 8014 8031 I DumpUploader: Marking dumps as known:
09-13 09:53:12.312 8014 8014 I ReactApp: leakCanaryInstall took 3ms
09-13 09:53:12.355 8014 8014 I ReactApp: configureOkHttp took 43ms
09-13 09:53:12.356 8014 8014 I ReactApp: configureStetho took 0ms
09-13 09:53:12.413 8014 8014 I ReactApp: configureYoga took 57ms
09-13 09:53:12.419 8014 8014 I ReactApp: CsiManager.onCreate took 6ms
09-13 09:53:12.572 8014 8014 I ReactApp: mReactNativeHost.getReactInstanceManager took 153ms
09-13 09:53:12.572 8014 8039 I React: Creating react context.
09-13 09:53:12.572 8014 8014 I ReactApp: onCreate complete in 395ms
09-13 09:53:12.579 8014 8014 I ActivationExperiment: loadFromDisk:{"experimentList":[],"schemaVersion":"v1","totalRetargetAttempts":-1,"totalWakeAttempts":38,"wakeUpList":[{"reason":"Upgrade","status":"NextWakeUpScheduled","time":1535676121435},{"reason":"RtcWakeUp","status":"NextWakeUpScheduled","time":1535996521436},{"reason":"RtcWakeUp","status":"NextWakeUpScheduled","time":1536255726454},{"reason":"RtcWakeUp","status":"WakeUpRetriesExhausted","time":1536515215180},{"reason":"Upgrade","status":"NextWakeUpScheduled","time":1536786907686},{"reason":"RtcWakeUp","status":"WakeUpPending","time":1537031707689}]}, timeTaken(3 ms)
09-13 09:53:12.587 8014 8039 I SkypeCameraViewManager: init
09-13 09:53:12.600 8014 8039 I GradientImagePackage: createViewManagers
09-13 09:53:12.603 8014 8014 I ActivationExperiment: cancelPendingRtcWake
09-13 09:53:12.604 8014 8039 W ViewManagerPropertyUpdater: Could not find generated setter for class com.skype.ink.AdditiveSurfaceViewManager
09-13 09:53:12.617 8014 8039 W ViewManagerPropertyUpdater: Could not find generated setter for class com.skype.ink.AdditiveSurfaceViewShadowNode
09-13 09:53:12.627 8014 8039 W ViewManagerPropertyUpdater: Could not find generated setter for class com.facebook.react.uimanager.h
09-13 09:53:12.630 8014 8039 W ViewManagerPropertyUpdater: Could not find generated setter for class com.facebook.react.views.text.g
09-13 09:53:12.640 8014 8039 W ViewManagerPropertyUpdater: Could not find generated setter for class com.facebook.react.views.textinput.i
09-13 09:53:12.646 8014 8039 W ViewManagerPropertyUpdater: Could not find generated setter for class com.facebook.react.views.art.c
09-13 09:53:12.648 8014 8039 W ViewManagerPropertyUpdater: Could not find generated setter for class com.facebook.react.views.art.b
09-13 09:53:12.652 8014 8039 W ViewManagerPropertyUpdater: Could not find generated setter for class com.facebook.react.views.art.a
09-13 09:53:12.653 8014 8039 W ViewManagerPropertyUpdater: Could not find generated setter for class com.facebook.react.views.progressbar.b
09-13 09:53:12.655 8014 8039 W ViewManagerPropertyUpdater: Could not find generated setter for class com.facebook.react.views.text.frescosupport.a
09-13 09:53:12.658 8014 8039 W ViewManagerPropertyUpdater: Could not find generated setter for class com.brentvatne.react.ReactVideoViewManager
09-13 09:53:12.672 8014 8039 W ViewManagerPropertyUpdater: Could not find generated setter for class com.skpcamera.SkypeCameraViewManager
09-13 09:53:12.683 8014 8039 W ViewManagerPropertyUpdater: Could not find generated setter for class com.customkeyboard.CustomKeyboardViewManager
09-13 09:53:12.685 8014 8039 W ViewManagerPropertyUpdater: Could not find generated setter for class com.skype.slimcore.video.RNCallingVideoViewManager
09-13 09:53:12.687 8014 8039 W ViewManagerPropertyUpdater: Could not find generated setter for class com.skype.slimcore.video.RNCallingVideoViewLocalManager
09-13 09:53:12.688 8014 8039 W ViewManagerPropertyUpdater: Could not find generated setter for class com.skype.slimcore.video.RNCallingVideoViewPreviewManager
09-13 09:53:12.691 8014 8039 W ViewManagerPropertyUpdater: Could not find generated setter for class com.microsoft.react.mediapicker.MediaPickerViewManager
09-13 09:53:12.694 8014 8039 W ViewManagerPropertyUpdater: Could not find generated setter for class com.microsoft.react.mediapicker.c
09-13 09:53:12.697 8014 8039 W ViewManagerPropertyUpdater: Could not find generated setter for class com.microsoft.skypemessagetextinput.view.RNViewManager
09-13 09:53:12.700 8014 8039 W ViewManagerPropertyUpdater: Could not find generated setter for class com.microsoft.skypemessagetextinput.view.c
09-13 09:53:12.701 8014 8039 W ViewManagerPropertyUpdater: Could not find generated setter for class com.skype.reactnativesprites.SpriteViewManager
09-13 09:53:12.705 8014 8039 W ViewManagerPropertyUpdater: Could not find generated setter for class com.projectseptember.RNGL.GLCanvasManager
09-13 09:53:12.708 8014 8039 W ViewManagerPropertyUpdater: Could not find generated setter for class com.github.alinz.reactnativewebviewbridge.WebViewBridgeManager
09-13 09:53:12.714 8014 8039 W ViewManagerPropertyUpdater: Could not find generated setter for class com.airbnb.android.react.maps.AirMapCalloutManager
09-13 09:53:12.716 8014 8039 W ViewManagerPropertyUpdater: Could not find generated setter for class com.airbnb.android.react.maps.AirMapMarkerManager
09-13 09:53:12.719 8014 8039 W ViewManagerPropertyUpdater: Could not find generated setter for class com.airbnb.android.react.maps.AirMapPolylineManager
