08-23 18:03:59.602 11067 11185 I ReactNativeJS: [#ffffffff-u] [TRACE] [JS.HeadlessJsTask] registerHeadlessTaskCallbacks called for 'SignInOnUserSessionConnectedRetry'
08-23 18:03:59.603 11067 11185 I ReactNativeJS: [#ffffffff-u] [TRACE] [JS.HeadlessJsTask] registerHeadlessTaskCallbacks called for 'SignInOnDefaultMSAConnected'
08-23 18:03:59.604 11067 11185 I ReactNativeJS: [#ffffffff-u] [TRACE] [JS.HeadlessJsTask] registerHeadlessTaskCallbacks called for 'SignInOnDefaultMSAConnectedRetry'
08-23 18:03:59.605 11067 11185 I ReactNativeJS: [#ffffffff-u] [TRACE] [JS.HeadlessJsTask] registerHeadlessTaskCallbacks called for 'BackgroundHeartbeatTelemetry'
08-23 18:03:59.607 11067 11185 I ReactNativeJS: [#ffffffff-u] [TRACE] [JS.HeadlessJsTask] registerHeadlessTaskCallbacks called for 'OnMaintenanceWindowStart'
08-23 18:03:59.608 11067 11185 I ReactNativeJS: [#ffffffff-u] [TRACE] [JS.HeadlessJsTask] registerHeadlessTaskCallbacks called for 'OnMaintenanceWindowStartRetry'
08-23 18:03:59.647 11067 11185 I ReactNativeJS: [#ffffffff-u] [TRACE] [JS.HeadlessJsTask] registerHeadlessTaskCallbacks called for 'ToastActivation'
08-23 18:03:59.648 11067 11185 I ReactNativeJS: [#ffffffff-u] [TRACE] [JS.HeadlessJsTask] registerHeadlessTaskCallbacks called for 'ToastActivationRetry'
08-23 18:03:59.674 11067 11185 I RNAppUpgrade: Getting app launch attribution state = false
08-23 18:03:59.676 11067 11185 I RNAppUpgrade: hasOldSessionPreferences:false
08-23 18:03:59.690 11067 11185 I ReactNativeJS: [#ffffffff-u] [TRACE] [JS.AppUpgrade] Preparing to handle App Upgrade Event
08-23 18:03:59.691 11067 11185 I ReactNativeJS: [#ffffffff-u] [TRACE] [JS.AppUpgrade] Preparing to handle Rtc Wake Event
08-23 18:03:59.692 11067 11185 I ReactNativeJS: [#ffffffff-u] [TRACE] [JS.AppUpgrade] _setUpAppLaunchStateChangeListener
08-23 18:03:59.694 11067 11185 I ReactNativeJS: [#ffffffff-u] [TRACE] [JS.AppUpgrade] _setUpNoticationClickListener
08-23 18:03:59.696 11067 11185 I RNAppUpgrade: Getting app launch attribution state = false
08-23 18:03:59.696 11067 11185 I RNAppUpgrade: hasOldSessionPreferences:false
08-23 18:03:59.698 11067 11185 I RNAppUpgrade: Getting app launch attribution state = false
08-23 18:03:59.699 11067 11185 I RNAppUpgrade: hasOldSessionPreferences:false
08-23 18:03:59.701 11067 11185 I RNAppUpgrade: Getting app launch attribution state = false
08-23 18:03:59.701 11067 11185 I RNAppUpgrade: hasOldSessionPreferences:false
08-23 18:03:59.704 11067 11185 I RNAppUpgrade: Getting app launch attribution state = false
08-23 18:03:59.705 11067 11185 I RNAppUpgrade: hasOldSessionPreferences:false
08-23 18:03:59.706 11067 11185 I RNAppUpgrade: Getting app launch attribution state = false
08-23 18:03:59.707 11067 11185 I RNAppUpgrade: hasOldSessionPreferences:false
08-23 18:03:59.707 11067 11192 I RNAppUpgrade: initialize
08-23 18:03:59.710 11067 11192 I UpgradeContext: acquireWakeLock taskId 2
08-23 18:03:59.713 11067 11067 I SimpleWakefulService: Acquire WAKE_LOCK for taskId: 2 with startId: 2
08-23 18:03:59.730 11067 11192 I RNAppUpgrade: processPendingIntents
08-23 18:03:59.730 11067 11192 I RNAppUpgrade: processPendingIntents:delayedIntentQueue size(1)
08-23 18:03:59.730 11067 11192 I RNAppUpgrade: processPendingIntent with action: WakeEventReceiver.ACTION_OEM_RTC_WAKE
08-23 18:03:59.731 11067 11192 I RNAppUpgrade: App Received Intent with action - WakeEventReceiver.ACTION_OEM_RTC_WAKE
08-23 18:03:59.750 11067 11192 I RNAppUpgrade: Emitted event for intent with action WakeEventReceiver.ACTION_OEM_RTC_WAKE with eventOptions: {"notificationId":0,"scheduledWakeUpTime":1535047181984,"taskId":1}
08-23 18:03:59.751 11067 11192 I RNAppUpgrade: initialize
08-23 18:03:59.871 11067 11185 I ReactNativeJS: [#ffffffff-u] [TRACE] [JS.Startup] Locale initialized to [de_DE]
08-23 18:03:59.872 11067 11185 I ReactNativeJS: [#ffffffff-u] [TRACE] [JS.Startup] Country code is [DE]
08-23 18:03:59.881 11067 11185 I ReactNativeJS: [#ffffffff-u] [TRACE] [JS.Startup] Device Id: dNWT97_WBMo
08-23 18:03:59.882 11067 11185 I ReactNativeJS: [#ffffffff-u] [TRACE] [JS.Startup] Device Manufacturer: samsung
08-23 18:03:59.883 11067 11185 I ReactNativeJS: [#ffffffff-u] [TRACE] [JS.Startup] Device Model: SM-A310F
08-23 18:03:59.884 11067 11185 I ReactNativeJS: [#ffffffff-u] [TRACE] [JS.Startup] Device OS version: 7.0
08-23 18:03:59.890 11067 11185 I ReactNativeJS: [#ffffffff-u] [TRACE] [JS.Startup] App version: 8.28.0.41
08-23 18:03:59.892 11067 11185 I ReactNativeJS: [#ffffffff-u] [TRACE] [JS.Startup] App activation state: Background
08-23 18:03:59.904 11067 11185 I ReactNativeJS: [#ffffffff-u] [TRACE] [JS.GenericUnsafe] Startup Phase 1 duration: 1864ms
08-23 18:03:59.909 11067 11185 I ReactNativeJS: [#ffffffff-u] [TRACE] [JS.GenericUnsafe] Startup Phase 2 duration: 1062ms
08-23 18:03:59.921 11067 11185 I ReactNativeJS: [#ffffffff-u] [TRACE] [JS.Startup] Starting: HockeyAppService
08-23 18:03:59.958 11067 11185 I ReactNativeJS: [#ffffffff-S] [TRACE] [JS.HockeyApp] Ignoring check for updates - PUBLIC build
08-23 18:03:59.960 11067 11185 I ReactNativeJS: [#ffffffff-u] [TRACE] [JS.Startup] Finish: HockeyAppService: 40ms
08-23 18:03:59.961 11067 11192 I ReactHockeyApp: HockeyApp - initializing configuration
08-23 18:03:59.972 11067 11271 I React: Check for new app crashes
08-23 18:03:59.980 11067 11185 I ReactNativeJS: [#ffffffff-u] [TRACE] [JS.Startup] Starting: CrashStatusStore
08-23 18:03:59.983 11067 11185 I ReactNativeJS: [#ffffffff-u] [TRACE] [JS.GenericUnsafe] RN Entry
08-23 18:03:59.995 11067 11185 I ReactNativeJS: [#ffffffff-u] [TRACE] [JS.AppUpgrade] Rtc Wake event Received with token 1
08-23 18:03:59.998 11067 11185 I ReactNativeJS: [#ffffffff-u] [TRACE] [JS.AppUpgrade] Last app launch time: undefined
08-23 18:04:00.004 11067 11185 I RNAppUpgrade: Getting app launch attribution state = false
08-23 18:04:00.004 11067 11185 I RNAppUpgrade: hasOldSessionPreferences:false
08-23 18:04:00.008 11067 11185 I ReactNativeJS: [#ffffffff-u] [TRACE] [JS.AppUpgrade] _getAppLaunchState:subscribe:fired:0
08-23 18:04:00.010 11067 11185 I ReactNativeJS: [#ffffffff-u] [TRACE] [JS.AppUpgrade] _getAppLaunchState:subscribe:fired:0
08-23 18:04:00.011 11067 11185 I ReactNativeJS: [#ffffffff-u] [TRACE] [JS.AppUpgrade] _getOEMConfigUsingBackgroundECSFetch, acceptStale:true
08-23 18:04:00.019 11067 11185 I ReactNativeJS: [#ffffffff-u] [TRACE] [JS.AppUpgrade] _subscribeAndFetchEcs
08-23 18:04:00.021 11067 11185 I ReactNativeJS: [#ffffffff-u] [TRACE] [JS.AppUpgrade] ECSConfig:Subscribing for fresh ECS
08-23 18:04:00.137 11067 11185 I ReactNativeJS: [#ffffffff-S] [TRACE] [JS.HockeyApp] Last launch crashed: false
08-23 18:04:00.138 11067 11185 I ReactNativeJS: [#ffffffff-u] [TRACE] [JS.Startup] Finish: CrashStatusStore: 158ms
08-23 18:04:00.141 11067 11185 I ReactNativeJS: [#ffffffff-u] [TRACE] [JS.Startup] SkypeId missing in Storage
08-23 18:04:00.219 11067 11185 I ReactNativeJS: [#ffffffff-u] [TRACE] [JS.AppUpgrade] ECSConfig:ECS, expires in: -19239876.463
08-23 18:04:00.222 11067 11185 I ReactNativeJS: [#ffffffff-u] [TRACE] [JS.AppUpgrade] _getWakeUpActivationData:begin:
08-23 18:04:00.224 11067 11185 I ReactNativeJS: [#ffffffff-u] [TRACE] [JS.AppUpgrade] _getWakeUpActivationData:end:
08-23 18:04:00.225 11067 11185 I ReactNativeJS: [#ffffffff-u] [TRACE] [JS.AppUpgrade] No notification type came from ECS config, falling back to PictureWithText1 notification
08-23 18:04:00.231 11067 11185 I ReactNativeJS: [#ffffffff-u] [TRACE] [JS.AppUpgrade] Using notification details for style TextOnly2
08-23 18:04:00.234 11067 11185 I ReactNativeJS: [#ffffffff-u] [TRACE] [JS.AppUpgrade] _triggerRtcWakeUpForActivationExperiment:begin
08-23 18:04:00.235 11067 11185 I RNAppUpgrade: Getting app launch attribution state = false
08-23 18:04:00.236 11067 11185 I RNAppUpgrade: hasOldSessionPreferences:false
08-23 18:04:00.238 11067 11192 I RNAppUpgrade: scheduleWakeUpForActivationExperiment
08-23 18:04:00.268 11067 11192 I ActivationExperiment: ActivationOptions{"ecsConfig":{"sendAppUpgradeTelemetry":true,"upgradeNotification":{"appParameters":{"appStateList":["Launched"],"maxWakeAttempts":3,"minHoursSinceLaunch":72,"wakeIntervalSecs":259200},"enabled":false,"enabledExperiments":[],"notificationTimingInfo":{"scheduleHourOfDay":19}}},"isInsidersBuild":false,"lastLaunchTime":-1,"launchState":"NeverLaunched","notificationMeta":{"imageStyle":"None","imageUri":"https://secure.skypeassets.com/content/dam/scom/app/notifications/ensure_network_image.png","notificationStyle":"TextOnly2","notificationTemplateType":"Default","subtitle":"Tägliche Chats in großartige Momente verwandeln","title":"Wir stellen vor: dein neues Skype"},"notificationState":"NotScheduled","notificationStyle":"TextOnly2","partnerPreInstallId":"534","scheduleWakeUpTime":1535047181984}
08-23 18:04:00.291 11067 11192 I ActivationExperiment: onAppWakeUp, woke up at: Thursday, August 23, 2018 at 8:04 PM with AppLaunchState NeverLaunched, wakeUpReason(RtcWakeUp)
08-23 18:04:00.291 11067 11192 I ActivationExperiment: isEligibleToStartExperiment, SAMSUNG_PREINSTALL
08-23 18:04:00.301 11067 11192 I ActivationExperiment: loadFromDisk:{"experimentList":[],"schemaVersion":"v1","totalRetargetAttempts":-1,"totalWakeAttempts":31,"wakeUpList":[{"reason":"Upgrade","status":"NextWakeUpScheduled","time":1533946234151},{"reason":"RtcWakeUp","status":"NextWakeUpScheduled","time":1534266634152},{"reason":"RtcWakeUp","status":"WakeUpPending","time":1534525837347},{"reason":"Upgrade","status":"NextWakeUpScheduled","time":1534471151091},{"reason":"RtcWakeUp","status":"NextWakeUpScheduled","time":1534787951092},{"reason":"RtcWakeUp","status":"WakeUpPending","time":1535047181984}]}, timeTaken(5 ms)
08-23 18:04:00.310 11067 11192 I ActivationExperiment: isEligibleToExecuteExperiment: upgradeNotification not enabled
08-23 18:04:00.321 11067 11192 I ActivationExperiment: scheduleWakeUpForActivationExperiment: schedule next wake up after: 255600 secs, app will wake up on Sunday, August 26, 2018 at 7:04 PM
08-23 18:04:00.321 11067 11192 I ActivationExperiment: cancelPendingRtcWake
08-23 18:04:00.338 11067 11192 I ActivationExperiment: persistToDisk: SAVING, payload({"experimentList":[],"schemaVersion":"v1","totalRetargetAttempts":-1,"totalWakeAttempts":32,"wakeUpList":[{"reason":"Upgrade","status":"NextWakeUpScheduled","time":1533946234151},{"reason":"RtcWakeUp","status":"NextWakeUpScheduled","time":1534266634152},{"reason":"RtcWakeUp","status":"WakeUpPending","time":1534525837347},{"reason":"Upgrade","status":"NextWakeUpScheduled","time":1534471151091},{"reason":"RtcWakeUp","status":"NextWakeUpScheduled","time":1534787951092},{"reason":"RtcWakeUp","status":"NextWakeUpScheduled","time":1535047181984},{"reason":"RtcWakeUp","status":"WakeUpPending","time":1535303040320}]})
08-23 18:04:00.338 11067 11192 I ActivationExperiment: scheduleWakeUpForActivationExperiment: scheduled attempt(3), TimeTaken(18 ms)
08-23 18:04:00.346 11067 11192 W ReactMethodWatchdog: Method RNAppUpgrade.onRtcWakeUpForActivationExperiment invocation took too long: 106ms
08-23 18:04:00.411 11067 11185 I RNAppUpgrade: Getting app launch attribution state = false
08-23 18:04:00.412 11067 11185 I RNAppUpgrade: hasOldSessionPreferences:false
08-23 18:04:01.823 11067 11192 W ReactMethodWatchdog: Method RNCookieManagerAndroid.clearAll invocation took too long: 1422ms
08-23 18:04:01.824 11067 11192 I UpgradeContext: releaseWakeLock taskId 1
08-23 18:04:01.854 11067 11067 I SimpleWakefulService: Release WAKE_LOCK for taskId: 1 with startId: 3
08-23 18:04:01.856 11067 11067 I SimpleWakefulService: Removing Stop message
08-23 18:04:02.058 11067 11192 I DeviceUtilities: DeviceUtilities: currentOrientation
08-23 18:04:02.137 11067 11192 W React: StatusBarModule: Ignored status bar change, current activity is null.
08-23 18:04:02.144 11067 11192 W React: StatusBarModule: Ignored status bar change, current activity is null.
08-23 18:04:02.144 11067 11192 W React: StatusBarModule: Ignored status bar change, current activity is null.
08-23 18:04:02.145 11067 11192 I DeviceUtilities: DeviceUtilities: statusBarHeight
08-23 18:04:02.191 11067 11185 W ReactNativeJS: [#ffffffff-u] [WARN] [JS.ResponsiveWidthStore] DeviceUtilities.currentOrientation failed: [pii] causeId: 6c258ca0
08-23 18:04:02.193 11067 11185 W ReactNativeJS: [#ffffffff-u] [WARN] [JS.GenericUnsafe] SafeAreaStore statusBarHeight failed: [pii]
08-23 18:04:07.731 11067 11163 I RNSlimcore: Clearing old logs
08-23 18:04:07.746 11067 11163 I SkyLibManager[TERMINATED:null]: clearOldLogs found 0 potential log files
08-23 18:04:14.731 11067 11268 I UpgradeContext: releaseWakeLock taskId 2
08-23 18:04:14.738 11067 11067 I SimpleWakefulService: Release WAKE_LOCK for taskId: 2 with startId: 4
08-23 18:04:14.761 11067 11067 I SimpleWakefulService: Removing Stop message
08-23 18:04:14.762 11067 11067 I SimpleWakefulService: Service destroyed
08-26 17:11:27.958 5216 5216 W ReactHockeyApp: RNHockeyApp: Failed to get existing metadata
08-26 17:11:27.958 5216 5216 W ReactHockeyApp: /data/user/0/com.skype.raider/files/HockeyAppCrashMetadata.json (No such file or directory)
08-26 17:11:27.958 5216 5216 W ReactHockeyApp: java.io.FileInputStream.open(FileInputStream.java:-2)
08-26 17:11:27.958 5216 5216 W ReactHockeyApp: java.io.FileInputStream.(FileInputStream.java:146)
08-26 17:11:27.958 5216 5216 W ReactHockeyApp: android.app.ContextImpl.openFileInput(ContextImpl.java:505)
08-26 17:11:27.958 5216 5216 W ReactHockeyApp: android.content.ContextWrapper.openFileInput(ContextWrapper.java:193)
08-26 17:11:27.958 5216 5216 W ReactHockeyApp: com.skype.hockeyapp.SkypeCrashListener.f(SourceFile:139)
08-26 17:11:27.958 5216 5216 W ReactHockeyApp: com.skype.hockeyapp.SkypeCrashListener.(SourceFile:48)
08-26 17:11:27.958 5216 5216 W ReactHockeyApp: com.skype.hockeyapp.SkypeCrashListener.a(SourceFile:43)
08-26 17:11:27.958 5216 5216 W ReactHockeyApp: com.skype.hockeyapp.SkypeCrashManager.a(SourceFile:37)
08-26 17:11:27.958 5216 5216 W ReactHockeyApp: com.skype4life.SkypeApplication.onCreate(SourceFile:1042)
08-26 17:11:27.958 5216 5216 W ReactHockeyApp: android.app.Instrumentation.callApplicationOnCreate(Instrumentation.java:1032)
08-26 17:11:27.958 5216 5216 W ReactHockeyApp: android.app.ActivityThread.handleBindApplication(ActivityThread.java:5970)
08-26 17:11:27.958 5216 5216 W ReactHockeyApp: android.app.ActivityThread.-wrap3(ActivityThread.java:-1)
08-26 17:11:27.958 5216 5216 W ReactHockeyApp: android.app.ActivityThread$H.handleMessage(ActivityThread.java:1710)
08-26 17:11:27.958 5216 5216 W ReactHockeyApp: android.os.Handler.dispatchMessage(Handler.java:102)
08-26 17:11:27.958 5216 5216 W ReactHockeyApp: android.os.Looper.loop(Looper.java:154)
08-26 17:11:27.958 5216 5216 W ReactHockeyApp: android.app.ActivityThread.main(ActivityThread.java:6776)
08-26 17:11:27.958 5216 5216 W ReactHockeyApp: java.lang.reflect.Method.invoke(Method.java:-2)
08-26 17:11:27.958 5216 5216 W ReactHockeyApp: com.android.internal.os.ZygoteInit$MethodAndArgsCaller.run(ZygoteInit.java:1496)
08-26 17:11:27.958 5216 5216 W ReactHockeyApp: com.android.internal.os.ZygoteInit.main(ZygoteInit.java:1386)
08-26 17:11:28.036 5216 5216 I DumpUploader: Preparing check for new crash dumps
08-26 17:11:28.038 5216 5216 I ReactApp: parsingProcessName took 1ms
08-26 17:11:28.042 5216 5216 I ReactApp: onCreate start
08-26 17:11:28.039 5216 5272 I DumpUploader: Started check for new crash dumps
08-26 17:11:28.053 5216 5272 I DumpUploader: Marking dumps as known:
08-26 17:11:28.055 5216 5216 I ReactApp: leakCanaryInstall took 1ms
08-26 17:11:28.088 5216 5216 I ReactApp: configureOkHttp took 33ms
08-26 17:11:28.088 5216 5216 I ReactApp: configureStetho took 0ms
08-26 17:11:28.151 5216 5216 I ReactApp: configureYoga took 63ms
08-26 17:11:28.171 5216 5216 I ReactApp: CsiManager.onCreate took 19ms
08-26 17:11:28.592 5216 5216 I ReactApp: mReactNativeHost.getReactInstanceManager took 420ms
08-26 17:11:28.592 5216 5216 I ReactApp: onCreate complete in 719ms
08-26 17:11:28.593 5216 5216 I UpgradeContext: onReceive action WakeEventReceiver.ACTION_OEM_RTC_WAKE
08-26 17:11:28.594 5216 5216 I UpgradeContext: acquireWakeLock taskId 1
08-26 17:11:28.597 5216 5353 I React: Creating react context.
08-26 17:11:28.623 5216 5353 I SkypeCameraViewManager: init
08-26 17:11:28.644 5216 5353 I GradientImagePackage: createViewManagers
08-26 17:11:28.646 5216 5353 W ViewManagerPropertyUpdater: Could not find generated setter for class com.skype.ink.AdditiveSurfaceViewManager
08-26 17:11:28.654 5216 5353 W ViewManagerPropertyUpdater: Could not find generated setter for class com.skype.ink.AdditiveSurfaceViewShadowNode
08-26 17:11:28.661 5216 5353 W ViewManagerPropertyUpdater: Could not find generated setter for class com.facebook.react.uimanager.h
08-26 17:11:28.664 5216 5353 W ViewManagerPropertyUpdater: Could not find generated setter for class com.facebook.react.views.text.g
08-26 17:11:28.674 5216 5353 W ViewManagerPropertyUpdater: Could not find generated setter for class com.facebook.react.views.textinput.i
08-26 17:11:28.678 5216 5353 W ViewManagerPropertyUpdater: Could not find generated setter for class com.facebook.react.views.art.c
08-26 17:11:28.680 5216 5353 W ViewManagerPropertyUpdater: Could not find generated setter for class com.facebook.react.views.art.b
08-26 17:11:28.682 5216 5353 W ViewManagerPropertyUpdater: Could not find generated setter for class com.facebook.react.views.art.a
08-26 17:11:28.684 5216 5353 W ViewManagerPropertyUpdater: Could not find generated setter for class com.facebook.react.views.progressbar.b
08-26 17:11:28.685 5216 5353 W ViewManagerPropertyUpdater: Could not find generated setter for class com.facebook.react.views.text.frescosupport.a
08-26 17:11:28.688 5216 5353 W ViewManagerPropertyUpdater: Could not find generated setter for class com.brentvatne.react.ReactVideoViewManager
08-26 17:11:28.695 5216 5353 W ViewManagerPropertyUpdater: Could not find generated setter for class com.skpcamera.SkypeCameraViewManager
08-26 17:11:28.701 5216 5353 W ViewManagerPropertyUpdater: Could not find generated setter for class com.customkeyboard.CustomKeyboardViewManager
08-26 17:11:28.703 5216 5353 W ViewManagerPropertyUpdater: Could not find generated setter for class com.skype.slimcore.video.RNCallingVideoViewManager
08-26 17:11:28.704 5216 5353 W ViewManagerPropertyUpdater: Could not find generated setter for class com.skype.slimcore.video.RNCallingVideoViewLocalManager
08-26 17:11:28.708 5216 5353 W ViewManagerPropertyUpdater: Could not find generated setter for class com.microsoft.react.mediapicker.MediaPickerViewManager
08-26 17:11:28.714 5216 5353 W ViewManagerPropertyUpdater: Could not find generated setter for class com.microsoft.react.mediapicker.c
08-26 17:11:28.720 5216 5353 W ViewManagerPropertyUpdater: Could not find generated setter for class com.microsoft.skypemessagetextinput.view.RNViewManager
08-26 17:11:28.724 5216 5353 W ViewManagerPropertyUpdater: Could not find generated setter for class com.microsoft.skypemessagetextinput.view.c
08-26 17:11:28.727 5216 5353 W ViewManagerPropertyUpdater: Could not find generated setter for class com.skype.reactnativesprites.SpriteViewManager
08-26 17:11:28.730 5216 5353 W ViewManagerPropertyUpdater: Could not find generated setter for class com.projectseptember.RNGL.GLCanvasManager
08-26 17:11:28.733 5216 5353 W ViewManagerPropertyUpdater: Could not find generated setter for class com.github.alinz.reactnativewebviewbridge.WebViewBridgeManager
08-26 17:11:28.740 5216 5353 W ViewManagerPropertyUpdater: Could not find generated setter for class com.airbnb.android.react.maps.AirMapCalloutManager
08-26 17:11:28.743 5216 5353 W ViewManagerPropertyUpdater: Could not find generated setter for class com.airbnb.android.react.maps.AirMapMarkerManager
08-26 17:11:28.752 5216 5353 W ViewManagerPropertyUpdater: Could not find generated setter for class com.airbnb.android.react.maps.AirMapPolylineManager
08-26 17:11:28.756 5216 5353 W ViewManagerPropertyUpdater: Could not find generated setter for class com.airbnb.android.react.maps.AirMapPolygonManager
08-26 17:11:28.759 5216 5353 W ViewManagerPropertyUpdater: Could not find generated setter for class com.airbnb.android.react.maps.AirMapCircleManager
08-26 17:11:28.762 5216 5353 W ViewManagerPropertyUpdater: Could not find generated setter for class com.airbnb.android.react.maps.AirMapManager
08-26 17:11:28.766 5216 5353 W ViewManagerPropertyUpdater: Could not find generated setter for class com.airbnb.android.react.maps.AirMapLiteManager
08-26 17:11:28.773 5216 5353 W ViewManagerPropertyUpdater: Could not find generated setter for class com.airbnb.android.react.maps.AirMapUrlTileManager
08-26 17:11:28.775 5216 5353 W ViewManagerPropertyUpdater: Could not find generated setter for class com.microsoft.react.videofxp.VideoFXPViewManager
08-26 17:11:28.777 5216 5353 W ViewManagerPropertyUpdater: Could not find generated setter for class com.skype.virtualmessageview.VirtualMessageViewControllerManager
08-26 17:11:28.780 5216 5353 W ViewManagerPropertyUpdater: Could not find generated setter for class com.microsoft.react.clippedview.ClippedViewManager
08-26 17:11:28.782 5216 5353 W ViewManagerPropertyUpdater: Could not find generated setter for class com.BV.LinearGradient.LinearGradientManager
08-26 17:11:28.783 5216 5353 W ViewManagerPropertyUpdater: Could not find generated setter for class com.airbnb.android.react.lottie.LottieAnimationViewManager
08-26 17:11:28.786 5216 5353 W ViewManagerPropertyUpdater: Could not find generated setter for class com.microsoft.react.gradientimage.GradientImageViewManager
08-26 17:11:28.788 5216 5353 W ViewManagerPropertyUpdater: Could not find generated setter for class com.skype.qrcode.QRCodeViewManager
08-26 17:11:28.790 5216 5353 W ViewManagerPropertyUpdater: Could not find generated setter for class com.skype.camera.imagefilter.ImageFilterManager
08-26 17:11:29.141 5216 5216 I UpgradeContext: UpgradeModuleNotReady: task 1, intent pushed to delayedIntentQueue
08-26 17:11:29.142 5216 5216 I SimpleWakefulService: Service created
08-26 17:11:29.144 5216 5216 I SimpleWakefulService: Acquire WAKE_LOCK for taskId: 1 with startId: 1
08-26 17:11:29.694 5216 5353 W JavaModuleHelper: Could not find generated custom module provider
08-26 17:11:29.695 5216 5353 W React: There is no generated module helper for module: SplashScreenNotifier using FallbackModuleHelper which works way slower. Consider enabling apt generation for this module in order to improve startup performance
08-26 17:11:29.695 5216 5353 W React: There is no generated module helper for module: CustomKeyboard using FallbackModuleHelper which works way slower. Consider enabling apt generation for this module in order to improve startup performance
08-26 17:11:29.695 5216 5353 W React: There is no generated module helper for module: RNNetworkInfo using FallbackModuleHelper which works way slower. Consider enabling apt generation for this module in order to improve startup performance
08-26 17:11:29.695 5216 5353 W React: There is no generated module helper for module: RNAppUpgrade using FallbackModuleHelper which works way slower. Consider enabling apt generation for this module in order to improve startup performance
08-26 17:11:29.695 5216 5353 W React: There is no generated module helper for module: SourceCode using FallbackModuleHelper which works way slower. Consider enabling apt generation for this module in order to improve startup performance
08-26 17:11:29.696 5216 5353 W React: There is no generated module helper for module: RNStorage using FallbackModuleHelper which works way slower. Consider enabling apt generation for this module in order to improve startup performance
08-26 17:11:29.696 5216 5353 W React: There is no generated module helper for module: RNGraphicsContext using FallbackModuleHelper which works way slower. Consider enabling apt generation for this module in order to improve startup performance
08-26 17:11:29.696 5216 5353 W React: There is no generated module helper for module: RNKeychainManager using FallbackModuleHelper which works way slower. Consider enabling apt generation for this module in order to improve startup performance
08-26 17:11:29.696 5216 5353 W React: There is no generated module helper for module: Calendar using FallbackModuleHelper which works way slower. Consider enabling apt generation for this module in order to improve startup performance
08-26 17:11:29.696 5216 5353 W React: There is no generated module helper for module: FingerprintingLib using FallbackModuleHelper which works way slower. Consider enabling apt generation for this module in order to improve startup performance
08-26 17:11:29.696 5216 5353 W React: There is no generated module helper for module: IncomingCallInteractionManager using FallbackModuleHelper which works way slower. Consider enabling apt generation for this module in order to improve startup performance
08-26 17:11:29.696 5216 5353 W React: There is no generated module helper for module: SyncModule using FallbackModuleHelper which works way slower. Consider enabling apt generation for this module in order to improve startup performance
08-26 17:11:29.697 5216 5353 W React: There is no generated module helper for module: AndroidSmsManager using FallbackModuleHelper which works way slower. Consider enabling apt generation for this module in order to improve startup performance
08-26 17:11:29.697 5216 5353 W React: There is no generated module helper for module: SKPSkypeMessageTextInputModule using FallbackModuleHelper which works way slower. Consider enabling apt generation for this module in order to improve startup performance
08-26 17:11:29.697 5216 5353 W React: There is no generated module helper for module: RNBackgroundTimer using FallbackModuleHelper which works way slower. Consider enabling apt generation for this module in order to improve startup performance
08-26 17:11:29.697 5216 5353 W React: There is no generated module helper for module: RNPushAndroid using FallbackModuleHelper which works way slower. Consider enabling apt generation for this module in order to improve startup performance
08-26 17:11:29.698 5216 5353 W React: There is no generated module helper for module: DeviceInfo using FallbackModuleHelper which works way slower. Consider enabling apt generation for this module in order to improve startup performance
08-26 17:11:29.698 5216 5353 W React: There is no generated module helper for module: PlatformConstants using FallbackModuleHelper which works way slower. Consider enabling apt generation for this module in order to improve startup performance
08-26 17:11:29.698 5216 5353 W React: There is no generated module helper for module: NativeEntropy using FallbackModuleHelper which works way slower. Consider enabling apt generation for this module in order to improve startup performance
08-26 17:11:29.698 5216 5353 W React: There is no generated module helper for module: ContextMenuAndroid using FallbackModuleHelper which works way slower. Consider enabling apt generation for this module in order to improve startup performance
08-26 17:11:29.698 5216 5353 W React: There is no generated module helper for module: Contacts using FallbackModuleHelper which works way slower. Consider enabling apt generation for this module in order to improve startup performance
08-26 17:11:29.699 5216 5353 W React: There is no generated module helper for module: CampaignReceiver using FallbackModuleHelper which works way slower. Consider enabling apt generation for this module in order to improve startup performance
08-26 17:11:29.701 5216 5353 W React: There is no generated module helper for module: RNBackgroundExecution using FallbackModuleHelper which works way slower. Consider enabling apt generation for this module in order to improve startup performance
08-26 17:11:29.701 5216 5353 W React: There is no generated module helper for module: UrlUtil using FallbackModuleHelper which works way slower. Consider enabling apt generation for this module in order to improve startup performance
08-26 17:11:29.701 5216 5353 W React: There is no generated module helper for module: StyleTransfer using FallbackModuleHelper which works way slower. Consider enabling apt generation for this module in order to improve startup performance
08-26 17:11:29.702 5216 5353 W React: There is no generated module helper for module: RNViewConfig using FallbackModuleHelper which works way slower. Consider enabling apt generation for this module in order to improve startup performance
08-26 17:11:29.702 5216 5353 W React: There is no generated module helper for module: RNGLContext using FallbackModuleHelper which works way slower. Consider enabling apt generation for this module in order to improve startup performance
08-26 17:11:29.702 5216 5353 W React: There is no generated module helper for module: CallMonitor using FallbackModuleHelper which works way slower. Consider enabling apt generation for this module in order to improve startup performance
08-26 17:11:29.702 5216 5353 W React: There is no generated module helper for module: SkypeCamera using FallbackModuleHelper which works way slower. Consider enabling apt generation for this module in order to improve startup performance
08-26 17:11:29.702 5216 5353 W React: There is no generated module helper for module: FileEncryptionNative using FallbackModuleHelper which works way slower. Consider enabling apt generation for this module in order to improve startup performance
08-26 17:11:29.702 5216 5353 W React: There is no generated module helper for module: PermissionsManager using FallbackModuleHelper which works way slower. Consider enabling apt generation for this module in order to improve startup performance
08-26 17:11:29.702 5216 5353 W React: There is no generated module helper for module: AudioManager using FallbackModuleHelper which works way slower. Consider enabling apt generation for this module in order to improve startup performance
08-26 17:11:29.702 5216 5353 W React: There is no generated module helper for module: ExtendedAppState using FallbackModuleHelper which works way slower. Consider enabling apt generation for this module in order to improve startup performance
08-26 17:11:29.702 5216 5353 W React: There is no generated module helper for module: RNReload using FallbackModuleHelper which works way slower. Consider enabling apt generation for this module in order to improve startup performance
08-26 17:11:29.702 5216 5353 W React: There is no generated module helper for module: ShareToApp using FallbackModuleHelper which works way slower. Consider enabling apt generation for this module in order to improve startup performance
08-26 17:11:29.702 5216 5353 W React: There is no generated module helper for module: ExternalBrowser using FallbackModuleHelper which works way slower. Consider enabling apt generation for this module in order to improve startup performance
08-26 17:11:29.703 5216 5353 W React: There is no generated module helper for module: ImageResizerAndroid using FallbackModuleHelper which works way slower. Consider enabling apt generation for this module in order to improve startup performance
08-26 17:11:29.703 5216 5353 W React: There is no generated module helper for module: TimeZoneManager using FallbackModuleHelper which works way slower. Consider enabling apt generation for this module in order to improve startup performance
08-26 17:11:29.703 5216 5353 W React: There is no generated module helper for module: ZipUtil using FallbackModuleHelper which works way slower. Consider enabling apt generation for this module in order to improve startup performance
08-26 17:11:29.703 5216 5353 W React: There is no generated module helper for module: DeviceUtilities using FallbackModuleHelper which works way slower. Consider enabling apt generation for this module in order to improve startup performance
08-26 17:11:29.703 5216 5353 W React: There is no generated module helper for module: FileTracker using FallbackModuleHelper which works way slower. Consider enabling apt generation for this module in order to improve startup performance
08-26 17:11:29.703 5216 5353 W React: There is no generated module helper for module: AndroidBadges using FallbackModuleHelper which works way slower. Consider enabling apt generation for this module in order to improve startup performance
08-26 17:11:29.703 5216 5353 W React: There is no generated module helper for module: FrescoModule using FallbackModuleHelper which works way slower. Consider enabling apt generation for this module in order to improve startup performance
08-26 17:11:29.703 5216 5353 W React: There is no generated module helper for module: RNDocumentPicker using FallbackModuleHelper which works way slower. Consider enabling apt generation for this module in order to improve startup performance
08-26 17:11:29.703 5216 5353 W React: There is no generated module helper for module: Adjust using FallbackModuleHelper which works way slower. Consider enabling apt generation for this module in order to improve startup performance
08-26 17:11:29.703 5216 5353 W React: There is no generated module helper for module: RNCookieManagerAndroid using FallbackModuleHelper which works way slower. Consider enabling apt generation for this module in order to improve startup performance
08-26 17:11:29.704 5216 5353 W React: There is no generated module helper for module: RNUrlRequest using FallbackModuleHelper which works way slower. Consider enabling apt generation for this module in order to improve startup performance
08-26 17:11:29.704 5216 5353 W React: There is no generated module helper for module: ClientLogging using FallbackModuleHelper which works way slower. Consider enabling apt generation for this module in order to improve startup performance
08-26 17:11:29.704 5216 5353 W React: There is no generated module helper for module: SoundRecorder using FallbackModuleHelper which works way slower. Consider enabling apt generation for this module in order to improve startup performance
08-26 17:11:29.704 5216 5353 W React: There is no generated module helper for module: RNManualFileCache using FallbackModuleHelper which works way slower. Consider enabling apt generation for this module in order to improve startup performance
08-26 17:11:29.704 5216 5353 W React: There is no generated module helper for module: RNGeocoder using FallbackModuleHelper which works way slower. Consider enabling apt generation for this module in order to improve startup performance
08-26 17:11:29.704 5216 5353 W React: There is no generated module helper for module: CortanaSignals using FallbackModuleHelper which works way slower. Consider enabling apt generation for this module in order to improve startup performance
08-26 17:11:29.704 5216 5353 W React: There is no generated module helper for module: ShareSheet using FallbackModuleHelper which works way slower. Consider enabling apt generation for this module in order to improve startup performance
08-26 17:11:29.704 5216 5353 W React: There is no generated module helper for module: SoundPlayer using FallbackModuleHelper which works way slower. Consider enabling apt generation for this module in order to improve startup performance
08-26 17:11:29.704 5216 5353 W React: There is no generated module helper for module: AssetReader using FallbackModuleHelper which works way slower. Consider enabling apt generation for this module in order to improve startup performance
08-26 17:11:29.704 5216 5353 W React: There is no generated module helper for module: DeviceSettings using FallbackModuleHelper which works way slower. Consider enabling apt generation for this module in order to improve startup performance
08-26 17:11:29.705 5216 5353 W React: There is no generated module helper for module: RNCommandInvoker using FallbackModuleHelper which works way slower. Consider enabling apt generation for this module in order to improve startup performance
08-26 17:11:29.705 5216 5353 W React: There is no generated module helper for module: VideoFXP using FallbackModuleHelper which works way slower. Consider enabling apt generation for this module in order to improve startup performance
08-26 17:11:29.705 5216 5353 W React: There is no generated module helper for module: AirMapModule using FallbackModuleHelper which works way slower. Consider enabling apt generation for this module in order to improve startup performance
08-26 17:11:29.705 5216 5353 W React: There is no generated module helper for module: ImagePickerManager using FallbackModuleHelper which works way slower. Consider enabling apt generation for this module in order to improve startup performance
08-26 17:11:29.705 5216 5353 W React: There is no generated module helper for module: EnvironmentInfo using FallbackModuleHelper which works way slower. Consider enabling apt generation for this module in order to improve startup performance
08-26 17:11:29.705 5216 5353 W React: There is no generated module helper for module: MediaPicker using FallbackModuleHelper which works way slower. Consider enabling apt generation for this module in order to improve startup performance
08-26 17:11:29.705 5216 5353 W React: There is no generated module helper for module: TokenShareModule using FallbackModuleHelper which works way slower. Consider enabling apt generation for this module in order to improve startup performance
08-26 17:11:29.705 5216 5353 W React: There is no generated module helper for module: RNHockeyApp using FallbackModuleHelper which works way slower. Consider enabling apt generation for this module in order to improve startup performance
08-26 17:11:29.705 5216 5353 W React: There is no generated module helper for module: SnapshotManager using FallbackModuleHelper which works way slower. Consider enabling apt generation for this module in order to improve startup performance
08-26 17:11:29.705 5216 5353 W React: There is no generated module helper for module: AdvertisementUtilities using FallbackModuleHelper which works way slower. Consider enabling apt generation for this module in order to improve startup performance
08-26 17:11:29.705 5216 5353 W React: There is no generated module helper for module: CallIntent using FallbackModuleHelper which works way slower. Consider enabling apt generation for this module in order to improve startup performance
08-26 17:11:29.706 5216 5353 W React: There is no generated module helper for module: RNSlimcore using FallbackModuleHelper which works way slower. Consider enabling apt generation for this module in order to improve startup performance
08-26 17:11:29.706 5216 5353 W React: There is no generated module helper for module: RNSkypeCredentialsFetcher using FallbackModuleHelper which works way slower. Consider enabling apt generation for this module in order to improve startup performance
08-26 17:11:29.979 5216 5460 I SkypeCameraModule: SkypeCameraModule initialize
08-26 17:11:29.980 5216 5460 I AudioManagerModule: initialize (causeId e3e79857)
08-26 17:11:29.981 5216 5460 I AudioManagerModule: AudioManagerModule.initialize took 1ms
08-26 17:11:29.982 5216 5216 I SmsHandlingContext: init()
08-26 17:11:29.983 5216 5451 I AudioOptions: initialize (causeId e3e79857)
08-26 17:11:29.985 5216 5460 W ReactApp: registerMemoryTrimmable current size: 0
08-26 17:11:29.986 5216 5451 I WiredHeadsetReceiver: Registered receiver
08-26 17:11:29.986 5216 5460 W ReactApp: registerMemoryTrimmable current size: 1
08-26 17:11:29.987 5216 5453 I WiredHeadsetReceiver: addListener (causeId: e3e79857)
08-26 17:11:29.987 5216 5453 I AudioOptions: WiredHeadsetReceiver.headsetStateChanged UNPLUGGED (causeId e3e79857)
08-26 17:11:29.990 5216 5451 I BluetoothReceiver: Received sticky intent android.media.ACTION_SCO_AUDIO_STATE_UPDATED
08-26 17:11:29.991 5216 5451 I BluetoothReceiver: Registered receiver
08-26 17:11:29.991 5216 5451 I BluetoothReceiver: loadAlreadyConnectedDevices (causeId: e3e79857)
08-26 17:11:29.991 5216 5453 I BluetoothReceiver: BluetoothReceiver: AudioManager.ACTION_SCO_AUDIO_STATE_UPDATED: UNKNOWN -> STATE_DISCONNECTED (causeId: d46dc162)
08-26 17:11:29.997 5216 5480 I BluetoothReceiver: BluetoothReceiver: AudioManager.ACTION_SCO_AUDIO_STATE_UPDATED: UNKNOWN -> STATE_DISCONNECTED (causeId: 1428697c)
08-26 17:11:29.999 5216 5480 I BluetoothReceiver: addListener (causeId: e3e79857)
08-26 17:11:30.085 5216 5451 I BluetoothReceiver: createServiceListener (causeId: e3e79857)
08-26 17:11:30.114 5216 5481 I TokenShareModule: getAccounts() called, returned with list size 0
08-26 17:11:30.122 5216 5453 I ModernAudioDeviceMonitor: addListener (causeId: e3e79857)
08-26 17:11:30.122 5216 5453 I AudioOptions: ModernAudioDeviceMonitor.availableAudioDeviceTypesChanged headphones: false usb: false (causeId e3e79857)
08-26 17:11:30.253 5216 5453 I AudioManagerModule: Output update and reset (destination 3, deviceStatus 2, causeId e3e79857)
08-26 17:11:30.253 5216 5453 I AudioManagerModule: Output update and reset (destination 3, deviceStatus 2, causeId e3e79857)
08-26 17:11:30.254 5216 5480 I ModernAudioDeviceMonitor: initialization headphones: false, usb: false, devices: [[1:TYPE_BUILTIN_EARPIECE], [2:TYPE_BUILTIN_SPEAKER], [5:TYPE_BUILTIN_MIC], [7:TYPE_TELEPHONY]] (causeId: f32be8a5)
08-26 17:11:30.255 5216 5480 I ModernAudioDeviceMonitor: onAudioDevicesAdded headphones: false, usb: false, devices: [[1:TYPE_BUILTIN_EARPIECE], [2:TYPE_BUILTIN_SPEAKER], [5:TYPE_BUILTIN_MIC], [7:TYPE_TELEPHONY]] (causeId: ab332b53)
08-26 17:11:30.707 5216 5216 I TelephoneStateListener: Registering phone state listener (causeId e3e79857)
08-26 17:11:30.741 5216 5216 I AudioManagerModule: TelephoneStateListener.init took 34ms
08-26 17:11:30.746 5216 5216 I AudioManagerModule: Sending output changed event to EARPIECE (causeId e3e79857)
08-26 17:11:30.749 5216 5451 I ModernAudioDeviceMonitor: onAudioDevicesAdded headphones: false, usb: false, devices: [[1:TYPE_BUILTIN_EARPIECE], [2:TYPE_BUILTIN_SPEAKER], [5:TYPE_BUILTIN_MIC], [7:TYPE_TELEPHONY]] (causeId: 37e85b46)
08-26 17:11:30.750 5216 5451 I TelephoneStateListener: onCallStateChanged 0 (causeId f511b195)
08-26 17:11:31.206 5216 5459 I ReactNativeJS: [#ffffffff-u] [TRACE] [JS.HeadlessJsTask] registerHeadlessTaskCallbacks called for 'StaticTask.OnAppUpdated'
08-26 17:11:31.210 5216 5459 I ReactNativeJS: [#ffffffff-u] [TRACE] [JS.HeadlessJsTask] registerHeadlessTaskCallbacks called for 'StaticTask.OnAppUpdatedRetry'
08-26 17:11:31.260 5216 5459 I ReactNativeJS: [#ffffffff-u] [TRACE] [JS.HeadlessJsTask] registerHeadlessTaskCallbacks called for 'SignInOnUserSessionConnected'
08-26 17:11:31.261 5216 5459 I ReactNativeJS: [#ffffffff-u] [TRACE] [JS.HeadlessJsTask] registerHeadlessTaskCallbacks called for 'SignInOnUserSessionConnectedRetry'
08-26 17:11:31.262 5216 5459 I ReactNativeJS: [#ffffffff-u] [TRACE] [JS.HeadlessJsTask] registerHeadlessTaskCallbacks called for 'SignInOnDefaultMSAConnected'
08-26 17:11:31.262 5216 5459 I ReactNativeJS: [#ffffffff-u] [TRACE] [JS.HeadlessJsTask] registerHeadlessTaskCallbacks called for 'SignInOnDefaultMSAConnectedRetry'
08-26 17:11:31.264 5216 5459 I ReactNativeJS: [#ffffffff-u] [TRACE] [JS.HeadlessJsTask] registerHeadlessTaskCallbacks called for 'BackgroundHeartbeatTelemetry'
08-26 17:11:31.266 5216 5459 I ReactNativeJS: [#ffffffff-u] [TRACE] [JS.HeadlessJsTask] registerHeadlessTaskCallbacks called for 'OnMaintenanceWindowStart'
08-26 17:11:31.267 5216 5459 I ReactNativeJS: [#ffffffff-u] [TRACE] [JS.HeadlessJsTask] registerHeadlessTaskCallbacks called for 'OnMaintenanceWindowStartRetry'
08-26 17:11:31.293 5216 5459 I ReactNativeJS: [#ffffffff-u] [TRACE] [JS.HeadlessJsTask] registerHeadlessTaskCallbacks called for 'ToastActivation'
08-26 17:11:31.294 5216 5459 I ReactNativeJS: [#ffffffff-u] [TRACE] [JS.HeadlessJsTask] registerHeadlessTaskCallbacks called for 'ToastActivationRetry'
08-26 17:11:31.319 5216 5459 I RNAppUpgrade: Getting app launch attribution state = false
08-26 17:11:31.324 5216 5459 I RNAppUpgrade: hasOldSessionPreferences:false
08-26 17:11:31.329 5216 5459 I ReactNativeJS: [#ffffffff-u] [TRACE] [JS.AppUpgrade] Preparing to handle App Upgrade Event
08-26 17:11:31.331 5216 5459 I ReactNativeJS: [#ffffffff-u] [TRACE] [JS.AppUpgrade] Preparing to handle Rtc Wake Event
08-26 17:11:31.332 5216 5459 I ReactNativeJS: [#ffffffff-u] [TRACE] [JS.AppUpgrade] _setUpAppLaunchStateChangeListener
08-26 17:11:31.338 5216 5459 I ReactNativeJS: [#ffffffff-u] [TRACE] [JS.AppUpgrade] _setUpNoticationClickListener
08-26 17:11:31.340 5216 5459 I RNAppUpgrade: Getting app launch attribution state = false
08-26 17:11:31.340 5216 5459 I RNAppUpgrade: hasOldSessionPreferences:false
08-26 17:11:31.344 5216 5459 I RNAppUpgrade: Getting app launch attribution state = false
08-26 17:11:31.344 5216 5459 I RNAppUpgrade: hasOldSessionPreferences:false
08-26 17:11:31.346 5216 5459 I RNAppUpgrade: Getting app launch attribution state = false
08-26 17:11:31.346 5216 5459 I RNAppUpgrade: hasOldSessionPreferences:false
08-26 17:11:31.351 5216 5460 I RNAppUpgrade: initialize
08-26 17:11:31.353 5216 5459 I RNAppUpgrade: Getting app launch attribution state = false
08-26 17:11:31.353 5216 5460 I UpgradeContext: acquireWakeLock taskId 2
08-26 17:11:31.356 5216 5216 I SimpleWakefulService: Acquire WAKE_LOCK for taskId: 2 with startId: 2
08-26 17:11:31.360 5216 5459 I RNAppUpgrade: hasOldSessionPreferences:false
08-26 17:11:31.361 5216 5459 I RNAppUpgrade: Getting app launch attribution state = false
08-26 17:11:31.362 5216 5459 I RNAppUpgrade: hasOldSessionPreferences:false
08-26 17:11:31.371 5216 5460 I RNAppUpgrade: processPendingIntents
08-26 17:11:31.371 5216 5460 I RNAppUpgrade: processPendingIntents:delayedIntentQueue size(1)
08-26 17:11:31.372 5216 5460 I RNAppUpgrade: processPendingIntent with action: WakeEventReceiver.ACTION_OEM_RTC_WAKE
08-26 17:11:31.372 5216 5460 I RNAppUpgrade: App Received Intent with action - WakeEventReceiver.ACTION_OEM_RTC_WAKE
08-26 17:11:31.404 5216 5460 I RNAppUpgrade: Emitted event for intent with action WakeEventReceiver.ACTION_OEM_RTC_WAKE with eventOptions: {"notificationId":0,"scheduledWakeUpTime":1535303040320,"taskId":1}
08-26 17:11:31.405 5216 5460 I RNAppUpgrade: initialize
08-26 17:11:31.561 5216 5459 I ReactNativeJS: [#ffffffff-u] [TRACE] [JS.Startup] Locale initialized to [de_DE]
08-26 17:11:31.562 5216 5459 I ReactNativeJS: [#ffffffff-u] [TRACE] [JS.Startup] Country code is [DE]
08-26 17:11:31.578 5216 5459 I ReactNativeJS: [#ffffffff-u] [TRACE] [JS.Startup] Device Id: dNWT97_WBMo
08-26 17:11:31.579 5216 5459 I ReactNativeJS: [#ffffffff-u] [TRACE] [JS.Startup] Device Manufacturer: samsung
08-26 17:11:31.580 5216 5459 I ReactNativeJS: [#ffffffff-u] [TRACE] [JS.Startup] Device Model: SM-A310F
08-26 17:11:31.580 5216 5459 I ReactNativeJS: [#ffffffff-u] [TRACE] [JS.Startup] Device OS version: 7.0
08-26 17:11:31.581 5216 5459 I ReactNativeJS: [#ffffffff-u] [TRACE] [JS.Startup] App version: 8.28.0.41
08-26 17:11:31.582 5216 5459 I ReactNativeJS: [#ffffffff-u] [TRACE] [JS.Startup] App activation state: Background
08-26 17:11:31.613 5216 5459 I ReactNativeJS: [#ffffffff-u] [TRACE] [JS.GenericUnsafe] Startup Phase 1 duration: 2346ms
08-26 17:11:31.629 5216 5459 I ReactNativeJS: [#ffffffff-u] [TRACE] [JS.GenericUnsafe] Startup Phase 2 duration: 1081ms
08-26 17:11:31.643 5216 5459 I ReactNativeJS: [#ffffffff-u] [TRACE] [JS.Startup] Starting: HockeyAppService
08-26 17:11:31.651 5216 5460 I ReactHockeyApp: HockeyApp - initializing configuration
08-26 17:11:31.653 5216 5459 I ReactNativeJS: [#ffffffff-S] [TRACE] [JS.HockeyApp] Ignoring check for updates - PUBLIC build
08-26 17:11:31.656 5216 5459 I ReactNativeJS: [#ffffffff-u] [TRACE] [JS.Startup] Finish: HockeyAppService: 14ms
08-26 17:11:31.679 5216 5535 I React: Check for new app crashes
08-26 17:11:31.680 5216 5459 I ReactNativeJS: [#ffffffff-u] [TRACE] [JS.Startup] Starting: CrashStatusStore
08-26 17:11:31.683 5216 5459 I ReactNativeJS: [#ffffffff-u] [TRACE] [JS.GenericUnsafe] RN Entry
08-26 17:11:31.703 5216 5459 I ReactNativeJS: [#ffffffff-u] [TRACE] [JS.AppUpgrade] Rtc Wake event Received with token 1
08-26 17:11:31.708 5216 5459 I ReactNativeJS: [#ffffffff-u] [TRACE] [JS.AppUpgrade] Last app launch time: undefined
08-26 17:11:31.714 5216 5459 I RNAppUpgrade: Getting app launch attribution state = false
08-26 17:11:31.715 5216 5459 I RNAppUpgrade: hasOldSessionPreferences:false
08-26 17:11:31.726 5216 5459 I ReactNativeJS: [#ffffffff-u] [TRACE] [JS.AppUpgrade] _getAppLaunchState:subscribe:fired:0
08-26 17:11:31.728 5216 5459 I ReactNativeJS: [#ffffffff-u] [TRACE] [JS.AppUpgrade] _getAppLaunchState:subscribe:fired:0
08-26 17:11:31.730 5216 5459 I ReactNativeJS: [#ffffffff-u] [TRACE] [JS.AppUpgrade] _getOEMConfigUsingBackgroundECSFetch, acceptStale:true
08-26 17:11:31.738 5216 5459 I ReactNativeJS: [#ffffffff-u] [TRACE] [JS.AppUpgrade] _subscribeAndFetchEcs
08-26 17:11:31.742 5216 5459 I ReactNativeJS: [#ffffffff-u] [TRACE] [JS.AppUpgrade] ECSConfig:Subscribing for fresh ECS
08-26 17:11:31.907 5216 5459 I ReactNativeJS: [#ffffffff-S] [TRACE] [JS.HockeyApp] Last launch crashed: false
08-26 17:11:31.908 5216 5459 I ReactNativeJS: [#ffffffff-u] [TRACE] [JS.Startup] Finish: CrashStatusStore: 229ms
08-26 17:11:31.915 5216 5459 I ReactNativeJS: [#ffffffff-u] [TRACE] [JS.Startup] SkypeId missing in Storage
08-26 17:11:32.014 5216 5459 I ReactNativeJS: [#ffffffff-u] [TRACE] [JS.AppUpgrade] ECSConfig:ECS, expires in: -19495928.258
08-26 17:11:32.017 5216 5459 I ReactNativeJS: [#ffffffff-u] [TRACE] [JS.AppUpgrade] _getWakeUpActivationData:begin:
08-26 17:11:32.020 5216 5459 I ReactNativeJS: [#ffffffff-u] [TRACE] [JS.AppUpgrade] _getWakeUpActivationData:end:
