08-29 00:35:09.934 7658 7696 W ViewManagerPropertyUpdater: Could not find generated setter for class com.github.alinz.reactnativewebviewbridge.WebViewBridgeManager
08-29 00:35:09.998 7658 7696 W ViewManagerPropertyUpdater: Could not find generated setter for class com.airbnb.android.react.maps.AirMapCalloutManager
08-29 00:35:10.000 7658 7696 W ViewManagerPropertyUpdater: Could not find generated setter for class com.airbnb.android.react.maps.AirMapMarkerManager
08-29 00:35:10.003 7658 7696 W ViewManagerPropertyUpdater: Could not find generated setter for class com.airbnb.android.react.maps.AirMapPolylineManager
08-29 00:35:10.005 7658 7696 W ViewManagerPropertyUpdater: Could not find generated setter for class com.airbnb.android.react.maps.AirMapPolygonManager
08-29 00:35:10.007 7658 7696 W ViewManagerPropertyUpdater: Could not find generated setter for class com.airbnb.android.react.maps.AirMapCircleManager
08-29 00:35:10.010 7658 7696 W ViewManagerPropertyUpdater: Could not find generated setter for class com.airbnb.android.react.maps.AirMapManager
08-29 00:35:10.014 7658 7696 W ViewManagerPropertyUpdater: Could not find generated setter for class com.airbnb.android.react.maps.AirMapLiteManager
08-29 00:35:10.015 7658 7696 W ViewManagerPropertyUpdater: Could not find generated setter for class com.airbnb.android.react.maps.AirMapUrlTileManager
08-29 00:35:10.017 7658 7696 W ViewManagerPropertyUpdater: Could not find generated setter for class com.microsoft.react.videofxp.VideoFXPViewManager
08-29 00:35:10.019 7658 7696 W ViewManagerPropertyUpdater: Could not find generated setter for class com.skype.virtualmessageview.VirtualMessageViewControllerManager
08-29 00:35:10.020 7658 7696 W ViewManagerPropertyUpdater: Could not find generated setter for class com.microsoft.react.clippedview.ClippedViewManager
08-29 00:35:10.021 7658 7696 W ViewManagerPropertyUpdater: Could not find generated setter for class com.BV.LinearGradient.LinearGradientManager
08-29 00:35:10.023 7658 7696 W ViewManagerPropertyUpdater: Could not find generated setter for class com.airbnb.android.react.lottie.LottieAnimationViewManager
08-29 00:35:10.026 7658 7696 W ViewManagerPropertyUpdater: Could not find generated setter for class com.microsoft.react.gradientimage.GradientImageViewManager
08-29 00:35:10.027 7658 7696 W ViewManagerPropertyUpdater: Could not find generated setter for class com.skype.qrcode.QRCodeViewManager
08-29 00:35:10.029 7658 7696 W ViewManagerPropertyUpdater: Could not find generated setter for class com.skype.camera.imagefilter.ImageFilterManager
08-29 00:35:10.458 7658 7696 W JavaModuleHelper: Could not find generated custom module provider
08-29 00:35:10.458 7658 7696 W React: There is no generated module helper for module: IncomingCallInteractionManager using FallbackModuleHelper which works way slower. Consider enabling apt generation for this module in order to improve startup performance
08-29 00:35:10.459 7658 7696 W React: There is no generated module helper for module: ExtendedAppState using FallbackModuleHelper which works way slower. Consider enabling apt generation for this module in order to improve startup performance
08-29 00:35:10.459 7658 7696 W React: There is no generated module helper for module: SyncModule using FallbackModuleHelper which works way slower. Consider enabling apt generation for this module in order to improve startup performance
08-29 00:35:10.459 7658 7696 W React: There is no generated module helper for module: SKPSkypeMessageTextInputModule using FallbackModuleHelper which works way slower. Consider enabling apt generation for this module in order to improve startup performance
08-29 00:35:10.459 7658 7696 W React: There is no generated module helper for module: CustomKeyboard using FallbackModuleHelper which works way slower. Consider enabling apt generation for this module in order to improve startup performance
08-29 00:35:10.459 7658 7696 W React: There is no generated module helper for module: SoundPlayer using FallbackModuleHelper which works way slower. Consider enabling apt generation for this module in order to improve startup performance
08-29 00:35:10.459 7658 7696 W React: There is no generated module helper for module: RNDocumentPicker using FallbackModuleHelper which works way slower. Consider enabling apt generation for this module in order to improve startup performance
08-29 00:35:10.460 7658 7696 W React: There is no generated module helper for module: DeviceInfo using FallbackModuleHelper which works way slower. Consider enabling apt generation for this module in order to improve startup performance
08-29 00:35:10.460 7658 7696 W React: There is no generated module helper for module: SourceCode using FallbackModuleHelper which works way slower. Consider enabling apt generation for this module in order to improve startup performance
08-29 00:35:10.460 7658 7696 W React: There is no generated module helper for module: ZipUtil using FallbackModuleHelper which works way slower. Consider enabling apt generation for this module in order to improve startup performance
08-29 00:35:10.461 7658 7696 W React: There is no generated module helper for module: RNSkypeCredentialsFetcher using FallbackModuleHelper which works way slower. Consider enabling apt generation for this module in order to improve startup performance
08-29 00:35:10.461 7658 7696 W React: There is no generated module helper for module: Adjust using FallbackModuleHelper which works way slower. Consider enabling apt generation for this module in order to improve startup performance
08-29 00:35:10.461 7658 7696 W React: There is no generated module helper for module: TimeZoneManager using FallbackModuleHelper which works way slower. Consider enabling apt generation for this module in order to improve startup performance
08-29 00:35:10.461 7658 7696 W React: There is no generated module helper for module: SoundRecorder using FallbackModuleHelper which works way slower. Consider enabling apt generation for this module in order to improve startup performance
08-29 00:35:10.461 7658 7696 W React: There is no generated module helper for module: RNGLContext using FallbackModuleHelper which works way slower. Consider enabling apt generation for this module in order to improve startup performance
08-29 00:35:10.461 7658 7696 W React: There is no generated module helper for module: RNSlimcore using FallbackModuleHelper which works way slower. Consider enabling apt generation for this module in order to improve startup performance
08-29 00:35:10.461 7658 7696 W React: There is no generated module helper for module: RNManualFileCache using FallbackModuleHelper which works way slower. Consider enabling apt generation for this module in order to improve startup performance
08-29 00:35:10.461 7658 7696 W React: There is no generated module helper for module: RNPushAndroid using FallbackModuleHelper which works way slower. Consider enabling apt generation for this module in order to improve startup performance
08-29 00:35:10.461 7658 7696 W React: There is no generated module helper for module: FingerprintingLib using FallbackModuleHelper which works way slower. Consider enabling apt generation for this module in order to improve startup performance
08-29 00:35:10.462 7658 7696 W React: There is no generated module helper for module: CortanaSignals using FallbackModuleHelper which works way slower. Consider enabling apt generation for this module in order to improve startup performance
08-29 00:35:10.462 7658 7696 W React: There is no generated module helper for module: AdvertisementUtilities using FallbackModuleHelper which works way slower. Consider enabling apt generation for this module in order to improve startup performance
08-29 00:35:10.462 7658 7696 W React: There is no generated module helper for module: RNGraphicsContext using FallbackModuleHelper which works way slower. Consider enabling apt generation for this module in order to improve startup performance
08-29 00:35:10.462 7658 7696 W React: There is no generated module helper for module: SnapshotManager using FallbackModuleHelper which works way slower. Consider enabling apt generation for this module in order to improve startup performance
08-29 00:35:10.462 7658 7696 W React: There is no generated module helper for module: AndroidSmsManager using FallbackModuleHelper which works way slower. Consider enabling apt generation for this module in order to improve startup performance
08-29 00:35:10.462 7658 7696 W React: There is no generated module helper for module: StyleTransfer using FallbackModuleHelper which works way slower. Consider enabling apt generation for this module in order to improve startup performance
08-29 00:35:10.462 7658 7696 W React: There is no generated module helper for module: ShareSheet using FallbackModuleHelper which works way slower. Consider enabling apt generation for this module in order to improve startup performance
08-29 00:35:10.462 7658 7696 W React: There is no generated module helper for module: NativeEntropy using FallbackModuleHelper which works way slower. Consider enabling apt generation for this module in order to improve startup performance
08-29 00:35:10.462 7658 7696 W React: There is no generated module helper for module: PlatformConstants using FallbackModuleHelper which works way slower. Consider enabling apt generation for this module in order to improve startup performance
08-29 00:35:10.463 7658 7696 W React: There is no generated module helper for module: RNReload using FallbackModuleHelper which works way slower. Consider enabling apt generation for this module in order to improve startup performance
08-29 00:35:10.463 7658 7696 W React: There is no generated module helper for module: RNStorage using FallbackModuleHelper which works way slower. Consider enabling apt generation for this module in order to improve startup performance
08-29 00:35:10.463 7658 7696 W React: There is no generated module helper for module: AirMapModule using FallbackModuleHelper which works way slower. Consider enabling apt generation for this module in order to improve startup performance
08-29 00:35:10.464 7658 7696 W React: There is no generated module helper for module: Contacts using FallbackModuleHelper which works way slower. Consider enabling apt generation for this module in order to improve startup performance
08-29 00:35:10.464 7658 7696 W React: There is no generated module helper for module: FileTracker using FallbackModuleHelper which works way slower. Consider enabling apt generation for this module in order to improve startup performance
08-29 00:35:10.464 7658 7696 W React: There is no generated module helper for module: RNKeychainManager using FallbackModuleHelper which works way slower. Consider enabling apt generation for this module in order to improve startup performance
08-29 00:35:10.464 7658 7696 W React: There is no generated module helper for module: RNNetworkInfo using FallbackModuleHelper which works way slower. Consider enabling apt generation for this module in order to improve startup performance
08-29 00:35:10.464 7658 7696 W React: There is no generated module helper for module: RNViewConfig using FallbackModuleHelper which works way slower. Consider enabling apt generation for this module in order to improve startup performance
08-29 00:35:10.464 7658 7696 W React: There is no generated module helper for module: CampaignReceiver using FallbackModuleHelper which works way slower. Consider enabling apt generation for this module in order to improve startup performance
08-29 00:35:10.464 7658 7696 W React: There is no generated module helper for module: ImagePickerManager using FallbackModuleHelper which works way slower. Consider enabling apt generation for this module in order to improve startup performance
08-29 00:35:10.464 7658 7696 W React: There is no generated module helper for module: DeviceUtilities using FallbackModuleHelper which works way slower. Consider enabling apt generation for this module in order to improve startup performance
08-29 00:35:10.464 7658 7696 W React: There is no generated module helper for module: AssetReader using FallbackModuleHelper which works way slower. Consider enabling apt generation for this module in order to improve startup performance
08-29 00:35:10.465 7658 7696 W React: There is no generated module helper for module: PermissionsManager using FallbackModuleHelper which works way slower. Consider enabling apt generation for this module in order to improve startup performance
08-29 00:35:10.465 7658 7696 W React: There is no generated module helper for module: Calendar using FallbackModuleHelper which works way slower. Consider enabling apt generation for this module in order to improve startup performance
08-29 00:35:10.465 7658 7696 W React: There is no generated module helper for module: EnvironmentInfo using FallbackModuleHelper which works way slower. Consider enabling apt generation for this module in order to improve startup performance
08-29 00:35:10.465 7658 7696 W React: There is no generated module helper for module: DeviceSettings using FallbackModuleHelper which works way slower. Consider enabling apt generation for this module in order to improve startup performance
08-29 00:35:10.465 7658 7696 W React: There is no generated module helper for module: RNAppUpgrade using FallbackModuleHelper which works way slower. Consider enabling apt generation for this module in order to improve startup performance
08-29 00:35:10.465 7658 7696 W React: There is no generated module helper for module: CallMonitor using FallbackModuleHelper which works way slower. Consider enabling apt generation for this module in order to improve startup performance
08-29 00:35:10.466 7658 7696 W React: There is no generated module helper for module: RNBackgroundExecution using FallbackModuleHelper which works way slower. Consider enabling apt generation for this module in order to improve startup performance
08-29 00:35:10.466 7658 7696 W React: There is no generated module helper for module: TokenShareModule using FallbackModuleHelper which works way slower. Consider enabling apt generation for this module in order to improve startup performance
08-29 00:35:10.466 7658 7696 W React: There is no generated module helper for module: MediaPicker using FallbackModuleHelper which works way slower. Consider enabling apt generation for this module in order to improve startup performance
08-29 00:35:10.466 7658 7696 W React: There is no generated module helper for module: VideoFXP using FallbackModuleHelper which works way slower. Consider enabling apt generation for this module in order to improve startup performance
08-29 00:35:10.466 7658 7696 W React: There is no generated module helper for module: FrescoModule using FallbackModuleHelper which works way slower. Consider enabling apt generation for this module in order to improve startup performance
08-29 00:35:10.466 7658 7696 W React: There is no generated module helper for module: ImageResizerAndroid using FallbackModuleHelper which works way slower. Consider enabling apt generation for this module in order to improve startup performance
08-29 00:35:10.466 7658 7696 W React: There is no generated module helper for module: RNUrlRequest using FallbackModuleHelper which works way slower. Consider enabling apt generation for this module in order to improve startup performance
08-29 00:35:10.466 7658 7696 W React: There is no generated module helper for module: SkypeCamera using FallbackModuleHelper which works way slower. Consider enabling apt generation for this module in order to improve startup performance
08-29 00:35:10.466 7658 7696 W React: There is no generated module helper for module: RNHockeyApp using FallbackModuleHelper which works way slower. Consider enabling apt generation for this module in order to improve startup performance
08-29 00:35:10.466 7658 7696 W React: There is no generated module helper for module: AndroidBadges using FallbackModuleHelper which works way slower. Consider enabling apt generation for this module in order to improve startup performance
08-29 00:35:10.467 7658 7696 W React: There is no generated module helper for module: RNCommandInvoker using FallbackModuleHelper which works way slower. Consider enabling apt generation for this module in order to improve startup performance
08-29 00:35:10.467 7658 7696 W React: There is no generated module helper for module: RNBackgroundTimer using FallbackModuleHelper which works way slower. Consider enabling apt generation for this module in order to improve startup performance
08-29 00:35:10.467 7658 7696 W React: There is no generated module helper for module: FileEncryptionNative using FallbackModuleHelper which works way slower. Consider enabling apt generation for this module in order to improve startup performance
08-29 00:35:10.467 7658 7696 W React: There is no generated module helper for module: AudioManager using FallbackModuleHelper which works way slower. Consider enabling apt generation for this module in order to improve startup performance
08-29 00:35:10.467 7658 7696 W React: There is no generated module helper for module: RNGeocoder using FallbackModuleHelper which works way slower. Consider enabling apt generation for this module in order to improve startup performance
08-29 00:35:10.467 7658 7696 W React: There is no generated module helper for module: ShareToApp using FallbackModuleHelper which works way slower. Consider enabling apt generation for this module in order to improve startup performance
08-29 00:35:10.467 7658 7696 W React: There is no generated module helper for module: CallIntent using FallbackModuleHelper which works way slower. Consider enabling apt generation for this module in order to improve startup performance
08-29 00:35:10.467 7658 7696 W React: There is no generated module helper for module: UrlUtil using FallbackModuleHelper which works way slower. Consider enabling apt generation for this module in order to improve startup performance
08-29 00:35:10.467 7658 7696 W React: There is no generated module helper for module: SplashScreenNotifier using FallbackModuleHelper which works way slower. Consider enabling apt generation for this module in order to improve startup performance
08-29 00:35:10.467 7658 7696 W React: There is no generated module helper for module: RNCookieManagerAndroid using FallbackModuleHelper which works way slower. Consider enabling apt generation for this module in order to improve startup performance
08-29 00:35:10.468 7658 7696 W React: There is no generated module helper for module: ContextMenuAndroid using FallbackModuleHelper which works way slower. Consider enabling apt generation for this module in order to improve startup performance
08-29 00:35:10.468 7658 7696 W React: There is no generated module helper for module: ClientLogging using FallbackModuleHelper which works way slower. Consider enabling apt generation for this module in order to improve startup performance
08-29 00:35:10.468 7658 7696 W React: There is no generated module helper for module: ExternalBrowser using FallbackModuleHelper which works way slower. Consider enabling apt generation for this module in order to improve startup performance
08-29 00:35:10.741 7658 7658 I SmsHandlingContext: init()
08-29 00:35:10.746 7658 7747 W ReactApp: registerMemoryTrimmable current size: 0
08-29 00:35:10.747 7658 7747 W ReactApp: registerMemoryTrimmable current size: 1
08-29 00:35:10.749 7658 7747 I SkypeCameraModule: SkypeCameraModule initialize
08-29 00:35:10.750 7658 7747 I AudioManagerModule: initialize (causeId 57b35510)
08-29 00:35:10.752 7658 7747 I AudioManagerModule: AudioManagerModule.initialize took 1ms
08-29 00:35:10.759 7658 7741 I AudioOptions: initialize (causeId 57b35510)
08-29 00:35:10.762 7658 7741 I WiredHeadsetReceiver: Registered receiver
08-29 00:35:10.764 7658 7742 I WiredHeadsetReceiver: addListener (causeId: 57b35510)
08-29 00:35:10.765 7658 7742 I AudioOptions: WiredHeadsetReceiver.headsetStateChanged UNPLUGGED (causeId 57b35510)
08-29 00:35:10.766 7658 7742 I BluetoothReceiver: BluetoothReceiver: AudioManager.ACTION_SCO_AUDIO_STATE_UPDATED: UNKNOWN -> STATE_DISCONNECTED (causeId: 2bb03ef2)
08-29 00:35:10.768 7658 7741 I BluetoothReceiver: Received sticky intent android.media.ACTION_SCO_AUDIO_STATE_UPDATED
08-29 00:35:10.768 7658 7741 I BluetoothReceiver: Registered receiver
08-29 00:35:10.769 7658 7741 I BluetoothReceiver: loadAlreadyConnectedDevices (causeId: 57b35510)
08-29 00:35:10.769 7658 7742 I BluetoothReceiver: BluetoothReceiver: AudioManager.ACTION_SCO_AUDIO_STATE_UPDATED: UNKNOWN -> STATE_DISCONNECTED (causeId: 9fa20a4f)
08-29 00:35:10.791 7658 7757 I BluetoothReceiver: addListener (causeId: 57b35510)
08-29 00:35:10.803 7658 7741 I BluetoothReceiver: createServiceListener (causeId: 57b35510)
08-29 00:35:10.854 7658 7754 I TokenShareModule: getAccounts() called, returned with list size 0
08-29 00:35:10.872 7658 7742 I ModernAudioDeviceMonitor: addListener (causeId: 57b35510)
08-29 00:35:10.872 7658 7742 I AudioOptions: ModernAudioDeviceMonitor.availableAudioDeviceTypesChanged headphones: false usb: false (causeId 57b35510)
08-29 00:35:10.891 7658 7741 I AudioManagerModule: Output update and reset (destination 3, deviceStatus 2, causeId 57b35510)
08-29 00:35:10.892 7658 7742 I ModernAudioDeviceMonitor: initialization headphones: false, usb: false, devices: [[1:TYPE_BUILTIN_EARPIECE], [2:TYPE_BUILTIN_SPEAKER], [5:TYPE_BUILTIN_MIC], [7:TYPE_TELEPHONY]] (causeId: 36512a6d)
08-29 00:35:10.892 7658 7741 I AudioManagerModule: Output update and reset (destination 3, deviceStatus 2, causeId 57b35510)
08-29 00:35:10.893 7658 7742 I ModernAudioDeviceMonitor: onAudioDevicesAdded headphones: false, usb: false, devices: [[1:TYPE_BUILTIN_EARPIECE], [2:TYPE_BUILTIN_SPEAKER], [5:TYPE_BUILTIN_MIC], [7:TYPE_TELEPHONY]] (causeId: 3436383a)
08-29 00:35:10.894 7658 7742 I ModernAudioDeviceMonitor: onAudioDevicesAdded headphones: false, usb: false, devices: [[1:TYPE_BUILTIN_EARPIECE], [2:TYPE_BUILTIN_SPEAKER], [5:TYPE_BUILTIN_MIC], [7:TYPE_TELEPHONY]] (causeId: ac9fd0c)
08-29 00:35:10.908 7658 7658 I TelephoneStateListener: Registering phone state listener (causeId 57b35510)
08-29 00:35:10.925 7658 7658 I AudioManagerModule: TelephoneStateListener.init took 17ms
08-29 00:35:10.934 7658 7658 I AudioManagerModule: Sending output changed event to EARPIECE (causeId 57b35510)
08-29 00:35:10.936 7658 7757 I TelephoneStateListener: onCallStateChanged 0 (causeId 5b1eeca)
08-29 00:35:11.692 7658 7746 I ReactNativeJS: [#ffffffff-u] [TRACE] [JS.HeadlessJsTask] registerHeadlessTaskCallbacks called for 'StaticTask.OnAppUpdated'
08-29 00:35:11.697 7658 7746 I ReactNativeJS: [#ffffffff-u] [TRACE] [JS.HeadlessJsTask] registerHeadlessTaskCallbacks called for 'StaticTask.OnAppUpdatedRetry'
08-29 00:35:11.750 7658 7746 I ReactNativeJS: [#ffffffff-u] [TRACE] [JS.HeadlessJsTask] registerHeadlessTaskCallbacks called for 'SignInOnUserSessionConnected'
08-29 00:35:11.751 7658 7746 I ReactNativeJS: [#ffffffff-u] [TRACE] [JS.HeadlessJsTask] registerHeadlessTaskCallbacks called for 'SignInOnUserSessionConnectedRetry'
08-29 00:35:11.752 7658 7746 I ReactNativeJS: [#ffffffff-u] [TRACE] [JS.HeadlessJsTask] registerHeadlessTaskCallbacks called for 'SignInOnDefaultMSAConnected'
08-29 00:35:11.752 7658 7746 I ReactNativeJS: [#ffffffff-u] [TRACE] [JS.HeadlessJsTask] registerHeadlessTaskCallbacks called for 'SignInOnDefaultMSAConnectedRetry'
08-29 00:35:11.753 7658 7746 I ReactNativeJS: [#ffffffff-u] [TRACE] [JS.HeadlessJsTask] registerHeadlessTaskCallbacks called for 'BackgroundHeartbeatTelemetry'
08-29 00:35:11.755 7658 7746 I ReactNativeJS: [#ffffffff-u] [TRACE] [JS.HeadlessJsTask] registerHeadlessTaskCallbacks called for 'OnMaintenanceWindowStart'
08-29 00:35:11.756 7658 7746 I ReactNativeJS: [#ffffffff-u] [TRACE] [JS.HeadlessJsTask] registerHeadlessTaskCallbacks called for 'OnMaintenanceWindowStartRetry'
08-29 00:35:11.782 7658 7746 I ReactNativeJS: [#ffffffff-u] [TRACE] [JS.HeadlessJsTask] registerHeadlessTaskCallbacks called for 'ToastActivation'
08-29 00:35:11.783 7658 7746 I ReactNativeJS: [#ffffffff-u] [TRACE] [JS.HeadlessJsTask] registerHeadlessTaskCallbacks called for 'ToastActivationRetry'
08-29 00:35:11.808 7658 7746 I RNAppUpgrade: Getting app launch attribution state = false
08-29 00:35:11.811 7658 7746 I RNAppUpgrade: hasOldSessionPreferences:false
08-29 00:35:11.816 7658 7746 I ReactNativeJS: [#ffffffff-u] [TRACE] [JS.AppUpgrade] Preparing to handle App Upgrade Event
08-29 00:35:11.818 7658 7746 I ReactNativeJS: [#ffffffff-u] [TRACE] [JS.AppUpgrade] Preparing to handle Rtc Wake Event
08-29 00:35:11.818 7658 7746 I ReactNativeJS: [#ffffffff-u] [TRACE] [JS.AppUpgrade] _setUpAppLaunchStateChangeListener
08-29 00:35:11.821 7658 7746 I ReactNativeJS: [#ffffffff-u] [TRACE] [JS.AppUpgrade] _setUpNoticationClickListener
08-29 00:35:11.822 7658 7746 I RNAppUpgrade: Getting app launch attribution state = false
08-29 00:35:11.823 7658 7746 I RNAppUpgrade: hasOldSessionPreferences:false
08-29 00:35:11.824 7658 7746 I RNAppUpgrade: Getting app launch attribution state = false
08-29 00:35:11.825 7658 7746 I RNAppUpgrade: hasOldSessionPreferences:false
08-29 00:35:11.826 7658 7746 I RNAppUpgrade: Getting app launch attribution state = false
08-29 00:35:11.826 7658 7746 I RNAppUpgrade: hasOldSessionPreferences:false
08-29 00:35:11.829 7658 7747 I RNAppUpgrade: initialize
08-29 00:35:11.830 7658 7747 I UpgradeContext: acquireWakeLock taskId 1
08-29 00:35:11.830 7658 7746 I RNAppUpgrade: Getting app launch attribution state = false
08-29 00:35:11.830 7658 7746 I RNAppUpgrade: hasOldSessionPreferences:false
08-29 00:35:11.832 7658 7746 I RNAppUpgrade: Getting app launch attribution state = false
08-29 00:35:11.832 7658 7746 I RNAppUpgrade: hasOldSessionPreferences:false
08-29 00:35:11.836 7658 7658 I SimpleWakefulService: Service created
08-29 00:35:11.839 7658 7658 I SimpleWakefulService: Acquire WAKE_LOCK for taskId: 1 with startId: 1
08-29 00:35:11.840 7658 7747 I RNAppUpgrade: processPendingIntents
08-29 00:35:11.840 7658 7747 I RNAppUpgrade: processPendingIntents:delayedIntentQueue size(0)
08-29 00:35:11.841 7658 7747 I RNAppUpgrade: initialize
08-29 00:35:11.993 7658 7746 I ReactNativeJS: [#ffffffff-u] [TRACE] [JS.Startup] Locale initialized to [de_DE]
08-29 00:35:11.994 7658 7746 I ReactNativeJS: [#ffffffff-u] [TRACE] [JS.Startup] Country code is [DE]
08-29 00:35:12.020 7658 7746 I ReactNativeJS: [#ffffffff-u] [TRACE] [JS.Startup] Device Id: dNWT97_WBMo
08-29 00:35:12.021 7658 7746 I ReactNativeJS: [#ffffffff-u] [TRACE] [JS.Startup] Device Manufacturer: samsung
08-29 00:35:12.022 7658 7746 I ReactNativeJS: [#ffffffff-u] [TRACE] [JS.Startup] Device Model: SM-A310F
08-29 00:35:12.023 7658 7746 I ReactNativeJS: [#ffffffff-u] [TRACE] [JS.Startup] Device OS version: 7.0
08-29 00:35:12.024 7658 7746 I ReactNativeJS: [#ffffffff-u] [TRACE] [JS.Startup] App version: 8.28.0.41
08-29 00:35:12.025 7658 7746 I ReactNativeJS: [#ffffffff-u] [TRACE] [JS.Startup] App activation state: Background
08-29 00:35:12.044 7658 7746 I ReactNativeJS: [#ffffffff-u] [TRACE] [JS.GenericUnsafe] Startup Phase 1 duration: 1865ms
08-29 00:35:12.051 7658 7746 I ReactNativeJS: [#ffffffff-u] [TRACE] [JS.GenericUnsafe] Startup Phase 2 duration: 843ms
08-29 00:35:12.061 7658 7746 I ReactNativeJS: [#ffffffff-u] [TRACE] [JS.Startup] Starting: HockeyAppService
08-29 00:35:12.069 7658 7747 I ReactHockeyApp: HockeyApp - initializing configuration
08-29 00:35:12.069 7658 7746 I ReactNativeJS: [#ffffffff-S] [TRACE] [JS.HockeyApp] Ignoring check for updates - PUBLIC build
08-29 00:35:12.072 7658 7746 I ReactNativeJS: [#ffffffff-u] [TRACE] [JS.Startup] Finish: HockeyAppService: 11ms
08-29 00:35:12.079 7658 7794 I React: Check for new app crashes
08-29 00:35:12.091 7658 7746 I ReactNativeJS: [#ffffffff-u] [TRACE] [JS.Startup] Starting: CrashStatusStore
08-29 00:35:12.093 7658 7746 I ReactNativeJS: [#ffffffff-u] [TRACE] [JS.GenericUnsafe] RN Entry
08-29 00:35:12.105 7658 7746 I ReactNativeJS: [#ffffffff-u] [TRACE] [JS.AppUpgrade] Last app launch time: undefined
08-29 00:35:12.111 7658 7746 I RNAppUpgrade: Getting app launch attribution state = false
08-29 00:35:12.111 7658 7746 I RNAppUpgrade: hasOldSessionPreferences:false
08-29 00:35:12.114 7658 7746 I ReactNativeJS: [#ffffffff-u] [TRACE] [JS.AppUpgrade] _getAppLaunchState:subscribe:fired:0
08-29 00:35:12.253 7658 7746 I ReactNativeJS: [#ffffffff-S] [TRACE] [JS.HockeyApp] Last launch crashed: false
08-29 00:35:12.255 7658 7746 I ReactNativeJS: [#ffffffff-u] [TRACE] [JS.Startup] Finish: CrashStatusStore: 163ms
08-29 00:35:12.260 7658 7746 I ReactNativeJS: [#ffffffff-u] [TRACE] [JS.Startup] SkypeId missing in Storage
08-29 00:35:12.969 7658 7747 W ReactMethodWatchdog: Method RNCookieManagerAndroid.clearAll invocation took too long: 516ms
08-29 00:35:13.187 7658 7747 I DeviceUtilities: DeviceUtilities: currentOrientation
08-29 00:35:13.255 7658 7747 W React: StatusBarModule: Ignored status bar change, current activity is null.
08-29 00:35:13.260 7658 7747 W React: StatusBarModule: Ignored status bar change, current activity is null.
08-29 00:35:13.262 7658 7747 W React: StatusBarModule: Ignored status bar change, current activity is null.
08-29 00:35:13.266 7658 7747 I DeviceUtilities: DeviceUtilities: statusBarHeight
08-29 00:35:13.305 7658 7746 W ReactNativeJS: [#ffffffff-u] [WARN] [JS.ResponsiveWidthStore] DeviceUtilities.currentOrientation failed: [pii] causeId: 3936df4c
08-29 00:35:13.307 7658 7746 W ReactNativeJS: [#ffffffff-u] [WARN] [JS.GenericUnsafe] SafeAreaStore statusBarHeight failed: [pii]
08-29 00:35:20.397 7658 7741 I RNSlimcore: Clearing old logs
08-29 00:35:20.402 7658 7741 I SkyLibManager[TERMINATED:null]: clearOldLogs found 0 potential log files
08-29 00:35:26.840 7658 7793 I UpgradeContext: releaseWakeLock taskId 1
08-29 00:35:26.844 7658 7658 I SimpleWakefulService: Release WAKE_LOCK for taskId: 1 with startId: 2
08-29 00:35:26.847 7658 7658 I SimpleWakefulService: Removing Stop message
08-29 00:35:26.849 7658 7658 I SimpleWakefulService: Service destroyed
08-31 00:41:56.551 22483 22483 W ReactHockeyApp: RNHockeyApp: Failed to get existing metadata
08-31 00:41:56.551 22483 22483 W ReactHockeyApp: /data/user/0/com.skype.raider/files/HockeyAppCrashMetadata.json (No such file or directory)
08-31 00:41:56.551 22483 22483 W ReactHockeyApp: java.io.FileInputStream.open(FileInputStream.java:-2)
08-31 00:41:56.551 22483 22483 W ReactHockeyApp: java.io.FileInputStream.(FileInputStream.java:146)
08-31 00:41:56.551 22483 22483 W ReactHockeyApp: android.app.ContextImpl.openFileInput(ContextImpl.java:505)
08-31 00:41:56.551 22483 22483 W ReactHockeyApp: android.content.ContextWrapper.openFileInput(ContextWrapper.java:193)
08-31 00:41:56.551 22483 22483 W ReactHockeyApp: com.skype.hockeyapp.SkypeCrashListener.f(SourceFile:139)
08-31 00:41:56.551 22483 22483 W ReactHockeyApp: com.skype.hockeyapp.SkypeCrashListener.(SourceFile:48)
08-31 00:41:56.551 22483 22483 W ReactHockeyApp: com.skype.hockeyapp.SkypeCrashListener.a(SourceFile:43)
08-31 00:41:56.551 22483 22483 W ReactHockeyApp: com.skype.hockeyapp.SkypeCrashManager.a(SourceFile:40)
08-31 00:41:56.551 22483 22483 W ReactHockeyApp: com.skype4life.SkypeApplication.onCreate(SourceFile:1045)
08-31 00:41:56.551 22483 22483 W ReactHockeyApp: android.app.Instrumentation.callApplicationOnCreate(Instrumentation.java:1032)
08-31 00:41:56.551 22483 22483 W ReactHockeyApp: android.app.ActivityThread.handleBindApplication(ActivityThread.java:5970)
08-31 00:41:56.551 22483 22483 W ReactHockeyApp: android.app.ActivityThread.-wrap3(ActivityThread.java:-1)
08-31 00:41:56.551 22483 22483 W ReactHockeyApp: android.app.ActivityThread$H.handleMessage(ActivityThread.java:1710)
08-31 00:41:56.551 22483 22483 W ReactHockeyApp: android.os.Handler.dispatchMessage(Handler.java:102)
08-31 00:41:56.551 22483 22483 W ReactHockeyApp: android.os.Looper.loop(Looper.java:154)
08-31 00:41:56.551 22483 22483 W ReactHockeyApp: android.app.ActivityThread.main(ActivityThread.java:6776)
08-31 00:41:56.551 22483 22483 W ReactHockeyApp: java.lang.reflect.Method.invoke(Method.java:-2)
08-31 00:41:56.551 22483 22483 W ReactHockeyApp: com.android.internal.os.ZygoteInit$MethodAndArgsCaller.run(ZygoteInit.java:1496)
08-31 00:41:56.551 22483 22483 W ReactHockeyApp: com.android.internal.os.ZygoteInit.main(ZygoteInit.java:1386)
08-31 00:41:56.560 22483 22483 I DumpUploader: Preparing check for new crash dumps
08-31 00:41:56.563 22483 22483 I ReactApp: parsingProcessName took 1ms
08-31 00:41:56.564 22483 22498 I DumpUploader: Started check for new crash dumps
08-31 00:41:56.564 22483 22483 I ReactApp: onCreate start
08-31 00:41:56.570 22483 22498 I DumpUploader: Marking dumps as known:
08-31 00:41:56.635 22483 22483 I ReactApp: leakCanaryInstall took 0ms
08-31 00:41:56.672 22483 22483 I ReactApp: configureOkHttp took 36ms
08-31 00:41:56.672 22483 22483 I ReactApp: configureStetho took 0ms
08-31 00:41:56.683 22483 22483 I ReactApp: configureYoga took 10ms
08-31 00:41:56.687 22483 22483 I ReactApp: CsiManager.onCreate took 3ms
08-31 00:41:56.824 22483 22483 I ReactApp: mReactNativeHost.getReactInstanceManager took 136ms
08-31 00:41:56.824 22483 22503 I React: Creating react context.
08-31 00:41:56.824 22483 22483 I ReactApp: onCreate complete in 293ms
08-31 00:41:56.826 22483 22483 I PushReceiver: onReceive
08-31 00:41:56.826 22483 22483 I PushHandlingContext: onReceive
08-31 00:41:56.826 22483 22483 I PushHandlingContext: onReceive - no prior WakeLock; starting push handling
08-31 00:41:56.828 22483 22483 I skype:bgexec: startWakefulService at=1535676116.828s debugCause=PushHelper
08-31 00:41:56.865 22483 22483 I PushHandlingContext: onReceive - delaying message until PushModule is initialized
08-31 00:41:56.866 22483 22483 I skype:bgexec: completeWakefulIntentAfterAllWakeLocks at=1535676116.866s debugCause=PushReceiver
08-31 00:41:56.870 22483 22503 I SkypeCameraViewManager: init
08-31 00:41:56.880 22483 22483 I PushHandlingService: Service created
08-31 00:41:56.881 22483 22483 I PushHandlingService: Start push handling. pushId: 1 startId: 1
08-31 00:41:56.882 22483 22483 I UpgradeContext: onReceive action android.intent.action.MY_PACKAGE_REPLACED
08-31 00:41:56.883 22483 22483 I UpgradeContext: acquireWakeLock taskId 1
08-31 00:41:56.891 22483 22503 I GradientImagePackage: createViewManagers
08-31 00:41:56.901 22483 22483 I UpgradeContext: UpgradeModuleNotReady: task 1, intent pushed to delayedIntentQueue
08-31 00:41:56.902 22483 22483 I SimpleWakefulService: Service created
08-31 00:41:56.903 22483 22483 I SimpleWakefulService: Acquire WAKE_LOCK for taskId: 1 with startId: 1
08-31 00:41:56.906 22483 22503 W ViewManagerPropertyUpdater: Could not find generated setter for class com.skype.ink.AdditiveSurfaceViewManager
08-31 00:41:56.927 22483 22503 W ViewManagerPropertyUpdater: Could not find generated setter for class com.skype.ink.AdditiveSurfaceViewShadowNode
08-31 00:41:56.937 22483 22503 W ViewManagerPropertyUpdater: Could not find generated setter for class com.facebook.react.uimanager.h
08-31 00:41:56.947 22483 22503 W ViewManagerPropertyUpdater: Could not find generated setter for class com.facebook.react.views.text.g
08-31 00:41:56.973 22483 22503 W ViewManagerPropertyUpdater: Could not find generated setter for class com.facebook.react.views.textinput.i
08-31 00:41:57.002 22483 22503 W ViewManagerPropertyUpdater: Could not find generated setter for class com.facebook.react.views.art.c
08-31 00:41:57.004 22483 22503 W ViewManagerPropertyUpdater: Could not find generated setter for class com.facebook.react.views.art.b
08-31 00:41:57.007 22483 22503 W ViewManagerPropertyUpdater: Could not find generated setter for class com.facebook.react.views.art.a
08-31 00:41:57.010 22483 22503 W ViewManagerPropertyUpdater: Could not find generated setter for class com.facebook.react.views.progressbar.b
08-31 00:41:57.013 22483 22503 W ViewManagerPropertyUpdater: Could not find generated setter for class com.facebook.react.views.text.frescosupport.a
08-31 00:41:57.017 22483 22503 W ViewManagerPropertyUpdater: Could not find generated setter for class com.brentvatne.react.ReactVideoViewManager
08-31 00:41:57.038 22483 22503 W ViewManagerPropertyUpdater: Could not find generated setter for class com.skpcamera.SkypeCameraViewManager
08-31 00:41:57.043 22483 22503 W ViewManagerPropertyUpdater: Could not find generated setter for class com.customkeyboard.CustomKeyboardViewManager
08-31 00:41:57.054 22483 22503 W ViewManagerPropertyUpdater: Could not find generated setter for class com.skype.slimcore.video.RNCallingVideoViewManager
08-31 00:41:57.058 22483 22503 W ViewManagerPropertyUpdater: Could not find generated setter for class com.skype.slimcore.video.RNCallingVideoViewLocalManager
08-31 00:41:57.062 22483 22503 W ViewManagerPropertyUpdater: Could not find generated setter for class com.skype.slimcore.video.RNCallingVideoViewPreviewManager
08-31 00:41:57.065 22483 22503 W ViewManagerPropertyUpdater: Could not find generated setter for class com.microsoft.react.mediapicker.MediaPickerViewManager
08-31 00:41:57.074 22483 22503 W ViewManagerPropertyUpdater: Could not find generated setter for class com.microsoft.react.mediapicker.c
08-31 00:41:57.079 22483 22503 W ViewManagerPropertyUpdater: Could not find generated setter for class com.microsoft.skypemessagetextinput.view.RNViewManager
08-31 00:41:57.083 22483 22503 W ViewManagerPropertyUpdater: Could not find generated setter for class com.microsoft.skypemessagetextinput.view.c
08-31 00:41:57.085 22483 22503 W ViewManagerPropertyUpdater: Could not find generated setter for class com.skype.reactnativesprites.SpriteViewManager
08-31 00:41:57.088 22483 22503 W ViewManagerPropertyUpdater: Could not find generated setter for class com.projectseptember.RNGL.GLCanvasManager
08-31 00:41:57.095 22483 22503 W ViewManagerPropertyUpdater: Could not find generated setter for class com.github.alinz.reactnativewebviewbridge.WebViewBridgeManager
08-31 00:41:57.102 22483 22503 W ViewManagerPropertyUpdater: Could not find generated setter for class com.airbnb.android.react.maps.AirMapCalloutManager
08-31 00:41:57.106 22483 22503 W ViewManagerPropertyUpdater: Could not find generated setter for class com.airbnb.android.react.maps.AirMapMarkerManager
08-31 00:41:57.112 22483 22503 W ViewManagerPropertyUpdater: Could not find generated setter for class com.airbnb.android.react.maps.AirMapPolylineManager
08-31 00:41:57.115 22483 22503 W ViewManagerPropertyUpdater: Could not find generated setter for class com.airbnb.android.react.maps.AirMapPolygonManager
08-31 00:41:57.119 22483 22503 W ViewManagerPropertyUpdater: Could not find generated setter for class com.airbnb.android.react.maps.AirMapCircleManager
08-31 00:41:57.124 22483 22503 W ViewManagerPropertyUpdater: Could not find generated setter for class com.airbnb.android.react.maps.AirMapManager
08-31 00:41:57.132 22483 22503 W ViewManagerPropertyUpdater: Could not find generated setter for class com.airbnb.android.react.maps.AirMapLiteManager
08-31 00:41:57.134 22483 22503 W ViewManagerPropertyUpdater: Could not find generated setter for class com.airbnb.android.react.maps.AirMapUrlTileManager
08-31 00:41:57.137 22483 22503 W ViewManagerPropertyUpdater: Could not find generated setter for class com.microsoft.react.videofxp.VideoFXPViewManager
08-31 00:41:57.140 22483 22503 W ViewManagerPropertyUpdater: Could not find generated setter for class com.skype.virtualmessageview.VirtualMessageViewControllerManager
08-31 00:41:57.143 22483 22503 W ViewManagerPropertyUpdater: Could not find generated setter for class com.microsoft.react.clippedview.ClippedViewManager
08-31 00:41:57.145 22483 22503 W ViewManagerPropertyUpdater: Could not find generated setter for class com.BV.LinearGradient.LinearGradientManager
08-31 00:41:57.148 22483 22503 W ViewManagerPropertyUpdater: Could not find generated setter for class com.airbnb.android.react.lottie.LottieAnimationViewManager
08-31 00:41:57.152 22483 22503 W ViewManagerPropertyUpdater: Could not find generated setter for class com.microsoft.react.gradientimage.GradientImageViewManager
08-31 00:41:57.156 22483 22503 W ViewManagerPropertyUpdater: Could not find generated setter for class com.skype.qrcode.QRCodeViewManager
08-31 00:41:57.158 22483 22503 W ViewManagerPropertyUpdater: Could not find generated setter for class com.skype.camera.imagefilter.ImageFilterManager
08-31 00:41:57.430 22483 22503 W JavaModuleHelper: Could not find generated custom module provider
08-31 00:41:57.431 22483 22503 W React: There is no generated module helper for module: CampaignReceiver using FallbackModuleHelper which works way slower. Consider enabling apt generation for this module in order to improve startup performance
08-31 00:41:57.432 22483 22503 W React: There is no generated module helper for module: Calendar using FallbackModuleHelper which works way slower. Consider enabling apt generation for this module in order to improve startup performance
08-31 00:41:57.433 22483 22503 W React: There is no generated module helper for module: RNManualFileCache using FallbackModuleHelper which works way slower. Consider enabling apt generation for this module in order to improve startup performance
08-31 00:41:57.433 22483 22503 W React: There is no generated module helper for module: MediaPicker using FallbackModuleHelper which works way slower. Consider enabling apt generation for this module in order to improve startup performance
08-31 00:41:57.434 22483 22503 W React: There is no generated module helper for module: SourceCode using FallbackModuleHelper which works way slower. Consider enabling apt generation for this module in order to improve startup performance
08-31 00:41:57.434 22483 22503 W React: There is no generated module helper for module: EnvironmentInfo using FallbackModuleHelper which works way slower. Consider enabling apt generation for this module in order to improve startup performance
08-31 00:41:57.434 22483 22503 W React: There is no generated module helper for module: RNBackgroundExecution using FallbackModuleHelper which works way slower. Consider enabling apt generation for this module in order to improve startup performance
08-31 00:41:57.435 22483 22503 W React: There is no generated module helper for module: AndroidBadges using FallbackModuleHelper which works way slower. Consider enabling apt generation for this module in order to improve startup performance
08-31 00:41:57.436 22483 22503 W React: There is no generated module helper for module: PlatformConstants using FallbackModuleHelper which works way slower. Consider enabling apt generation for this module in order to improve startup performance
08-31 00:41:57.436 22483 22503 W React: There is no generated module helper for module: RNGLContext using FallbackModuleHelper which works way slower. Consider enabling apt generation for this module in order to improve startup performance
08-31 00:41:57.436 22483 22503 W React: There is no generated module helper for module: FingerprintingLib using FallbackModuleHelper which works way slower. Consider enabling apt generation for this module in order to improve startup performance
08-31 00:41:57.437 22483 22503 W React: There is no generated module helper for module: ClientLogging using FallbackModuleHelper which works way slower. Consider enabling apt generation for this module in order to improve startup performance
08-31 00:41:57.437 22483 22503 W React: There is no generated module helper for module: ImageResizerAndroid using FallbackModuleHelper which works way slower. Consider enabling apt generation for this module in order to improve startup performance
08-31 00:41:57.437 22483 22503 W React: There is no generated module helper for module: FileTracker using FallbackModuleHelper which works way slower. Consider enabling apt generation for this module in order to improve startup performance
08-31 00:41:57.438 22483 22503 W React: There is no generated module helper for module: AdvertisementUtilities using FallbackModuleHelper which works way slower. Consider enabling apt generation for this module in order to improve startup performance
08-31 00:41:57.438 22483 22503 W React: There is no generated module helper for module: RNCommandInvoker using FallbackModuleHelper which works way slower. Consider enabling apt generation for this module in order to improve startup performance
08-31 00:41:57.438 22483 22503 W React: There is no generated module helper for module: RNGraphicsContext using FallbackModuleHelper which works way slower. Consider enabling apt generation for this module in order to improve startup performance
08-31 00:41:57.439 22483 22503 W React: There is no generated module helper for module: DeviceUtilities using FallbackModuleHelper which works way slower. Consider enabling apt generation for this module in order to improve startup performance
08-31 00:41:57.439 22483 22503 W React: There is no generated module helper for module: PermissionsManager using FallbackModuleHelper which works way slower. Consider enabling apt generation for this module in order to improve startup performance
08-31 00:41:57.440 22483 22503 W React: There is no generated module helper for module: ExtendedAppState using FallbackModuleHelper which works way slower. Consider enabling apt generation for this module in order to improve startup performance
08-31 00:41:57.440 22483 22503 W React: There is no generated module helper for module: TimeZoneManager using FallbackModuleHelper which works way slower. Consider enabling apt generation for this module in order to improve startup performance
08-31 00:41:57.441 22483 22503 W React: There is no generated module helper for module: Adjust using FallbackModuleHelper which works way slower. Consider enabling apt generation for this module in order to improve startup performance
08-31 00:41:57.442 22483 22503 W React: There is no generated module helper for module: UrlUtil using FallbackModuleHelper which works way slower. Consider enabling apt generation for this module in order to improve startup performance
08-31 00:41:57.442 22483 22503 W React: There is no generated module helper for module: CortanaSignals using FallbackModuleHelper which works way slower. Consider enabling apt generation for this module in order to improve startup performance
08-31 00:41:57.443 22483 22503 W React: There is no generated module helper for module: ShareSheet using FallbackModuleHelper which works way slower. Consider enabling apt generation for this module in order to improve startup performance
08-31 00:41:57.443 22483 22503 W React: There is no generated module helper for module: RNViewConfig using FallbackModuleHelper which works way slower. Consider enabling apt generation for this module in order to improve startup performance
08-31 00:41:57.443 22483 22503 W React: There is no generated module helper for module: AirMapModule using FallbackModuleHelper which works way slower. Consider enabling apt generation for this module in order to improve startup performance
08-31 00:41:57.444 22483 22503 W React: There is no generated module helper for module: RNStorage using FallbackModuleHelper which works way slower. Consider enabling apt generation for this module in order to improve startup performance
08-31 00:41:57.448 22483 22503 W React: There is no generated module helper for module: VideoFXP using FallbackModuleHelper which works way slower. Consider enabling apt generation for this module in order to improve startup performance
08-31 00:41:57.449 22483 22503 W React: There is no generated module helper for module: ZipUtil using FallbackModuleHelper which works way slower. Consider enabling apt generation for this module in order to improve startup performance
08-31 00:41:57.449 22483 22503 W React: There is no generated module helper for module: RNDocumentPicker using FallbackModuleHelper which works way slower. Consider enabling apt generation for this module in order to improve startup performance
08-31 00:41:57.450 22483 22503 W React: There is no generated module helper for module: Contacts using FallbackModuleHelper which works way slower. Consider enabling apt generation for this module in order to improve startup performance
08-31 00:41:57.451 22483 22503 W React: There is no generated module helper for module: SoundPlayer using FallbackModuleHelper which works way slower. Consider enabling apt generation for this module in order to improve startup performance
08-31 00:41:57.452 22483 22503 W React: There is no generated module helper for module: RNSkypeCredentialsFetcher using FallbackModuleHelper which works way slower. Consider enabling apt generation for this module in order to improve startup performance
08-31 00:41:57.453 22483 22503 W React: There is no generated module helper for module: CallIntent using FallbackModuleHelper which works way slower. Consider enabling apt generation for this module in order to improve startup performance
08-31 00:41:57.454 22483 22503 W React: There is no generated module helper for module: RNKeychainManager using FallbackModuleHelper which works way slower. Consider enabling apt generation for this module in order to improve startup performance
08-31 00:41:57.455 22483 22503 W React: There is no generated module helper for module: NativeEntropy using FallbackModuleHelper which works way slower. Consider enabling apt generation for this module in order to improve startup performance
08-31 00:41:57.455 22483 22503 W React: There is no generated module helper for module: SnapshotManager using FallbackModuleHelper which works way slower. Consider enabling apt generation for this module in order to improve startup performance
