09-06 16:37:40.878 8285 8359 I ReactNativeJS: [#ffffffff-u] [TRACE] [JS.HeadlessJsTask] registerHeadlessTaskCallbacks called for 'ToastActivationRetry'
09-06 16:37:40.896 8285 8359 I RNAppUpgrade: Getting app launch attribution state = false
09-06 16:37:40.898 8285 8359 I RNAppUpgrade: hasOldSessionPreferences:false
09-06 16:37:40.903 8285 8359 I ReactNativeJS: [#ffffffff-u] [TRACE] [JS.AppUpgrade] Preparing to handle App Upgrade Event
09-06 16:37:40.904 8285 8359 I ReactNativeJS: [#ffffffff-u] [TRACE] [JS.AppUpgrade] Preparing to handle Rtc Wake Event
09-06 16:37:40.905 8285 8359 I ReactNativeJS: [#ffffffff-u] [TRACE] [JS.AppUpgrade] _setUpAppLaunchStateChangeListener
09-06 16:37:40.907 8285 8359 I ReactNativeJS: [#ffffffff-u] [TRACE] [JS.AppUpgrade] _setUpNoticationClickListener
09-06 16:37:40.908 8285 8359 I RNAppUpgrade: Getting app launch attribution state = false
09-06 16:37:40.909 8285 8359 I RNAppUpgrade: hasOldSessionPreferences:false
09-06 16:37:40.910 8285 8359 I RNAppUpgrade: Getting app launch attribution state = false
09-06 16:37:40.910 8285 8359 I RNAppUpgrade: hasOldSessionPreferences:false
09-06 16:37:40.912 8285 8359 I RNAppUpgrade: Getting app launch attribution state = false
09-06 16:37:40.912 8285 8359 I RNAppUpgrade: hasOldSessionPreferences:false
09-06 16:37:40.915 8285 8360 I RNAppUpgrade: initialize
09-06 16:37:40.915 8285 8359 I RNAppUpgrade: Getting app launch attribution state = false
09-06 16:37:40.915 8285 8360 I UpgradeContext: acquireWakeLock taskId 1
09-06 16:37:40.915 8285 8359 I RNAppUpgrade: hasOldSessionPreferences:false
09-06 16:37:40.916 8285 8359 I RNAppUpgrade: Getting app launch attribution state = false
09-06 16:37:40.917 8285 8359 I RNAppUpgrade: hasOldSessionPreferences:false
09-06 16:37:40.923 8285 8285 I SimpleWakefulService: Service created
09-06 16:37:40.924 8285 8285 I SimpleWakefulService: Acquire WAKE_LOCK for taskId: 1 with startId: 1
09-06 16:37:40.925 8285 8360 I RNAppUpgrade: processPendingIntents
09-06 16:37:40.925 8285 8360 I RNAppUpgrade: processPendingIntents:delayedIntentQueue size(0)
09-06 16:37:41.005 8285 8360 I RNAppUpgrade: initialize
09-06 16:37:41.077 8285 8359 I ReactNativeJS: [#ffffffff-u] [TRACE] [JS.Startup] Locale initialized to [de_DE]
09-06 16:37:41.078 8285 8359 I ReactNativeJS: [#ffffffff-u] [TRACE] [JS.Startup] Country code is [DE]
09-06 16:37:41.086 8285 8359 I ReactNativeJS: [#ffffffff-u] [TRACE] [JS.Startup] Device Id: dNWT97_WBMo
09-06 16:37:41.087 8285 8359 I ReactNativeJS: [#ffffffff-u] [TRACE] [JS.Startup] Device Manufacturer: samsung
09-06 16:37:41.088 8285 8359 I ReactNativeJS: [#ffffffff-u] [TRACE] [JS.Startup] Device Model: SM-A310F
09-06 16:37:41.089 8285 8359 I ReactNativeJS: [#ffffffff-u] [TRACE] [JS.Startup] Device OS version: 7.0
09-06 16:37:41.099 8285 8359 I ReactNativeJS: [#ffffffff-u] [TRACE] [JS.Startup] App version: 8.29.0.41
09-06 16:37:41.100 8285 8359 I ReactNativeJS: [#ffffffff-u] [TRACE] [JS.Startup] App activation state: Background
09-06 16:37:41.111 8285 8359 I ReactNativeJS: [#ffffffff-u] [TRACE] [JS.GenericUnsafe] Startup Phase 1 duration: 1085ms
09-06 16:37:41.117 8285 8359 I ReactNativeJS: [#ffffffff-u] [TRACE] [JS.GenericUnsafe] Startup Phase 2 duration: 791ms
09-06 16:37:41.126 8285 8359 I ReactNativeJS: [#ffffffff-u] [TRACE] [JS.Startup] Starting: HockeyAppService
09-06 16:37:41.133 8285 8359 I ReactNativeJS: [#ffffffff-S] [TRACE] [JS.HockeyApp] Ignoring check for updates - PUBLIC build
09-06 16:37:41.133 8285 8360 I ReactHockeyApp: HockeyApp - initializing configuration
09-06 16:37:41.135 8285 8359 I ReactNativeJS: [#ffffffff-u] [TRACE] [JS.Startup] Finish: HockeyAppService: 10ms
09-06 16:37:41.145 8285 8406 I React: Check for new app crashes
09-06 16:37:41.155 8285 8359 I ReactNativeJS: [#ffffffff-u] [TRACE] [JS.Startup] Starting: CrashStatusStore
09-06 16:37:41.157 8285 8359 I ReactNativeJS: [#ffffffff-u] [TRACE] [JS.GenericUnsafe] RN Entry
09-06 16:37:41.170 8285 8359 I ReactNativeJS: [#ffffffff-u] [TRACE] [JS.AppUpgrade] Last app launch time: undefined
09-06 16:37:41.175 8285 8359 I RNAppUpgrade: Getting app launch attribution state = false
09-06 16:37:41.175 8285 8359 I RNAppUpgrade: hasOldSessionPreferences:false
09-06 16:37:41.178 8285 8359 I ReactNativeJS: [#ffffffff-u] [TRACE] [JS.AppUpgrade] _getAppLaunchState:subscribe:fired:0
09-06 16:37:41.303 8285 8359 I ReactNativeJS: [#ffffffff-S] [TRACE] [JS.HockeyApp] Last launch crashed: false
09-06 16:37:41.304 8285 8359 I ReactNativeJS: [#ffffffff-u] [TRACE] [JS.Startup] Finish: CrashStatusStore: 149ms
09-06 16:37:41.307 8285 8359 I ReactNativeJS: [#ffffffff-u] [TRACE] [JS.Startup] SkypeId missing in Storage
09-06 16:37:42.075 8285 8360 W ReactMethodWatchdog: Method RNCookieManagerAndroid.clearAll invocation took too long: 566ms
09-06 16:37:42.401 8285 8360 I DeviceUtilities: DeviceUtilities: currentOrientation
09-06 16:37:42.471 8285 8360 W React: StatusBarModule: Ignored status bar change, current activity is null.
09-06 16:37:42.478 8285 8360 W React: StatusBarModule: Ignored status bar change, current activity is null.
09-06 16:37:42.479 8285 8360 W React: StatusBarModule: Ignored status bar change, current activity is null.
09-06 16:37:42.479 8285 8360 I DeviceUtilities: DeviceUtilities: statusBarHeight
09-06 16:37:42.526 8285 8359 W ReactNativeJS: [#ffffffff-u] [WARN] [JS.ResponsiveWidthStore] DeviceUtilities.currentOrientation failed: [pii] causeId: 4d134482
09-06 16:37:42.528 8285 8359 W ReactNativeJS: [#ffffffff-u] [WARN] [JS.GenericUnsafe] SafeAreaStore statusBarHeight failed: [pii]
09-06 16:37:49.706 8285 8353 I RNSlimcore: Clearing old logs
09-06 16:37:49.713 8285 8353 I SkyLibManager[TERMINATED:null]: clearOldLogs found 0 potential log files
09-06 16:37:55.930 8285 8405 I UpgradeContext: releaseWakeLock taskId 1
09-06 16:37:55.948 8285 8285 I SimpleWakefulService: Release WAKE_LOCK for taskId: 1 with startId: 2
09-06 16:37:55.958 8285 8285 I SimpleWakefulService: Removing Stop message
09-06 16:37:55.961 8285 8285 I SimpleWakefulService: Service destroyed
09-06 17:46:52.560 23736 23736 W ReactHockeyApp: RNHockeyApp: Failed to get existing metadata
09-06 17:46:52.560 23736 23736 W ReactHockeyApp: /data/user/0/com.skype.raider/files/HockeyAppCrashMetadata.json (No such file or directory)
09-06 17:46:52.560 23736 23736 W ReactHockeyApp: java.io.FileInputStream.open(FileInputStream.java:-2)
09-06 17:46:52.560 23736 23736 W ReactHockeyApp: java.io.FileInputStream.(FileInputStream.java:146)
09-06 17:46:52.560 23736 23736 W ReactHockeyApp: android.app.ContextImpl.openFileInput(ContextImpl.java:505)
09-06 17:46:52.560 23736 23736 W ReactHockeyApp: android.content.ContextWrapper.openFileInput(ContextWrapper.java:193)
09-06 17:46:52.560 23736 23736 W ReactHockeyApp: com.skype.hockeyapp.SkypeCrashListener.f(SourceFile:139)
09-06 17:46:52.560 23736 23736 W ReactHockeyApp: com.skype.hockeyapp.SkypeCrashListener.(SourceFile:48)
09-06 17:46:52.560 23736 23736 W ReactHockeyApp: com.skype.hockeyapp.SkypeCrashListener.a(SourceFile:43)
09-06 17:46:52.560 23736 23736 W ReactHockeyApp: com.skype.hockeyapp.SkypeCrashManager.a(SourceFile:40)
09-06 17:46:52.560 23736 23736 W ReactHockeyApp: com.skype4life.SkypeApplication.onCreate(SourceFile:1045)
09-06 17:46:52.560 23736 23736 W ReactHockeyApp: android.app.Instrumentation.callApplicationOnCreate(Instrumentation.java:1032)
09-06 17:46:52.560 23736 23736 W ReactHockeyApp: android.app.ActivityThread.handleBindApplication(ActivityThread.java:5970)
09-06 17:46:52.560 23736 23736 W ReactHockeyApp: android.app.ActivityThread.-wrap3(ActivityThread.java:-1)
09-06 17:46:52.560 23736 23736 W ReactHockeyApp: android.app.ActivityThread$H.handleMessage(ActivityThread.java:1710)
09-06 17:46:52.560 23736 23736 W ReactHockeyApp: android.os.Handler.dispatchMessage(Handler.java:102)
09-06 17:46:52.560 23736 23736 W ReactHockeyApp: android.os.Looper.loop(Looper.java:154)
09-06 17:46:52.560 23736 23736 W ReactHockeyApp: android.app.ActivityThread.main(ActivityThread.java:6776)
09-06 17:46:52.560 23736 23736 W ReactHockeyApp: java.lang.reflect.Method.invoke(Method.java:-2)
09-06 17:46:52.560 23736 23736 W ReactHockeyApp: com.android.internal.os.ZygoteInit$MethodAndArgsCaller.run(ZygoteInit.java:1496)
09-06 17:46:52.560 23736 23736 W ReactHockeyApp: com.android.internal.os.ZygoteInit.main(ZygoteInit.java:1386)
09-06 17:46:52.587 23736 23736 I DumpUploader: Preparing check for new crash dumps
09-06 17:46:52.588 23736 23736 I ReactApp: parsingProcessName took 0ms
09-06 17:46:52.589 23736 23736 I ReactApp: onCreate start
09-06 17:46:52.590 23736 23758 I DumpUploader: Started check for new crash dumps
09-06 17:46:52.625 23736 23758 I DumpUploader: Marking dumps as known:
09-06 17:46:52.629 23736 23736 I ReactApp: leakCanaryInstall took 1ms
09-06 17:46:52.672 23736 23736 I ReactApp: configureOkHttp took 42ms
09-06 17:46:52.672 23736 23736 I ReactApp: configureStetho took 0ms
09-06 17:46:52.713 23736 23736 I ReactApp: configureYoga took 40ms
09-06 17:46:52.718 23736 23736 I ReactApp: CsiManager.onCreate took 4ms
09-06 17:46:52.870 23736 23736 I ReactApp: mReactNativeHost.getReactInstanceManager took 151ms
09-06 17:46:52.870 23736 23736 I ReactApp: onCreate complete in 352ms
09-06 17:46:52.872 23736 23736 I UpgradeContext: onReceive action WakeEventReceiver.ACTION_OEM_RTC_WAKE
09-06 17:46:52.872 23736 23736 I UpgradeContext: acquireWakeLock taskId 1
09-06 17:46:52.876 23736 23771 I React: Creating react context.
09-06 17:46:52.880 23736 23736 I UpgradeContext: UpgradeModuleNotReady: task 1, intent pushed to delayedIntentQueue
09-06 17:46:52.916 23736 23736 I SimpleWakefulService: Service created
09-06 17:46:52.917 23736 23736 I SimpleWakefulService: Acquire WAKE_LOCK for taskId: 1 with startId: 1
09-06 17:46:52.919 23736 23771 I SkypeCameraViewManager: init
09-06 17:46:52.946 23736 23771 I GradientImagePackage: createViewManagers
09-06 17:46:52.952 23736 23771 W ViewManagerPropertyUpdater: Could not find generated setter for class com.skype.ink.AdditiveSurfaceViewManager
09-06 17:46:52.965 23736 23771 W ViewManagerPropertyUpdater: Could not find generated setter for class com.skype.ink.AdditiveSurfaceViewShadowNode
09-06 17:46:52.971 23736 23771 W ViewManagerPropertyUpdater: Could not find generated setter for class com.facebook.react.uimanager.h
09-06 17:46:52.974 23736 23771 W ViewManagerPropertyUpdater: Could not find generated setter for class com.facebook.react.views.text.g
09-06 17:46:52.980 23736 23771 W ViewManagerPropertyUpdater: Could not find generated setter for class com.facebook.react.views.textinput.i
09-06 17:46:52.983 23736 23771 W ViewManagerPropertyUpdater: Could not find generated setter for class com.facebook.react.views.art.c
09-06 17:46:52.985 23736 23771 W ViewManagerPropertyUpdater: Could not find generated setter for class com.facebook.react.views.art.b
09-06 17:46:52.989 23736 23771 W ViewManagerPropertyUpdater: Could not find generated setter for class com.facebook.react.views.art.a
09-06 17:46:52.990 23736 23771 W ViewManagerPropertyUpdater: Could not find generated setter for class com.facebook.react.views.progressbar.b
09-06 17:46:52.992 23736 23771 W ViewManagerPropertyUpdater: Could not find generated setter for class com.facebook.react.views.text.frescosupport.a
09-06 17:46:52.994 23736 23771 W ViewManagerPropertyUpdater: Could not find generated setter for class com.brentvatne.react.ReactVideoViewManager
09-06 17:46:53.006 23736 23771 W ViewManagerPropertyUpdater: Could not find generated setter for class com.skpcamera.SkypeCameraViewManager
09-06 17:46:53.010 23736 23771 W ViewManagerPropertyUpdater: Could not find generated setter for class com.customkeyboard.CustomKeyboardViewManager
09-06 17:46:53.012 23736 23771 W ViewManagerPropertyUpdater: Could not find generated setter for class com.skype.slimcore.video.RNCallingVideoViewManager
09-06 17:46:53.013 23736 23771 W ViewManagerPropertyUpdater: Could not find generated setter for class com.skype.slimcore.video.RNCallingVideoViewLocalManager
09-06 17:46:53.016 23736 23771 W ViewManagerPropertyUpdater: Could not find generated setter for class com.skype.slimcore.video.RNCallingVideoViewPreviewManager
09-06 17:46:53.019 23736 23771 W ViewManagerPropertyUpdater: Could not find generated setter for class com.microsoft.react.mediapicker.MediaPickerViewManager
09-06 17:46:53.023 23736 23771 W ViewManagerPropertyUpdater: Could not find generated setter for class com.microsoft.react.mediapicker.c
09-06 17:46:53.026 23736 23771 W ViewManagerPropertyUpdater: Could not find generated setter for class com.microsoft.skypemessagetextinput.view.RNViewManager
09-06 17:46:53.033 23736 23771 W ViewManagerPropertyUpdater: Could not find generated setter for class com.microsoft.skypemessagetextinput.view.c
09-06 17:46:53.034 23736 23771 W ViewManagerPropertyUpdater: Could not find generated setter for class com.skype.reactnativesprites.SpriteViewManager
09-06 17:46:53.037 23736 23771 W ViewManagerPropertyUpdater: Could not find generated setter for class com.projectseptember.RNGL.GLCanvasManager
09-06 17:46:53.040 23736 23771 W ViewManagerPropertyUpdater: Could not find generated setter for class com.github.alinz.reactnativewebviewbridge.WebViewBridgeManager
09-06 17:46:53.046 23736 23771 W ViewManagerPropertyUpdater: Could not find generated setter for class com.airbnb.android.react.maps.AirMapCalloutManager
09-06 17:46:53.048 23736 23771 W ViewManagerPropertyUpdater: Could not find generated setter for class com.airbnb.android.react.maps.AirMapMarkerManager
09-06 17:46:53.051 23736 23771 W ViewManagerPropertyUpdater: Could not find generated setter for class com.airbnb.android.react.maps.AirMapPolylineManager
09-06 17:46:53.053 23736 23771 W ViewManagerPropertyUpdater: Could not find generated setter for class com.airbnb.android.react.maps.AirMapPolygonManager
09-06 17:46:53.056 23736 23771 W ViewManagerPropertyUpdater: Could not find generated setter for class com.airbnb.android.react.maps.AirMapCircleManager
09-06 17:46:53.058 23736 23771 W ViewManagerPropertyUpdater: Could not find generated setter for class com.airbnb.android.react.maps.AirMapManager
09-06 17:46:53.063 23736 23771 W ViewManagerPropertyUpdater: Could not find generated setter for class com.airbnb.android.react.maps.AirMapLiteManager
09-06 17:46:53.064 23736 23771 W ViewManagerPropertyUpdater: Could not find generated setter for class com.airbnb.android.react.maps.AirMapUrlTileManager
09-06 17:46:53.066 23736 23771 W ViewManagerPropertyUpdater: Could not find generated setter for class com.microsoft.react.videofxp.VideoFXPViewManager
09-06 17:46:53.068 23736 23771 W ViewManagerPropertyUpdater: Could not find generated setter for class com.skype.virtualmessageview.VirtualMessageViewControllerManager
09-06 17:46:53.069 23736 23771 W ViewManagerPropertyUpdater: Could not find generated setter for class com.microsoft.react.clippedview.ClippedViewManager
09-06 17:46:53.070 23736 23771 W ViewManagerPropertyUpdater: Could not find generated setter for class com.BV.LinearGradient.LinearGradientManager
09-06 17:46:53.072 23736 23771 W ViewManagerPropertyUpdater: Could not find generated setter for class com.airbnb.android.react.lottie.LottieAnimationViewManager
09-06 17:46:53.075 23736 23771 W ViewManagerPropertyUpdater: Could not find generated setter for class com.microsoft.react.gradientimage.GradientImageViewManager
09-06 17:46:53.077 23736 23771 W ViewManagerPropertyUpdater: Could not find generated setter for class com.skype.qrcode.QRCodeViewManager
09-06 17:46:53.079 23736 23771 W ViewManagerPropertyUpdater: Could not find generated setter for class com.skype.camera.imagefilter.ImageFilterManager
09-06 17:46:53.404 23736 23771 W JavaModuleHelper: Could not find generated custom module provider
09-06 17:46:53.405 23736 23771 W React: There is no generated module helper for module: RNCommandInvoker using FallbackModuleHelper which works way slower. Consider enabling apt generation for this module in order to improve startup performance
09-06 17:46:53.405 23736 23771 W React: There is no generated module helper for module: ImageResizerAndroid using FallbackModuleHelper which works way slower. Consider enabling apt generation for this module in order to improve startup performance
09-06 17:46:53.405 23736 23771 W React: There is no generated module helper for module: AudioManager using FallbackModuleHelper which works way slower. Consider enabling apt generation for this module in order to improve startup performance
09-06 17:46:53.405 23736 23771 W React: There is no generated module helper for module: RNHockeyApp using FallbackModuleHelper which works way slower. Consider enabling apt generation for this module in order to improve startup performance
09-06 17:46:53.405 23736 23771 W React: There is no generated module helper for module: FileEncryptionNative using FallbackModuleHelper which works way slower. Consider enabling apt generation for this module in order to improve startup performance
09-06 17:46:53.405 23736 23771 W React: There is no generated module helper for module: Contacts using FallbackModuleHelper which works way slower. Consider enabling apt generation for this module in order to improve startup performance
09-06 17:46:53.406 23736 23771 W React: There is no generated module helper for module: AndroidSmsManager using FallbackModuleHelper which works way slower. Consider enabling apt generation for this module in order to improve startup performance
09-06 17:46:53.406 23736 23771 W React: There is no generated module helper for module: VideoFXP using FallbackModuleHelper which works way slower. Consider enabling apt generation for this module in order to improve startup performance
09-06 17:46:53.406 23736 23771 W React: There is no generated module helper for module: CallIntent using FallbackModuleHelper which works way slower. Consider enabling apt generation for this module in order to improve startup performance
09-06 17:46:53.406 23736 23771 W React: There is no generated module helper for module: RNGLContext using FallbackModuleHelper which works way slower. Consider enabling apt generation for this module in order to improve startup performance
09-06 17:46:53.406 23736 23771 W React: There is no generated module helper for module: RNStorage using FallbackModuleHelper which works way slower. Consider enabling apt generation for this module in order to improve startup performance
09-06 17:46:53.406 23736 23771 W React: There is no generated module helper for module: RNPushAndroid using FallbackModuleHelper which works way slower. Consider enabling apt generation for this module in order to improve startup performance
09-06 17:46:53.406 23736 23771 W React: There is no generated module helper for module: RNCookieManagerAndroid using FallbackModuleHelper which works way slower. Consider enabling apt generation for this module in order to improve startup performance
09-06 17:46:53.406 23736 23771 W React: There is no generated module helper for module: SplashScreenNotifier using FallbackModuleHelper which works way slower. Consider enabling apt generation for this module in order to improve startup performance
09-06 17:46:53.407 23736 23771 W React: There is no generated module helper for module: ShareSheet using FallbackModuleHelper which works way slower. Consider enabling apt generation for this module in order to improve startup performance
09-06 17:46:53.407 23736 23771 W React: There is no generated module helper for module: UrlUtil using FallbackModuleHelper which works way slower. Consider enabling apt generation for this module in order to improve startup performance
09-06 17:46:53.407 23736 23771 W React: There is no generated module helper for module: ContextMenuAndroid using FallbackModuleHelper which works way slower. Consider enabling apt generation for this module in order to improve startup performance
09-06 17:46:53.407 23736 23771 W React: There is no generated module helper for module: FingerprintingLib using FallbackModuleHelper which works way slower. Consider enabling apt generation for this module in order to improve startup performance
09-06 17:46:53.407 23736 23771 W React: There is no generated module helper for module: ZipUtil using FallbackModuleHelper which works way slower. Consider enabling apt generation for this module in order to improve startup performance
09-06 17:46:53.407 23736 23771 W React: There is no generated module helper for module: RNNetworkInfo using FallbackModuleHelper which works way slower. Consider enabling apt generation for this module in order to improve startup performance
09-06 17:46:53.407 23736 23771 W React: There is no generated module helper for module: RNManualFileCache using FallbackModuleHelper which works way slower. Consider enabling apt generation for this module in order to improve startup performance
09-06 17:46:53.407 23736 23771 W React: There is no generated module helper for module: CortanaSignals using FallbackModuleHelper which works way slower. Consider enabling apt generation for this module in order to improve startup performance
09-06 17:46:53.408 23736 23771 W React: There is no generated module helper for module: DeviceInfo using FallbackModuleHelper which works way slower. Consider enabling apt generation for this module in order to improve startup performance
09-06 17:46:53.408 23736 23771 W React: There is no generated module helper for module: RNDocumentPicker using FallbackModuleHelper which works way slower. Consider enabling apt generation for this module in order to improve startup performance
09-06 17:46:53.408 23736 23771 W React: There is no generated module helper for module: AirMapModule using FallbackModuleHelper which works way slower. Consider enabling apt generation for this module in order to improve startup performance
09-06 17:46:53.408 23736 23771 W React: There is no generated module helper for module: ClientLogging using FallbackModuleHelper which works way slower. Consider enabling apt generation for this module in order to improve startup performance
09-06 17:46:53.408 23736 23771 W React: There is no generated module helper for module: ShareToApp using FallbackModuleHelper which works way slower. Consider enabling apt generation for this module in order to improve startup performance
09-06 17:46:53.408 23736 23771 W React: There is no generated module helper for module: CallMonitor using FallbackModuleHelper which works way slower. Consider enabling apt generation for this module in order to improve startup performance
09-06 17:46:53.408 23736 23771 W React: There is no generated module helper for module: AdvertisementUtilities using FallbackModuleHelper which works way slower. Consider enabling apt generation for this module in order to improve startup performance
09-06 17:46:53.409 23736 23771 W React: There is no generated module helper for module: IncomingCallInteractionManager using FallbackModuleHelper which works way slower. Consider enabling apt generation for this module in order to improve startup performance
09-06 17:46:53.409 23736 23771 W React: There is no generated module helper for module: MediaPicker using FallbackModuleHelper which works way slower. Consider enabling apt generation for this module in order to improve startup performance
09-06 17:46:53.410 23736 23771 W React: There is no generated module helper for module: SyncModule using FallbackModuleHelper which works way slower. Consider enabling apt generation for this module in order to improve startup performance
09-06 17:46:53.410 23736 23771 W React: There is no generated module helper for module: TimeZoneManager using FallbackModuleHelper which works way slower. Consider enabling apt generation for this module in order to improve startup performance
09-06 17:46:53.410 23736 23771 W React: There is no generated module helper for module: AssetReader using FallbackModuleHelper which works way slower. Consider enabling apt generation for this module in order to improve startup performance
09-06 17:46:53.410 23736 23771 W React: There is no generated module helper for module: RNBackgroundTimer using FallbackModuleHelper which works way slower. Consider enabling apt generation for this module in order to improve startup performance
09-06 17:46:53.410 23736 23771 W React: There is no generated module helper for module: NativeEntropy using FallbackModuleHelper which works way slower. Consider enabling apt generation for this module in order to improve startup performance
09-06 17:46:53.411 23736 23771 W React: There is no generated module helper for module: RNGeocoder using FallbackModuleHelper which works way slower. Consider enabling apt generation for this module in order to improve startup performance
09-06 17:46:53.411 23736 23771 W React: There is no generated module helper for module: RNSkypeCredentialsFetcher using FallbackModuleHelper which works way slower. Consider enabling apt generation for this module in order to improve startup performance
09-06 17:46:53.411 23736 23771 W React: There is no generated module helper for module: CampaignReceiver using FallbackModuleHelper which works way slower. Consider enabling apt generation for this module in order to improve startup performance
09-06 17:46:53.411 23736 23771 W React: There is no generated module helper for module: Calendar using FallbackModuleHelper which works way slower. Consider enabling apt generation for this module in order to improve startup performance
09-06 17:46:53.411 23736 23771 W React: There is no generated module helper for module: ImagePickerManager using FallbackModuleHelper which works way slower. Consider enabling apt generation for this module in order to improve startup performance
09-06 17:46:53.411 23736 23771 W React: There is no generated module helper for module: RNReload using FallbackModuleHelper which works way slower. Consider enabling apt generation for this module in order to improve startup performance
09-06 17:46:53.411 23736 23771 W React: There is no generated module helper for module: FileTracker using FallbackModuleHelper which works way slower. Consider enabling apt generation for this module in order to improve startup performance
09-06 17:46:53.411 23736 23771 W React: There is no generated module helper for module: RNUrlRequest using FallbackModuleHelper which works way slower. Consider enabling apt generation for this module in order to improve startup performance
09-06 17:46:53.412 23736 23771 W React: There is no generated module helper for module: SoundRecorder using FallbackModuleHelper which works way slower. Consider enabling apt generation for this module in order to improve startup performance
09-06 17:46:53.412 23736 23771 W React: There is no generated module helper for module: ExtendedAppState using FallbackModuleHelper which works way slower. Consider enabling apt generation for this module in order to improve startup performance
09-06 17:46:53.412 23736 23771 W React: There is no generated module helper for module: RNViewConfig using FallbackModuleHelper which works way slower. Consider enabling apt generation for this module in order to improve startup performance
09-06 17:46:53.412 23736 23771 W React: There is no generated module helper for module: PermissionsManager using FallbackModuleHelper which works way slower. Consider enabling apt generation for this module in order to improve startup performance
09-06 17:46:53.412 23736 23771 W React: There is no generated module helper for module: Adjust using FallbackModuleHelper which works way slower. Consider enabling apt generation for this module in order to improve startup performance
09-06 17:46:53.412 23736 23771 W React: There is no generated module helper for module: SoundPlayer using FallbackModuleHelper which works way slower. Consider enabling apt generation for this module in order to improve startup performance
09-06 17:46:53.412 23736 23771 W React: There is no generated module helper for module: SourceCode using FallbackModuleHelper which works way slower. Consider enabling apt generation for this module in order to improve startup performance
09-06 17:46:53.412 23736 23771 W React: There is no generated module helper for module: RNGraphicsContext using FallbackModuleHelper which works way slower. Consider enabling apt generation for this module in order to improve startup performance
09-06 17:46:53.413 23736 23771 W React: There is no generated module helper for module: RNBackgroundExecution using FallbackModuleHelper which works way slower. Consider enabling apt generation for this module in order to improve startup performance
09-06 17:46:53.413 23736 23771 W React: There is no generated module helper for module: CustomKeyboard using FallbackModuleHelper which works way slower. Consider enabling apt generation for this module in order to improve startup performance
09-06 17:46:53.413 23736 23771 W React: There is no generated module helper for module: DeviceUtilities using FallbackModuleHelper which works way slower. Consider enabling apt generation for this module in order to improve startup performance
09-06 17:46:53.413 23736 23771 W React: There is no generated module helper for module: PlatformConstants using FallbackModuleHelper which works way slower. Consider enabling apt generation for this module in order to improve startup performance
09-06 17:46:53.413 23736 23771 W React: There is no generated module helper for module: RNSlimcore using FallbackModuleHelper which works way slower. Consider enabling apt generation for this module in order to improve startup performance
09-06 17:46:53.413 23736 23771 W React: There is no generated module helper for module: ExternalBrowser using FallbackModuleHelper which works way slower. Consider enabling apt generation for this module in order to improve startup performance
09-06 17:46:53.413 23736 23771 W React: There is no generated module helper for module: SKPSkypeMessageTextInputModule using FallbackModuleHelper which works way slower. Consider enabling apt generation for this module in order to improve startup performance
09-06 17:46:53.413 23736 23771 W React: There is no generated module helper for module: DeviceSettings using FallbackModuleHelper which works way slower. Consider enabling apt generation for this module in order to improve startup performance
09-06 17:46:53.414 23736 23771 W React: There is no generated module helper for module: RNKeychainManager using FallbackModuleHelper which works way slower. Consider enabling apt generation for this module in order to improve startup performance
09-06 17:46:53.414 23736 23771 W React: There is no generated module helper for module: TokenShareModule using FallbackModuleHelper which works way slower. Consider enabling apt generation for this module in order to improve startup performance
09-06 17:46:53.414 23736 23771 W React: There is no generated module helper for module: EnvironmentInfo using FallbackModuleHelper which works way slower. Consider enabling apt generation for this module in order to improve startup performance
09-06 17:46:53.414 23736 23771 W React: There is no generated module helper for module: RNAppUpgrade using FallbackModuleHelper which works way slower. Consider enabling apt generation for this module in order to improve startup performance
09-06 17:46:53.414 23736 23771 W React: There is no generated module helper for module: FrescoModule using FallbackModuleHelper which works way slower. Consider enabling apt generation for this module in order to improve startup performance
09-06 17:46:53.414 23736 23771 W React: There is no generated module helper for module: SnapshotManager using FallbackModuleHelper which works way slower. Consider enabling apt generation for this module in order to improve startup performance
09-06 17:46:53.414 23736 23771 W React: There is no generated module helper for module: SkypeCamera using FallbackModuleHelper which works way slower. Consider enabling apt generation for this module in order to improve startup performance
09-06 17:46:53.414 23736 23771 W React: There is no generated module helper for module: AndroidBadges using FallbackModuleHelper which works way slower. Consider enabling apt generation for this module in order to improve startup performance
09-06 17:46:53.605 23736 23812 I AudioManagerModule: initialize (causeId 2e3c4434)
09-06 17:46:53.606 23736 23736 I SmsHandlingContext: init()
09-06 17:46:53.610 23736 23806 I AudioOptions: initialize (causeId 2e3c4434)
09-06 17:46:53.612 23736 23806 I WiredHeadsetReceiver: Registered receiver
09-06 17:46:53.612 23736 23807 I WiredHeadsetReceiver: addListener (causeId: 2e3c4434)
09-06 17:46:53.613 23736 23807 I AudioOptions: WiredHeadsetReceiver.headsetStateChanged UNPLUGGED (causeId 2e3c4434)
09-06 17:46:53.614 23736 23806 I BluetoothReceiver: Received sticky intent android.media.ACTION_SCO_AUDIO_STATE_UPDATED
09-06 17:46:53.614 23736 23806 I BluetoothReceiver: Registered receiver
09-06 17:46:53.615 23736 23806 I BluetoothReceiver: loadAlreadyConnectedDevices (causeId: 2e3c4434)
09-06 17:46:53.616 23736 23807 I BluetoothReceiver: BluetoothReceiver: AudioManager.ACTION_SCO_AUDIO_STATE_UPDATED: UNKNOWN -> STATE_DISCONNECTED (causeId: 42cacea3)
09-06 17:46:53.617 23736 23823 I BluetoothReceiver: BluetoothReceiver: AudioManager.ACTION_SCO_AUDIO_STATE_UPDATED: UNKNOWN -> STATE_DISCONNECTED (causeId: be74cd92)
09-06 17:46:53.618 23736 23823 I BluetoothReceiver: addListener (causeId: 2e3c4434)
09-06 17:46:53.609 23736 23812 I AudioManagerModule: AudioManagerModule.initialize took 5ms
09-06 17:46:53.626 23736 23812 W ReactApp: registerMemoryTrimmable current size: 0
09-06 17:46:53.626 23736 23812 W ReactApp: registerMemoryTrimmable current size: 1
09-06 17:46:53.628 23736 23812 I SkypeCameraModule: SkypeCameraModule initialize
09-06 17:46:53.630 23736 23806 I BluetoothReceiver: createServiceListener (causeId: 2e3c4434)
09-06 17:46:53.691 23736 23807 I ModernAudioDeviceMonitor: addListener (causeId: 2e3c4434)
09-06 17:46:53.692 23736 23807 I AudioOptions: ModernAudioDeviceMonitor.availableAudioDeviceTypesChanged headphones: false usb: false (causeId 2e3c4434)
09-06 17:46:53.737 23736 23824 I TokenShareModule: getAccounts() called, returned with list size 0
09-06 17:46:53.745 23736 23806 I AudioManagerModule: Output update and reset (destination 3, deviceStatus 2, causeId 2e3c4434)
09-06 17:46:53.745 23736 23806 I AudioManagerModule: Output update and reset (destination 3, deviceStatus 2, causeId 2e3c4434)
09-06 17:46:53.746 23736 23823 I ModernAudioDeviceMonitor: initialization headphones: false, usb: false, devices: [[1:TYPE_BUILTIN_EARPIECE], [2:TYPE_BUILTIN_SPEAKER], [5:TYPE_BUILTIN_MIC], [7:TYPE_TELEPHONY]] (causeId: f6fabc9f)
09-06 17:46:53.748 23736 23823 I ModernAudioDeviceMonitor: onAudioDevicesAdded headphones: false, usb: false, devices: [[1:TYPE_BUILTIN_EARPIECE], [2:TYPE_BUILTIN_SPEAKER], [5:TYPE_BUILTIN_MIC], [7:TYPE_TELEPHONY]] (causeId: 79d309a2)
09-06 17:46:53.787 23736 23736 I TelephoneStateListener: Registering phone state listener (causeId 2e3c4434)
09-06 17:46:53.805 23736 23736 I AudioManagerModule: TelephoneStateListener.init took 18ms
09-06 17:46:53.809 23736 23736 I AudioManagerModule: Sending output changed event to EARPIECE (causeId 2e3c4434)
09-06 17:46:53.811 23736 23806 I TelephoneStateListener: onCallStateChanged 0 (causeId 433fabb5)
09-06 17:46:54.581 23736 23811 I ReactNativeJS: [#ffffffff-u] [TRACE] [JS.HeadlessJsTask] registerHeadlessTaskCallbacks called for 'StaticTask.OnAppUpdated'
09-06 17:46:54.584 23736 23811 I ReactNativeJS: [#ffffffff-u] [TRACE] [JS.HeadlessJsTask] registerHeadlessTaskCallbacks called for 'StaticTask.OnAppUpdatedRetry'
09-06 17:46:54.625 23736 23811 I ReactNativeJS: [#ffffffff-u] [TRACE] [JS.HeadlessJsTask] registerHeadlessTaskCallbacks called for 'SignInOnUserSessionConnected'
09-06 17:46:54.625 23736 23811 I ReactNativeJS: [#ffffffff-u] [TRACE] [JS.HeadlessJsTask] registerHeadlessTaskCallbacks called for 'SignInOnUserSessionConnectedRetry'
09-06 17:46:54.625 23736 23811 I ReactNativeJS: [#ffffffff-u] [TRACE] [JS.HeadlessJsTask] registerHeadlessTaskCallbacks called for 'SignInOnDefaultMSAConnected'
09-06 17:46:54.626 23736 23811 I ReactNativeJS: [#ffffffff-u] [TRACE] [JS.HeadlessJsTask] registerHeadlessTaskCallbacks called for 'SignInOnDefaultMSAConnectedRetry'
09-06 17:46:54.627 23736 23811 I ReactNativeJS: [#ffffffff-u] [TRACE] [JS.HeadlessJsTask] registerHeadlessTaskCallbacks called for 'BackgroundHeartbeatTelemetry'
09-06 17:46:54.628 23736 23811 I ReactNativeJS: [#ffffffff-u] [TRACE] [JS.HeadlessJsTask] registerHeadlessTaskCallbacks called for 'OnMaintenanceWindowStart'
09-06 17:46:54.629 23736 23811 I ReactNativeJS: [#ffffffff-u] [TRACE] [JS.HeadlessJsTask] registerHeadlessTaskCallbacks called for 'OnMaintenanceWindowStartRetry'
09-06 17:46:54.647 23736 23811 I ReactNativeJS: [#ffffffff-u] [TRACE] [JS.HeadlessJsTask] registerHeadlessTaskCallbacks called for 'ToastActivation'
09-06 17:46:54.648 23736 23811 I ReactNativeJS: [#ffffffff-u] [TRACE] [JS.HeadlessJsTask] registerHeadlessTaskCallbacks called for 'ToastActivationRetry'
09-06 17:46:54.665 23736 23811 I RNAppUpgrade: Getting app launch attribution state = false
09-06 17:46:54.667 23736 23811 I RNAppUpgrade: hasOldSessionPreferences:false
09-06 17:46:54.672 23736 23811 I ReactNativeJS: [#ffffffff-u] [TRACE] [JS.AppUpgrade] Preparing to handle App Upgrade Event
09-06 17:46:54.673 23736 23811 I ReactNativeJS: [#ffffffff-u] [TRACE] [JS.AppUpgrade] Preparing to handle Rtc Wake Event
09-06 17:46:54.674 23736 23811 I ReactNativeJS: [#ffffffff-u] [TRACE] [JS.AppUpgrade] _setUpAppLaunchStateChangeListener
09-06 17:46:54.677 23736 23811 I ReactNativeJS: [#ffffffff-u] [TRACE] [JS.AppUpgrade] _setUpNoticationClickListener
09-06 17:46:54.678 23736 23811 I RNAppUpgrade: Getting app launch attribution state = false
09-06 17:46:54.678 23736 23811 I RNAppUpgrade: hasOldSessionPreferences:false
09-06 17:46:54.679 23736 23811 I RNAppUpgrade: Getting app launch attribution state = false
09-06 17:46:54.680 23736 23811 I RNAppUpgrade: hasOldSessionPreferences:false
09-06 17:46:54.681 23736 23811 I RNAppUpgrade: Getting app launch attribution state = false
09-06 17:46:54.681 23736 23811 I RNAppUpgrade: hasOldSessionPreferences:false
09-06 17:46:54.683 23736 23811 I RNAppUpgrade: Getting app launch attribution state = false
09-06 17:46:54.683 23736 23812 I RNAppUpgrade: initialize
09-06 17:46:54.684 23736 23811 I RNAppUpgrade: hasOldSessionPreferences:false
09-06 17:46:54.684 23736 23812 I UpgradeContext: acquireWakeLock taskId 2
09-06 17:46:54.685 23736 23811 I RNAppUpgrade: Getting app launch attribution state = false
09-06 17:46:54.685 23736 23811 I RNAppUpgrade: hasOldSessionPreferences:false
09-06 17:46:54.686 23736 23736 I SimpleWakefulService: Acquire WAKE_LOCK for taskId: 2 with startId: 2
09-06 17:46:54.688 23736 23812 I RNAppUpgrade: processPendingIntents
09-06 17:46:54.689 23736 23812 I RNAppUpgrade: processPendingIntents:delayedIntentQueue size(1)
09-06 17:46:54.689 23736 23812 I RNAppUpgrade: processPendingIntent with action: WakeEventReceiver.ACTION_OEM_RTC_WAKE
09-06 17:46:54.689 23736 23812 I RNAppUpgrade: App Received Intent with action - WakeEventReceiver.ACTION_OEM_RTC_WAKE
09-06 17:46:54.696 23736 23812 I RNAppUpgrade: Emitted event for intent with action WakeEventReceiver.ACTION_OEM_RTC_WAKE with eventOptions: {"notificationId":0,"scheduledWakeUpTime":1536255726454,"taskId":1}
09-06 17:46:54.775 23736 23812 I RNAppUpgrade: initialize
09-06 17:46:54.845 23736 23811 I ReactNativeJS: [#ffffffff-u] [TRACE] [JS.Startup] Locale initialized to [de_DE]
09-06 17:46:54.846 23736 23811 I ReactNativeJS: [#ffffffff-u] [TRACE] [JS.Startup] Country code is [DE]
09-06 17:46:54.854 23736 23811 I ReactNativeJS: [#ffffffff-u] [TRACE] [JS.Startup] Device Id: dNWT97_WBMo
09-06 17:46:54.855 23736 23811 I ReactNativeJS: [#ffffffff-u] [TRACE] [JS.Startup] Device Manufacturer: samsung
09-06 17:46:54.856 23736 23811 I ReactNativeJS: [#ffffffff-u] [TRACE] [JS.Startup] Device Model: SM-A310F
09-06 17:46:54.857 23736 23811 I ReactNativeJS: [#ffffffff-u] [TRACE] [JS.Startup] Device OS version: 7.0
09-06 17:46:54.866 23736 23811 I ReactNativeJS: [#ffffffff-u] [TRACE] [JS.Startup] App version: 8.29.0.41
09-06 17:46:54.867 23736 23811 I ReactNativeJS: [#ffffffff-u] [TRACE] [JS.Startup] App activation state: Background
09-06 17:46:54.876 23736 23811 I ReactNativeJS: [#ffffffff-u] [TRACE] [JS.GenericUnsafe] Startup Phase 1 duration: 1286ms
09-06 17:46:54.881 23736 23811 I ReactNativeJS: [#ffffffff-u] [TRACE] [JS.GenericUnsafe] Startup Phase 2 duration: 849ms
09-06 17:46:54.888 23736 23811 I ReactNativeJS: [#ffffffff-u] [TRACE] [JS.Startup] Starting: HockeyAppService
09-06 17:46:54.895 23736 23811 I ReactNativeJS: [#ffffffff-S] [TRACE] [JS.HockeyApp] Ignoring check for updates - PUBLIC build
09-06 17:46:54.895 23736 23812 I ReactHockeyApp: HockeyApp - initializing configuration
09-06 17:46:54.897 23736 23811 I ReactNativeJS: [#ffffffff-u] [TRACE] [JS.Startup] Finish: HockeyAppService: 9ms
09-06 17:46:54.903 23736 23879 I React: Check for new app crashes
09-06 17:46:54.914 23736 23811 I ReactNativeJS: [#ffffffff-u] [TRACE] [JS.Startup] Starting: CrashStatusStore
09-06 17:46:54.916 23736 23811 I ReactNativeJS: [#ffffffff-u] [TRACE] [JS.GenericUnsafe] RN Entry
09-06 17:46:54.925 23736 23811 I ReactNativeJS: [#ffffffff-u] [TRACE] [JS.AppUpgrade] Last app launch time: undefined
09-06 17:46:54.929 23736 23811 I RNAppUpgrade: Getting app launch attribution state = false
09-06 17:46:54.930 23736 23811 I RNAppUpgrade: hasOldSessionPreferences:false
09-06 17:46:54.933 23736 23811 I ReactNativeJS: [#ffffffff-u] [TRACE] [JS.AppUpgrade] _getAppLaunchState:subscribe:fired:0
09-06 17:46:54.936 23736 23811 I ReactNativeJS: [#ffffffff-u] [TRACE] [JS.AppUpgrade] Rtc Wake event Received with token 1
09-06 17:46:54.937 23736 23811 I ReactNativeJS: [#ffffffff-u] [TRACE] [JS.AppUpgrade] _getOEMConfigUsingBackgroundECSFetch, acceptStale:true
09-06 17:46:54.942 23736 23811 I ReactNativeJS: [#ffffffff-u] [TRACE] [JS.AppUpgrade] _subscribeAndFetchEcs
09-06 17:46:54.944 23736 23811 I ReactNativeJS: [#ffffffff-u] [TRACE] [JS.AppUpgrade] ECSConfig:Subscribing for fresh ECS
09-06 17:46:55.052 23736 23811 I ReactNativeJS: [#ffffffff-S] [TRACE] [JS.HockeyApp] Last launch crashed: false
09-06 17:46:55.053 23736 23811 I ReactNativeJS: [#ffffffff-u] [TRACE] [JS.Startup] Finish: CrashStatusStore: 140ms
09-06 17:46:55.056 23736 23811 I ReactNativeJS: [#ffffffff-u] [TRACE] [JS.Startup] SkypeId missing in Storage
09-06 17:46:55.135 23736 23811 I ReactNativeJS: [#ffffffff-u] [TRACE] [JS.AppUpgrade] ECSConfig:ECS, expires in: -20448451.38
09-06 17:46:55.138 23736 23811 I ReactNativeJS: [#ffffffff-u] [TRACE] [JS.AppUpgrade] _getWakeUpActivationData:begin:
09-06 17:46:55.140 23736 23811 I ReactNativeJS: [#ffffffff-u] [TRACE] [JS.AppUpgrade] _getWakeUpActivationData:end:
09-06 17:46:55.141 23736 23811 I ReactNativeJS: [#ffffffff-u] [TRACE] [JS.AppUpgrade] No notification type came from ECS config, falling back to PictureWithText1 notification
09-06 17:46:55.146 23736 23811 I ReactNativeJS: [#ffffffff-u] [TRACE] [JS.AppUpgrade] Using notification details for style TextOnly2
09-06 17:46:55.149 23736 23811 I ReactNativeJS: [#ffffffff-u] [TRACE] [JS.AppUpgrade] _triggerRtcWakeUpForActivationExperiment:begin
09-06 17:46:55.149 23736 23811 I RNAppUpgrade: Getting app launch attribution state = false
09-06 17:46:55.150 23736 23811 I RNAppUpgrade: hasOldSessionPreferences:false
09-06 17:46:55.151 23736 23812 I RNAppUpgrade: scheduleWakeUpForActivationExperiment
09-06 17:46:55.164 23736 23812 I ActivationExperiment: ActivationOptions{"ecsConfig":{"sendAppUpgradeTelemetry":true,"upgradeNotification":{"appParameters":{"appStateList":["Launched"],"maxWakeAttempts":3,"minHoursSinceLaunch":72,"wakeIntervalSecs":259200},"enabled":false,"enabledExperiments":[],"notificationTimingInfo":{"scheduleHourOfDay":19}}},"isInsidersBuild":false,"lastLaunchTime":-1,"launchState":"NeverLaunched","notificationMeta":{"imageStyle":"None","imageUri":"https://secure.skypeassets.com/content/dam/scom/app/notifications/ensure_network_image.png","notificationStyle":"TextOnly2","notificationTemplateType":"Default","subtitle":"Tägliche Chats in großartige Momente verwandeln","title":"Wir stellen vor: dein neues Skype"},"notificationState":"NotScheduled","notificationStyle":"TextOnly2","partnerPreInstallId":"534","scheduleWakeUpTime":1536255726454}
09-06 17:46:55.167 23736 23812 I ActivationExperiment: onAppWakeUp, woke up at: Thursday, September 6, 2018 at 7:46 PM with AppLaunchState NeverLaunched, wakeUpReason(RtcWakeUp)
09-06 17:46:55.167 23736 23812 I ActivationExperiment: isEligibleToStartExperiment, SAMSUNG_PREINSTALL
09-06 17:46:55.173 23736 23812 I ActivationExperiment: loadFromDisk:{"experimentList":[],"schemaVersion":"v1","totalRetargetAttempts":-1,"totalWakeAttempts":35,"wakeUpList":[{"reason":"Upgrade","status":"NextWakeUpScheduled","time":1534471151091},{"reason":"RtcWakeUp","status":"NextWakeUpScheduled","time":1534787951092},{"reason":"RtcWakeUp","status":"NextWakeUpScheduled","time":1535047181984},{"reason":"RtcWakeUp","status":"WakeUpRetriesExhausted","time":1535303040320},{"reason":"Upgrade","status":"NextWakeUpScheduled","time":1535676121435},{"reason":"RtcWakeUp","status":"NextWakeUpScheduled","time":1535996521436},{"reason":"RtcWakeUp","status":"WakeUpPending","time":1536255726454}]}, timeTaken(5 ms)
09-06 17:46:55.179 23736 23812 I ActivationExperiment: isEligibleToExecuteExperiment: upgradeNotification not enabled
09-06 17:46:55.182 23736 23812 I ActivationExperiment: scheduleWakeUpForActivationExperiment: schedule next wake up after: 259200 secs, app will wake up on Sunday, September 9, 2018 at 7:46 PM
09-06 17:46:55.182 23736 23812 I ActivationExperiment: cancelPendingRtcWake
09-06 17:46:55.194 23736 23812 I ActivationExperiment: persistToDisk: SAVING, payload({"experimentList":[],"schemaVersion":"v1","totalRetargetAttempts":-1,"totalWakeAttempts":36,"wakeUpList":[{"reason":"Upgrade","status":"NextWakeUpScheduled","time":1534471151091},{"reason":"RtcWakeUp","status":"NextWakeUpScheduled","time":1534787951092},{"reason":"RtcWakeUp","status":"NextWakeUpScheduled","time":1535047181984},{"reason":"RtcWakeUp","status":"WakeUpRetriesExhausted","time":1535303040320},{"reason":"Upgrade","status":"NextWakeUpScheduled","time":1535676121435},{"reason":"RtcWakeUp","status":"NextWakeUpScheduled","time":1535996521436},{"reason":"RtcWakeUp","status":"NextWakeUpScheduled","time":1536255726454},{"reason":"RtcWakeUp","status":"WakeUpPending","time":1536515215180}]})
09-06 17:46:55.195 23736 23812 I ActivationExperiment: scheduleWakeUpForActivationExperiment: scheduled attempt(3), TimeTaken(15 ms)
09-06 17:46:55.276 23736 23811 I RNAppUpgrade: Getting app launch attribution state = false
09-06 17:46:55.277 23736 23811 I RNAppUpgrade: hasOldSessionPreferences:false
09-06 17:46:55.514 23736 23812 W ReactMethodWatchdog: Method RNCookieManagerAndroid.clearAll invocation took too long: 246ms
09-06 17:46:55.515 23736 23812 I UpgradeContext: releaseWakeLock taskId 1
09-06 17:46:55.518 23736 23736 I SimpleWakefulService: Release WAKE_LOCK for taskId: 1 with startId: 3
09-06 17:46:55.522 23736 23736 I SimpleWakefulService: Removing Stop message
09-06 17:46:55.625 23736 23812 I DeviceUtilities: DeviceUtilities: currentOrientation
09-06 17:46:55.676 23736 23812 W React: StatusBarModule: Ignored status bar change, current activity is null.
09-06 17:46:55.682 23736 23812 W React: StatusBarModule: Ignored status bar change, current activity is null.
09-06 17:46:55.683 23736 23812 W React: StatusBarModule: Ignored status bar change, current activity is null.
09-06 17:46:55.683 23736 23812 I DeviceUtilities: DeviceUtilities: statusBarHeight
09-06 17:46:55.722 23736 23811 W ReactNativeJS: [#ffffffff-u] [WARN] [JS.ResponsiveWidthStore] DeviceUtilities.currentOrientation failed: [pii] causeId: 119e96e
09-06 17:46:55.724 23736 23811 W ReactNativeJS: [#ffffffff-u] [WARN] [JS.GenericUnsafe] SafeAreaStore statusBarHeight failed: [pii]
09-06 17:47:03.269 23736 23807 I RNSlimcore: Clearing old logs
09-06 17:47:03.278 23736 23807 I SkyLibManager[TERMINATED:null]: clearOldLogs found 0 potential log files
09-06 17:47:09.689 23736 23878 I UpgradeContext: releaseWakeLock taskId 2
09-06 17:47:09.696 23736 23736 I SimpleWakefulService: Release WAKE_LOCK for taskId: 2 with startId: 4
09-06 17:47:09.708 23736 23736 I SimpleWakefulService: Removing Stop message
09-06 17:47:09.715 23736 23736 I SimpleWakefulService: Service destroyed
09-09 17:46:52.532 7800 7800 W ReactHockeyApp: RNHockeyApp: Failed to get existing metadata
09-09 17:46:52.532 7800 7800 W ReactHockeyApp: /data/user/0/com.skype.raider/files/HockeyAppCrashMetadata.json (No such file or directory)
09-09 17:46:52.532 7800 7800 W ReactHockeyApp: java.io.FileInputStream.open(FileInputStream.java:-2)
09-09 17:46:52.532 7800 7800 W ReactHockeyApp: java.io.FileInputStream.(FileInputStream.java:146)
09-09 17:46:52.532 7800 7800 W ReactHockeyApp: android.app.ContextImpl.openFileInput(ContextImpl.java:505)
09-09 17:46:52.532 7800 7800 W ReactHockeyApp: android.content.ContextWrapper.openFileInput(ContextWrapper.java:193)
09-09 17:46:52.532 7800 7800 W ReactHockeyApp: com.skype.hockeyapp.SkypeCrashListener.f(SourceFile:139)
09-09 17:46:52.532 7800 7800 W ReactHockeyApp: com.skype.hockeyapp.SkypeCrashListener.(SourceFile:48)
09-09 17:46:52.532 7800 7800 W ReactHockeyApp: com.skype.hockeyapp.SkypeCrashListener.a(SourceFile:43)
09-09 17:46:52.532 7800 7800 W ReactHockeyApp: com.skype.hockeyapp.SkypeCrashManager.a(SourceFile:40)
09-09 17:46:52.532 7800 7800 W ReactHockeyApp: com.skype4life.SkypeApplication.onCreate(SourceFile:1045)
