08-17 01:59:06.519 8369 8427 I WiredHeadsetReceiver: Registered receiver
08-17 01:59:06.521 8369 8428 I WiredHeadsetReceiver: addListener (causeId: eb21866a)
08-17 01:59:06.522 8369 8428 I AudioOptions: WiredHeadsetReceiver.headsetStateChanged UNPLUGGED (causeId eb21866a)
08-17 01:59:06.524 8369 8427 I BluetoothReceiver: Received sticky intent android.media.ACTION_SCO_AUDIO_STATE_UPDATED
08-17 01:59:06.525 8369 8427 I BluetoothReceiver: Registered receiver
08-17 01:59:06.528 8369 8427 I BluetoothReceiver: loadAlreadyConnectedDevices (causeId: eb21866a)
08-17 01:59:06.527 8369 8428 I BluetoothReceiver: BluetoothReceiver: AudioManager.ACTION_SCO_AUDIO_STATE_UPDATED: UNKNOWN -> STATE_DISCONNECTED (causeId: 81b36015)
08-17 01:59:06.547 8369 8455 I BluetoothReceiver: BluetoothReceiver: AudioManager.ACTION_SCO_AUDIO_STATE_UPDATED: UNKNOWN -> STATE_DISCONNECTED (causeId: 97c1e993)
08-17 01:59:06.552 8369 8428 I BluetoothReceiver: addListener (causeId: eb21866a)
08-17 01:59:06.580 8369 8427 I BluetoothReceiver: createServiceListener (causeId: eb21866a)
08-17 01:59:06.661 8369 8455 I ModernAudioDeviceMonitor: addListener (causeId: eb21866a)
08-17 01:59:06.662 8369 8455 I AudioOptions: ModernAudioDeviceMonitor.availableAudioDeviceTypesChanged headphones: false usb: false (causeId eb21866a)
08-17 01:59:06.665 8369 8453 I TokenShareModule: getAccounts() called, returned with list size 0
08-17 01:59:06.685 8369 8427 I AudioManagerModule: Output update and reset (destination 3, deviceStatus 2, causeId eb21866a)
08-17 01:59:06.686 8369 8427 I AudioManagerModule: Output update and reset (destination 3, deviceStatus 2, causeId eb21866a)
08-17 01:59:06.687 8369 8455 I ModernAudioDeviceMonitor: initialization headphones: false, usb: false, devices: [[1:TYPE_BUILTIN_EARPIECE], [2:TYPE_BUILTIN_SPEAKER], [5:TYPE_BUILTIN_MIC], [7:TYPE_TELEPHONY]] (causeId: e2cf30a7)
08-17 01:59:06.689 8369 8455 I ModernAudioDeviceMonitor: onAudioDevicesAdded headphones: false, usb: false, devices: [[1:TYPE_BUILTIN_EARPIECE], [2:TYPE_BUILTIN_SPEAKER], [5:TYPE_BUILTIN_MIC], [7:TYPE_TELEPHONY]] (causeId: d7f78593)
08-17 01:59:06.690 8369 8455 I ModernAudioDeviceMonitor: onAudioDevicesAdded headphones: false, usb: false, devices: [[1:TYPE_BUILTIN_EARPIECE], [2:TYPE_BUILTIN_SPEAKER], [5:TYPE_BUILTIN_MIC], [7:TYPE_TELEPHONY]] (causeId: bd8a09a0)
08-17 01:59:06.732 8369 8369 I TelephoneStateListener: Registering phone state listener (causeId eb21866a)
08-17 01:59:06.767 8369 8369 I AudioManagerModule: TelephoneStateListener.init took 36ms
08-17 01:59:06.771 8369 8369 I AudioManagerModule: Sending output changed event to EARPIECE (causeId eb21866a)
08-17 01:59:06.775 8369 8455 I TelephoneStateListener: onCallStateChanged 0 (causeId a474fcdb)
08-17 01:59:10.260 8369 8433 I ReactNativeJS: [#ffffffff-u] [TRACE] [JS.HeadlessJsTask] registerHeadlessTaskCallbacks called for 'StaticTask.OnAppUpdated'
08-17 01:59:10.263 8369 8433 I ReactNativeJS: [#ffffffff-u] [TRACE] [JS.HeadlessJsTask] registerHeadlessTaskCallbacks called for 'StaticTask.OnAppUpdatedRetry'
08-17 01:59:10.306 8369 8433 I ReactNativeJS: [#ffffffff-u] [TRACE] [JS.HeadlessJsTask] registerHeadlessTaskCallbacks called for 'SignInOnUserSessionConnected'
08-17 01:59:10.307 8369 8433 I ReactNativeJS: [#ffffffff-u] [TRACE] [JS.HeadlessJsTask] registerHeadlessTaskCallbacks called for 'SignInOnUserSessionConnectedRetry'
08-17 01:59:10.307 8369 8433 I ReactNativeJS: [#ffffffff-u] [TRACE] [JS.HeadlessJsTask] registerHeadlessTaskCallbacks called for 'SignInOnDefaultMSAConnected'
08-17 01:59:10.308 8369 8433 I ReactNativeJS: [#ffffffff-u] [TRACE] [JS.HeadlessJsTask] registerHeadlessTaskCallbacks called for 'SignInOnDefaultMSAConnectedRetry'
08-17 01:59:10.310 8369 8433 I ReactNativeJS: [#ffffffff-u] [TRACE] [JS.HeadlessJsTask] registerHeadlessTaskCallbacks called for 'BackgroundHeartbeatTelemetry'
08-17 01:59:10.312 8369 8433 I ReactNativeJS: [#ffffffff-u] [TRACE] [JS.HeadlessJsTask] registerHeadlessTaskCallbacks called for 'OnMaintenanceWindowStart'
08-17 01:59:10.313 8369 8433 I ReactNativeJS: [#ffffffff-u] [TRACE] [JS.HeadlessJsTask] registerHeadlessTaskCallbacks called for 'OnMaintenanceWindowStartRetry'
08-17 01:59:10.340 8369 8433 I ReactNativeJS: [#ffffffff-u] [TRACE] [JS.HeadlessJsTask] registerHeadlessTaskCallbacks called for 'ToastActivation'
08-17 01:59:10.340 8369 8433 I ReactNativeJS: [#ffffffff-u] [TRACE] [JS.HeadlessJsTask] registerHeadlessTaskCallbacks called for 'ToastActivationRetry'
08-17 01:59:10.361 8369 8433 I RNAppUpgrade: Getting app launch attribution state = false
08-17 01:59:10.375 8369 8433 I RNAppUpgrade: hasOldSessionPreferences:false
08-17 01:59:10.381 8369 8433 I ReactNativeJS: [#ffffffff-u] [TRACE] [JS.AppUpgrade] Preparing to handle App Upgrade Event
08-17 01:59:10.383 8369 8433 I ReactNativeJS: [#ffffffff-u] [TRACE] [JS.AppUpgrade] Preparing to handle Rtc Wake Event
08-17 01:59:10.384 8369 8433 I ReactNativeJS: [#ffffffff-u] [TRACE] [JS.AppUpgrade] _setUpAppLaunchStateChangeListener
08-17 01:59:10.386 8369 8433 I ReactNativeJS: [#ffffffff-u] [TRACE] [JS.AppUpgrade] _setUpNoticationClickListener
08-17 01:59:10.388 8369 8433 I RNAppUpgrade: Getting app launch attribution state = false
08-17 01:59:10.388 8369 8433 I RNAppUpgrade: hasOldSessionPreferences:false
08-17 01:59:10.390 8369 8433 I RNAppUpgrade: Getting app launch attribution state = false
08-17 01:59:10.390 8369 8433 I RNAppUpgrade: hasOldSessionPreferences:false
08-17 01:59:10.392 8369 8433 I RNAppUpgrade: Getting app launch attribution state = false
08-17 01:59:10.392 8369 8433 I RNAppUpgrade: hasOldSessionPreferences:false
08-17 01:59:10.395 8369 8434 I RNAppUpgrade: initialize
08-17 01:59:10.395 8369 8433 I RNAppUpgrade: Getting app launch attribution state = false
08-17 01:59:10.396 8369 8433 I RNAppUpgrade: hasOldSessionPreferences:false
08-17 01:59:10.397 8369 8433 I RNAppUpgrade: Getting app launch attribution state = false
08-17 01:59:10.398 8369 8433 I RNAppUpgrade: hasOldSessionPreferences:false
08-17 01:59:10.395 8369 8434 I UpgradeContext: acquireWakeLock taskId 2
08-17 01:59:10.402 8369 8369 I SimpleWakefulService: Acquire WAKE_LOCK for taskId: 2 with startId: 2
08-17 01:59:10.407 8369 8434 I RNAppUpgrade: processPendingIntents
08-17 01:59:10.411 8369 8434 I RNAppUpgrade: processPendingIntents:delayedIntentQueue size(1)
08-17 01:59:10.411 8369 8434 I RNAppUpgrade: processPendingIntent with action: android.intent.action.MY_PACKAGE_REPLACED
08-17 01:59:10.411 8369 8434 I RNAppUpgrade: App Received Intent with action - android.intent.action.MY_PACKAGE_REPLACED
08-17 01:59:10.417 8369 8434 I RNAppUpgrade: Emitted event for intent with action android.intent.action.MY_PACKAGE_REPLACED with eventOptions: {"notificationId":0,"scheduledWakeUpTime":0,"taskId":1}
08-17 01:59:10.418 8369 8434 I RNAppUpgrade: initialize
08-17 01:59:10.559 8369 8433 I ReactNativeJS: [#ffffffff-u] [TRACE] [JS.Startup] Locale initialized to [de_DE]
08-17 01:59:10.560 8369 8433 I ReactNativeJS: [#ffffffff-u] [TRACE] [JS.Startup] Country code is [DE]
08-17 01:59:10.570 8369 8433 I ReactNativeJS: [#ffffffff-u] [TRACE] [JS.Startup] Device Id: dNWT97_WBMo
08-17 01:59:10.571 8369 8433 I ReactNativeJS: [#ffffffff-u] [TRACE] [JS.Startup] Device Manufacturer: samsung
08-17 01:59:10.572 8369 8433 I ReactNativeJS: [#ffffffff-u] [TRACE] [JS.Startup] Device Model: SM-A310F
08-17 01:59:10.573 8369 8433 I ReactNativeJS: [#ffffffff-u] [TRACE] [JS.Startup] Device OS version: 7.0
08-17 01:59:10.574 8369 8433 I ReactNativeJS: [#ffffffff-u] [TRACE] [JS.Startup] App version: 8.28.0.41
08-17 01:59:10.574 8369 8433 I ReactNativeJS: [#ffffffff-u] [TRACE] [JS.Startup] App activation state: Background
08-17 01:59:10.621 8369 8433 I ReactNativeJS: [#ffffffff-u] [TRACE] [JS.GenericUnsafe] Startup Phase 1 duration: 4222ms
08-17 01:59:10.628 8369 8433 I ReactNativeJS: [#ffffffff-u] [TRACE] [JS.GenericUnsafe] Startup Phase 2 duration: 905ms
08-17 01:59:10.641 8369 8433 I ReactNativeJS: [#ffffffff-u] [TRACE] [JS.Startup] Starting: HockeyAppService
08-17 01:59:10.650 8369 8434 I ReactHockeyApp: HockeyApp - initializing configuration
08-17 01:59:10.650 8369 8433 I ReactNativeJS: [#ffffffff-S] [TRACE] [JS.HockeyApp] Ignoring check for updates - PUBLIC build
08-17 01:59:10.653 8369 8433 I ReactNativeJS: [#ffffffff-u] [TRACE] [JS.Startup] Finish: HockeyAppService: 13ms
08-17 01:59:10.660 8369 8561 I React: Check for new app crashes
08-17 01:59:10.680 8369 8433 I ReactNativeJS: [#ffffffff-u] [TRACE] [JS.Startup] Starting: CrashStatusStore
08-17 01:59:10.682 8369 8433 I ReactNativeJS: [#ffffffff-u] [TRACE] [JS.GenericUnsafe] RN Entry
08-17 01:59:10.695 8369 8433 I ReactNativeJS: [#ffffffff-u] [TRACE] [JS.AppUpgrade] Last app launch time: undefined
08-17 01:59:10.701 8369 8433 I RNAppUpgrade: Getting app launch attribution state = false
08-17 01:59:10.701 8369 8433 I RNAppUpgrade: hasOldSessionPreferences:false
08-17 01:59:10.704 8369 8433 I ReactNativeJS: [#ffffffff-u] [TRACE] [JS.AppUpgrade] _getAppLaunchState:subscribe:fired:0
08-17 01:59:10.709 8369 8433 I ReactNativeJS: [#ffffffff-u] [TRACE] [JS.AppUpgrade] App Upgrade Event Received with token 1
08-17 01:59:10.711 8369 8433 I ReactNativeJS: [#ffffffff-u] [TRACE] [JS.AppUpgrade] _onAppUpgradeEventReceived:_getAppLaunchState:begin: 1
08-17 01:59:10.712 8369 8433 I ReactNativeJS: [#ffffffff-u] [TRACE] [JS.AppUpgrade] _onAppUpgradeEventReceived:launchedState:NeverLaunched
08-17 01:59:10.713 8369 8433 I ReactNativeJS: [#ffffffff-u] [TRACE] [JS.AppUpgrade] _onAppUpgradeEventReceived:_getAppLaunchState:end: 1
08-17 01:59:10.714 8369 8433 I ReactNativeJS: [#ffffffff-u] [TRACE] [JS.AppUpgrade] _getOEMConfigUsingBackgroundECSFetch, acceptStale:true
08-17 01:59:10.724 8369 8433 I ReactNativeJS: [#ffffffff-u] [TRACE] [JS.AppUpgrade] _subscribeAndFetchEcs
08-17 01:59:10.726 8369 8433 I ReactNativeJS: [#ffffffff-u] [TRACE] [JS.AppUpgrade] ECSConfig:Subscribing for fresh ECS
08-17 01:59:10.834 8369 8433 I ReactNativeJS: [#ffffffff-S] [TRACE] [JS.HockeyApp] Last launch crashed: false
08-17 01:59:10.835 8369 8433 I ReactNativeJS: [#ffffffff-u] [TRACE] [JS.Startup] Finish: CrashStatusStore: 156ms
08-17 01:59:10.842 8369 8433 I ReactNativeJS: [#ffffffff-u] [TRACE] [JS.Startup] SkypeId missing in Storage
08-17 01:59:10.896 8369 8433 I ReactNativeJS: [#ffffffff-u] [TRACE] [JS.AppUpgrade] ECSConfig:ECS, expires in: -18663587.141
08-17 01:59:10.902 8369 8433 I ReactNativeJS: [#ffffffff-u] [TRACE] [JS.AppUpgrade] App upgraded with launch state - NeverLaunched
08-17 01:59:10.902 8369 8433 I ReactNativeJS: [#ffffffff-u] [TRACE] [JS.AppUpgrade] Elapsed time since last app launch -1
08-17 01:59:10.905 8369 8433 I ReactNativeJS: [#ffffffff-u] [TRACE] [JS.AppUpgrade] AppUpgradeTelemetry:SSO Account Present:false
08-17 01:59:10.906 8369 8433 I ReactNativeJS: [#ffffffff-u] [TRACE] [JS.AppUpgrade] AppUpgradeTelemetry:SENT:ECS enabled
08-17 01:59:10.908 8369 8433 I ReactNativeJS: [#ffffffff-u] [TRACE] [JS.AppUpgrade] _processUpgradeWakeUpForActivationExperiment._getWakeUpActivationData
08-17 01:59:10.909 8369 8433 I ReactNativeJS: [#ffffffff-u] [TRACE] [JS.AppUpgrade] _getWakeUpActivationData:begin:
08-17 01:59:10.911 8369 8433 I ReactNativeJS: [#ffffffff-u] [TRACE] [JS.AppUpgrade] _getWakeUpActivationData:end:
08-17 01:59:10.912 8369 8433 I ReactNativeJS: [#ffffffff-u] [TRACE] [JS.AppUpgrade] No notification type came from ECS config, falling back to PictureWithText1 notification
08-17 01:59:10.918 8369 8433 I ReactNativeJS: [#ffffffff-u] [TRACE] [JS.AppUpgrade] Using notification details for style TextOnly2
08-17 01:59:10.921 8369 8433 I ReactNativeJS: [#ffffffff-u] [TRACE] [JS.AppUpgrade] onUpgradeWakeUpForActivationExperiment:begin
08-17 01:59:10.922 8369 8433 I RNAppUpgrade: Getting app launch attribution state = false
08-17 01:59:10.922 8369 8433 I RNAppUpgrade: hasOldSessionPreferences:false
08-17 01:59:10.924 8369 8434 I RNAppUpgrade: onUpgradeWakeUpForActivationExperiment
08-17 01:59:10.952 8369 8434 I ActivationExperiment: ActivationOptions{"ecsConfig":{"sendAppUpgradeTelemetry":true,"upgradeNotification":{"appParameters":{"appStateList":["Launched"],"maxWakeAttempts":3,"minHoursSinceLaunch":72,"wakeIntervalSecs":259200},"enabled":false,"enabledExperiments":[],"notificationTimingInfo":{"scheduleHourOfDay":19}}},"isInsidersBuild":false,"lastLaunchTime":-1,"launchState":"NeverLaunched","notificationMeta":{"imageStyle":"None","imageUri":"https://secure.skypeassets.com/content/dam/scom/app/notifications/ensure_network_image.png","notificationStyle":"TextOnly2","notificationTemplateType":"Default","subtitle":"Tägliche Chats in großartige Momente verwandeln","title":"Wir stellen vor: dein neues Skype"},"notificationState":"NotScheduled","notificationStyle":"TextOnly2","partnerPreInstallId":"534","scheduleWakeUpTime":0}
08-17 01:59:11.014 8369 8434 I ActivationExperiment: onAppWakeUp, woke up at: Friday, August 17, 2018 at 3:59 AM with AppLaunchState NeverLaunched, wakeUpReason(Upgrade)
08-17 01:59:11.014 8369 8434 I ActivationExperiment: isEligibleToStartExperiment, SAMSUNG_PREINSTALL
08-17 01:59:11.080 8369 8434 I ActivationExperiment: loadFromDisk:{"experimentList":[],"schemaVersion":"v1","totalRetargetAttempts":-1,"totalWakeAttempts":29,"wakeUpList":[{"reason":"Upgrade","status":"NextWakeUpScheduled","time":1532836912143},{"reason":"RtcWakeUp","status":"NextWakeUpScheduled","time":1533142912144},{"reason":"RtcWakeUp","status":"NextWakeUpScheduled","time":1533402117512},{"reason":"RtcWakeUp","status":"WakeUpRetriesExhausted","time":1533661323616},{"reason":"Upgrade","status":"NextWakeUpScheduled","time":1533946234151},{"reason":"RtcWakeUp","status":"NextWakeUpScheduled","time":1534266634152},{"reason":"RtcWakeUp","status":"WakeUpPending","time":1534525837347}]}, timeTaken(64 ms)
08-17 01:59:11.091 8369 8434 I ActivationExperiment: isEligibleToExecuteExperiment: upgradeNotification not enabled
08-17 01:59:11.093 8369 8434 I ActivationExperiment: scheduleWakeUpForActivationExperiment: schedule next wake up after: 316800 secs, app will wake up on Monday, August 20, 2018 at 7:59 PM
08-17 01:59:11.093 8369 8434 I ActivationExperiment: cancelPendingRtcWake
08-17 01:59:11.120 8369 8434 I ActivationExperiment: persistToDisk: SAVING, payload({"experimentList":[],"schemaVersion":"v1","totalRetargetAttempts":-1,"totalWakeAttempts":30,"wakeUpList":[{"reason":"Upgrade","status":"NextWakeUpScheduled","time":1533946234151},{"reason":"RtcWakeUp","status":"NextWakeUpScheduled","time":1534266634152},{"reason":"RtcWakeUp","status":"WakeUpPending","time":1534525837347},{"reason":"Upgrade","status":"NextWakeUpScheduled","time":1534471151091},{"reason":"RtcWakeUp","status":"WakeUpPending","time":1534787951092}]})
08-17 01:59:11.121 8369 8434 I ActivationExperiment: scheduleWakeUpForActivationExperiment: scheduled attempt(1), TimeTaken(29 ms)
08-17 01:59:11.139 8369 8434 W ReactMethodWatchdog: Method RNAppUpgrade.onUpgradeWakeUpForActivationExperiment invocation took too long: 214ms
08-17 01:59:11.142 8369 8433 I RNAppUpgrade: Getting app launch attribution state = false
08-17 01:59:11.142 8369 8433 I RNAppUpgrade: hasOldSessionPreferences:false
08-17 01:59:12.280 8369 8434 W ReactMethodWatchdog: Method RNCookieManagerAndroid.clearAll invocation took too long: 1118ms
08-17 01:59:12.307 8369 8434 I UpgradeContext: releaseWakeLock taskId 1
08-17 01:59:12.310 8369 8369 I SimpleWakefulService: Release WAKE_LOCK for taskId: 1 with startId: 3
08-17 01:59:12.319 8369 8369 I SimpleWakefulService: Removing Stop message
08-17 01:59:12.477 8369 8434 I DeviceUtilities: DeviceUtilities: currentOrientation
08-17 01:59:12.557 8369 8434 W React: StatusBarModule: Ignored status bar change, current activity is null.
08-17 01:59:12.565 8369 8434 W React: StatusBarModule: Ignored status bar change, current activity is null.
08-17 01:59:12.565 8369 8434 W React: StatusBarModule: Ignored status bar change, current activity is null.
08-17 01:59:12.567 8369 8434 I DeviceUtilities: DeviceUtilities: statusBarHeight
08-17 01:59:12.625 8369 8433 W ReactNativeJS: [#ffffffff-u] [WARN] [JS.ResponsiveWidthStore] DeviceUtilities.currentOrientation failed: [pii] causeId: 97bbae67
08-17 01:59:12.627 8369 8433 W ReactNativeJS: [#ffffffff-u] [WARN] [JS.GenericUnsafe] SafeAreaStore statusBarHeight failed: [pii]
08-17 01:59:13.001 8369 8589 I HttpLoggingInterceptor: Http succeeded, request: POST browser.pipe.aria.microsoft.com (1296 body). Response: 200 OK (677 ms, 0 body)
08-17 01:59:16.112 8369 8427 I RNSlimcore: Clearing old logs
08-17 01:59:16.210 8369 8427 I SkyLibManager[TERMINATED:null]: clearOldLogs found 0 potential log files
08-17 01:59:20.617 8369 8369 W PushHandlingService: PushHandling Service was not released in its processing time window of 15000 milliseconds for PushId of 1. Will stop the service now as a result of the timeout.
08-17 01:59:20.618 8369 8369 I skype:bgexec: completeWakefulIntentAfterAllWakeLocks at=1534471160.617s debugCause=PushHandling:endStart
08-17 01:59:20.636 8369 8369 I PushHandlingService: There are no intents to complete anymore. Stop pushId:1, startId: 1
08-17 01:59:20.639 8369 8369 I PushHandlingService: Service destroyed
08-17 01:59:25.407 8369 8557 I UpgradeContext: releaseWakeLock taskId 2
08-17 01:59:25.412 8369 8369 I SimpleWakefulService: Release WAKE_LOCK for taskId: 2 with startId: 4
08-17 01:59:25.421 8369 8369 I SimpleWakefulService: Removing Stop message
08-17 01:59:25.423 8369 8369 I SimpleWakefulService: Service destroyed
08-20 17:59:37.090 6810 6810 W ReactHockeyApp: RNHockeyApp: Failed to get existing metadata
08-20 17:59:37.090 6810 6810 W ReactHockeyApp: /data/user/0/com.skype.raider/files/HockeyAppCrashMetadata.json (No such file or directory)
08-20 17:59:37.090 6810 6810 W ReactHockeyApp: java.io.FileInputStream.open(FileInputStream.java:-2)
08-20 17:59:37.090 6810 6810 W ReactHockeyApp: java.io.FileInputStream.(FileInputStream.java:146)
08-20 17:59:37.090 6810 6810 W ReactHockeyApp: android.app.ContextImpl.openFileInput(ContextImpl.java:505)
08-20 17:59:37.090 6810 6810 W ReactHockeyApp: android.content.ContextWrapper.openFileInput(ContextWrapper.java:193)
08-20 17:59:37.090 6810 6810 W ReactHockeyApp: com.skype.hockeyapp.SkypeCrashListener.f(SourceFile:139)
08-20 17:59:37.090 6810 6810 W ReactHockeyApp: com.skype.hockeyapp.SkypeCrashListener.(SourceFile:48)
08-20 17:59:37.090 6810 6810 W ReactHockeyApp: com.skype.hockeyapp.SkypeCrashListener.a(SourceFile:43)
08-20 17:59:37.090 6810 6810 W ReactHockeyApp: com.skype.hockeyapp.SkypeCrashManager.a(SourceFile:37)
08-20 17:59:37.090 6810 6810 W ReactHockeyApp: com.skype4life.SkypeApplication.onCreate(SourceFile:1042)
08-20 17:59:37.090 6810 6810 W ReactHockeyApp: android.app.Instrumentation.callApplicationOnCreate(Instrumentation.java:1032)
08-20 17:59:37.090 6810 6810 W ReactHockeyApp: android.app.ActivityThread.handleBindApplication(ActivityThread.java:5970)
08-20 17:59:37.090 6810 6810 W ReactHockeyApp: android.app.ActivityThread.-wrap3(ActivityThread.java:-1)
08-20 17:59:37.090 6810 6810 W ReactHockeyApp: android.app.ActivityThread$H.handleMessage(ActivityThread.java:1710)
08-20 17:59:37.090 6810 6810 W ReactHockeyApp: android.os.Handler.dispatchMessage(Handler.java:102)
08-20 17:59:37.090 6810 6810 W ReactHockeyApp: android.os.Looper.loop(Looper.java:154)
08-20 17:59:37.090 6810 6810 W ReactHockeyApp: android.app.ActivityThread.main(ActivityThread.java:6776)
08-20 17:59:37.090 6810 6810 W ReactHockeyApp: java.lang.reflect.Method.invoke(Method.java:-2)
08-20 17:59:37.090 6810 6810 W ReactHockeyApp: com.android.internal.os.ZygoteInit$MethodAndArgsCaller.run(ZygoteInit.java:1496)
08-20 17:59:37.090 6810 6810 W ReactHockeyApp: com.android.internal.os.ZygoteInit.main(ZygoteInit.java:1386)
08-20 17:59:37.110 6810 6810 I DumpUploader: Preparing check for new crash dumps
08-20 17:59:37.111 6810 6810 I ReactApp: parsingProcessName took 1ms
08-20 17:59:37.111 6810 6810 I ReactApp: onCreate start
08-20 17:59:37.112 6810 6825 I DumpUploader: Started check for new crash dumps
08-20 17:59:37.126 6810 6810 I ReactApp: leakCanaryInstall took 1ms
08-20 17:59:37.135 6810 6825 I DumpUploader: Marking dumps as known:
08-20 17:59:37.149 6810 6810 I ReactApp: configureOkHttp took 23ms
08-20 17:59:37.149 6810 6810 I ReactApp: configureStetho took 0ms
08-20 17:59:37.187 6810 6810 I ReactApp: configureYoga took 37ms
08-20 17:59:37.191 6810 6810 I ReactApp: CsiManager.onCreate took 4ms
08-20 17:59:37.364 6810 6810 I ReactApp: mReactNativeHost.getReactInstanceManager took 172ms
08-20 17:59:37.364 6810 6810 I ReactApp: onCreate complete in 304ms
08-20 17:59:37.365 6810 6810 I ReactApp: onTrimMemory level: 5
08-20 17:59:37.379 6810 6830 I React: Creating react context.
08-20 17:59:37.410 6810 6830 I SkypeCameraViewManager: init
08-20 17:59:37.429 6810 6830 I GradientImagePackage: createViewManagers
08-20 17:59:37.432 6810 6830 W ViewManagerPropertyUpdater: Could not find generated setter for class com.skype.ink.AdditiveSurfaceViewManager
08-20 17:59:37.436 6810 6830 W ViewManagerPropertyUpdater: Could not find generated setter for class com.skype.ink.AdditiveSurfaceViewShadowNode
08-20 17:59:37.461 6810 6830 W ViewManagerPropertyUpdater: Could not find generated setter for class com.facebook.react.uimanager.h
08-20 17:59:37.463 6810 6830 W ViewManagerPropertyUpdater: Could not find generated setter for class com.facebook.react.views.text.g
08-20 17:59:37.476 6810 6830 W ViewManagerPropertyUpdater: Could not find generated setter for class com.facebook.react.views.textinput.i
08-20 17:59:37.489 6810 6830 W ViewManagerPropertyUpdater: Could not find generated setter for class com.facebook.react.views.art.c
08-20 17:59:37.490 6810 6830 W ViewManagerPropertyUpdater: Could not find generated setter for class com.facebook.react.views.art.b
08-20 17:59:37.492 6810 6830 W ViewManagerPropertyUpdater: Could not find generated setter for class com.facebook.react.views.art.a
08-20 17:59:37.494 6810 6830 W ViewManagerPropertyUpdater: Could not find generated setter for class com.facebook.react.views.progressbar.b
08-20 17:59:37.500 6810 6830 W ViewManagerPropertyUpdater: Could not find generated setter for class com.facebook.react.views.text.frescosupport.a
08-20 17:59:37.502 6810 6830 W ViewManagerPropertyUpdater: Could not find generated setter for class com.brentvatne.react.ReactVideoViewManager
08-20 17:59:37.510 6810 6830 W ViewManagerPropertyUpdater: Could not find generated setter for class com.skpcamera.SkypeCameraViewManager
08-20 17:59:37.514 6810 6830 W ViewManagerPropertyUpdater: Could not find generated setter for class com.customkeyboard.CustomKeyboardViewManager
08-20 17:59:37.515 6810 6830 W ViewManagerPropertyUpdater: Could not find generated setter for class com.skype.slimcore.video.RNCallingVideoViewManager
08-20 17:59:37.516 6810 6830 W ViewManagerPropertyUpdater: Could not find generated setter for class com.skype.slimcore.video.RNCallingVideoViewLocalManager
08-20 17:59:37.554 6810 6830 W ViewManagerPropertyUpdater: Could not find generated setter for class com.microsoft.react.mediapicker.MediaPickerViewManager
08-20 17:59:37.557 6810 6830 W ViewManagerPropertyUpdater: Could not find generated setter for class com.microsoft.react.mediapicker.c
08-20 17:59:37.560 6810 6830 W ViewManagerPropertyUpdater: Could not find generated setter for class com.microsoft.skypemessagetextinput.view.RNViewManager
08-20 17:59:37.563 6810 6830 W ViewManagerPropertyUpdater: Could not find generated setter for class com.microsoft.skypemessagetextinput.view.c
08-20 17:59:37.564 6810 6830 W ViewManagerPropertyUpdater: Could not find generated setter for class com.skype.reactnativesprites.SpriteViewManager
08-20 17:59:37.566 6810 6830 W ViewManagerPropertyUpdater: Could not find generated setter for class com.projectseptember.RNGL.GLCanvasManager
08-20 17:59:37.568 6810 6830 W ViewManagerPropertyUpdater: Could not find generated setter for class com.github.alinz.reactnativewebviewbridge.WebViewBridgeManager
08-20 17:59:37.581 6810 6830 W ViewManagerPropertyUpdater: Could not find generated setter for class com.airbnb.android.react.maps.AirMapCalloutManager
08-20 17:59:37.582 6810 6830 W ViewManagerPropertyUpdater: Could not find generated setter for class com.airbnb.android.react.maps.AirMapMarkerManager
08-20 17:59:37.585 6810 6830 W ViewManagerPropertyUpdater: Could not find generated setter for class com.airbnb.android.react.maps.AirMapPolylineManager
08-20 17:59:37.587 6810 6830 W ViewManagerPropertyUpdater: Could not find generated setter for class com.airbnb.android.react.maps.AirMapPolygonManager
08-20 17:59:37.589 6810 6830 W ViewManagerPropertyUpdater: Could not find generated setter for class com.airbnb.android.react.maps.AirMapCircleManager
08-20 17:59:37.591 6810 6830 W ViewManagerPropertyUpdater: Could not find generated setter for class com.airbnb.android.react.maps.AirMapManager
08-20 17:59:37.595 6810 6830 W ViewManagerPropertyUpdater: Could not find generated setter for class com.airbnb.android.react.maps.AirMapLiteManager
08-20 17:59:37.596 6810 6830 W ViewManagerPropertyUpdater: Could not find generated setter for class com.airbnb.android.react.maps.AirMapUrlTileManager
08-20 17:59:37.597 6810 6830 W ViewManagerPropertyUpdater: Could not find generated setter for class com.microsoft.react.videofxp.VideoFXPViewManager
08-20 17:59:37.599 6810 6830 W ViewManagerPropertyUpdater: Could not find generated setter for class com.skype.virtualmessageview.VirtualMessageViewControllerManager
08-20 17:59:37.600 6810 6830 W ViewManagerPropertyUpdater: Could not find generated setter for class com.microsoft.react.clippedview.ClippedViewManager
08-20 17:59:37.601 6810 6830 W ViewManagerPropertyUpdater: Could not find generated setter for class com.BV.LinearGradient.LinearGradientManager
08-20 17:59:37.603 6810 6830 W ViewManagerPropertyUpdater: Could not find generated setter for class com.airbnb.android.react.lottie.LottieAnimationViewManager
08-20 17:59:37.606 6810 6830 W ViewManagerPropertyUpdater: Could not find generated setter for class com.microsoft.react.gradientimage.GradientImageViewManager
08-20 17:59:37.607 6810 6830 W ViewManagerPropertyUpdater: Could not find generated setter for class com.skype.qrcode.QRCodeViewManager
08-20 17:59:37.609 6810 6830 W ViewManagerPropertyUpdater: Could not find generated setter for class com.skype.camera.imagefilter.ImageFilterManager
08-20 17:59:37.681 6810 6810 I ReactApp: dumpMemoryUsage [BeforeOnTrim] JavaUsedMemInMB=6 MB JavaMaxHeapSizeInMB=128 MB JavaAvailHeapSizeInMB=122 MB SysTotalMem=1.441.517.568 SysAvailMem=309.182.464 Threshold=100.663.296 InLowMem=false dalvikPss=1.155 KB dalvikPrivateDirty=1.072 KB dalvikSharedDirty=328 KB nativePss=1.283 KB nativePrivateDirty=1.252 KB nativeSharedDirty=76 KB otherPss=12.336 KB otherPrivateDirty=3.952 KB otherSharedDirty=1.012 KB summary.java-heap=1.644 KB summary.native-heap=1.252 KB summary.code=7.164 KB summary.stack=112 KB summary.graphics=0 KB summary.private-other=2.972 KB summary.system=2.634 KB summary.total-pss=15.778 KB summary.total-swap=12.824 KB
08-20 17:59:37.682 6810 6810 I ReactApp: onTrimMemory flush Fresco in-memory cache FG mode. level=5
08-20 17:59:37.683 6810 6810 I UpgradeContext: onReceive action WakeEventReceiver.ACTION_OEM_RTC_WAKE
08-20 17:59:37.683 6810 6810 I UpgradeContext: acquireWakeLock taskId 1
08-20 17:59:37.692 6810 6810 I RNAppUpgrade: App Received Intent with action - WakeEventReceiver.ACTION_OEM_RTC_WAKE
08-20 17:59:37.693 6810 6810 I RNAppUpgrade: handleIntent when not initialized, WakeEventReceiver.ACTION_OEM_RTC_WAKE
08-20 17:59:37.715 6810 6810 I SimpleWakefulService: Service created
08-20 17:59:37.716 6810 6810 I SimpleWakefulService: Acquire WAKE_LOCK for taskId: 1 with startId: 1
08-20 17:59:37.893 6810 6830 W JavaModuleHelper: Could not find generated custom module provider
08-20 17:59:37.893 6810 6830 W React: There is no generated module helper for module: SyncModule using FallbackModuleHelper which works way slower. Consider enabling apt generation for this module in order to improve startup performance
08-20 17:59:37.893 6810 6830 W React: There is no generated module helper for module: ExtendedAppState using FallbackModuleHelper which works way slower. Consider enabling apt generation for this module in order to improve startup performance
08-20 17:59:37.894 6810 6830 W React: There is no generated module helper for module: RNNetworkInfo using FallbackModuleHelper which works way slower. Consider enabling apt generation for this module in order to improve startup performance
08-20 17:59:37.894 6810 6830 W React: There is no generated module helper for module: RNAppUpgrade using FallbackModuleHelper which works way slower. Consider enabling apt generation for this module in order to improve startup performance
08-20 17:59:37.894 6810 6830 W React: There is no generated module helper for module: StyleTransfer using FallbackModuleHelper which works way slower. Consider enabling apt generation for this module in order to improve startup performance
08-20 17:59:37.894 6810 6830 W React: There is no generated module helper for module: SourceCode using FallbackModuleHelper which works way slower. Consider enabling apt generation for this module in order to improve startup performance
08-20 17:59:37.894 6810 6830 W React: There is no generated module helper for module: RNStorage using FallbackModuleHelper which works way slower. Consider enabling apt generation for this module in order to improve startup performance
08-20 17:59:37.894 6810 6830 W React: There is no generated module helper for module: RNGraphicsContext using FallbackModuleHelper which works way slower. Consider enabling apt generation for this module in order to improve startup performance
08-20 17:59:37.894 6810 6830 W React: There is no generated module helper for module: RNKeychainManager using FallbackModuleHelper which works way slower. Consider enabling apt generation for this module in order to improve startup performance
08-20 17:59:37.894 6810 6830 W React: There is no generated module helper for module: Calendar using FallbackModuleHelper which works way slower. Consider enabling apt generation for this module in order to improve startup performance
08-20 17:59:37.895 6810 6830 W React: There is no generated module helper for module: ContextMenuAndroid using FallbackModuleHelper which works way slower. Consider enabling apt generation for this module in order to improve startup performance
08-20 17:59:37.895 6810 6830 W React: There is no generated module helper for module: FingerprintingLib using FallbackModuleHelper which works way slower. Consider enabling apt generation for this module in order to improve startup performance
08-20 17:59:37.895 6810 6830 W React: There is no generated module helper for module: IncomingCallInteractionManager using FallbackModuleHelper which works way slower. Consider enabling apt generation for this module in order to improve startup performance
08-20 17:59:37.895 6810 6830 W React: There is no generated module helper for module: AndroidSmsManager using FallbackModuleHelper which works way slower. Consider enabling apt generation for this module in order to improve startup performance
08-20 17:59:37.895 6810 6830 W React: There is no generated module helper for module: SKPSkypeMessageTextInputModule using FallbackModuleHelper which works way slower. Consider enabling apt generation for this module in order to improve startup performance
08-20 17:59:37.895 6810 6830 W React: There is no generated module helper for module: RNBackgroundTimer using FallbackModuleHelper which works way slower. Consider enabling apt generation for this module in order to improve startup performance
08-20 17:59:37.895 6810 6830 W React: There is no generated module helper for module: PermissionsManager using FallbackModuleHelper which works way slower. Consider enabling apt generation for this module in order to improve startup performance
08-20 17:59:37.895 6810 6830 W React: There is no generated module helper for module: DeviceInfo using FallbackModuleHelper which works way slower. Consider enabling apt generation for this module in order to improve startup performance
08-20 17:59:37.895 6810 6830 W React: There is no generated module helper for module: PlatformConstants using FallbackModuleHelper which works way slower. Consider enabling apt generation for this module in order to improve startup performance
08-20 17:59:37.896 6810 6830 W React: There is no generated module helper for module: NativeEntropy using FallbackModuleHelper which works way slower. Consider enabling apt generation for this module in order to improve startup performance
08-20 17:59:37.896 6810 6830 W React: There is no generated module helper for module: Contacts using FallbackModuleHelper which works way slower. Consider enabling apt generation for this module in order to improve startup performance
08-20 17:59:37.896 6810 6830 W React: There is no generated module helper for module: AudioManager using FallbackModuleHelper which works way slower. Consider enabling apt generation for this module in order to improve startup performance
08-20 17:59:37.896 6810 6830 W React: There is no generated module helper for module: CampaignReceiver using FallbackModuleHelper which works way slower. Consider enabling apt generation for this module in order to improve startup performance
08-20 17:59:37.896 6810 6830 W React: There is no generated module helper for module: RNBackgroundExecution using FallbackModuleHelper which works way slower. Consider enabling apt generation for this module in order to improve startup performance
08-20 17:59:37.896 6810 6830 W React: There is no generated module helper for module: UrlUtil using FallbackModuleHelper which works way slower. Consider enabling apt generation for this module in order to improve startup performance
08-20 17:59:37.896 6810 6830 W React: There is no generated module helper for module: TimeZoneManager using FallbackModuleHelper which works way slower. Consider enabling apt generation for this module in order to improve startup performance
08-20 17:59:37.896 6810 6830 W React: There is no generated module helper for module: RNGLContext using FallbackModuleHelper which works way slower. Consider enabling apt generation for this module in order to improve startup performance
08-20 17:59:37.896 6810 6830 W React: There is no generated module helper for module: CallMonitor using FallbackModuleHelper which works way slower. Consider enabling apt generation for this module in order to improve startup performance
08-20 17:59:37.897 6810 6830 W React: There is no generated module helper for module: ClientLogging using FallbackModuleHelper which works way slower. Consider enabling apt generation for this module in order to improve startup performance
08-20 17:59:37.897 6810 6830 W React: There is no generated module helper for module: FileEncryptionNative using FallbackModuleHelper which works way slower. Consider enabling apt generation for this module in order to improve startup performance
08-20 17:59:37.897 6810 6830 W React: There is no generated module helper for module: RNReload using FallbackModuleHelper which works way slower. Consider enabling apt generation for this module in order to improve startup performance
08-20 17:59:37.897 6810 6830 W React: There is no generated module helper for module: ZipUtil using FallbackModuleHelper which works way slower. Consider enabling apt generation for this module in order to improve startup performance
08-20 17:59:37.897 6810 6830 W React: There is no generated module helper for module: CustomKeyboard using FallbackModuleHelper which works way slower. Consider enabling apt generation for this module in order to improve startup performance
08-20 17:59:37.897 6810 6830 W React: There is no generated module helper for module: ShareToApp using FallbackModuleHelper which works way slower. Consider enabling apt generation for this module in order to improve startup performance
08-20 17:59:37.897 6810 6830 W React: There is no generated module helper for module: ExternalBrowser using FallbackModuleHelper which works way slower. Consider enabling apt generation for this module in order to improve startup performance
08-20 17:59:37.897 6810 6830 W React: There is no generated module helper for module: ImageResizerAndroid using FallbackModuleHelper which works way slower. Consider enabling apt generation for this module in order to improve startup performance
08-20 17:59:37.898 6810 6830 W React: There is no generated module helper for module: Adjust using FallbackModuleHelper which works way slower. Consider enabling apt generation for this module in order to improve startup performance
08-20 17:59:37.898 6810 6830 W React: There is no generated module helper for module: RNViewConfig using FallbackModuleHelper which works way slower. Consider enabling apt generation for this module in order to improve startup performance
08-20 17:59:37.898 6810 6830 W React: There is no generated module helper for module: DeviceUtilities using FallbackModuleHelper which works way slower. Consider enabling apt generation for this module in order to improve startup performance
08-20 17:59:37.898 6810 6830 W React: There is no generated module helper for module: FileTracker using FallbackModuleHelper which works way slower. Consider enabling apt generation for this module in order to improve startup performance
08-20 17:59:37.898 6810 6830 W React: There is no generated module helper for module: RNDocumentPicker using FallbackModuleHelper which works way slower. Consider enabling apt generation for this module in order to improve startup performance
08-20 17:59:37.898 6810 6830 W React: There is no generated module helper for module: AndroidBadges using FallbackModuleHelper which works way slower. Consider enabling apt generation for this module in order to improve startup performance
08-20 17:59:37.899 6810 6830 W React: There is no generated module helper for module: RNCookieManagerAndroid using FallbackModuleHelper which works way slower. Consider enabling apt generation for this module in order to improve startup performance
08-20 17:59:37.899 6810 6830 W React: There is no generated module helper for module: RNPushAndroid using FallbackModuleHelper which works way slower. Consider enabling apt generation for this module in order to improve startup performance
08-20 17:59:37.899 6810 6830 W React: There is no generated module helper for module: RNUrlRequest using FallbackModuleHelper which works way slower. Consider enabling apt generation for this module in order to improve startup performance
08-20 17:59:37.899 6810 6830 W React: There is no generated module helper for module: SplashScreenNotifier using FallbackModuleHelper which works way slower. Consider enabling apt generation for this module in order to improve startup performance
08-20 17:59:37.899 6810 6830 W React: There is no generated module helper for module: SoundRecorder using FallbackModuleHelper which works way slower. Consider enabling apt generation for this module in order to improve startup performance
08-20 17:59:37.899 6810 6830 W React: There is no generated module helper for module: RNManualFileCache using FallbackModuleHelper which works way slower. Consider enabling apt generation for this module in order to improve startup performance
08-20 17:59:37.899 6810 6830 W React: There is no generated module helper for module: RNGeocoder using FallbackModuleHelper which works way slower. Consider enabling apt generation for this module in order to improve startup performance
08-20 17:59:37.899 6810 6830 W React: There is no generated module helper for module: CortanaSignals using FallbackModuleHelper which works way slower. Consider enabling apt generation for this module in order to improve startup performance
08-20 17:59:37.899 6810 6830 W React: There is no generated module helper for module: ShareSheet using FallbackModuleHelper which works way slower. Consider enabling apt generation for this module in order to improve startup performance
08-20 17:59:37.900 6810 6830 W React: There is no generated module helper for module: SoundPlayer using FallbackModuleHelper which works way slower. Consider enabling apt generation for this module in order to improve startup performance
08-20 17:59:37.900 6810 6830 W React: There is no generated module helper for module: AssetReader using FallbackModuleHelper which works way slower. Consider enabling apt generation for this module in order to improve startup performance
08-20 17:59:37.900 6810 6830 W React: There is no generated module helper for module: FrescoModule using FallbackModuleHelper which works way slower. Consider enabling apt generation for this module in order to improve startup performance
08-20 17:59:37.900 6810 6830 W React: There is no generated module helper for module: RNHockeyApp using FallbackModuleHelper which works way slower. Consider enabling apt generation for this module in order to improve startup performance
08-20 17:59:37.900 6810 6830 W React: There is no generated module helper for module: DeviceSettings using FallbackModuleHelper which works way slower. Consider enabling apt generation for this module in order to improve startup performance
08-20 17:59:37.900 6810 6830 W React: There is no generated module helper for module: RNCommandInvoker using FallbackModuleHelper which works way slower. Consider enabling apt generation for this module in order to improve startup performance
08-20 17:59:37.900 6810 6830 W React: There is no generated module helper for module: VideoFXP using FallbackModuleHelper which works way slower. Consider enabling apt generation for this module in order to improve startup performance
08-20 17:59:37.900 6810 6830 W React: There is no generated module helper for module: AirMapModule using FallbackModuleHelper which works way slower. Consider enabling apt generation for this module in order to improve startup performance
08-20 17:59:37.900 6810 6830 W React: There is no generated module helper for module: ImagePickerManager using FallbackModuleHelper which works way slower. Consider enabling apt generation for this module in order to improve startup performance
08-20 17:59:37.901 6810 6830 W React: There is no generated module helper for module: EnvironmentInfo using FallbackModuleHelper which works way slower. Consider enabling apt generation for this module in order to improve startup performance
08-20 17:59:37.901 6810 6830 W React: There is no generated module helper for module: MediaPicker using FallbackModuleHelper which works way slower. Consider enabling apt generation for this module in order to improve startup performance
08-20 17:59:37.901 6810 6830 W React: There is no generated module helper for module: TokenShareModule using FallbackModuleHelper which works way slower. Consider enabling apt generation for this module in order to improve startup performance
08-20 17:59:37.901 6810 6830 W React: There is no generated module helper for module: SkypeCamera using FallbackModuleHelper which works way slower. Consider enabling apt generation for this module in order to improve startup performance
08-20 17:59:37.901 6810 6830 W React: There is no generated module helper for module: SnapshotManager using FallbackModuleHelper which works way slower. Consider enabling apt generation for this module in order to improve startup performance
08-20 17:59:37.901 6810 6830 W React: There is no generated module helper for module: AdvertisementUtilities using FallbackModuleHelper which works way slower. Consider enabling apt generation for this module in order to improve startup performance
08-20 17:59:37.901 6810 6830 W React: There is no generated module helper for module: CallIntent using FallbackModuleHelper which works way slower. Consider enabling apt generation for this module in order to improve startup performance
08-20 17:59:37.901 6810 6830 W React: There is no generated module helper for module: RNSlimcore using FallbackModuleHelper which works way slower. Consider enabling apt generation for this module in order to improve startup performance
08-20 17:59:37.902 6810 6830 W React: There is no generated module helper for module: RNSkypeCredentialsFetcher using FallbackModuleHelper which works way slower. Consider enabling apt generation for this module in order to improve startup performance
08-20 17:59:38.135 6810 6848 I AudioManagerModule: initialize (causeId cbe72421)
08-20 17:59:38.135 6810 6848 I AudioManagerModule: AudioManagerModule.initialize took 1ms
08-20 17:59:38.136 6810 6810 I SmsHandlingContext: init()
08-20 17:59:38.136 6810 6842 I AudioOptions: initialize (causeId cbe72421)
08-20 17:59:38.139 6810 6842 I WiredHeadsetReceiver: Registered receiver
08-20 17:59:38.140 6810 6848 W ReactApp: registerMemoryTrimmable current size: 0
08-20 17:59:38.141 6810 6848 W ReactApp: registerMemoryTrimmable current size: 1
08-20 17:59:38.141 6810 6843 I WiredHeadsetReceiver: addListener (causeId: cbe72421)
08-20 17:59:38.141 6810 6843 I AudioOptions: WiredHeadsetReceiver.headsetStateChanged UNPLUGGED (causeId cbe72421)
08-20 17:59:38.146 6810 6843 I BluetoothReceiver: BluetoothReceiver: AudioManager.ACTION_SCO_AUDIO_STATE_UPDATED: UNKNOWN -> STATE_DISCONNECTED (causeId: 5393b1ed)
08-20 17:59:38.146 6810 6842 I BluetoothReceiver: Received sticky intent android.media.ACTION_SCO_AUDIO_STATE_UPDATED
08-20 17:59:38.147 6810 6842 I BluetoothReceiver: Registered receiver
08-20 17:59:38.147 6810 6842 I BluetoothReceiver: loadAlreadyConnectedDevices (causeId: cbe72421)
08-20 17:59:38.148 6810 6843 I BluetoothReceiver: BluetoothReceiver: AudioManager.ACTION_SCO_AUDIO_STATE_UPDATED: UNKNOWN -> STATE_DISCONNECTED (causeId: 9e5ab472)
08-20 17:59:38.159 6810 6850 I BluetoothReceiver: addListener (causeId: cbe72421)
08-20 17:59:38.163 6810 6848 I SkypeCameraModule: SkypeCameraModule initialize
08-20 17:59:38.194 6810 6842 I BluetoothReceiver: createServiceListener (causeId: cbe72421)
08-20 17:59:38.233 6810 6843 I ModernAudioDeviceMonitor: addListener (causeId: cbe72421)
08-20 17:59:38.234 6810 6843 I AudioOptions: ModernAudioDeviceMonitor.availableAudioDeviceTypesChanged headphones: false usb: false (causeId cbe72421)
08-20 17:59:38.243 6810 6853 I TokenShareModule: getAccounts() called, returned with list size 0
08-20 17:59:38.261 6810 6850 I ModernAudioDeviceMonitor: initialization headphones: false, usb: false, devices: [[1:TYPE_BUILTIN_EARPIECE], [2:TYPE_BUILTIN_SPEAKER], [5:TYPE_BUILTIN_MIC], [7:TYPE_TELEPHONY]] (causeId: 79883362)
08-20 17:59:38.263 6810 6843 I ModernAudioDeviceMonitor: onAudioDevicesAdded headphones: false, usb: false, devices: [[1:TYPE_BUILTIN_EARPIECE], [2:TYPE_BUILTIN_SPEAKER], [5:TYPE_BUILTIN_MIC], [7:TYPE_TELEPHONY]] (causeId: 9ae256be)
08-20 17:59:38.264 6810 6843 I ModernAudioDeviceMonitor: onAudioDevicesAdded headphones: false, usb: false, devices: [[1:TYPE_BUILTIN_EARPIECE], [2:TYPE_BUILTIN_SPEAKER], [5:TYPE_BUILTIN_MIC], [7:TYPE_TELEPHONY]] (causeId: 5180224)
08-20 17:59:38.266 6810 6842 I AudioManagerModule: Output update and reset (destination 3, deviceStatus 2, causeId cbe72421)
08-20 17:59:38.266 6810 6842 I AudioManagerModule: Output update and reset (destination 3, deviceStatus 2, causeId cbe72421)
08-20 17:59:38.297 6810 6810 I TelephoneStateListener: Registering phone state listener (causeId cbe72421)
08-20 17:59:38.320 6810 6810 I AudioManagerModule: TelephoneStateListener.init took 24ms
08-20 17:59:38.330 6810 6810 I AudioManagerModule: Sending output changed event to EARPIECE (causeId cbe72421)
08-20 17:59:38.331 6810 6842 I TelephoneStateListener: onCallStateChanged 0 (causeId 5e7a648b)
08-20 17:59:38.812 6810 6810 I ReactApp: dumpMemoryUsage [AfterOnTrim] JavaUsedMemInMB=6 MB JavaMaxHeapSizeInMB=128 MB JavaAvailHeapSizeInMB=122 MB SysTotalMem=1.441.517.568 SysAvailMem=289.472.512 Threshold=100.663.296 InLowMem=false dalvikPss=3.810 KB dalvikPrivateDirty=3.776 KB dalvikSharedDirty=224 KB nativePss=18.445 KB nativePrivateDirty=18.416 KB nativeSharedDirty=72 KB otherPss=33.704 KB otherPrivateDirty=17.404 KB otherSharedDirty=896 KB summary.java-heap=4.796 KB summary.native-heap=18.416 KB summary.code=14.428 KB summary.stack=296 KB summary.graphics=0 KB summary.private-other=15.072 KB summary.system=3.479 KB summary.total-pss=56.487 KB summary.total-swap=11.492 KB
08-20 17:59:40.923 6810 6847 E RNEnvironmentInfoModule: getCpuMaxFrequency()
08-20 17:59:40.923 6810 6847 E RNEnvironmentInfoModule: /sys/devices/system/cpu/cpu2/cpufreq/cpuinfo_max_freq: open failed: ENOENT (No such file or directory)
08-20 17:59:40.923 6810 6847 E RNEnvironmentInfoModule: libcore.io.IoBridge.open(IoBridge.java:455)
08-20 17:59:40.923 6810 6847 E RNEnvironmentInfoModule: java.io.RandomAccessFile.(RandomAccessFile.java:247)
08-20 17:59:40.923 6810 6847 E RNEnvironmentInfoModule: java.io.RandomAccessFile.(RandomAccessFile.java:128)
08-20 17:59:40.923 6810 6847 E RNEnvironmentInfoModule: com.microsoft.environment.RNEnvironmentInfoPackage.c(SourceFile:213)
08-20 17:59:40.923 6810 6847 E RNEnvironmentInfoModule: com.microsoft.environment.RNEnvironmentInfoPackage.b(SourceFile:37)
08-20 17:59:40.923 6810 6847 E RNEnvironmentInfoModule: com.microsoft.environment.RNEnvironmentInfoPackage$RNEnvironmentInfoModule.getConstants(SourceFile:109)
08-20 17:59:40.923 6810 6847 E RNEnvironmentInfoModule: com.facebook.react.bridge.JavaModuleWrapper.getConstants(SourceFile:155)
08-20 17:59:40.923 6810 6847 E RNEnvironmentInfoModule: com.facebook.react.bridge.queue.NativeRunnable.run(SourceFile:-2)
08-20 17:59:40.923 6810 6847 E RNEnvironmentInfoModule: android.os.Handler.handleCallback(Handler.java:751)
08-20 17:59:40.923 6810 6847 E RNEnvironmentInfoModule: android.os.Handler.dispatchMessage(Handler.java:95)
