09-20 23:05:49.551 14809 14915 I RNAppUpgrade: App Received Intent with action - android.intent.action.MY_PACKAGE_REPLACED
09-20 23:05:49.603 14809 14915 I RNAppUpgrade: Emitted event for intent with action android.intent.action.MY_PACKAGE_REPLACED with eventOptions: {"notificationId":0,"scheduledWakeUpTime":0,"taskId":1}
09-20 23:05:49.604 14809 14915 I RNAppUpgrade: initialize
09-20 23:05:49.752 14809 14913 I ReactNativeJS: [#ffffffff-u] [TRACE] [JS.Startup] Locale initialized to [de_DE]
09-20 23:05:49.753 14809 14913 I ReactNativeJS: [#ffffffff-u] [TRACE] [JS.Startup] Country code is [DE]
09-20 23:05:49.786 14809 14913 I ReactNativeJS: [#ffffffff-u] [TRACE] [JS.Startup] Device Id: dNWT97_WBMo
09-20 23:05:49.787 14809 14913 I ReactNativeJS: [#ffffffff-u] [TRACE] [JS.Startup] Device Manufacturer: samsung
09-20 23:05:49.789 14809 14913 I ReactNativeJS: [#ffffffff-u] [TRACE] [JS.Startup] Device Model: SM-A310F
09-20 23:05:49.790 14809 14913 I ReactNativeJS: [#ffffffff-u] [TRACE] [JS.Startup] Device OS version: 7.0
09-20 23:05:49.791 14809 14913 I ReactNativeJS: [#ffffffff-u] [TRACE] [JS.Startup] App version: 8.30.0.80
09-20 23:05:49.792 14809 14913 I ReactNativeJS: [#ffffffff-u] [TRACE] [JS.Startup] App activation state: Background
09-20 23:05:49.807 14809 14913 I ReactNativeJS: [#ffffffff-u] [TRACE] [JS.GenericUnsafe] Startup Phase 1 duration: 4502ms
09-20 23:05:49.814 14809 14913 I ReactNativeJS: [#ffffffff-u] [TRACE] [JS.GenericUnsafe] Startup Phase 2 duration: 998ms
09-20 23:05:49.824 14809 14913 I ReactNativeJS: [#ffffffff-u] [TRACE] [JS.Startup] Starting: HockeyAppService
09-20 23:05:49.833 14809 14913 I ReactNativeJS: [#ffffffff-S] [TRACE] [JS.HockeyApp] Ignoring check for updates - PUBLIC build
09-20 23:05:49.834 14809 14915 I ReactHockeyApp: HockeyApp - initializing configuration
09-20 23:05:49.837 14809 14913 I ReactNativeJS: [#ffffffff-u] [TRACE] [JS.Startup] Finish: HockeyAppService: 13ms
09-20 23:05:49.845 14809 15049 I React: Check for new app crashes
09-20 23:05:49.870 14809 14913 I ReactNativeJS: [#ffffffff-u] [TRACE] [JS.Startup] Starting: CrashStatusStore
09-20 23:05:49.873 14809 14913 I ReactNativeJS: [#ffffffff-u] [TRACE] [JS.GenericUnsafe] RN Entry
09-20 23:05:49.884 14809 14913 I ReactNativeJS: [#ffffffff-u] [TRACE] [JS.AppUpgrade] App Upgrade Event Received with token 1
09-20 23:05:49.885 14809 14913 I ReactNativeJS: [#ffffffff-u] [TRACE] [JS.AppUpgrade] _onAppUpgradeEventReceived:_getAppLaunchState:begin: 1
09-20 23:05:49.901 14809 14913 I ReactNativeJS: [#ffffffff-u] [TRACE] [JS.AppUpgrade] Last app launch time: undefined
09-20 23:05:49.915 14809 14913 I RNAppUpgrade: Getting app launch attribution state = false
09-20 23:05:49.915 14809 14913 I RNAppUpgrade: hasOldSessionPreferences:false
09-20 23:05:49.922 14809 14913 I ReactNativeJS: [#ffffffff-u] [TRACE] [JS.AppUpgrade] _getAppLaunchState:subscribe:fired:0
09-20 23:05:49.925 14809 14913 I ReactNativeJS: [#ffffffff-u] [TRACE] [JS.AppUpgrade] _getAppLaunchState:subscribe:fired:0
09-20 23:05:49.926 14809 14913 I ReactNativeJS: [#ffffffff-u] [TRACE] [JS.AppUpgrade] _onAppUpgradeEventReceived:launchedState:NeverLaunched
09-20 23:05:49.927 14809 14913 I ReactNativeJS: [#ffffffff-u] [TRACE] [JS.AppUpgrade] _onAppUpgradeEventReceived:_getAppLaunchState:end: 1
09-20 23:05:49.928 14809 14913 I ReactNativeJS: [#ffffffff-u] [TRACE] [JS.AppUpgrade] _getOEMConfigUsingBackgroundECSFetch, acceptStale:true
09-20 23:05:49.938 14809 14913 I ReactNativeJS: [#ffffffff-u] [TRACE] [JS.AppUpgrade] _subscribeAndFetchEcs
09-20 23:05:49.942 14809 14913 I ReactNativeJS: [#ffffffff-u] [TRACE] [JS.AppUpgrade] ECSConfig:Subscribing for fresh ECS
09-20 23:05:50.062 14809 14913 I ReactNativeJS: [#ffffffff-S] [TRACE] [JS.HockeyApp] Last launch crashed: false
09-20 23:05:50.063 14809 14913 I ReactNativeJS: [#ffffffff-u] [TRACE] [JS.Startup] Finish: CrashStatusStore: 192ms
09-20 23:05:50.065 14809 14913 I ReactNativeJS: [#ffffffff-u] [TRACE] [JS.Startup] SkypeId missing in Storage
09-20 23:05:50.115 14809 14913 I ReactNativeJS: [#ffffffff-u] [TRACE] [JS.AppUpgrade] ECSConfig:ECS, expires in: -21677186.36
09-20 23:05:50.119 14809 14913 I ReactNativeJS: [#ffffffff-u] [TRACE] [JS.AppUpgrade] App upgraded with launch state - NeverLaunched
09-20 23:05:50.119 14809 14913 I ReactNativeJS: [#ffffffff-u] [TRACE] [JS.AppUpgrade] Elapsed time since last app launch -1
09-20 23:05:50.121 14809 14913 I ReactNativeJS: [#ffffffff-u] [TRACE] [JS.AppUpgrade] AppUpgradeTelemetry:SSO Account Present:false
09-20 23:05:50.122 14809 14913 I ReactNativeJS: [#ffffffff-u] [TRACE] [JS.AppUpgrade] AppUpgradeTelemetry:SENT:ECS enabled
09-20 23:05:50.123 14809 14913 I ReactNativeJS: [#ffffffff-u] [TRACE] [JS.AppUpgrade] _processUpgradeWakeUpForActivationExperiment._getWakeUpActivationData
09-20 23:05:50.124 14809 14913 I ReactNativeJS: [#ffffffff-u] [TRACE] [JS.AppUpgrade] _getWakeUpActivationData:begin:
09-20 23:05:50.126 14809 14913 I ReactNativeJS: [#ffffffff-u] [TRACE] [JS.AppUpgrade] _getWakeUpActivationData:end:
09-20 23:05:50.127 14809 14913 I ReactNativeJS: [#ffffffff-u] [TRACE] [JS.AppUpgrade] No notification type came from ECS config, falling back to PictureWithText1 notification
09-20 23:05:50.132 14809 14913 I ReactNativeJS: [#ffffffff-u] [TRACE] [JS.AppUpgrade] Using notification details for style TextOnly2
09-20 23:05:50.135 14809 14913 I ReactNativeJS: [#ffffffff-u] [TRACE] [JS.AppUpgrade] onUpgradeWakeUpForActivationExperiment:begin
09-20 23:05:50.136 14809 14913 I RNAppUpgrade: Getting app launch attribution state = false
09-20 23:05:50.136 14809 14913 I RNAppUpgrade: hasOldSessionPreferences:false
09-20 23:05:50.138 14809 14915 I RNAppUpgrade: onUpgradeWakeUpForActivationExperiment
09-20 23:05:50.180 14809 14915 I ActivationExperiment: ActivationOptions{"ecsConfig":{"sendAppUpgradeTelemetry":true,"upgradeNotification":{"appParameters":{"appStateList":["Launched"],"maxWakeAttempts":3,"minHoursSinceLaunch":72,"wakeIntervalSecs":259200},"enabled":false,"enabledExperiments":[],"notificationTimingInfo":{"scheduleHourOfDay":19}}},"isInsidersBuild":false,"lastLaunchTime":-1,"launchState":"NeverLaunched","notificationMeta":{"imageStyle":"None","imageUri":"https://secure.skypeassets.com/content/dam/scom/app/notifications/ensure_network_image.png","notificationStyle":"TextOnly2","notificationTemplateType":"Default","subtitle":"Tägliche Chats in großartige Momente verwandeln","title":"Wir stellen vor: dein neues Skype"},"notificationState":"NotScheduled","notificationStyle":"TextOnly2","partnerPreInstallId":"534","scheduleWakeUpTime":0}
09-20 23:05:50.184 14809 14915 I ActivationExperiment: onAppWakeUp, woke up at: Friday, September 21, 2018 at 1:05 AM with AppLaunchState NeverLaunched, wakeUpReason(Upgrade)
09-20 23:05:50.184 14809 14915 I ActivationExperiment: isEligibleToStartExperiment, SAMSUNG_PREINSTALL
09-20 23:05:50.188 14809 14915 I ActivationExperiment: loadFromDisk:{"experimentList":[],"schemaVersion":"v1","totalRetargetAttempts":-1,"totalWakeAttempts":40,"wakeUpList":[{"reason":"Upgrade","status":"NextWakeUpScheduled","time":1535676121435},{"reason":"RtcWakeUp","status":"NextWakeUpScheduled","time":1535996521436},{"reason":"RtcWakeUp","status":"NextWakeUpScheduled","time":1536255726454},{"reason":"RtcWakeUp","status":"WakeUpRetriesExhausted","time":1536515215180},{"reason":"Upgrade","status":"NextWakeUpScheduled","time":1536786907686},{"reason":"RtcWakeUp","status":"NextWakeUpScheduled","time":1537031707689},{"reason":"RtcWakeUp","status":"NextWakeUpScheduled","time":1537291046526},{"reason":"RtcWakeUp","status":"WakeUpPending","time":1537550245018}]}, timeTaken(2 ms)
09-20 23:05:50.201 14809 14915 I ActivationExperiment: isEligibleToExecuteExperiment: upgradeNotification not enabled
09-20 23:05:50.204 14809 14915 I ActivationExperiment: scheduleWakeUpForActivationExperiment: schedule next wake up after: 324000 secs, app will wake up on Monday, September 24, 2018 at 7:05 PM
09-20 23:05:50.204 14809 14915 I ActivationExperiment: cancelPendingRtcWake
09-20 23:05:50.226 14809 14915 I ActivationExperiment: persistToDisk: SAVING, payload({"experimentList":[],"schemaVersion":"v1","totalRetargetAttempts":-1,"totalWakeAttempts":41,"wakeUpList":[{"reason":"Upgrade","status":"NextWakeUpScheduled","time":1536786907686},{"reason":"RtcWakeUp","status":"NextWakeUpScheduled","time":1537031707689},{"reason":"RtcWakeUp","status":"NextWakeUpScheduled","time":1537291046526},{"reason":"RtcWakeUp","status":"WakeUpPending","time":1537550245018},{"reason":"Upgrade","status":"NextWakeUpScheduled","time":1537484750201},{"reason":"RtcWakeUp","status":"WakeUpPending","time":1537808750202}]})
09-20 23:05:50.227 14809 14915 I ActivationExperiment: scheduleWakeUpForActivationExperiment: scheduled attempt(1), TimeTaken(24 ms)
09-20 23:05:50.340 14809 14913 I RNAppUpgrade: Getting app launch attribution state = false
09-20 23:05:50.340 14809 14913 I RNAppUpgrade: hasOldSessionPreferences:false
09-20 23:05:50.850 14809 14915 W ReactMethodWatchdog: Method RNCookieManagerAndroid.clearAll invocation took too long: 563ms
09-20 23:05:50.897 14809 14915 I UpgradeContext: releaseWakeLock taskId 1
09-20 23:05:50.902 14809 14809 I SimpleWakefulService: Release WAKE_LOCK for taskId: 1 with startId: 3
09-20 23:05:50.906 14809 14809 I SimpleWakefulService: Removing Stop message
09-20 23:05:51.019 14809 14915 I DeviceUtilities: DeviceUtilities: currentOrientation
09-20 23:05:51.107 14809 14915 W React: StatusBarModule: Ignored status bar change, current activity is null.
09-20 23:05:51.116 14809 14915 W React: StatusBarModule: Ignored status bar change, current activity is null.
09-20 23:05:51.116 14809 14915 W React: StatusBarModule: Ignored status bar change, current activity is null.
09-20 23:05:51.117 14809 14915 I DeviceUtilities: DeviceUtilities: statusBarHeight
09-20 23:05:51.162 14809 14913 W ReactNativeJS: [#ffffffff-u] [WARN] [JS.ResponsiveWidthStore] DeviceUtilities.currentOrientation failed: [pii] causeId: 83ad82f7
09-20 23:05:51.164 14809 14913 W ReactNativeJS: [#ffffffff-u] [WARN] [JS.GenericUnsafe] SafeAreaStore statusBarHeight failed: [pii]
09-20 23:05:51.861 14809 15083 I HttpLoggingInterceptor: Http succeeded, request: POST browser.pipe.aria.microsoft.com (1296 body). Response: 200 OK (961 ms, 0 body)
09-20 23:05:55.253 14809 14906 I RNSlimcore: Clearing old logs
09-20 23:05:55.259 14809 14906 I SkyLibManager[TERMINATED:null]: clearOldLogs found 0 potential log files
09-20 23:05:59.810 14809 14809 W PushHandlingService: PushHandling Service was not released in its processing time window of 15000 milliseconds for PushId of 1. Will stop the service now as a result of the timeout.
09-20 23:05:59.812 14809 14809 I skype:bgexec: completeWakefulIntentAfterAllWakeLocks at=1537484759.811s debugCause=PushHandling:endStart
09-20 23:05:59.813 14809 14809 I PushHandlingService: There are no intents to complete anymore. Stop pushId:1, startId: 1
09-20 23:05:59.815 14809 14809 I PushHandlingService: Service destroyed
09-20 23:06:04.562 14809 15048 I UpgradeContext: releaseWakeLock taskId 2
09-20 23:06:04.829 14809 14809 I SimpleWakefulService: Release WAKE_LOCK for taskId: 2 with startId: 4
09-20 23:06:04.844 14809 14809 I SimpleWakefulService: Removing Stop message
09-20 23:06:04.860 14809 14809 I SimpleWakefulService: Service destroyed
09-20 23:06:04.864 14809 14809 I ReactApp: onTrimMemory level: 40
09-20 23:06:05.267 14809 14809 I ReactApp: dumpMemoryUsage [BeforeOnTrim] JavaUsedMemInMB=6 MB JavaMaxHeapSizeInMB=128 MB JavaAvailHeapSizeInMB=122 MB SysTotalMem=1.441.517.568 SysAvailMem=290.611.200 Threshold=100.663.296 InLowMem=false dalvikPss=4.463 KB dalvikPrivateDirty=4.428 KB dalvikSharedDirty=296 KB nativePss=6.055 KB nativePrivateDirty=6.032 KB nativeSharedDirty=48 KB otherPss=56.854 KB otherPrivateDirty=34.000 KB otherSharedDirty=1.100 KB summary.java-heap=5.956 KB summary.native-heap=6.032 KB summary.code=18.668 KB summary.stack=428 KB summary.graphics=0 KB summary.private-other=30.936 KB summary.system=5.516 KB summary.total-pss=67.536 KB summary.total-swap=10.364 KB
09-20 23:06:05.280 14809 14809 I ReactApp: onTrimMemory flush Fresco in-memory cache BG mode. level=40
09-20 23:06:06.457 14809 14809 I ReactApp: dumpMemoryUsage [AfterOnTrim] JavaUsedMemInMB=6 MB JavaMaxHeapSizeInMB=128 MB JavaAvailHeapSizeInMB=122 MB SysTotalMem=1.441.517.568 SysAvailMem=289.533.952 Threshold=100.663.296 InLowMem=false dalvikPss=4.491 KB dalvikPrivateDirty=4.456 KB dalvikSharedDirty=296 KB nativePss=6.287 KB nativePrivateDirty=6.264 KB nativeSharedDirty=48 KB otherPss=48.964 KB otherPrivateDirty=26.632 KB otherSharedDirty=1.100 KB summary.java-heap=5.984 KB summary.native-heap=6.264 KB summary.code=18.268 KB summary.stack=428 KB summary.graphics=0 KB summary.private-other=23.568 KB summary.system=5.393 KB summary.total-pss=59.905 KB summary.total-swap=10.356 KB