09-15 17:17:24.065 4149 4191 W React: There is no generated module helper for module: MediaPicker using FallbackModuleHelper which works way slower. Consider enabling apt generation for this module in order to improve startup performance
09-15 17:17:24.065 4149 4191 W React: There is no generated module helper for module: ImageResizerAndroid using FallbackModuleHelper which works way slower. Consider enabling apt generation for this module in order to improve startup performance
09-15 17:17:24.065 4149 4191 W React: There is no generated module helper for module: AndroidSmsManager using FallbackModuleHelper which works way slower. Consider enabling apt generation for this module in order to improve startup performance
09-15 17:17:24.065 4149 4191 W React: There is no generated module helper for module: NativeEntropy using FallbackModuleHelper which works way slower. Consider enabling apt generation for this module in order to improve startup performance
09-15 17:17:24.065 4149 4191 W React: There is no generated module helper for module: EnvironmentInfo using FallbackModuleHelper which works way slower. Consider enabling apt generation for this module in order to improve startup performance
09-15 17:17:24.065 4149 4191 W React: There is no generated module helper for module: SplashScreenNotifier using FallbackModuleHelper which works way slower. Consider enabling apt generation for this module in order to improve startup performance
09-15 17:17:24.065 4149 4191 W React: There is no generated module helper for module: RNAppUpgrade using FallbackModuleHelper which works way slower. Consider enabling apt generation for this module in order to improve startup performance
09-15 17:17:24.065 4149 4191 W React: There is no generated module helper for module: CustomKeyboard using FallbackModuleHelper which works way slower. Consider enabling apt generation for this module in order to improve startup performance
09-15 17:17:24.065 4149 4191 W React: There is no generated module helper for module: SyncModule using FallbackModuleHelper which works way slower. Consider enabling apt generation for this module in order to improve startup performance
09-15 17:17:24.065 4149 4191 W React: There is no generated module helper for module: ContextMenuAndroid using FallbackModuleHelper which works way slower. Consider enabling apt generation for this module in order to improve startup performance
09-15 17:17:24.065 4149 4191 W React: There is no generated module helper for module: Adjust using FallbackModuleHelper which works way slower. Consider enabling apt generation for this module in order to improve startup performance
09-15 17:17:24.066 4149 4191 W React: There is no generated module helper for module: RNGraphicsContext using FallbackModuleHelper which works way slower. Consider enabling apt generation for this module in order to improve startup performance
09-15 17:17:24.066 4149 4191 W React: There is no generated module helper for module: UrlUtil using FallbackModuleHelper which works way slower. Consider enabling apt generation for this module in order to improve startup performance
09-15 17:17:24.066 4149 4191 W React: There is no generated module helper for module: ImagePickerManager using FallbackModuleHelper which works way slower. Consider enabling apt generation for this module in order to improve startup performance
09-15 17:17:24.066 4149 4191 W React: There is no generated module helper for module: TokenShareModule using FallbackModuleHelper which works way slower. Consider enabling apt generation for this module in order to improve startup performance
09-15 17:17:24.066 4149 4191 W React: There is no generated module helper for module: RNCommandInvoker using FallbackModuleHelper which works way slower. Consider enabling apt generation for this module in order to improve startup performance
09-15 17:17:24.066 4149 4191 W React: There is no generated module helper for module: RNReload using FallbackModuleHelper which works way slower. Consider enabling apt generation for this module in order to improve startup performance
09-15 17:17:24.066 4149 4191 W React: There is no generated module helper for module: Contacts using FallbackModuleHelper which works way slower. Consider enabling apt generation for this module in order to improve startup performance
09-15 17:17:24.066 4149 4191 W React: There is no generated module helper for module: ExtendedAppState using FallbackModuleHelper which works way slower. Consider enabling apt generation for this module in order to improve startup performance
09-15 17:17:24.066 4149 4191 W React: There is no generated module helper for module: RNHockeyApp using FallbackModuleHelper which works way slower. Consider enabling apt generation for this module in order to improve startup performance
09-15 17:17:24.067 4149 4191 W React: There is no generated module helper for module: PlatformConstants using FallbackModuleHelper which works way slower. Consider enabling apt generation for this module in order to improve startup performance
09-15 17:17:24.067 4149 4191 W React: There is no generated module helper for module: RNKeychainManager using FallbackModuleHelper which works way slower. Consider enabling apt generation for this module in order to improve startup performance
09-15 17:17:24.381 4149 4222 I AudioManagerModule: initialize (causeId b913b2d3)
09-15 17:17:24.381 4149 4222 I AudioManagerModule: AudioManagerModule.initialize took 1ms
09-15 17:17:24.382 4149 4222 I SkypeCameraModule: SkypeCameraModule initialize
09-15 17:17:24.382 4149 4216 I AudioOptions: initialize (causeId b913b2d3)
09-15 17:17:24.383 4149 4222 W ReactApp: registerMemoryTrimmable current size: 0
09-15 17:17:24.383 4149 4222 W ReactApp: registerMemoryTrimmable current size: 1
09-15 17:17:24.384 4149 4216 I WiredHeadsetReceiver: Registered receiver
09-15 17:17:24.386 4149 4217 I WiredHeadsetReceiver: addListener (causeId: b913b2d3)
09-15 17:17:24.386 4149 4217 I AudioOptions: WiredHeadsetReceiver.headsetStateChanged UNPLUGGED (causeId b913b2d3)
09-15 17:17:24.390 4149 4216 I BluetoothReceiver: Received sticky intent android.media.ACTION_SCO_AUDIO_STATE_UPDATED
09-15 17:17:24.400 4149 4217 I BluetoothReceiver: BluetoothReceiver: AudioManager.ACTION_SCO_AUDIO_STATE_UPDATED: UNKNOWN -> STATE_DISCONNECTED (causeId: c6761469)
09-15 17:17:24.400 4149 4216 I BluetoothReceiver: Registered receiver
09-15 17:17:24.401 4149 4216 I BluetoothReceiver: loadAlreadyConnectedDevices (causeId: b913b2d3)
09-15 17:17:24.401 4149 4217 I BluetoothReceiver: addListener (causeId: b913b2d3)
09-15 17:17:24.416 4149 4149 I SmsHandlingContext: init()
09-15 17:17:24.430 4149 4217 I BluetoothReceiver: BluetoothReceiver: AudioManager.ACTION_SCO_AUDIO_STATE_UPDATED: UNKNOWN -> STATE_DISCONNECTED (causeId: e42cc47c)
09-15 17:17:24.768 4149 4216 I BluetoothReceiver: createServiceListener (causeId: b913b2d3)
09-15 17:17:24.789 4149 4236 I TokenShareModule: getAccounts() called, returned with list size 0
09-15 17:17:24.831 4149 4217 I ModernAudioDeviceMonitor: addListener (causeId: b913b2d3)
09-15 17:17:24.831 4149 4217 I AudioOptions: ModernAudioDeviceMonitor.availableAudioDeviceTypesChanged headphones: false usb: false (causeId b913b2d3)
09-15 17:17:24.862 4149 4217 I ModernAudioDeviceMonitor: initialization headphones: false, usb: false, devices: [[1:TYPE_BUILTIN_EARPIECE], [2:TYPE_BUILTIN_SPEAKER], [5:TYPE_BUILTIN_MIC], [7:TYPE_TELEPHONY]] (causeId: 834caea2)
09-15 17:17:24.864 4149 4216 I AudioManagerModule: Output update and reset (destination 3, deviceStatus 2, causeId b913b2d3)
09-15 17:17:24.864 4149 4216 I AudioManagerModule: Output update and reset (destination 3, deviceStatus 2, causeId b913b2d3)
09-15 17:17:24.869 4149 4250 I ModernAudioDeviceMonitor: onAudioDevicesAdded headphones: false, usb: false, devices: [[1:TYPE_BUILTIN_EARPIECE], [2:TYPE_BUILTIN_SPEAKER], [5:TYPE_BUILTIN_MIC], [7:TYPE_TELEPHONY]] (causeId: df13ed25)
09-15 17:17:24.934 4149 4149 I TelephoneStateListener: Registering phone state listener (causeId b913b2d3)
09-15 17:17:24.970 4149 4149 I AudioManagerModule: TelephoneStateListener.init took 38ms
09-15 17:17:24.975 4149 4149 I AudioManagerModule: Sending output changed event to EARPIECE (causeId b913b2d3)
09-15 17:17:24.977 4149 4216 I TelephoneStateListener: onCallStateChanged 0 (causeId fd5994db)
09-15 17:17:25.873 4149 4221 I ReactNativeJS: [#ffffffff-u] [TRACE] [JS.HeadlessJsTask] registerHeadlessTaskCallbacks called for 'StaticTask.OnAppUpdated'
09-15 17:17:25.877 4149 4221 I ReactNativeJS: [#ffffffff-u] [TRACE] [JS.HeadlessJsTask] registerHeadlessTaskCallbacks called for 'StaticTask.OnAppUpdatedRetry'
09-15 17:17:25.923 4149 4221 I ReactNativeJS: [#ffffffff-u] [TRACE] [JS.HeadlessJsTask] registerHeadlessTaskCallbacks called for 'SignInOnUserSessionConnected'
09-15 17:17:25.924 4149 4221 I ReactNativeJS: [#ffffffff-u] [TRACE] [JS.HeadlessJsTask] registerHeadlessTaskCallbacks called for 'SignInOnUserSessionConnectedRetry'
09-15 17:17:25.925 4149 4221 I ReactNativeJS: [#ffffffff-u] [TRACE] [JS.HeadlessJsTask] registerHeadlessTaskCallbacks called for 'SignInOnDefaultMSAConnected'
09-15 17:17:25.925 4149 4221 I ReactNativeJS: [#ffffffff-u] [TRACE] [JS.HeadlessJsTask] registerHeadlessTaskCallbacks called for 'SignInOnDefaultMSAConnectedRetry'
09-15 17:17:25.927 4149 4221 I ReactNativeJS: [#ffffffff-u] [TRACE] [JS.HeadlessJsTask] registerHeadlessTaskCallbacks called for 'BackgroundHeartbeatTelemetry'
09-15 17:17:25.929 4149 4221 I ReactNativeJS: [#ffffffff-u] [TRACE] [JS.HeadlessJsTask] registerHeadlessTaskCallbacks called for 'OnMaintenanceWindowStart'
09-15 17:17:25.929 4149 4221 I ReactNativeJS: [#ffffffff-u] [TRACE] [JS.HeadlessJsTask] registerHeadlessTaskCallbacks called for 'OnMaintenanceWindowStartRetry'
09-15 17:17:25.953 4149 4221 I ReactNativeJS: [#ffffffff-u] [TRACE] [JS.HeadlessJsTask] registerHeadlessTaskCallbacks called for 'ToastActivation'
09-15 17:17:25.953 4149 4221 I ReactNativeJS: [#ffffffff-u] [TRACE] [JS.HeadlessJsTask] registerHeadlessTaskCallbacks called for 'ToastActivationRetry'
09-15 17:17:25.972 4149 4221 I RNAppUpgrade: Getting app launch attribution state = false
09-15 17:17:25.973 4149 4221 I RNAppUpgrade: hasOldSessionPreferences:false
09-15 17:17:25.979 4149 4221 I ReactNativeJS: [#ffffffff-u] [TRACE] [JS.AppUpgrade] Preparing to handle App Upgrade Event
09-15 17:17:25.980 4149 4221 I ReactNativeJS: [#ffffffff-u] [TRACE] [JS.AppUpgrade] Preparing to handle Rtc Wake Event
09-15 17:17:25.981 4149 4221 I ReactNativeJS: [#ffffffff-u] [TRACE] [JS.AppUpgrade] _setUpAppLaunchStateChangeListener
09-15 17:17:25.983 4149 4221 I ReactNativeJS: [#ffffffff-u] [TRACE] [JS.AppUpgrade] _setUpNoticationClickListener
09-15 17:17:25.984 4149 4221 I RNAppUpgrade: Getting app launch attribution state = false
09-15 17:17:25.985 4149 4221 I RNAppUpgrade: hasOldSessionPreferences:false
09-15 17:17:25.986 4149 4221 I RNAppUpgrade: Getting app launch attribution state = false
09-15 17:17:25.986 4149 4221 I RNAppUpgrade: hasOldSessionPreferences:false
09-15 17:17:25.988 4149 4221 I RNAppUpgrade: Getting app launch attribution state = false
09-15 17:17:25.988 4149 4221 I RNAppUpgrade: hasOldSessionPreferences:false
09-15 17:17:25.990 4149 4222 I RNAppUpgrade: initialize
09-15 17:17:25.991 4149 4221 I RNAppUpgrade: Getting app launch attribution state = false
09-15 17:17:25.991 4149 4222 I UpgradeContext: acquireWakeLock taskId 2
09-15 17:17:25.991 4149 4221 I RNAppUpgrade: hasOldSessionPreferences:false
09-15 17:17:25.992 4149 4221 I RNAppUpgrade: Getting app launch attribution state = false
09-15 17:17:25.993 4149 4221 I RNAppUpgrade: hasOldSessionPreferences:false
09-15 17:17:25.993 4149 4149 I SimpleWakefulService: Acquire WAKE_LOCK for taskId: 2 with startId: 2
09-15 17:17:25.997 4149 4222 I RNAppUpgrade: processPendingIntents
09-15 17:17:25.997 4149 4222 I RNAppUpgrade: processPendingIntents:delayedIntentQueue size(1)
09-15 17:17:25.998 4149 4222 I RNAppUpgrade: processPendingIntent with action: WakeEventReceiver.ACTION_OEM_RTC_WAKE
09-15 17:17:25.998 4149 4222 I RNAppUpgrade: App Received Intent with action - WakeEventReceiver.ACTION_OEM_RTC_WAKE
09-15 17:17:26.006 4149 4222 I RNAppUpgrade: Emitted event for intent with action WakeEventReceiver.ACTION_OEM_RTC_WAKE with eventOptions: {"notificationId":0,"scheduledWakeUpTime":1537031707689,"taskId":1}
09-15 17:17:26.082 4149 4222 I RNAppUpgrade: initialize
09-15 17:17:26.161 4149 4221 I ReactNativeJS: [#ffffffff-u] [TRACE] [JS.Startup] Locale initialized to [de_DE]
09-15 17:17:26.163 4149 4221 I ReactNativeJS: [#ffffffff-u] [TRACE] [JS.Startup] Country code is [DE]
09-15 17:17:26.181 4149 4221 I ReactNativeJS: [#ffffffff-u] [TRACE] [JS.Startup] Device Id: dNWT97_WBMo
09-15 17:17:26.182 4149 4221 I ReactNativeJS: [#ffffffff-u] [TRACE] [JS.Startup] Device Manufacturer: samsung
09-15 17:17:26.183 4149 4221 I ReactNativeJS: [#ffffffff-u] [TRACE] [JS.Startup] Device Model: SM-A310F
09-15 17:17:26.184 4149 4221 I ReactNativeJS: [#ffffffff-u] [TRACE] [JS.Startup] Device OS version: 7.0
09-15 17:17:26.185 4149 4221 I ReactNativeJS: [#ffffffff-u] [TRACE] [JS.Startup] App version: 8.30.0.50
09-15 17:17:26.185 4149 4221 I ReactNativeJS: [#ffffffff-u] [TRACE] [JS.Startup] App activation state: Background
09-15 17:17:26.196 4149 4221 I ReactNativeJS: [#ffffffff-u] [TRACE] [JS.GenericUnsafe] Startup Phase 1 duration: 2276ms
09-15 17:17:26.203 4149 4221 I ReactNativeJS: [#ffffffff-u] [TRACE] [JS.GenericUnsafe] Startup Phase 2 duration: 1063ms
09-15 17:17:26.214 4149 4221 I ReactNativeJS: [#ffffffff-u] [TRACE] [JS.Startup] Starting: HockeyAppService
09-15 17:17:26.222 4149 4222 I ReactHockeyApp: HockeyApp - initializing configuration
09-15 17:17:26.222 4149 4221 I ReactNativeJS: [#ffffffff-S] [TRACE] [JS.HockeyApp] Ignoring check for updates - PUBLIC build
09-15 17:17:26.225 4149 4221 I ReactNativeJS: [#ffffffff-u] [TRACE] [JS.Startup] Finish: HockeyAppService: 10ms
09-15 17:17:26.233 4149 4365 I React: Check for new app crashes
09-15 17:17:26.244 4149 4221 I ReactNativeJS: [#ffffffff-u] [TRACE] [JS.Startup] Starting: CrashStatusStore
09-15 17:17:26.246 4149 4221 I ReactNativeJS: [#ffffffff-u] [TRACE] [JS.GenericUnsafe] RN Entry
09-15 17:17:26.256 4149 4221 I ReactNativeJS: [#ffffffff-u] [TRACE] [JS.AppUpgrade] Last app launch time: undefined
09-15 17:17:26.262 4149 4221 I RNAppUpgrade: Getting app launch attribution state = false
09-15 17:17:26.262 4149 4221 I RNAppUpgrade: hasOldSessionPreferences:false
09-15 17:17:26.265 4149 4221 I ReactNativeJS: [#ffffffff-u] [TRACE] [JS.AppUpgrade] _getAppLaunchState:subscribe:fired:0
09-15 17:17:26.269 4149 4221 I ReactNativeJS: [#ffffffff-u] [TRACE] [JS.AppUpgrade] Rtc Wake event Received with token 1
09-15 17:17:26.271 4149 4221 I ReactNativeJS: [#ffffffff-u] [TRACE] [JS.AppUpgrade] _getOEMConfigUsingBackgroundECSFetch, acceptStale:true
09-15 17:17:26.276 4149 4221 I ReactNativeJS: [#ffffffff-u] [TRACE] [JS.AppUpgrade] _subscribeAndFetchEcs
09-15 17:17:26.278 4149 4221 I ReactNativeJS: [#ffffffff-u] [TRACE] [JS.AppUpgrade] ECSConfig:Subscribing for fresh ECS
09-15 17:17:26.392 4149 4221 I ReactNativeJS: [#ffffffff-S] [TRACE] [JS.HockeyApp] Last launch crashed: false
09-15 17:17:26.393 4149 4221 I ReactNativeJS: [#ffffffff-u] [TRACE] [JS.Startup] Finish: CrashStatusStore: 149ms
09-15 17:17:26.396 4149 4221 I ReactNativeJS: [#ffffffff-u] [TRACE] [JS.Startup] SkypeId missing in Storage
09-15 17:17:26.480 4149 4221 I ReactNativeJS: [#ffffffff-u] [TRACE] [JS.AppUpgrade] ECSConfig:ECS, expires in: -21224282.724
09-15 17:17:26.482 4149 4221 I ReactNativeJS: [#ffffffff-u] [TRACE] [JS.AppUpgrade] _getWakeUpActivationData:begin:
09-15 17:17:26.484 4149 4221 I ReactNativeJS: [#ffffffff-u] [TRACE] [JS.AppUpgrade] _getWakeUpActivationData:end:
09-15 17:17:26.485 4149 4221 I ReactNativeJS: [#ffffffff-u] [TRACE] [JS.AppUpgrade] No notification type came from ECS config, falling back to PictureWithText1 notification
09-15 17:17:26.490 4149 4221 I ReactNativeJS: [#ffffffff-u] [TRACE] [JS.AppUpgrade] Using notification details for style TextOnly2
09-15 17:17:26.493 4149 4221 I ReactNativeJS: [#ffffffff-u] [TRACE] [JS.AppUpgrade] _triggerRtcWakeUpForActivationExperiment:begin
09-15 17:17:26.494 4149 4221 I RNAppUpgrade: Getting app launch attribution state = false
09-15 17:17:26.494 4149 4221 I RNAppUpgrade: hasOldSessionPreferences:false
09-15 17:17:26.496 4149 4222 I RNAppUpgrade: scheduleWakeUpForActivationExperiment
09-15 17:17:26.511 4149 4222 I ActivationExperiment: ActivationOptions{"ecsConfig":{"sendAppUpgradeTelemetry":true,"upgradeNotification":{"appParameters":{"appStateList":["Launched"],"maxWakeAttempts":3,"minHoursSinceLaunch":72,"wakeIntervalSecs":259200},"enabled":false,"enabledExperiments":[],"notificationTimingInfo":{"scheduleHourOfDay":19}}},"isInsidersBuild":false,"lastLaunchTime":-1,"launchState":"NeverLaunched","notificationMeta":{"imageStyle":"None","imageUri":"https://secure.skypeassets.com/content/dam/scom/app/notifications/ensure_network_image.png","notificationStyle":"TextOnly2","notificationTemplateType":"Default","subtitle":"Tägliche Chats in großartige Momente verwandeln","title":"Wir stellen vor: dein neues Skype"},"notificationState":"NotScheduled","notificationStyle":"TextOnly2","partnerPreInstallId":"534","scheduleWakeUpTime":1537031707689}
09-15 17:17:26.515 4149 4222 I ActivationExperiment: onAppWakeUp, woke up at: Saturday, September 15, 2018 at 7:17 PM with AppLaunchState NeverLaunched, wakeUpReason(RtcWakeUp)
09-15 17:17:26.515 4149 4222 I ActivationExperiment: isEligibleToStartExperiment, SAMSUNG_PREINSTALL
09-15 17:17:26.518 4149 4222 I ActivationExperiment: loadFromDisk:{"experimentList":[],"schemaVersion":"v1","totalRetargetAttempts":-1,"totalWakeAttempts":38,"wakeUpList":[{"reason":"Upgrade","status":"NextWakeUpScheduled","time":1535676121435},{"reason":"RtcWakeUp","status":"NextWakeUpScheduled","time":1535996521436},{"reason":"RtcWakeUp","status":"NextWakeUpScheduled","time":1536255726454},{"reason":"RtcWakeUp","status":"WakeUpRetriesExhausted","time":1536515215180},{"reason":"Upgrade","status":"NextWakeUpScheduled","time":1536786907686},{"reason":"RtcWakeUp","status":"WakeUpPending","time":1537031707689}]}, timeTaken(2 ms)
09-15 17:17:26.526 4149 4222 I ActivationExperiment: isEligibleToExecuteExperiment: upgradeNotification not enabled
09-15 17:17:26.528 4149 4222 I ActivationExperiment: scheduleWakeUpForActivationExperiment: schedule next wake up after: 259200 secs, app will wake up on Tuesday, September 18, 2018 at 7:17 PM
09-15 17:17:26.528 4149 4222 I ActivationExperiment: cancelPendingRtcWake
09-15 17:17:26.542 4149 4222 I ActivationExperiment: persistToDisk: SAVING, payload({"experimentList":[],"schemaVersion":"v1","totalRetargetAttempts":-1,"totalWakeAttempts":39,"wakeUpList":[{"reason":"Upgrade","status":"NextWakeUpScheduled","time":1535676121435},{"reason":"RtcWakeUp","status":"NextWakeUpScheduled","time":1535996521436},{"reason":"RtcWakeUp","status":"NextWakeUpScheduled","time":1536255726454},{"reason":"RtcWakeUp","status":"WakeUpRetriesExhausted","time":1536515215180},{"reason":"Upgrade","status":"NextWakeUpScheduled","time":1536786907686},{"reason":"RtcWakeUp","status":"NextWakeUpScheduled","time":1537031707689},{"reason":"RtcWakeUp","status":"WakeUpPending","time":1537291046526}]})
09-15 17:17:26.542 4149 4222 I ActivationExperiment: scheduleWakeUpForActivationExperiment: scheduled attempt(2), TimeTaken(16 ms)
09-15 17:17:26.628 4149 4221 I RNAppUpgrade: Getting app launch attribution state = false
09-15 17:17:26.628 4149 4221 I RNAppUpgrade: hasOldSessionPreferences:false
09-15 17:17:26.846 4149 4222 W ReactMethodWatchdog: Method RNCookieManagerAndroid.clearAll invocation took too long: 225ms
09-15 17:17:26.847 4149 4222 I UpgradeContext: releaseWakeLock taskId 1
09-15 17:17:26.850 4149 4149 I SimpleWakefulService: Release WAKE_LOCK for taskId: 1 with startId: 3
09-15 17:17:26.860 4149 4149 I SimpleWakefulService: Removing Stop message
09-15 17:17:26.959 4149 4222 I DeviceUtilities: DeviceUtilities: currentOrientation
09-15 17:17:27.016 4149 4222 W React: StatusBarModule: Ignored status bar change, current activity is null.
09-15 17:17:27.022 4149 4222 W React: StatusBarModule: Ignored status bar change, current activity is null.
09-15 17:17:27.022 4149 4222 W React: StatusBarModule: Ignored status bar change, current activity is null.
09-15 17:17:27.023 4149 4222 I DeviceUtilities: DeviceUtilities: statusBarHeight
09-15 17:17:27.056 4149 4221 W ReactNativeJS: [#ffffffff-u] [WARN] [JS.ResponsiveWidthStore] DeviceUtilities.currentOrientation failed: [pii] causeId: 8e0fc949
09-15 17:17:27.057 4149 4221 W ReactNativeJS: [#ffffffff-u] [WARN] [JS.GenericUnsafe] SafeAreaStore statusBarHeight failed: [pii]
09-15 17:17:33.969 4149 4217 I RNSlimcore: Clearing old logs
09-15 17:17:33.978 4149 4217 I SkyLibManager[TERMINATED:null]: clearOldLogs found 0 potential log files
09-15 17:17:40.997 4149 4363 I UpgradeContext: releaseWakeLock taskId 2
09-15 17:17:41.004 4149 4149 I SimpleWakefulService: Release WAKE_LOCK for taskId: 2 with startId: 4
09-15 17:17:41.022 4149 4149 I SimpleWakefulService: Removing Stop message
09-15 17:17:41.024 4149 4149 I SimpleWakefulService: Service destroyed
09-18 17:17:22.559 23674 23674 W ReactHockeyApp: RNHockeyApp: Failed to get existing metadata
09-18 17:17:22.559 23674 23674 W ReactHockeyApp: /data/user/0/com.skype.raider/files/HockeyAppCrashMetadata.json (No such file or directory)
09-18 17:17:22.559 23674 23674 W ReactHockeyApp: java.io.FileInputStream.open(FileInputStream.java:-2)
09-18 17:17:22.559 23674 23674 W ReactHockeyApp: java.io.FileInputStream.(FileInputStream.java:146)
09-18 17:17:22.559 23674 23674 W ReactHockeyApp: android.app.ContextImpl.openFileInput(ContextImpl.java:505)
09-18 17:17:22.559 23674 23674 W ReactHockeyApp: android.content.ContextWrapper.openFileInput(ContextWrapper.java:193)
09-18 17:17:22.559 23674 23674 W ReactHockeyApp: com.skype.hockeyapp.SkypeCrashListener.f(SourceFile:139)
09-18 17:17:22.559 23674 23674 W ReactHockeyApp: com.skype.hockeyapp.SkypeCrashListener.(SourceFile:48)
09-18 17:17:22.559 23674 23674 W ReactHockeyApp: com.skype.hockeyapp.SkypeCrashListener.a(SourceFile:43)
09-18 17:17:22.559 23674 23674 W ReactHockeyApp: com.skype.hockeyapp.SkypeCrashManager.a(SourceFile:40)
09-18 17:17:22.559 23674 23674 W ReactHockeyApp: com.skype4life.SkypeApplication.onCreate(SourceFile:1045)
09-18 17:17:22.559 23674 23674 W ReactHockeyApp: android.app.Instrumentation.callApplicationOnCreate(Instrumentation.java:1032)
09-18 17:17:22.559 23674 23674 W ReactHockeyApp: android.app.ActivityThread.handleBindApplication(ActivityThread.java:5970)
09-18 17:17:22.559 23674 23674 W ReactHockeyApp: android.app.ActivityThread.-wrap3(ActivityThread.java:-1)
09-18 17:17:22.559 23674 23674 W ReactHockeyApp: android.app.ActivityThread$H.handleMessage(ActivityThread.java:1710)
09-18 17:17:22.559 23674 23674 W ReactHockeyApp: android.os.Handler.dispatchMessage(Handler.java:102)
09-18 17:17:22.559 23674 23674 W ReactHockeyApp: android.os.Looper.loop(Looper.java:154)
09-18 17:17:22.559 23674 23674 W ReactHockeyApp: android.app.ActivityThread.main(ActivityThread.java:6776)
09-18 17:17:22.559 23674 23674 W ReactHockeyApp: java.lang.reflect.Method.invoke(Method.java:-2)
09-18 17:17:22.559 23674 23674 W ReactHockeyApp: com.android.internal.os.ZygoteInit$MethodAndArgsCaller.run(ZygoteInit.java:1496)
09-18 17:17:22.559 23674 23674 W ReactHockeyApp: com.android.internal.os.ZygoteInit.main(ZygoteInit.java:1386)
09-18 17:17:22.587 23674 23674 I DumpUploader: Preparing check for new crash dumps
09-18 17:17:22.588 23674 23693 I DumpUploader: Started check for new crash dumps
09-18 17:17:22.590 23674 23674 I ReactApp: parsingProcessName took 1ms
09-18 17:17:22.590 23674 23674 I ReactApp: onCreate start
09-18 17:17:22.611 23674 23674 I ReactApp: leakCanaryInstall took 4ms
09-18 17:17:22.620 23674 23693 I DumpUploader: Marking dumps as known:
09-18 17:17:22.654 23674 23674 I ReactApp: configureOkHttp took 41ms
09-18 17:17:22.654 23674 23674 I ReactApp: configureStetho took 0ms
09-18 17:17:22.674 23674 23674 I ReactApp: configureYoga took 20ms
09-18 17:17:22.683 23674 23674 I ReactApp: CsiManager.onCreate took 8ms
09-18 17:17:22.850 23674 23674 I ReactApp: mReactNativeHost.getReactInstanceManager took 167ms
09-18 17:17:22.851 23674 23674 I ReactApp: onCreate complete in 331ms
09-18 17:17:22.853 23674 23698 I React: Creating react context.
09-18 17:17:22.853 23674 23674 I UpgradeContext: onReceive action WakeEventReceiver.ACTION_OEM_RTC_WAKE
09-18 17:17:22.854 23674 23674 I UpgradeContext: acquireWakeLock taskId 1
09-18 17:17:22.866 23674 23674 I UpgradeContext: UpgradeModuleNotReady: task 1, intent pushed to delayedIntentQueue
09-18 17:17:22.870 23674 23674 I SimpleWakefulService: Service created
09-18 17:17:22.872 23674 23674 I SimpleWakefulService: Acquire WAKE_LOCK for taskId: 1 with startId: 1
09-18 17:17:22.875 23674 23698 I SkypeCameraViewManager: init
09-18 17:17:22.891 23674 23698 I GradientImagePackage: createViewManagers
09-18 17:17:22.894 23674 23698 W ViewManagerPropertyUpdater: Could not find generated setter for class com.skype.ink.AdditiveSurfaceViewManager
09-18 17:17:22.905 23674 23698 W ViewManagerPropertyUpdater: Could not find generated setter for class com.skype.ink.AdditiveSurfaceViewShadowNode
09-18 17:17:22.914 23674 23698 W ViewManagerPropertyUpdater: Could not find generated setter for class com.facebook.react.uimanager.h
09-18 17:17:22.916 23674 23698 W ViewManagerPropertyUpdater: Could not find generated setter for class com.facebook.react.views.text.g
09-18 17:17:22.923 23674 23698 W ViewManagerPropertyUpdater: Could not find generated setter for class com.facebook.react.views.textinput.i
09-18 17:17:22.927 23674 23698 W ViewManagerPropertyUpdater: Could not find generated setter for class com.facebook.react.views.art.c
09-18 17:17:22.929 23674 23698 W ViewManagerPropertyUpdater: Could not find generated setter for class com.facebook.react.views.art.b
09-18 17:17:22.934 23674 23698 W ViewManagerPropertyUpdater: Could not find generated setter for class com.facebook.react.views.art.a
09-18 17:17:22.935 23674 23698 W ViewManagerPropertyUpdater: Could not find generated setter for class com.facebook.react.views.progressbar.b
09-18 17:17:22.937 23674 23698 W ViewManagerPropertyUpdater: Could not find generated setter for class com.facebook.react.views.text.frescosupport.a
09-18 17:17:22.942 23674 23698 W ViewManagerPropertyUpdater: Could not find generated setter for class com.brentvatne.react.ReactVideoViewManager
09-18 17:17:22.953 23674 23698 W ViewManagerPropertyUpdater: Could not find generated setter for class com.skpcamera.SkypeCameraViewManager
09-18 17:17:22.959 23674 23698 W ViewManagerPropertyUpdater: Could not find generated setter for class com.customkeyboard.CustomKeyboardViewManager
09-18 17:17:22.962 23674 23698 W ViewManagerPropertyUpdater: Could not find generated setter for class com.skype.slimcore.video.RNCallingVideoViewManager
09-18 17:17:22.963 23674 23698 W ViewManagerPropertyUpdater: Could not find generated setter for class com.skype.slimcore.video.RNCallingVideoViewLocalManager
09-18 17:17:22.965 23674 23698 W ViewManagerPropertyUpdater: Could not find generated setter for class com.skype.slimcore.video.RNCallingVideoViewPreviewManager
09-18 17:17:22.966 23674 23698 W ViewManagerPropertyUpdater: Could not find generated setter for class com.microsoft.react.mediapicker.MediaPickerViewManager
09-18 17:17:22.970 23674 23698 W ViewManagerPropertyUpdater: Could not find generated setter for class com.microsoft.react.mediapicker.c
09-18 17:17:22.973 23674 23698 W ViewManagerPropertyUpdater: Could not find generated setter for class com.microsoft.skypemessagetextinput.view.RNViewManager
09-18 17:17:22.977 23674 23698 W ViewManagerPropertyUpdater: Could not find generated setter for class com.microsoft.skypemessagetextinput.view.c
09-18 17:17:22.978 23674 23698 W ViewManagerPropertyUpdater: Could not find generated setter for class com.skype.reactnativesprites.SpriteViewManager
09-18 17:17:22.980 23674 23698 W ViewManagerPropertyUpdater: Could not find generated setter for class com.projectseptember.RNGL.GLCanvasManager
09-18 17:17:22.982 23674 23698 W ViewManagerPropertyUpdater: Could not find generated setter for class com.github.alinz.reactnativewebviewbridge.WebViewBridgeManager
09-18 17:17:22.987 23674 23698 W ViewManagerPropertyUpdater: Could not find generated setter for class com.airbnb.android.react.maps.AirMapCalloutManager
09-18 17:17:22.989 23674 23698 W ViewManagerPropertyUpdater: Could not find generated setter for class com.airbnb.android.react.maps.AirMapMarkerManager
09-18 17:17:22.992 23674 23698 W ViewManagerPropertyUpdater: Could not find generated setter for class com.airbnb.android.react.maps.AirMapPolylineManager
09-18 17:17:22.994 23674 23698 W ViewManagerPropertyUpdater: Could not find generated setter for class com.airbnb.android.react.maps.AirMapPolygonManager
09-18 17:17:22.995 23674 23698 W ViewManagerPropertyUpdater: Could not find generated setter for class com.airbnb.android.react.maps.AirMapCircleManager
09-18 17:17:22.998 23674 23698 W ViewManagerPropertyUpdater: Could not find generated setter for class com.airbnb.android.react.maps.AirMapManager
09-18 17:17:23.002 23674 23698 W ViewManagerPropertyUpdater: Could not find generated setter for class com.airbnb.android.react.maps.AirMapLiteManager
09-18 17:17:23.003 23674 23698 W ViewManagerPropertyUpdater: Could not find generated setter for class com.airbnb.android.react.maps.AirMapUrlTileManager
09-18 17:17:23.004 23674 23698 W ViewManagerPropertyUpdater: Could not find generated setter for class com.microsoft.react.videofxp.VideoFXPViewManager
09-18 17:17:23.005 23674 23698 W ViewManagerPropertyUpdater: Could not find generated setter for class com.skype.virtualmessageview.VirtualMessageViewControllerManager
09-18 17:17:23.007 23674 23698 W ViewManagerPropertyUpdater: Could not find generated setter for class com.microsoft.react.clippedview.ClippedViewManager
09-18 17:17:23.008 23674 23698 W ViewManagerPropertyUpdater: Could not find generated setter for class com.BV.LinearGradient.LinearGradientManager
09-18 17:17:23.010 23674 23698 W ViewManagerPropertyUpdater: Could not find generated setter for class com.airbnb.android.react.lottie.LottieAnimationViewManager
09-18 17:17:23.013 23674 23698 W ViewManagerPropertyUpdater: Could not find generated setter for class com.microsoft.react.gradientimage.GradientImageViewManager
09-18 17:17:23.014 23674 23698 W ViewManagerPropertyUpdater: Could not find generated setter for class com.skype.qrcode.QRCodeViewManager
09-18 17:17:23.016 23674 23698 W ViewManagerPropertyUpdater: Could not find generated setter for class com.skype.camera.imagefilter.ImageFilterManager
09-18 17:17:23.283 23674 23698 W JavaModuleHelper: Could not find generated custom module provider
09-18 17:17:23.283 23674 23698 W React: There is no generated module helper for module: RNBackgroundTimer using FallbackModuleHelper which works way slower. Consider enabling apt generation for this module in order to improve startup performance
09-18 17:17:23.283 23674 23698 W React: There is no generated module helper for module: RNGLContext using FallbackModuleHelper which works way slower. Consider enabling apt generation for this module in order to improve startup performance
09-18 17:17:23.283 23674 23698 W React: There is no generated module helper for module: IncomingCallInteractionManager using FallbackModuleHelper which works way slower. Consider enabling apt generation for this module in order to improve startup performance
09-18 17:17:23.283 23674 23698 W React: There is no generated module helper for module: FingerprintingLib using FallbackModuleHelper which works way slower. Consider enabling apt generation for this module in order to improve startup performance
09-18 17:17:23.283 23674 23698 W React: There is no generated module helper for module: SoundRecorder using FallbackModuleHelper which works way slower. Consider enabling apt generation for this module in order to improve startup performance
09-18 17:17:23.284 23674 23698 W React: There is no generated module helper for module: Adjust using FallbackModuleHelper which works way slower. Consider enabling apt generation for this module in order to improve startup performance
09-18 17:17:23.284 23674 23698 W React: There is no generated module helper for module: RNSkypeCredentialsFetcher using FallbackModuleHelper which works way slower. Consider enabling apt generation for this module in order to improve startup performance
09-18 17:17:23.284 23674 23698 W React: There is no generated module helper for module: RNKeychainManager using FallbackModuleHelper which works way slower. Consider enabling apt generation for this module in order to improve startup performance
09-18 17:17:23.284 23674 23698 W React: There is no generated module helper for module: MediaPicker using FallbackModuleHelper which works way slower. Consider enabling apt generation for this module in order to improve startup performance
09-18 17:17:23.284 23674 23698 W React: There is no generated module helper for module: PlatformConstants using FallbackModuleHelper which works way slower. Consider enabling apt generation for this module in order to improve startup performance
09-18 17:17:23.284 23674 23698 W React: There is no generated module helper for module: AirMapModule using FallbackModuleHelper which works way slower. Consider enabling apt generation for this module in order to improve startup performance
09-18 17:17:23.284 23674 23698 W React: There is no generated module helper for module: DeviceUtilities using FallbackModuleHelper which works way slower. Consider enabling apt generation for this module in order to improve startup performance
09-18 17:17:23.284 23674 23698 W React: There is no generated module helper for module: RNReload using FallbackModuleHelper which works way slower. Consider enabling apt generation for this module in order to improve startup performance
09-18 17:17:23.284 23674 23698 W React: There is no generated module helper for module: CampaignReceiver using FallbackModuleHelper which works way slower. Consider enabling apt generation for this module in order to improve startup performance
09-18 17:17:23.284 23674 23698 W React: There is no generated module helper for module: SnapshotManager using FallbackModuleHelper which works way slower. Consider enabling apt generation for this module in order to improve startup performance
09-18 17:17:23.285 23674 23698 W React: There is no generated module helper for module: AdvertisementUtilities using FallbackModuleHelper which works way slower. Consider enabling apt generation for this module in order to improve startup performance
09-18 17:17:23.285 23674 23698 W React: There is no generated module helper for module: RNStorage using FallbackModuleHelper which works way slower. Consider enabling apt generation for this module in order to improve startup performance
09-18 17:17:23.285 23674 23698 W React: There is no generated module helper for module: ExternalBrowser using FallbackModuleHelper which works way slower. Consider enabling apt generation for this module in order to improve startup performance
09-18 17:17:23.285 23674 23698 W React: There is no generated module helper for module: ShareToApp using FallbackModuleHelper which works way slower. Consider enabling apt generation for this module in order to improve startup performance
09-18 17:17:23.285 23674 23698 W React: There is no generated module helper for module: RNGeocoder using FallbackModuleHelper which works way slower. Consider enabling apt generation for this module in order to improve startup performance
09-18 17:17:23.285 23674 23698 W React: There is no generated module helper for module: UrlUtil using FallbackModuleHelper which works way slower. Consider enabling apt generation for this module in order to improve startup performance
09-18 17:17:23.285 23674 23698 W React: There is no generated module helper for module: ImageResizerAndroid using FallbackModuleHelper which works way slower. Consider enabling apt generation for this module in order to improve startup performance
09-18 17:17:23.285 23674 23698 W React: There is no generated module helper for module: EnvironmentInfo using FallbackModuleHelper which works way slower. Consider enabling apt generation for this module in order to improve startup performance
09-18 17:17:23.285 23674 23698 W React: There is no generated module helper for module: RNCookieManagerAndroid using FallbackModuleHelper which works way slower. Consider enabling apt generation for this module in order to improve startup performance
09-18 17:17:23.286 23674 23698 W React: There is no generated module helper for module: ShareSheet using FallbackModuleHelper which works way slower. Consider enabling apt generation for this module in order to improve startup performance
09-18 17:17:23.286 23674 23698 W React: There is no generated module helper for module: RNBackgroundExecution using FallbackModuleHelper which works way slower. Consider enabling apt generation for this module in order to improve startup performance
09-18 17:17:23.286 23674 23698 W React: There is no generated module helper for module: SkypeCamera using FallbackModuleHelper which works way slower. Consider enabling apt generation for this module in order to improve startup performance
09-18 17:17:23.286 23674 23698 W React: There is no generated module helper for module: RNCommandInvoker using FallbackModuleHelper which works way slower. Consider enabling apt generation for this module in order to improve startup performance
09-18 17:17:23.286 23674 23698 W React: There is no generated module helper for module: FrescoModule using FallbackModuleHelper which works way slower. Consider enabling apt generation for this module in order to improve startup performance
09-18 17:17:23.286 23674 23698 W React: There is no generated module helper for module: RNAppUpgrade using FallbackModuleHelper which works way slower. Consider enabling apt generation for this module in order to improve startup performance
09-18 17:17:23.286 23674 23698 W React: There is no generated module helper for module: TimeZoneManager using FallbackModuleHelper which works way slower. Consider enabling apt generation for this module in order to improve startup performance
09-18 17:17:23.286 23674 23698 W React: There is no generated module helper for module: AndroidSmsManager using FallbackModuleHelper which works way slower. Consider enabling apt generation for this module in order to improve startup performance
09-18 17:17:23.286 23674 23698 W React: There is no generated module helper for module: RNManualFileCache using FallbackModuleHelper which works way slower. Consider enabling apt generation for this module in order to improve startup performance
09-18 17:17:23.286 23674 23698 W React: There is no generated module helper for module: TokenShareModule using FallbackModuleHelper which works way slower. Consider enabling apt generation for this module in order to improve startup performance
09-18 17:17:23.286 23674 23698 W React: There is no generated module helper for module: SplashScreenNotifier using FallbackModuleHelper which works way slower. Consider enabling apt generation for this module in order to improve startup performance
09-18 17:17:23.287 23674 23698 W React: There is no generated module helper for module: CustomKeyboard using FallbackModuleHelper which works way slower. Consider enabling apt generation for this module in order to improve startup performance
09-18 17:17:23.287 23674 23698 W React: There is no generated module helper for module: ContextMenuAndroid using FallbackModuleHelper which works way slower. Consider enabling apt generation for this module in order to improve startup performance
09-18 17:17:23.287 23674 23698 W React: There is no generated module helper for module: CortanaSignals using FallbackModuleHelper which works way slower. Consider enabling apt generation for this module in order to improve startup performance
09-18 17:17:23.287 23674 23698 W React: There is no generated module helper for module: FileEncryptionNative using FallbackModuleHelper which works way slower. Consider enabling apt generation for this module in order to improve startup performance
09-18 17:17:23.287 23674 23698 W React: There is no generated module helper for module: NativeEntropy using FallbackModuleHelper which works way slower. Consider enabling apt generation for this module in order to improve startup performance
09-18 17:17:23.287 23674 23698 W React: There is no generated module helper for module: VideoFXP using FallbackModuleHelper which works way slower. Consider enabling apt generation for this module in order to improve startup performance
09-18 17:17:23.287 23674 23698 W React: There is no generated module helper for module: SKPSkypeMessageTextInputModule using FallbackModuleHelper which works way slower. Consider enabling apt generation for this module in order to improve startup performance
09-18 17:17:23.287 23674 23698 W React: There is no generated module helper for module: RNUrlRequest using FallbackModuleHelper which works way slower. Consider enabling apt generation for this module in order to improve startup performance
09-18 17:17:23.287 23674 23698 W React: There is no generated module helper for module: FileTracker using FallbackModuleHelper which works way slower. Consider enabling apt generation for this module in order to improve startup performance
09-18 17:17:23.288 23674 23698 W React: There is no generated module helper for module: Calendar using FallbackModuleHelper which works way slower. Consider enabling apt generation for this module in order to improve startup performance
09-18 17:17:23.288 23674 23698 W React: There is no generated module helper for module: SoundPlayer using FallbackModuleHelper which works way slower. Consider enabling apt generation for this module in order to improve startup performance
09-18 17:17:23.288 23674 23698 W React: There is no generated module helper for module: RNSlimcore using FallbackModuleHelper which works way slower. Consider enabling apt generation for this module in order to improve startup performance
09-18 17:17:23.288 23674 23698 W React: There is no generated module helper for module: DeviceSettings using FallbackModuleHelper which works way slower. Consider enabling apt generation for this module in order to improve startup performance
09-18 17:17:23.288 23674 23698 W React: There is no generated module helper for module: RNViewConfig using FallbackModuleHelper which works way slower. Consider enabling apt generation for this module in order to improve startup performance
09-18 17:17:23.288 23674 23698 W React: There is no generated module helper for module: CallMonitor using FallbackModuleHelper which works way slower. Consider enabling apt generation for this module in order to improve startup performance
09-18 17:17:23.288 23674 23698 W React: There is no generated module helper for module: RNGraphicsContext using FallbackModuleHelper which works way slower. Consider enabling apt generation for this module in order to improve startup performance
09-18 17:17:23.288 23674 23698 W React: There is no generated module helper for module: SyncModule using FallbackModuleHelper which works way slower. Consider enabling apt generation for this module in order to improve startup performance
09-18 17:17:23.288 23674 23698 W React: There is no generated module helper for module: CallIntent using FallbackModuleHelper which works way slower. Consider enabling apt generation for this module in order to improve startup performance
09-18 17:17:23.288 23674 23698 W React: There is no generated module helper for module: ImagePickerManager using FallbackModuleHelper which works way slower. Consider enabling apt generation for this module in order to improve startup performance
09-18 17:17:23.289 23674 23698 W React: There is no generated module helper for module: RNDocumentPicker using FallbackModuleHelper which works way slower. Consider enabling apt generation for this module in order to improve startup performance
09-18 17:17:23.289 23674 23698 W React: There is no generated module helper for module: ExtendedAppState using FallbackModuleHelper which works way slower. Consider enabling apt generation for this module in order to improve startup performance
09-18 17:17:23.289 23674 23698 W React: There is no generated module helper for module: DeviceInfo using FallbackModuleHelper which works way slower. Consider enabling apt generation for this module in order to improve startup performance
09-18 17:17:23.289 23674 23698 W React: There is no generated module helper for module: ZipUtil using FallbackModuleHelper which works way slower. Consider enabling apt generation for this module in order to improve startup performance
09-18 17:17:23.289 23674 23698 W React: There is no generated module helper for module: Contacts using FallbackModuleHelper which works way slower. Consider enabling apt generation for this module in order to improve startup performance
09-18 17:17:23.289 23674 23698 W React: There is no generated module helper for module: RNPushAndroid using FallbackModuleHelper which works way slower. Consider enabling apt generation for this module in order to improve startup performance
09-18 17:17:23.289 23674 23698 W React: There is no generated module helper for module: AndroidBadges using FallbackModuleHelper which works way slower. Consider enabling apt generation for this module in order to improve startup performance
09-18 17:17:23.289 23674 23698 W React: There is no generated module helper for module: RNNetworkInfo using FallbackModuleHelper which works way slower. Consider enabling apt generation for this module in order to improve startup performance
09-18 17:17:23.289 23674 23698 W React: There is no generated module helper for module: RNHockeyApp using FallbackModuleHelper which works way slower. Consider enabling apt generation for this module in order to improve startup performance
09-18 17:17:23.290 23674 23698 W React: There is no generated module helper for module: AssetReader using FallbackModuleHelper which works way slower. Consider enabling apt generation for this module in order to improve startup performance
09-18 17:17:23.290 23674 23698 W React: There is no generated module helper for module: SourceCode using FallbackModuleHelper which works way slower. Consider enabling apt generation for this module in order to improve startup performance
09-18 17:17:23.290 23674 23698 W React: There is no generated module helper for module: PermissionsManager using FallbackModuleHelper which works way slower. Consider enabling apt generation for this module in order to improve startup performance
09-18 17:17:23.290 23674 23698 W React: There is no generated module helper for module: ClientLogging using FallbackModuleHelper which works way slower. Consider enabling apt generation for this module in order to improve startup performance
09-18 17:17:23.290 23674 23698 W React: There is no generated module helper for module: AudioManager using FallbackModuleHelper which works way slower. Consider enabling apt generation for this module in order to improve startup performance
09-18 17:17:23.517 23674 23716 I SkypeCameraModule: SkypeCameraModule initialize
09-18 17:17:23.520 23674 23716 W ReactApp: registerMemoryTrimmable current size: 0
09-18 17:17:23.520 23674 23716 W ReactApp: registerMemoryTrimmable current size: 1
09-18 17:17:23.540 23674 23674 I SmsHandlingContext: init()
09-18 17:17:23.546 23674 23716 I AudioManagerModule: initialize (causeId 351c0393)
09-18 17:17:23.547 23674 23716 I AudioManagerModule: AudioManagerModule.initialize took 1ms
09-18 17:17:23.548 23674 23709 I AudioOptions: initialize (causeId 351c0393)
09-18 17:17:23.551 23674 23709 I WiredHeadsetReceiver: Registered receiver
09-18 17:17:23.553 23674 23710 I WiredHeadsetReceiver: addListener (causeId: 351c0393)
09-18 17:17:23.559 23674 23710 I AudioOptions: WiredHeadsetReceiver.headsetStateChanged UNPLUGGED (causeId 351c0393)
09-18 17:17:23.563 23674 23710 I BluetoothReceiver: BluetoothReceiver: AudioManager.ACTION_SCO_AUDIO_STATE_UPDATED: UNKNOWN -> STATE_DISCONNECTED (causeId: 43f66e69)
09-18 17:17:23.564 23674 23709 I BluetoothReceiver: Received sticky intent android.media.ACTION_SCO_AUDIO_STATE_UPDATED
09-18 17:17:23.564 23674 23709 I BluetoothReceiver: Registered receiver
09-18 17:17:23.564 23674 23709 I BluetoothReceiver: loadAlreadyConnectedDevices (causeId: 351c0393)
09-18 17:17:23.566 23674 23710 I BluetoothReceiver: BluetoothReceiver: AudioManager.ACTION_SCO_AUDIO_STATE_UPDATED: UNKNOWN -> STATE_DISCONNECTED (causeId: 156cdcab)
09-18 17:17:23.581 23674 23721 I BluetoothReceiver: addListener (causeId: 351c0393)
09-18 17:17:23.610 23674 23709 I BluetoothReceiver: createServiceListener (causeId: 351c0393)
09-18 17:17:23.672 23674 23710 I ModernAudioDeviceMonitor: addListener (causeId: 351c0393)
09-18 17:17:23.672 23674 23710 I AudioOptions: ModernAudioDeviceMonitor.availableAudioDeviceTypesChanged headphones: false usb: false (causeId 351c0393)
09-18 17:17:23.704 23674 23721 I ModernAudioDeviceMonitor: initialization headphones: false, usb: false, devices: [[1:TYPE_BUILTIN_EARPIECE], [2:TYPE_BUILTIN_SPEAKER], [5:TYPE_BUILTIN_MIC], [7:TYPE_TELEPHONY]] (causeId: 209866c8)
09-18 17:17:23.705 23674 23709 I AudioManagerModule: Output update and reset (destination 3, deviceStatus 2, causeId 351c0393)
