08-26 17:11:32.022 5216 5459 I ReactNativeJS: [#ffffffff-u] [TRACE] [JS.AppUpgrade] No notification type came from ECS config, falling back to PictureWithText1 notification
08-26 17:11:32.027 5216 5459 I ReactNativeJS: [#ffffffff-u] [TRACE] [JS.AppUpgrade] Using notification details for style TextOnly2
08-26 17:11:32.031 5216 5459 I ReactNativeJS: [#ffffffff-u] [TRACE] [JS.AppUpgrade] _triggerRtcWakeUpForActivationExperiment:begin
08-26 17:11:32.032 5216 5459 I RNAppUpgrade: Getting app launch attribution state = false
08-26 17:11:32.032 5216 5459 I RNAppUpgrade: hasOldSessionPreferences:false
08-26 17:11:32.034 5216 5460 I RNAppUpgrade: scheduleWakeUpForActivationExperiment
08-26 17:11:32.091 5216 5460 I ActivationExperiment: ActivationOptions{"ecsConfig":{"sendAppUpgradeTelemetry":true,"upgradeNotification":{"appParameters":{"appStateList":["Launched"],"maxWakeAttempts":3,"minHoursSinceLaunch":72,"wakeIntervalSecs":259200},"enabled":false,"enabledExperiments":[],"notificationTimingInfo":{"scheduleHourOfDay":19}}},"isInsidersBuild":false,"lastLaunchTime":-1,"launchState":"NeverLaunched","notificationMeta":{"imageStyle":"None","imageUri":"https://secure.skypeassets.com/content/dam/scom/app/notifications/ensure_network_image.png","notificationStyle":"TextOnly2","notificationTemplateType":"Default","subtitle":"Tägliche Chats in großartige Momente verwandeln","title":"Wir stellen vor: dein neues Skype"},"notificationState":"NotScheduled","notificationStyle":"TextOnly2","partnerPreInstallId":"534","scheduleWakeUpTime":1535303040320}
08-26 17:11:32.111 5216 5460 I ActivationExperiment: onAppWakeUp, woke up at: Sunday, August 26, 2018 at 7:11 PM with AppLaunchState NeverLaunched, wakeUpReason(RtcWakeUp)
08-26 17:11:32.118 5216 5460 I ActivationExperiment: isEligibleToStartExperiment, SAMSUNG_PREINSTALL
08-26 17:11:32.163 5216 5460 I ActivationExperiment: loadFromDisk:{"experimentList":[],"schemaVersion":"v1","totalRetargetAttempts":-1,"totalWakeAttempts":32,"wakeUpList":[{"reason":"Upgrade","status":"NextWakeUpScheduled","time":1533946234151},{"reason":"RtcWakeUp","status":"NextWakeUpScheduled","time":1534266634152},{"reason":"RtcWakeUp","status":"WakeUpPending","time":1534525837347},{"reason":"Upgrade","status":"NextWakeUpScheduled","time":1534471151091},{"reason":"RtcWakeUp","status":"NextWakeUpScheduled","time":1534787951092},{"reason":"RtcWakeUp","status":"NextWakeUpScheduled","time":1535047181984},{"reason":"RtcWakeUp","status":"WakeUpPending","time":1535303040320}]}, timeTaken(11 ms)
08-26 17:11:32.181 5216 5460 I ActivationExperiment: isEligibleToExecuteExperiment: upgradeNotification not enabled
08-26 17:11:32.209 5216 5460 I ActivationExperiment: persistToDisk: SAVING, payload({"experimentList":[],"schemaVersion":"v1","totalRetargetAttempts":-1,"totalWakeAttempts":33,"wakeUpList":[{"reason":"Upgrade","status":"NextWakeUpScheduled","time":1533946234151},{"reason":"RtcWakeUp","status":"NextWakeUpScheduled","time":1534266634152},{"reason":"RtcWakeUp","status":"WakeUpPending","time":1534525837347},{"reason":"Upgrade","status":"NextWakeUpScheduled","time":1534471151091},{"reason":"RtcWakeUp","status":"NextWakeUpScheduled","time":1534787951092},{"reason":"RtcWakeUp","status":"NextWakeUpScheduled","time":1535047181984},{"reason":"RtcWakeUp","status":"WakeUpRetriesExhausted","time":1535303040320}]})
08-26 17:11:32.210 5216 5460 I ActivationExperiment: scheduleWakeUpForActivationExperiment: RetriesExhausted, canScheduleWake(false), WakeUpCount: 3
08-26 17:11:32.215 5216 5460 W ReactMethodWatchdog: Method RNAppUpgrade.onRtcWakeUpForActivationExperiment invocation took too long: 181ms
08-26 17:11:32.337 5216 5460 W ReactMethodWatchdog: Method Adjust.create invocation took too long: 119ms
08-26 17:11:32.450 5216 5459 I RNAppUpgrade: Getting app launch attribution state = false
08-26 17:11:32.451 5216 5459 I RNAppUpgrade: hasOldSessionPreferences:false
08-26 17:11:33.607 5216 5460 W ReactMethodWatchdog: Method RNCookieManagerAndroid.clearAll invocation took too long: 1270ms
08-26 17:11:33.685 5216 5460 I UpgradeContext: releaseWakeLock taskId 1
08-26 17:11:33.693 5216 5216 I SimpleWakefulService: Release WAKE_LOCK for taskId: 1 with startId: 3
08-26 17:11:33.696 5216 5216 I SimpleWakefulService: Removing Stop message
08-26 17:11:34.059 5216 5460 W ReactMethodWatchdog: Method RNSkypeCredentialsFetcher.fetchUserInfo invocation took too long: 116ms
08-26 17:11:34.202 5216 5460 I DeviceUtilities: DeviceUtilities: currentOrientation
08-26 17:11:34.469 5216 5460 W React: StatusBarModule: Ignored status bar change, current activity is null.
08-26 17:11:34.475 5216 5460 W React: StatusBarModule: Ignored status bar change, current activity is null.
08-26 17:11:34.491 5216 5460 W React: StatusBarModule: Ignored status bar change, current activity is null.
08-26 17:11:34.492 5216 5460 I DeviceUtilities: DeviceUtilities: statusBarHeight
08-26 17:11:34.598 5216 5646 I HttpLoggingInterceptor: Http succeeded, request: POST browser.pipe.aria.microsoft.com (2364 body). Response: 200 OK (905 ms, 0 body)
08-26 17:11:34.801 5216 5460 W ReactMethodWatchdog: Method DeviceUtilities.statusBarHeight invocation took too long: 310ms
08-26 17:11:34.805 5216 5459 W ReactNativeJS: [#ffffffff-u] [WARN] [JS.ResponsiveWidthStore] DeviceUtilities.currentOrientation failed: [pii] causeId: 4e052f2c
08-26 17:11:35.039 5216 5459 W ReactNativeJS: [#ffffffff-u] [WARN] [JS.GenericUnsafe] SafeAreaStore statusBarHeight failed: [pii]
08-26 17:11:39.551 5216 5453 I RNSlimcore: Clearing old logs
08-26 17:11:39.618 5216 5453 I SkyLibManager[TERMINATED:null]: clearOldLogs found 0 potential log files
08-26 17:11:46.373 5216 5528 I UpgradeContext: releaseWakeLock taskId 2
08-26 17:11:46.379 5216 5216 I SimpleWakefulService: Release WAKE_LOCK for taskId: 2 with startId: 4
08-26 17:11:46.384 5216 5216 I SimpleWakefulService: Removing Stop message
08-26 17:11:46.387 5216 5216 I SimpleWakefulService: Service destroyed
08-27 16:56:44.859 8155 8155 W ReactHockeyApp: RNHockeyApp: Failed to get existing metadata
08-27 16:56:44.859 8155 8155 W ReactHockeyApp: /data/user/0/com.skype.raider/files/HockeyAppCrashMetadata.json (No such file or directory)
08-27 16:56:44.859 8155 8155 W ReactHockeyApp: java.io.FileInputStream.open(FileInputStream.java:-2)
08-27 16:56:44.859 8155 8155 W ReactHockeyApp: java.io.FileInputStream.(FileInputStream.java:146)
08-27 16:56:44.859 8155 8155 W ReactHockeyApp: android.app.ContextImpl.openFileInput(ContextImpl.java:505)
08-27 16:56:44.859 8155 8155 W ReactHockeyApp: android.content.ContextWrapper.openFileInput(ContextWrapper.java:193)
08-27 16:56:44.859 8155 8155 W ReactHockeyApp: com.skype.hockeyapp.SkypeCrashListener.f(SourceFile:139)
08-27 16:56:44.859 8155 8155 W ReactHockeyApp: com.skype.hockeyapp.SkypeCrashListener.(SourceFile:48)
08-27 16:56:44.859 8155 8155 W ReactHockeyApp: com.skype.hockeyapp.SkypeCrashListener.a(SourceFile:43)
08-27 16:56:44.859 8155 8155 W ReactHockeyApp: com.skype.hockeyapp.SkypeCrashManager.a(SourceFile:37)
08-27 16:56:44.859 8155 8155 W ReactHockeyApp: com.skype4life.SkypeApplication.onCreate(SourceFile:1042)
08-27 16:56:44.859 8155 8155 W ReactHockeyApp: android.app.Instrumentation.callApplicationOnCreate(Instrumentation.java:1032)
08-27 16:56:44.859 8155 8155 W ReactHockeyApp: android.app.ActivityThread.handleBindApplication(ActivityThread.java:5970)
08-27 16:56:44.859 8155 8155 W ReactHockeyApp: android.app.ActivityThread.-wrap3(ActivityThread.java:-1)
08-27 16:56:44.859 8155 8155 W ReactHockeyApp: android.app.ActivityThread$H.handleMessage(ActivityThread.java:1710)
08-27 16:56:44.859 8155 8155 W ReactHockeyApp: android.os.Handler.dispatchMessage(Handler.java:102)
08-27 16:56:44.859 8155 8155 W ReactHockeyApp: android.os.Looper.loop(Looper.java:154)
08-27 16:56:44.859 8155 8155 W ReactHockeyApp: android.app.ActivityThread.main(ActivityThread.java:6776)
08-27 16:56:44.859 8155 8155 W ReactHockeyApp: java.lang.reflect.Method.invoke(Method.java:-2)
08-27 16:56:44.859 8155 8155 W ReactHockeyApp: com.android.internal.os.ZygoteInit$MethodAndArgsCaller.run(ZygoteInit.java:1496)
08-27 16:56:44.859 8155 8155 W ReactHockeyApp: com.android.internal.os.ZygoteInit.main(ZygoteInit.java:1386)
08-27 16:56:44.916 8155 8155 I DumpUploader: Preparing check for new crash dumps
08-27 16:56:44.917 8155 8155 I ReactApp: parsingProcessName took 0ms
08-27 16:56:44.918 8155 8155 I ReactApp: onCreate start
08-27 16:56:44.927 8155 8173 I DumpUploader: Started check for new crash dumps
08-27 16:56:44.943 8155 8173 I DumpUploader: Marking dumps as known:
08-27 16:56:44.960 8155 8155 I ReactApp: leakCanaryInstall took 1ms
08-27 16:56:45.012 8155 8155 I ReactApp: configureOkHttp took 52ms
08-27 16:56:45.014 8155 8155 I ReactApp: configureStetho took 0ms
08-27 16:56:45.093 8155 8155 I ReactApp: configureYoga took 79ms
08-27 16:56:45.102 8155 8155 I ReactApp: CsiManager.onCreate took 9ms
08-27 16:56:45.409 8155 8155 I ReactApp: mReactNativeHost.getReactInstanceManager took 306ms
08-27 16:56:45.409 8155 8155 I ReactApp: onCreate complete in 611ms
08-27 16:56:45.410 8155 8187 I React: Creating react context.
08-27 16:56:45.416 8155 8155 I ActivationExperiment: loadFromDisk:{"experimentList":[],"schemaVersion":"v1","totalRetargetAttempts":-1,"totalWakeAttempts":33,"wakeUpList":[{"reason":"Upgrade","status":"NextWakeUpScheduled","time":1533946234151},{"reason":"RtcWakeUp","status":"NextWakeUpScheduled","time":1534266634152},{"reason":"RtcWakeUp","status":"WakeUpPending","time":1534525837347},{"reason":"Upgrade","status":"NextWakeUpScheduled","time":1534471151091},{"reason":"RtcWakeUp","status":"NextWakeUpScheduled","time":1534787951092},{"reason":"RtcWakeUp","status":"NextWakeUpScheduled","time":1535047181984},{"reason":"RtcWakeUp","status":"WakeUpRetriesExhausted","time":1535303040320}]}, timeTaken(3 ms)
08-27 16:56:45.434 8155 8187 I SkypeCameraViewManager: init
08-27 16:56:45.445 8155 8187 I GradientImagePackage: createViewManagers
08-27 16:56:45.448 8155 8187 W ViewManagerPropertyUpdater: Could not find generated setter for class com.skype.ink.AdditiveSurfaceViewManager
08-27 16:56:45.470 8155 8187 W ViewManagerPropertyUpdater: Could not find generated setter for class com.skype.ink.AdditiveSurfaceViewShadowNode
08-27 16:56:45.477 8155 8187 W ViewManagerPropertyUpdater: Could not find generated setter for class com.facebook.react.uimanager.h
08-27 16:56:45.479 8155 8187 W ViewManagerPropertyUpdater: Could not find generated setter for class com.facebook.react.views.text.g
08-27 16:56:45.493 8155 8187 W ViewManagerPropertyUpdater: Could not find generated setter for class com.facebook.react.views.textinput.i
08-27 16:56:45.506 8155 8187 W ViewManagerPropertyUpdater: Could not find generated setter for class com.facebook.react.views.art.c
08-27 16:56:45.510 8155 8187 W ViewManagerPropertyUpdater: Could not find generated setter for class com.facebook.react.views.art.b
08-27 16:56:45.516 8155 8187 W ViewManagerPropertyUpdater: Could not find generated setter for class com.facebook.react.views.art.a
08-27 16:56:45.518 8155 8187 W ViewManagerPropertyUpdater: Could not find generated setter for class com.facebook.react.views.progressbar.b
08-27 16:56:45.521 8155 8187 W ViewManagerPropertyUpdater: Could not find generated setter for class com.facebook.react.views.text.frescosupport.a
08-27 16:56:45.525 8155 8187 W ViewManagerPropertyUpdater: Could not find generated setter for class com.brentvatne.react.ReactVideoViewManager
08-27 16:56:45.544 8155 8187 W ViewManagerPropertyUpdater: Could not find generated setter for class com.skpcamera.SkypeCameraViewManager
08-27 16:56:45.550 8155 8187 W ViewManagerPropertyUpdater: Could not find generated setter for class com.customkeyboard.CustomKeyboardViewManager
08-27 16:56:45.552 8155 8187 W ViewManagerPropertyUpdater: Could not find generated setter for class com.skype.slimcore.video.RNCallingVideoViewManager
08-27 16:56:45.554 8155 8187 W ViewManagerPropertyUpdater: Could not find generated setter for class com.skype.slimcore.video.RNCallingVideoViewLocalManager
08-27 16:56:45.563 8155 8187 W ViewManagerPropertyUpdater: Could not find generated setter for class com.microsoft.react.mediapicker.MediaPickerViewManager
08-27 16:56:45.566 8155 8187 W ViewManagerPropertyUpdater: Could not find generated setter for class com.microsoft.react.mediapicker.c
08-27 16:56:45.570 8155 8187 W ViewManagerPropertyUpdater: Could not find generated setter for class com.microsoft.skypemessagetextinput.view.RNViewManager
08-27 16:56:45.574 8155 8187 W ViewManagerPropertyUpdater: Could not find generated setter for class com.microsoft.skypemessagetextinput.view.c
08-27 16:56:45.575 8155 8187 W ViewManagerPropertyUpdater: Could not find generated setter for class com.skype.reactnativesprites.SpriteViewManager
08-27 16:56:45.578 8155 8187 W ViewManagerPropertyUpdater: Could not find generated setter for class com.projectseptember.RNGL.GLCanvasManager
08-27 16:56:45.580 8155 8187 W ViewManagerPropertyUpdater: Could not find generated setter for class com.github.alinz.reactnativewebviewbridge.WebViewBridgeManager
08-27 16:56:45.584 8155 8187 W ViewManagerPropertyUpdater: Could not find generated setter for class com.airbnb.android.react.maps.AirMapCalloutManager
08-27 16:56:45.586 8155 8187 W ViewManagerPropertyUpdater: Could not find generated setter for class com.airbnb.android.react.maps.AirMapMarkerManager
08-27 16:56:45.590 8155 8187 W ViewManagerPropertyUpdater: Could not find generated setter for class com.airbnb.android.react.maps.AirMapPolylineManager
08-27 16:56:45.592 8155 8187 W ViewManagerPropertyUpdater: Could not find generated setter for class com.airbnb.android.react.maps.AirMapPolygonManager
08-27 16:56:45.595 8155 8187 W ViewManagerPropertyUpdater: Could not find generated setter for class com.airbnb.android.react.maps.AirMapCircleManager
08-27 16:56:45.597 8155 8187 W ViewManagerPropertyUpdater: Could not find generated setter for class com.airbnb.android.react.maps.AirMapManager
08-27 16:56:45.602 8155 8187 W ViewManagerPropertyUpdater: Could not find generated setter for class com.airbnb.android.react.maps.AirMapLiteManager
08-27 16:56:45.604 8155 8187 W ViewManagerPropertyUpdater: Could not find generated setter for class com.airbnb.android.react.maps.AirMapUrlTileManager
08-27 16:56:45.607 8155 8187 W ViewManagerPropertyUpdater: Could not find generated setter for class com.microsoft.react.videofxp.VideoFXPViewManager
08-27 16:56:45.610 8155 8187 W ViewManagerPropertyUpdater: Could not find generated setter for class com.skype.virtualmessageview.VirtualMessageViewControllerManager
08-27 16:56:45.611 8155 8187 W ViewManagerPropertyUpdater: Could not find generated setter for class com.microsoft.react.clippedview.ClippedViewManager
08-27 16:56:45.612 8155 8187 W ViewManagerPropertyUpdater: Could not find generated setter for class com.BV.LinearGradient.LinearGradientManager
08-27 16:56:45.614 8155 8187 W ViewManagerPropertyUpdater: Could not find generated setter for class com.airbnb.android.react.lottie.LottieAnimationViewManager
08-27 16:56:45.617 8155 8187 W ViewManagerPropertyUpdater: Could not find generated setter for class com.microsoft.react.gradientimage.GradientImageViewManager
08-27 16:56:45.624 8155 8187 W ViewManagerPropertyUpdater: Could not find generated setter for class com.skype.qrcode.QRCodeViewManager
08-27 16:56:45.625 8155 8187 W ViewManagerPropertyUpdater: Could not find generated setter for class com.skype.camera.imagefilter.ImageFilterManager
08-27 16:56:46.088 8155 8187 W JavaModuleHelper: Could not find generated custom module provider
08-27 16:56:46.090 8155 8187 W React: There is no generated module helper for module: SyncModule using FallbackModuleHelper which works way slower. Consider enabling apt generation for this module in order to improve startup performance
08-27 16:56:46.090 8155 8187 W React: There is no generated module helper for module: PermissionsManager using FallbackModuleHelper which works way slower. Consider enabling apt generation for this module in order to improve startup performance
08-27 16:56:46.091 8155 8187 W React: There is no generated module helper for module: NativeEntropy using FallbackModuleHelper which works way slower. Consider enabling apt generation for this module in order to improve startup performance
08-27 16:56:46.091 8155 8187 W React: There is no generated module helper for module: ZipUtil using FallbackModuleHelper which works way slower. Consider enabling apt generation for this module in order to improve startup performance
08-27 16:56:46.091 8155 8187 W React: There is no generated module helper for module: StyleTransfer using FallbackModuleHelper which works way slower. Consider enabling apt generation for this module in order to improve startup performance
08-27 16:56:46.091 8155 8187 W React: There is no generated module helper for module: RNViewConfig using FallbackModuleHelper which works way slower. Consider enabling apt generation for this module in order to improve startup performance
08-27 16:56:46.091 8155 8187 W React: There is no generated module helper for module: ImagePickerManager using FallbackModuleHelper which works way slower. Consider enabling apt generation for this module in order to improve startup performance
08-27 16:56:46.091 8155 8187 W React: There is no generated module helper for module: CustomKeyboard using FallbackModuleHelper which works way slower. Consider enabling apt generation for this module in order to improve startup performance
08-27 16:56:46.092 8155 8187 W React: There is no generated module helper for module: ExternalBrowser using FallbackModuleHelper which works way slower. Consider enabling apt generation for this module in order to improve startup performance
08-27 16:56:46.092 8155 8187 W React: There is no generated module helper for module: RNCommandInvoker using FallbackModuleHelper which works way slower. Consider enabling apt generation for this module in order to improve startup performance
08-27 16:56:46.092 8155 8187 W React: There is no generated module helper for module: ClientLogging using FallbackModuleHelper which works way slower. Consider enabling apt generation for this module in order to improve startup performance
08-27 16:56:46.092 8155 8187 W React: There is no generated module helper for module: FileEncryptionNative using FallbackModuleHelper which works way slower. Consider enabling apt generation for this module in order to improve startup performance
08-27 16:56:46.092 8155 8187 W React: There is no generated module helper for module: RNCookieManagerAndroid using FallbackModuleHelper which works way slower. Consider enabling apt generation for this module in order to improve startup performance
08-27 16:56:46.092 8155 8187 W React: There is no generated module helper for module: ShareSheet using FallbackModuleHelper which works way slower. Consider enabling apt generation for this module in order to improve startup performance
08-27 16:56:46.092 8155 8187 W React: There is no generated module helper for module: CampaignReceiver using FallbackModuleHelper which works way slower. Consider enabling apt generation for this module in order to improve startup performance
08-27 16:56:46.093 8155 8187 W React: There is no generated module helper for module: FileTracker using FallbackModuleHelper which works way slower. Consider enabling apt generation for this module in order to improve startup performance
08-27 16:56:46.093 8155 8187 W React: There is no generated module helper for module: RNReload using FallbackModuleHelper which works way slower. Consider enabling apt generation for this module in order to improve startup performance
08-27 16:56:46.093 8155 8187 W React: There is no generated module helper for module: AndroidSmsManager using FallbackModuleHelper which works way slower. Consider enabling apt generation for this module in order to improve startup performance
08-27 16:56:46.093 8155 8187 W React: There is no generated module helper for module: CallMonitor using FallbackModuleHelper which works way slower. Consider enabling apt generation for this module in order to improve startup performance
08-27 16:56:46.093 8155 8187 W React: There is no generated module helper for module: RNHockeyApp using FallbackModuleHelper which works way slower. Consider enabling apt generation for this module in order to improve startup performance
08-27 16:56:46.093 8155 8187 W React: There is no generated module helper for module: FrescoModule using FallbackModuleHelper which works way slower. Consider enabling apt generation for this module in order to improve startup performance
08-27 16:56:46.093 8155 8187 W React: There is no generated module helper for module: RNSlimcore using FallbackModuleHelper which works way slower. Consider enabling apt generation for this module in order to improve startup performance
08-27 16:56:46.094 8155 8187 W React: There is no generated module helper for module: ShareToApp using FallbackModuleHelper which works way slower. Consider enabling apt generation for this module in order to improve startup performance
08-27 16:56:46.094 8155 8187 W React: There is no generated module helper for module: DeviceInfo using FallbackModuleHelper which works way slower. Consider enabling apt generation for this module in order to improve startup performance
08-27 16:56:46.094 8155 8187 W React: There is no generated module helper for module: SplashScreenNotifier using FallbackModuleHelper which works way slower. Consider enabling apt generation for this module in order to improve startup performance
08-27 16:56:46.094 8155 8187 W React: There is no generated module helper for module: TokenShareModule using FallbackModuleHelper which works way slower. Consider enabling apt generation for this module in order to improve startup performance
08-27 16:56:46.094 8155 8187 W React: There is no generated module helper for module: SkypeCamera using FallbackModuleHelper which works way slower. Consider enabling apt generation for this module in order to improve startup performance
08-27 16:56:46.094 8155 8187 W React: There is no generated module helper for module: RNUrlRequest using FallbackModuleHelper which works way slower. Consider enabling apt generation for this module in order to improve startup performance
08-27 16:56:46.094 8155 8187 W React: There is no generated module helper for module: DeviceSettings using FallbackModuleHelper which works way slower. Consider enabling apt generation for this module in order to improve startup performance
08-27 16:56:46.094 8155 8187 W React: There is no generated module helper for module: CallIntent using FallbackModuleHelper which works way slower. Consider enabling apt generation for this module in order to improve startup performance
08-27 16:56:46.094 8155 8187 W React: There is no generated module helper for module: ImageResizerAndroid using FallbackModuleHelper which works way slower. Consider enabling apt generation for this module in order to improve startup performance
08-27 16:56:46.095 8155 8187 W React: There is no generated module helper for module: ContextMenuAndroid using FallbackModuleHelper which works way slower. Consider enabling apt generation for this module in order to improve startup performance
08-27 16:56:46.095 8155 8187 W React: There is no generated module helper for module: SnapshotManager using FallbackModuleHelper which works way slower. Consider enabling apt generation for this module in order to improve startup performance
08-27 16:56:46.095 8155 8187 W React: There is no generated module helper for module: Adjust using FallbackModuleHelper which works way slower. Consider enabling apt generation for this module in order to improve startup performance
08-27 16:56:46.095 8155 8187 W React: There is no generated module helper for module: RNBackgroundExecution using FallbackModuleHelper which works way slower. Consider enabling apt generation for this module in order to improve startup performance
08-27 16:56:46.095 8155 8187 W React: There is no generated module helper for module: RNNetworkInfo using FallbackModuleHelper which works way slower. Consider enabling apt generation for this module in order to improve startup performance
08-27 16:56:46.095 8155 8187 W React: There is no generated module helper for module: SKPSkypeMessageTextInputModule using FallbackModuleHelper which works way slower. Consider enabling apt generation for this module in order to improve startup performance
08-27 16:56:46.095 8155 8187 W React: There is no generated module helper for module: EnvironmentInfo using FallbackModuleHelper which works way slower. Consider enabling apt generation for this module in order to improve startup performance
08-27 16:56:46.095 8155 8187 W React: There is no generated module helper for module: UrlUtil using FallbackModuleHelper which works way slower. Consider enabling apt generation for this module in order to improve startup performance
08-27 16:56:46.096 8155 8187 W React: There is no generated module helper for module: RNAppUpgrade using FallbackModuleHelper which works way slower. Consider enabling apt generation for this module in order to improve startup performance
08-27 16:56:46.096 8155 8187 W React: There is no generated module helper for module: SoundRecorder using FallbackModuleHelper which works way slower. Consider enabling apt generation for this module in order to improve startup performance
08-27 16:56:46.096 8155 8187 W React: There is no generated module helper for module: VideoFXP using FallbackModuleHelper which works way slower. Consider enabling apt generation for this module in order to improve startup performance
08-27 16:56:46.096 8155 8187 W React: There is no generated module helper for module: IncomingCallInteractionManager using FallbackModuleHelper which works way slower. Consider enabling apt generation for this module in order to improve startup performance
08-27 16:56:46.096 8155 8187 W React: There is no generated module helper for module: RNGeocoder using FallbackModuleHelper which works way slower. Consider enabling apt generation for this module in order to improve startup performance
08-27 16:56:46.096 8155 8187 W React: There is no generated module helper for module: DeviceUtilities using FallbackModuleHelper which works way slower. Consider enabling apt generation for this module in order to improve startup performance
08-27 16:56:46.097 8155 8187 W React: There is no generated module helper for module: RNDocumentPicker using FallbackModuleHelper which works way slower. Consider enabling apt generation for this module in order to improve startup performance
08-27 16:56:46.097 8155 8187 W React: There is no generated module helper for module: AirMapModule using FallbackModuleHelper which works way slower. Consider enabling apt generation for this module in order to improve startup performance
08-27 16:56:46.097 8155 8187 W React: There is no generated module helper for module: AudioManager using FallbackModuleHelper which works way slower. Consider enabling apt generation for this module in order to improve startup performance
08-27 16:56:46.097 8155 8187 W React: There is no generated module helper for module: RNPushAndroid using FallbackModuleHelper which works way slower. Consider enabling apt generation for this module in order to improve startup performance
08-27 16:56:46.097 8155 8187 W React: There is no generated module helper for module: SoundPlayer using FallbackModuleHelper which works way slower. Consider enabling apt generation for this module in order to improve startup performance
08-27 16:56:46.097 8155 8187 W React: There is no generated module helper for module: RNSkypeCredentialsFetcher using FallbackModuleHelper which works way slower. Consider enabling apt generation for this module in order to improve startup performance
08-27 16:56:46.097 8155 8187 W React: There is no generated module helper for module: FingerprintingLib using FallbackModuleHelper which works way slower. Consider enabling apt generation for this module in order to improve startup performance
08-27 16:56:46.097 8155 8187 W React: There is no generated module helper for module: TimeZoneManager using FallbackModuleHelper which works way slower. Consider enabling apt generation for this module in order to improve startup performance
08-27 16:56:46.097 8155 8187 W React: There is no generated module helper for module: MediaPicker using FallbackModuleHelper which works way slower. Consider enabling apt generation for this module in order to improve startup performance
08-27 16:56:46.098 8155 8187 W React: There is no generated module helper for module: PlatformConstants using FallbackModuleHelper which works way slower. Consider enabling apt generation for this module in order to improve startup performance
08-27 16:56:46.098 8155 8187 W React: There is no generated module helper for module: Contacts using FallbackModuleHelper which works way slower. Consider enabling apt generation for this module in order to improve startup performance
08-27 16:56:46.098 8155 8187 W React: There is no generated module helper for module: RNManualFileCache using FallbackModuleHelper which works way slower. Consider enabling apt generation for this module in order to improve startup performance
08-27 16:56:46.098 8155 8187 W React: There is no generated module helper for module: CortanaSignals using FallbackModuleHelper which works way slower. Consider enabling apt generation for this module in order to improve startup performance
08-27 16:56:46.098 8155 8187 W React: There is no generated module helper for module: RNGLContext using FallbackModuleHelper which works way slower. Consider enabling apt generation for this module in order to improve startup performance
08-27 16:56:46.098 8155 8187 W React: There is no generated module helper for module: AndroidBadges using FallbackModuleHelper which works way slower. Consider enabling apt generation for this module in order to improve startup performance
08-27 16:56:46.098 8155 8187 W React: There is no generated module helper for module: RNGraphicsContext using FallbackModuleHelper which works way slower. Consider enabling apt generation for this module in order to improve startup performance
08-27 16:56:46.098 8155 8187 W React: There is no generated module helper for module: RNBackgroundTimer using FallbackModuleHelper which works way slower. Consider enabling apt generation for this module in order to improve startup performance
08-27 16:56:46.098 8155 8187 W React: There is no generated module helper for module: SourceCode using FallbackModuleHelper which works way slower. Consider enabling apt generation for this module in order to improve startup performance
08-27 16:56:46.098 8155 8187 W React: There is no generated module helper for module: AssetReader using FallbackModuleHelper which works way slower. Consider enabling apt generation for this module in order to improve startup performance
08-27 16:56:46.099 8155 8187 W React: There is no generated module helper for module: ExtendedAppState using FallbackModuleHelper which works way slower. Consider enabling apt generation for this module in order to improve startup performance
08-27 16:56:46.099 8155 8187 W React: There is no generated module helper for module: Calendar using FallbackModuleHelper which works way slower. Consider enabling apt generation for this module in order to improve startup performance
08-27 16:56:46.099 8155 8187 W React: There is no generated module helper for module: RNKeychainManager using FallbackModuleHelper which works way slower. Consider enabling apt generation for this module in order to improve startup performance
08-27 16:56:46.099 8155 8187 W React: There is no generated module helper for module: AdvertisementUtilities using FallbackModuleHelper which works way slower. Consider enabling apt generation for this module in order to improve startup performance
08-27 16:56:46.099 8155 8187 W React: There is no generated module helper for module: RNStorage using FallbackModuleHelper which works way slower. Consider enabling apt generation for this module in order to improve startup performance
08-27 16:56:46.397 8155 8246 W ReactApp: registerMemoryTrimmable current size: 0
08-27 16:56:46.398 8155 8246 W ReactApp: registerMemoryTrimmable current size: 1
08-27 16:56:46.401 8155 8155 I SmsHandlingContext: init()
08-27 16:56:46.405 8155 8246 I SkypeCameraModule: SkypeCameraModule initialize
08-27 16:56:46.406 8155 8246 I AudioManagerModule: initialize (causeId 8ccf799a)
08-27 16:56:46.406 8155 8246 I AudioManagerModule: AudioManagerModule.initialize took 1ms
08-27 16:56:46.407 8155 8238 I AudioOptions: initialize (causeId 8ccf799a)
08-27 16:56:46.409 8155 8238 I WiredHeadsetReceiver: Registered receiver
08-27 16:56:46.410 8155 8239 I WiredHeadsetReceiver: addListener (causeId: 8ccf799a)
08-27 16:56:46.411 8155 8239 I AudioOptions: WiredHeadsetReceiver.headsetStateChanged UNPLUGGED (causeId 8ccf799a)
08-27 16:56:46.413 8155 8238 I BluetoothReceiver: Received sticky intent android.media.ACTION_SCO_AUDIO_STATE_UPDATED
08-27 16:56:46.413 8155 8238 I BluetoothReceiver: Registered receiver
08-27 16:56:46.414 8155 8238 I BluetoothReceiver: loadAlreadyConnectedDevices (causeId: 8ccf799a)
08-27 16:56:46.414 8155 8239 I BluetoothReceiver: BluetoothReceiver: AudioManager.ACTION_SCO_AUDIO_STATE_UPDATED: UNKNOWN -> STATE_DISCONNECTED (causeId: ae183db8)
08-27 16:56:46.415 8155 8257 I BluetoothReceiver: addListener (causeId: 8ccf799a)
08-27 16:56:46.418 8155 8239 I BluetoothReceiver: BluetoothReceiver: AudioManager.ACTION_SCO_AUDIO_STATE_UPDATED: UNKNOWN -> STATE_DISCONNECTED (causeId: a9cf1abf)
08-27 16:56:46.441 8155 8256 I TokenShareModule: getAccounts() called, returned with list size 0
08-27 16:56:46.446 8155 8238 I BluetoothReceiver: createServiceListener (causeId: 8ccf799a)
08-27 16:56:46.493 8155 8257 I ModernAudioDeviceMonitor: addListener (causeId: 8ccf799a)
08-27 16:56:46.494 8155 8257 I AudioOptions: ModernAudioDeviceMonitor.availableAudioDeviceTypesChanged headphones: false usb: false (causeId 8ccf799a)
08-27 16:56:46.543 8155 8239 I ModernAudioDeviceMonitor: initialization headphones: false, usb: false, devices: [[1:TYPE_BUILTIN_EARPIECE], [2:TYPE_BUILTIN_SPEAKER], [5:TYPE_BUILTIN_MIC], [7:TYPE_TELEPHONY]] (causeId: 32a3254)
08-27 16:56:46.544 8155 8238 I AudioManagerModule: Output update and reset (destination 3, deviceStatus 2, causeId 8ccf799a)
08-27 16:56:46.544 8155 8238 I AudioManagerModule: Output update and reset (destination 3, deviceStatus 2, causeId 8ccf799a)
08-27 16:56:46.544 8155 8239 I ModernAudioDeviceMonitor: onAudioDevicesAdded headphones: false, usb: false, devices: [[1:TYPE_BUILTIN_EARPIECE], [2:TYPE_BUILTIN_SPEAKER], [5:TYPE_BUILTIN_MIC], [7:TYPE_TELEPHONY]] (causeId: d3fd1c8f)
08-27 16:56:46.580 8155 8155 I TelephoneStateListener: Registering phone state listener (causeId 8ccf799a)
08-27 16:56:46.622 8155 8155 I AudioManagerModule: TelephoneStateListener.init took 43ms
08-27 16:56:46.629 8155 8155 I AudioManagerModule: Sending output changed event to EARPIECE (causeId 8ccf799a)
08-27 16:56:46.631 8155 8257 I TelephoneStateListener: onCallStateChanged 0 (causeId 6b75d33)
08-27 16:56:47.502 8155 8245 I ReactNativeJS: [#ffffffff-u] [TRACE] [JS.HeadlessJsTask] registerHeadlessTaskCallbacks called for 'StaticTask.OnAppUpdated'
08-27 16:56:47.505 8155 8245 I ReactNativeJS: [#ffffffff-u] [TRACE] [JS.HeadlessJsTask] registerHeadlessTaskCallbacks called for 'StaticTask.OnAppUpdatedRetry'
08-27 16:56:47.547 8155 8245 I ReactNativeJS: [#ffffffff-u] [TRACE] [JS.HeadlessJsTask] registerHeadlessTaskCallbacks called for 'SignInOnUserSessionConnected'
08-27 16:56:47.548 8155 8245 I ReactNativeJS: [#ffffffff-u] [TRACE] [JS.HeadlessJsTask] registerHeadlessTaskCallbacks called for 'SignInOnUserSessionConnectedRetry'
08-27 16:56:47.548 8155 8245 I ReactNativeJS: [#ffffffff-u] [TRACE] [JS.HeadlessJsTask] registerHeadlessTaskCallbacks called for 'SignInOnDefaultMSAConnected'
08-27 16:56:47.549 8155 8245 I ReactNativeJS: [#ffffffff-u] [TRACE] [JS.HeadlessJsTask] registerHeadlessTaskCallbacks called for 'SignInOnDefaultMSAConnectedRetry'
08-27 16:56:47.551 8155 8245 I ReactNativeJS: [#ffffffff-u] [TRACE] [JS.HeadlessJsTask] registerHeadlessTaskCallbacks called for 'BackgroundHeartbeatTelemetry'
08-27 16:56:47.552 8155 8245 I ReactNativeJS: [#ffffffff-u] [TRACE] [JS.HeadlessJsTask] registerHeadlessTaskCallbacks called for 'OnMaintenanceWindowStart'
08-27 16:56:47.553 8155 8245 I ReactNativeJS: [#ffffffff-u] [TRACE] [JS.HeadlessJsTask] registerHeadlessTaskCallbacks called for 'OnMaintenanceWindowStartRetry'
08-27 16:56:47.576 8155 8245 I ReactNativeJS: [#ffffffff-u] [TRACE] [JS.HeadlessJsTask] registerHeadlessTaskCallbacks called for 'ToastActivation'
08-27 16:56:47.577 8155 8245 I ReactNativeJS: [#ffffffff-u] [TRACE] [JS.HeadlessJsTask] registerHeadlessTaskCallbacks called for 'ToastActivationRetry'
08-27 16:56:47.597 8155 8245 I RNAppUpgrade: Getting app launch attribution state = false
08-27 16:56:47.600 8155 8245 I RNAppUpgrade: hasOldSessionPreferences:false
08-27 16:56:47.605 8155 8245 I ReactNativeJS: [#ffffffff-u] [TRACE] [JS.AppUpgrade] Preparing to handle App Upgrade Event
08-27 16:56:47.606 8155 8245 I ReactNativeJS: [#ffffffff-u] [TRACE] [JS.AppUpgrade] Preparing to handle Rtc Wake Event
08-27 16:56:47.607 8155 8245 I ReactNativeJS: [#ffffffff-u] [TRACE] [JS.AppUpgrade] _setUpAppLaunchStateChangeListener
08-27 16:56:47.610 8155 8245 I ReactNativeJS: [#ffffffff-u] [TRACE] [JS.AppUpgrade] _setUpNoticationClickListener
08-27 16:56:47.611 8155 8245 I RNAppUpgrade: Getting app launch attribution state = false
08-27 16:56:47.611 8155 8245 I RNAppUpgrade: hasOldSessionPreferences:false
08-27 16:56:47.613 8155 8245 I RNAppUpgrade: Getting app launch attribution state = false
08-27 16:56:47.613 8155 8245 I RNAppUpgrade: hasOldSessionPreferences:false
08-27 16:56:47.615 8155 8245 I RNAppUpgrade: Getting app launch attribution state = false
08-27 16:56:47.615 8155 8245 I RNAppUpgrade: hasOldSessionPreferences:false
08-27 16:56:47.618 8155 8246 I RNAppUpgrade: initialize
08-27 16:56:47.618 8155 8245 I RNAppUpgrade: Getting app launch attribution state = false
08-27 16:56:47.619 8155 8245 I RNAppUpgrade: hasOldSessionPreferences:false
08-27 16:56:47.618 8155 8246 I UpgradeContext: acquireWakeLock taskId 1
08-27 16:56:47.620 8155 8245 I RNAppUpgrade: Getting app launch attribution state = false
08-27 16:56:47.620 8155 8245 I RNAppUpgrade: hasOldSessionPreferences:false
08-27 16:56:47.627 8155 8155 I SimpleWakefulService: Service created
08-27 16:56:47.628 8155 8155 I SimpleWakefulService: Acquire WAKE_LOCK for taskId: 1 with startId: 1
08-27 16:56:47.628 8155 8246 I RNAppUpgrade: processPendingIntents
08-27 16:56:47.628 8155 8246 I RNAppUpgrade: processPendingIntents:delayedIntentQueue size(0)
08-27 16:56:47.629 8155 8246 I RNAppUpgrade: initialize
08-27 16:56:47.783 8155 8245 I ReactNativeJS: [#ffffffff-u] [TRACE] [JS.Startup] Locale initialized to [de_DE]
08-27 16:56:47.784 8155 8245 I ReactNativeJS: [#ffffffff-u] [TRACE] [JS.Startup] Country code is [DE]
08-27 16:56:47.794 8155 8245 I ReactNativeJS: [#ffffffff-u] [TRACE] [JS.Startup] Device Id: dNWT97_WBMo
08-27 16:56:47.795 8155 8245 I ReactNativeJS: [#ffffffff-u] [TRACE] [JS.Startup] Device Manufacturer: samsung
08-27 16:56:47.795 8155 8245 I ReactNativeJS: [#ffffffff-u] [TRACE] [JS.Startup] Device Model: SM-A310F
08-27 16:56:47.796 8155 8245 I ReactNativeJS: [#ffffffff-u] [TRACE] [JS.Startup] Device OS version: 7.0
08-27 16:56:47.797 8155 8245 I ReactNativeJS: [#ffffffff-u] [TRACE] [JS.Startup] App version: 8.28.0.41
08-27 16:56:47.798 8155 8245 I ReactNativeJS: [#ffffffff-u] [TRACE] [JS.Startup] App activation state: Background
08-27 16:56:47.816 8155 8245 I ReactNativeJS: [#ffffffff-u] [TRACE] [JS.GenericUnsafe] Startup Phase 1 duration: 1844ms
08-27 16:56:47.822 8155 8245 I ReactNativeJS: [#ffffffff-u] [TRACE] [JS.GenericUnsafe] Startup Phase 2 duration: 940ms
08-27 16:56:47.843 8155 8245 I ReactNativeJS: [#ffffffff-u] [TRACE] [JS.Startup] Starting: HockeyAppService
08-27 16:56:47.860 8155 8246 I ReactHockeyApp: HockeyApp - initializing configuration
08-27 16:56:47.860 8155 8245 I ReactNativeJS: [#ffffffff-S] [TRACE] [JS.HockeyApp] Ignoring check for updates - PUBLIC build
08-27 16:56:47.865 8155 8245 I ReactNativeJS: [#ffffffff-u] [TRACE] [JS.Startup] Finish: HockeyAppService: 21ms
08-27 16:56:47.872 8155 8310 I React: Check for new app crashes
08-27 16:56:47.887 8155 8245 I ReactNativeJS: [#ffffffff-u] [TRACE] [JS.Startup] Starting: CrashStatusStore
08-27 16:56:47.889 8155 8245 I ReactNativeJS: [#ffffffff-u] [TRACE] [JS.GenericUnsafe] RN Entry
08-27 16:56:47.899 8155 8245 I ReactNativeJS: [#ffffffff-u] [TRACE] [JS.AppUpgrade] Last app launch time: undefined
08-27 16:56:47.905 8155 8245 I RNAppUpgrade: Getting app launch attribution state = false
08-27 16:56:47.905 8155 8245 I RNAppUpgrade: hasOldSessionPreferences:false
08-27 16:56:47.908 8155 8245 I ReactNativeJS: [#ffffffff-u] [TRACE] [JS.AppUpgrade] _getAppLaunchState:subscribe:fired:0
08-27 16:56:48.020 8155 8245 I ReactNativeJS: [#ffffffff-S] [TRACE] [JS.HockeyApp] Last launch crashed: false
08-27 16:56:48.021 8155 8245 I ReactNativeJS: [#ffffffff-u] [TRACE] [JS.Startup] Finish: CrashStatusStore: 134ms
08-27 16:56:48.024 8155 8245 I ReactNativeJS: [#ffffffff-u] [TRACE] [JS.Startup] SkypeId missing in Storage
08-27 16:56:48.507 8155 8246 W ReactMethodWatchdog: Method RNCookieManagerAndroid.clearAll invocation took too long: 272ms
08-27 16:56:48.644 8155 8246 I DeviceUtilities: DeviceUtilities: currentOrientation
08-27 16:56:48.745 8155 8246 W React: StatusBarModule: Ignored status bar change, current activity is null.
08-27 16:56:48.770 8155 8246 W React: StatusBarModule: Ignored status bar change, current activity is null.
08-27 16:56:48.774 8155 8246 W React: StatusBarModule: Ignored status bar change, current activity is null.
08-27 16:56:48.775 8155 8246 I DeviceUtilities: DeviceUtilities: statusBarHeight
08-27 16:56:48.847 8155 8245 W ReactNativeJS: [#ffffffff-u] [WARN] [JS.ResponsiveWidthStore] DeviceUtilities.currentOrientation failed: [pii] causeId: b97086a1
08-27 16:56:48.849 8155 8245 W ReactNativeJS: [#ffffffff-u] [WARN] [JS.GenericUnsafe] SafeAreaStore statusBarHeight failed: [pii]
08-27 16:56:55.892 8155 8238 I RNSlimcore: Clearing old logs
08-27 16:56:55.898 8155 8238 I SkyLibManager[TERMINATED:null]: clearOldLogs found 0 potential log files
08-27 16:57:02.634 8155 8305 I UpgradeContext: releaseWakeLock taskId 1
08-27 16:57:02.646 8155 8155 I SimpleWakefulService: Release WAKE_LOCK for taskId: 1 with startId: 2
08-27 16:57:02.648 8155 8155 I SimpleWakefulService: Removing Stop message
08-27 16:57:02.652 8155 8155 I SimpleWakefulService: Service destroyed
08-29 00:35:09.129 7658 7658 W ReactHockeyApp: RNHockeyApp: Failed to get existing metadata
08-29 00:35:09.129 7658 7658 W ReactHockeyApp: /data/user/0/com.skype.raider/files/HockeyAppCrashMetadata.json (No such file or directory)
08-29 00:35:09.129 7658 7658 W ReactHockeyApp: java.io.FileInputStream.open(FileInputStream.java:-2)
08-29 00:35:09.129 7658 7658 W ReactHockeyApp: java.io.FileInputStream.(FileInputStream.java:146)
08-29 00:35:09.129 7658 7658 W ReactHockeyApp: android.app.ContextImpl.openFileInput(ContextImpl.java:505)
08-29 00:35:09.129 7658 7658 W ReactHockeyApp: android.content.ContextWrapper.openFileInput(ContextWrapper.java:193)
08-29 00:35:09.129 7658 7658 W ReactHockeyApp: com.skype.hockeyapp.SkypeCrashListener.f(SourceFile:139)
08-29 00:35:09.129 7658 7658 W ReactHockeyApp: com.skype.hockeyapp.SkypeCrashListener.(SourceFile:48)
08-29 00:35:09.129 7658 7658 W ReactHockeyApp: com.skype.hockeyapp.SkypeCrashListener.a(SourceFile:43)
08-29 00:35:09.129 7658 7658 W ReactHockeyApp: com.skype.hockeyapp.SkypeCrashManager.a(SourceFile:37)
08-29 00:35:09.129 7658 7658 W ReactHockeyApp: com.skype4life.SkypeApplication.onCreate(SourceFile:1042)
08-29 00:35:09.129 7658 7658 W ReactHockeyApp: android.app.Instrumentation.callApplicationOnCreate(Instrumentation.java:1032)
08-29 00:35:09.129 7658 7658 W ReactHockeyApp: android.app.ActivityThread.handleBindApplication(ActivityThread.java:5970)
08-29 00:35:09.129 7658 7658 W ReactHockeyApp: android.app.ActivityThread.-wrap3(ActivityThread.java:-1)
08-29 00:35:09.129 7658 7658 W ReactHockeyApp: android.app.ActivityThread$H.handleMessage(ActivityThread.java:1710)
08-29 00:35:09.129 7658 7658 W ReactHockeyApp: android.os.Handler.dispatchMessage(Handler.java:102)
08-29 00:35:09.129 7658 7658 W ReactHockeyApp: android.os.Looper.loop(Looper.java:154)
08-29 00:35:09.129 7658 7658 W ReactHockeyApp: android.app.ActivityThread.main(ActivityThread.java:6776)
08-29 00:35:09.129 7658 7658 W ReactHockeyApp: java.lang.reflect.Method.invoke(Method.java:-2)
08-29 00:35:09.129 7658 7658 W ReactHockeyApp: com.android.internal.os.ZygoteInit$MethodAndArgsCaller.run(ZygoteInit.java:1496)
08-29 00:35:09.129 7658 7658 W ReactHockeyApp: com.android.internal.os.ZygoteInit.main(ZygoteInit.java:1386)
08-29 00:35:09.159 7658 7658 I DumpUploader: Preparing check for new crash dumps
08-29 00:35:09.161 7658 7658 I ReactApp: parsingProcessName took 1ms
08-29 00:35:09.161 7658 7658 I ReactApp: onCreate start
08-29 00:35:09.162 7658 7678 I DumpUploader: Started check for new crash dumps
08-29 00:35:09.177 7658 7678 I DumpUploader: Marking dumps as known:
08-29 00:35:09.184 7658 7658 I ReactApp: leakCanaryInstall took 0ms
08-29 00:35:09.204 7658 7658 I ReactApp: configureOkHttp took 19ms
08-29 00:35:09.204 7658 7658 I ReactApp: configureStetho took 0ms
08-29 00:35:09.228 7658 7658 I ReactApp: configureYoga took 23ms
08-29 00:35:09.233 7658 7658 I ReactApp: CsiManager.onCreate took 5ms
08-29 00:35:09.728 7658 7658 I ReactApp: mReactNativeHost.getReactInstanceManager took 494ms
08-29 00:35:09.729 7658 7696 I React: Creating react context.
08-29 00:35:09.729 7658 7658 I ReactApp: onCreate complete in 641ms
08-29 00:35:09.793 7658 7658 I ActivationExperiment: loadFromDisk:{"experimentList":[],"schemaVersion":"v1","totalRetargetAttempts":-1,"totalWakeAttempts":33,"wakeUpList":[{"reason":"Upgrade","status":"NextWakeUpScheduled","time":1533946234151},{"reason":"RtcWakeUp","status":"NextWakeUpScheduled","time":1534266634152},{"reason":"RtcWakeUp","status":"WakeUpPending","time":1534525837347},{"reason":"Upgrade","status":"NextWakeUpScheduled","time":1534471151091},{"reason":"RtcWakeUp","status":"NextWakeUpScheduled","time":1534787951092},{"reason":"RtcWakeUp","status":"NextWakeUpScheduled","time":1535047181984},{"reason":"RtcWakeUp","status":"WakeUpRetriesExhausted","time":1535303040320}]}, timeTaken(27 ms)
08-29 00:35:09.824 7658 7696 I SkypeCameraViewManager: init
08-29 00:35:09.843 7658 7696 I GradientImagePackage: createViewManagers
08-29 00:35:09.846 7658 7696 W ViewManagerPropertyUpdater: Could not find generated setter for class com.skype.ink.AdditiveSurfaceViewManager
08-29 00:35:09.852 7658 7696 W ViewManagerPropertyUpdater: Could not find generated setter for class com.skype.ink.AdditiveSurfaceViewShadowNode
08-29 00:35:09.861 7658 7696 W ViewManagerPropertyUpdater: Could not find generated setter for class com.facebook.react.uimanager.h
08-29 00:35:09.865 7658 7696 W ViewManagerPropertyUpdater: Could not find generated setter for class com.facebook.react.views.text.g
08-29 00:35:09.877 7658 7696 W ViewManagerPropertyUpdater: Could not find generated setter for class com.facebook.react.views.textinput.i
08-29 00:35:09.883 7658 7696 W ViewManagerPropertyUpdater: Could not find generated setter for class com.facebook.react.views.art.c
08-29 00:35:09.885 7658 7696 W ViewManagerPropertyUpdater: Could not find generated setter for class com.facebook.react.views.art.b
08-29 00:35:09.887 7658 7696 W ViewManagerPropertyUpdater: Could not find generated setter for class com.facebook.react.views.art.a
08-29 00:35:09.889 7658 7696 W ViewManagerPropertyUpdater: Could not find generated setter for class com.facebook.react.views.progressbar.b
08-29 00:35:09.891 7658 7696 W ViewManagerPropertyUpdater: Could not find generated setter for class com.facebook.react.views.text.frescosupport.a
08-29 00:35:09.893 7658 7696 W ViewManagerPropertyUpdater: Could not find generated setter for class com.brentvatne.react.ReactVideoViewManager
08-29 00:35:09.901 7658 7696 W ViewManagerPropertyUpdater: Could not find generated setter for class com.skpcamera.SkypeCameraViewManager
08-29 00:35:09.909 7658 7696 W ViewManagerPropertyUpdater: Could not find generated setter for class com.customkeyboard.CustomKeyboardViewManager
08-29 00:35:09.912 7658 7696 W ViewManagerPropertyUpdater: Could not find generated setter for class com.skype.slimcore.video.RNCallingVideoViewManager
08-29 00:35:09.914 7658 7696 W ViewManagerPropertyUpdater: Could not find generated setter for class com.skype.slimcore.video.RNCallingVideoViewLocalManager
08-29 00:35:09.917 7658 7696 W ViewManagerPropertyUpdater: Could not find generated setter for class com.microsoft.react.mediapicker.MediaPickerViewManager
08-29 00:35:09.920 7658 7696 W ViewManagerPropertyUpdater: Could not find generated setter for class com.microsoft.react.mediapicker.c
08-29 00:35:09.923 7658 7696 W ViewManagerPropertyUpdater: Could not find generated setter for class com.microsoft.skypemessagetextinput.view.RNViewManager
08-29 00:35:09.926 7658 7696 W ViewManagerPropertyUpdater: Could not find generated setter for class com.microsoft.skypemessagetextinput.view.c
08-29 00:35:09.928 7658 7696 W ViewManagerPropertyUpdater: Could not find generated setter for class com.skype.reactnativesprites.SpriteViewManager
08-29 00:35:09.932 7658 7696 W ViewManagerPropertyUpdater: Could not find generated setter for class com.projectseptember.RNGL.GLCanvasManager
