09-03 17:42:02.532 25079 25099 W React: There is no generated module helper for module: PermissionsManager using FallbackModuleHelper which works way slower. Consider enabling apt generation for this module in order to improve startup performance
09-03 17:42:02.532 25079 25099 W React: There is no generated module helper for module: RNCommandInvoker using FallbackModuleHelper which works way slower. Consider enabling apt generation for this module in order to improve startup performance
09-03 17:42:02.532 25079 25099 W React: There is no generated module helper for module: CustomKeyboard using FallbackModuleHelper which works way slower. Consider enabling apt generation for this module in order to improve startup performance
09-03 17:42:02.532 25079 25099 W React: There is no generated module helper for module: Calendar using FallbackModuleHelper which works way slower. Consider enabling apt generation for this module in order to improve startup performance
09-03 17:42:02.533 25079 25099 W React: There is no generated module helper for module: ImageResizerAndroid using FallbackModuleHelper which works way slower. Consider enabling apt generation for this module in order to improve startup performance
09-03 17:42:02.533 25079 25099 W React: There is no generated module helper for module: RNDocumentPicker using FallbackModuleHelper which works way slower. Consider enabling apt generation for this module in order to improve startup performance
09-03 17:42:02.533 25079 25099 W React: There is no generated module helper for module: SoundPlayer using FallbackModuleHelper which works way slower. Consider enabling apt generation for this module in order to improve startup performance
09-03 17:42:02.533 25079 25099 W React: There is no generated module helper for module: RNNetworkInfo using FallbackModuleHelper which works way slower. Consider enabling apt generation for this module in order to improve startup performance
09-03 17:42:02.533 25079 25099 W React: There is no generated module helper for module: SoundRecorder using FallbackModuleHelper which works way slower. Consider enabling apt generation for this module in order to improve startup performance
09-03 17:42:02.781 25079 25117 W ReactApp: registerMemoryTrimmable current size: 0
09-03 17:42:02.782 25079 25117 W ReactApp: registerMemoryTrimmable current size: 1
09-03 17:42:02.785 25079 25079 I SmsHandlingContext: init()
09-03 17:42:02.786 25079 25117 I AudioManagerModule: initialize (causeId 7445a13a)
09-03 17:42:02.787 25079 25117 I AudioManagerModule: AudioManagerModule.initialize took 0ms
09-03 17:42:02.787 25079 25111 I AudioOptions: initialize (causeId 7445a13a)
09-03 17:42:02.790 25079 25111 I WiredHeadsetReceiver: Registered receiver
09-03 17:42:02.791 25079 25112 I WiredHeadsetReceiver: addListener (causeId: 7445a13a)
09-03 17:42:02.792 25079 25112 I AudioOptions: WiredHeadsetReceiver.headsetStateChanged UNPLUGGED (causeId 7445a13a)
09-03 17:42:02.794 25079 25112 I BluetoothReceiver: BluetoothReceiver: AudioManager.ACTION_SCO_AUDIO_STATE_UPDATED: UNKNOWN -> STATE_DISCONNECTED (causeId: ed4df862)
09-03 17:42:02.794 25079 25111 I BluetoothReceiver: Received sticky intent android.media.ACTION_SCO_AUDIO_STATE_UPDATED
09-03 17:42:02.797 25079 25112 I BluetoothReceiver: BluetoothReceiver: AudioManager.ACTION_SCO_AUDIO_STATE_UPDATED: UNKNOWN -> STATE_DISCONNECTED (causeId: f5f06b29)
09-03 17:42:02.797 25079 25111 I BluetoothReceiver: Registered receiver
09-03 17:42:02.797 25079 25111 I BluetoothReceiver: loadAlreadyConnectedDevices (causeId: 7445a13a)
09-03 17:42:02.798 25079 25112 I BluetoothReceiver: addListener (causeId: 7445a13a)
09-03 17:42:02.799 25079 25117 I SkypeCameraModule: SkypeCameraModule initialize
09-03 17:42:02.833 25079 25111 I BluetoothReceiver: createServiceListener (causeId: 7445a13a)
09-03 17:42:02.872 25079 25112 I ModernAudioDeviceMonitor: addListener (causeId: 7445a13a)
09-03 17:42:02.872 25079 25112 I AudioOptions: ModernAudioDeviceMonitor.availableAudioDeviceTypesChanged headphones: false usb: false (causeId 7445a13a)
09-03 17:42:02.886 25079 25112 I ModernAudioDeviceMonitor: initialization headphones: false, usb: false, devices: [[1:TYPE_BUILTIN_EARPIECE], [2:TYPE_BUILTIN_SPEAKER], [5:TYPE_BUILTIN_MIC], [7:TYPE_TELEPHONY]] (causeId: 2d1de402)
09-03 17:42:02.887 25079 25112 I ModernAudioDeviceMonitor: onAudioDevicesAdded headphones: false, usb: false, devices: [[1:TYPE_BUILTIN_EARPIECE], [2:TYPE_BUILTIN_SPEAKER], [5:TYPE_BUILTIN_MIC], [7:TYPE_TELEPHONY]] (causeId: c9c31cfe)
09-03 17:42:02.889 25079 25111 I AudioManagerModule: Output update and reset (destination 3, deviceStatus 2, causeId 7445a13a)
09-03 17:42:02.890 25079 25111 I AudioManagerModule: Output update and reset (destination 3, deviceStatus 2, causeId 7445a13a)
09-03 17:42:02.908 25079 25079 I TelephoneStateListener: Registering phone state listener (causeId 7445a13a)
09-03 17:42:02.919 25079 25122 I ModernAudioDeviceMonitor: onAudioDevicesAdded headphones: false, usb: false, devices: [[1:TYPE_BUILTIN_EARPIECE], [2:TYPE_BUILTIN_SPEAKER], [5:TYPE_BUILTIN_MIC], [7:TYPE_TELEPHONY]] (causeId: a717f06)
09-03 17:42:02.919 25079 25079 I AudioManagerModule: TelephoneStateListener.init took 12ms
09-03 17:42:02.928 25079 25079 I AudioManagerModule: Sending output changed event to EARPIECE (causeId 7445a13a)
09-03 17:42:02.930 25079 25111 I TelephoneStateListener: onCallStateChanged 0 (causeId 2acd2cd5)
09-03 17:42:02.932 25079 25121 I TokenShareModule: getAccounts() called, returned with list size 0
09-03 17:42:05.883 25079 25116 I ReactNativeJS: [#ffffffff-u] [TRACE] [JS.HeadlessJsTask] registerHeadlessTaskCallbacks called for 'StaticTask.OnAppUpdated'
09-03 17:42:05.886 25079 25116 I ReactNativeJS: [#ffffffff-u] [TRACE] [JS.HeadlessJsTask] registerHeadlessTaskCallbacks called for 'StaticTask.OnAppUpdatedRetry'
09-03 17:42:05.922 25079 25116 I ReactNativeJS: [#ffffffff-u] [TRACE] [JS.HeadlessJsTask] registerHeadlessTaskCallbacks called for 'SignInOnUserSessionConnected'
09-03 17:42:05.923 25079 25116 I ReactNativeJS: [#ffffffff-u] [TRACE] [JS.HeadlessJsTask] registerHeadlessTaskCallbacks called for 'SignInOnUserSessionConnectedRetry'
09-03 17:42:05.923 25079 25116 I ReactNativeJS: [#ffffffff-u] [TRACE] [JS.HeadlessJsTask] registerHeadlessTaskCallbacks called for 'SignInOnDefaultMSAConnected'
09-03 17:42:05.923 25079 25116 I ReactNativeJS: [#ffffffff-u] [TRACE] [JS.HeadlessJsTask] registerHeadlessTaskCallbacks called for 'SignInOnDefaultMSAConnectedRetry'
09-03 17:42:05.925 25079 25116 I ReactNativeJS: [#ffffffff-u] [TRACE] [JS.HeadlessJsTask] registerHeadlessTaskCallbacks called for 'BackgroundHeartbeatTelemetry'
09-03 17:42:05.926 25079 25116 I ReactNativeJS: [#ffffffff-u] [TRACE] [JS.HeadlessJsTask] registerHeadlessTaskCallbacks called for 'OnMaintenanceWindowStart'
09-03 17:42:05.927 25079 25116 I ReactNativeJS: [#ffffffff-u] [TRACE] [JS.HeadlessJsTask] registerHeadlessTaskCallbacks called for 'OnMaintenanceWindowStartRetry'
09-03 17:42:05.945 25079 25116 I ReactNativeJS: [#ffffffff-u] [TRACE] [JS.HeadlessJsTask] registerHeadlessTaskCallbacks called for 'ToastActivation'
09-03 17:42:05.945 25079 25116 I ReactNativeJS: [#ffffffff-u] [TRACE] [JS.HeadlessJsTask] registerHeadlessTaskCallbacks called for 'ToastActivationRetry'
09-03 17:42:05.963 25079 25116 I RNAppUpgrade: Getting app launch attribution state = false
09-03 17:42:05.964 25079 25116 I RNAppUpgrade: hasOldSessionPreferences:false
09-03 17:42:05.969 25079 25116 I ReactNativeJS: [#ffffffff-u] [TRACE] [JS.AppUpgrade] Preparing to handle App Upgrade Event
09-03 17:42:05.970 25079 25116 I ReactNativeJS: [#ffffffff-u] [TRACE] [JS.AppUpgrade] Preparing to handle Rtc Wake Event
09-03 17:42:05.971 25079 25116 I ReactNativeJS: [#ffffffff-u] [TRACE] [JS.AppUpgrade] _setUpAppLaunchStateChangeListener
09-03 17:42:05.973 25079 25116 I ReactNativeJS: [#ffffffff-u] [TRACE] [JS.AppUpgrade] _setUpNoticationClickListener
09-03 17:42:05.974 25079 25116 I RNAppUpgrade: Getting app launch attribution state = false
09-03 17:42:05.975 25079 25116 I RNAppUpgrade: hasOldSessionPreferences:false
09-03 17:42:05.976 25079 25116 I RNAppUpgrade: Getting app launch attribution state = false
09-03 17:42:05.976 25079 25116 I RNAppUpgrade: hasOldSessionPreferences:false
09-03 17:42:05.977 25079 25116 I RNAppUpgrade: Getting app launch attribution state = false
09-03 17:42:05.977 25079 25116 I RNAppUpgrade: hasOldSessionPreferences:false
09-03 17:42:05.980 25079 25117 I RNAppUpgrade: initialize
09-03 17:42:05.980 25079 25116 I RNAppUpgrade: Getting app launch attribution state = false
09-03 17:42:05.980 25079 25117 I UpgradeContext: acquireWakeLock taskId 2
09-03 17:42:05.980 25079 25116 I RNAppUpgrade: hasOldSessionPreferences:false
09-03 17:42:05.981 25079 25116 I RNAppUpgrade: Getting app launch attribution state = false
09-03 17:42:05.982 25079 25116 I RNAppUpgrade: hasOldSessionPreferences:false
09-03 17:42:05.983 25079 25079 I SimpleWakefulService: Acquire WAKE_LOCK for taskId: 2 with startId: 2
09-03 17:42:05.985 25079 25117 I RNAppUpgrade: processPendingIntents
09-03 17:42:05.985 25079 25117 I RNAppUpgrade: processPendingIntents:delayedIntentQueue size(1)
09-03 17:42:05.985 25079 25117 I RNAppUpgrade: processPendingIntent with action: WakeEventReceiver.ACTION_OEM_RTC_WAKE
09-03 17:42:05.986 25079 25117 I RNAppUpgrade: App Received Intent with action - WakeEventReceiver.ACTION_OEM_RTC_WAKE
09-03 17:42:05.993 25079 25117 I RNAppUpgrade: Emitted event for intent with action WakeEventReceiver.ACTION_OEM_RTC_WAKE with eventOptions: {"notificationId":0,"scheduledWakeUpTime":1535996521436,"taskId":1}
09-03 17:42:06.068 25079 25117 I RNAppUpgrade: initialize
09-03 17:42:06.134 25079 25116 I ReactNativeJS: [#ffffffff-u] [TRACE] [JS.Startup] Locale initialized to [de_DE]
09-03 17:42:06.136 25079 25116 I ReactNativeJS: [#ffffffff-u] [TRACE] [JS.Startup] Country code is [DE]
09-03 17:42:06.144 25079 25116 I ReactNativeJS: [#ffffffff-u] [TRACE] [JS.Startup] Device Id: dNWT97_WBMo
09-03 17:42:06.145 25079 25116 I ReactNativeJS: [#ffffffff-u] [TRACE] [JS.Startup] Device Manufacturer: samsung
09-03 17:42:06.147 25079 25116 I ReactNativeJS: [#ffffffff-u] [TRACE] [JS.Startup] Device Model: SM-A310F
09-03 17:42:06.148 25079 25116 I ReactNativeJS: [#ffffffff-u] [TRACE] [JS.Startup] Device OS version: 7.0
09-03 17:42:06.160 25079 25116 I ReactNativeJS: [#ffffffff-u] [TRACE] [JS.Startup] App version: 8.29.0.41
09-03 17:42:06.160 25079 25116 I ReactNativeJS: [#ffffffff-u] [TRACE] [JS.Startup] App activation state: Background
09-03 17:42:06.170 25079 25116 I ReactNativeJS: [#ffffffff-u] [TRACE] [JS.GenericUnsafe] Startup Phase 1 duration: 3452ms
09-03 17:42:06.175 25079 25116 I ReactNativeJS: [#ffffffff-u] [TRACE] [JS.GenericUnsafe] Startup Phase 2 duration: 737ms
09-03 17:42:06.184 25079 25116 I ReactNativeJS: [#ffffffff-u] [TRACE] [JS.Startup] Starting: HockeyAppService
09-03 17:42:06.191 25079 25116 I ReactNativeJS: [#ffffffff-S] [TRACE] [JS.HockeyApp] Ignoring check for updates - PUBLIC build
09-03 17:42:06.192 25079 25117 I ReactHockeyApp: HockeyApp - initializing configuration
09-03 17:42:06.194 25079 25116 I ReactNativeJS: [#ffffffff-u] [TRACE] [JS.Startup] Finish: HockeyAppService: 10ms
09-03 17:42:06.200 25079 25134 I React: Check for new app crashes
09-03 17:42:06.216 25079 25116 I ReactNativeJS: [#ffffffff-u] [TRACE] [JS.Startup] Starting: CrashStatusStore
09-03 17:42:06.218 25079 25116 I ReactNativeJS: [#ffffffff-u] [TRACE] [JS.GenericUnsafe] RN Entry
09-03 17:42:06.227 25079 25116 I ReactNativeJS: [#ffffffff-u] [TRACE] [JS.AppUpgrade] Last app launch time: undefined
09-03 17:42:06.232 25079 25116 I RNAppUpgrade: Getting app launch attribution state = false
09-03 17:42:06.233 25079 25116 I RNAppUpgrade: hasOldSessionPreferences:false
09-03 17:42:06.236 25079 25116 I ReactNativeJS: [#ffffffff-u] [TRACE] [JS.AppUpgrade] _getAppLaunchState:subscribe:fired:0
09-03 17:42:06.239 25079 25116 I ReactNativeJS: [#ffffffff-u] [TRACE] [JS.AppUpgrade] Rtc Wake event Received with token 1
09-03 17:42:06.241 25079 25116 I ReactNativeJS: [#ffffffff-u] [TRACE] [JS.AppUpgrade] _getOEMConfigUsingBackgroundECSFetch, acceptStale:true
09-03 17:42:06.250 25079 25116 I ReactNativeJS: [#ffffffff-u] [TRACE] [JS.AppUpgrade] _subscribeAndFetchEcs
09-03 17:42:06.252 25079 25116 I ReactNativeJS: [#ffffffff-u] [TRACE] [JS.AppUpgrade] ECSConfig:Subscribing for fresh ECS
09-03 17:42:06.359 25079 25116 I ReactNativeJS: [#ffffffff-S] [TRACE] [JS.HockeyApp] Last launch crashed: false
09-03 17:42:06.360 25079 25116 I ReactNativeJS: [#ffffffff-u] [TRACE] [JS.Startup] Finish: CrashStatusStore: 145ms
09-03 17:42:06.362 25079 25116 I ReactNativeJS: [#ffffffff-u] [TRACE] [JS.Startup] SkypeId missing in Storage
09-03 17:42:06.409 25079 25116 I ReactNativeJS: [#ffffffff-u] [TRACE] [JS.AppUpgrade] ECSConfig:ECS, expires in: -20188962.653
09-03 17:42:06.412 25079 25116 I ReactNativeJS: [#ffffffff-u] [TRACE] [JS.AppUpgrade] _getWakeUpActivationData:begin:
09-03 17:42:06.413 25079 25116 I ReactNativeJS: [#ffffffff-u] [TRACE] [JS.AppUpgrade] _getWakeUpActivationData:end:
09-03 17:42:06.414 25079 25116 I ReactNativeJS: [#ffffffff-u] [TRACE] [JS.AppUpgrade] No notification type came from ECS config, falling back to PictureWithText1 notification
09-03 17:42:06.419 25079 25116 I ReactNativeJS: [#ffffffff-u] [TRACE] [JS.AppUpgrade] Using notification details for style TextOnly2
09-03 17:42:06.422 25079 25116 I ReactNativeJS: [#ffffffff-u] [TRACE] [JS.AppUpgrade] _triggerRtcWakeUpForActivationExperiment:begin
09-03 17:42:06.423 25079 25116 I RNAppUpgrade: Getting app launch attribution state = false
09-03 17:42:06.423 25079 25116 I RNAppUpgrade: hasOldSessionPreferences:false
09-03 17:42:06.425 25079 25117 I RNAppUpgrade: scheduleWakeUpForActivationExperiment
09-03 17:42:06.441 25079 25117 I ActivationExperiment: ActivationOptions{"ecsConfig":{"sendAppUpgradeTelemetry":true,"upgradeNotification":{"appParameters":{"appStateList":["Launched"],"maxWakeAttempts":3,"minHoursSinceLaunch":72,"wakeIntervalSecs":259200},"enabled":false,"enabledExperiments":[],"notificationTimingInfo":{"scheduleHourOfDay":19}}},"isInsidersBuild":false,"lastLaunchTime":-1,"launchState":"NeverLaunched","notificationMeta":{"imageStyle":"None","imageUri":"https://secure.skypeassets.com/content/dam/scom/app/notifications/ensure_network_image.png","notificationStyle":"TextOnly2","notificationTemplateType":"Default","subtitle":"Tägliche Chats in großartige Momente verwandeln","title":"Wir stellen vor: dein neues Skype"},"notificationState":"NotScheduled","notificationStyle":"TextOnly2","partnerPreInstallId":"534","scheduleWakeUpTime":1535996521436}
09-03 17:42:06.443 25079 25117 I ActivationExperiment: onAppWakeUp, woke up at: Monday, September 3, 2018 at 7:42 PM with AppLaunchState NeverLaunched, wakeUpReason(RtcWakeUp)
09-03 17:42:06.444 25079 25117 I ActivationExperiment: isEligibleToStartExperiment, SAMSUNG_PREINSTALL
09-03 17:42:06.448 25079 25117 I ActivationExperiment: loadFromDisk:{"experimentList":[],"schemaVersion":"v1","totalRetargetAttempts":-1,"totalWakeAttempts":34,"wakeUpList":[{"reason":"Upgrade","status":"NextWakeUpScheduled","time":1534471151091},{"reason":"RtcWakeUp","status":"NextWakeUpScheduled","time":1534787951092},{"reason":"RtcWakeUp","status":"NextWakeUpScheduled","time":1535047181984},{"reason":"RtcWakeUp","status":"WakeUpRetriesExhausted","time":1535303040320},{"reason":"Upgrade","status":"NextWakeUpScheduled","time":1535676121435},{"reason":"RtcWakeUp","status":"WakeUpPending","time":1535996521436}]}, timeTaken(3 ms)
09-03 17:42:06.453 25079 25117 I ActivationExperiment: isEligibleToExecuteExperiment: upgradeNotification not enabled
09-03 17:42:06.454 25079 25117 I ActivationExperiment: scheduleWakeUpForActivationExperiment: schedule next wake up after: 259200 secs, app will wake up on Thursday, September 6, 2018 at 7:42 PM
09-03 17:42:06.455 25079 25117 I ActivationExperiment: cancelPendingRtcWake
09-03 17:42:06.470 25079 25117 I ActivationExperiment: persistToDisk: SAVING, payload({"experimentList":[],"schemaVersion":"v1","totalRetargetAttempts":-1,"totalWakeAttempts":35,"wakeUpList":[{"reason":"Upgrade","status":"NextWakeUpScheduled","time":1534471151091},{"reason":"RtcWakeUp","status":"NextWakeUpScheduled","time":1534787951092},{"reason":"RtcWakeUp","status":"NextWakeUpScheduled","time":1535047181984},{"reason":"RtcWakeUp","status":"WakeUpRetriesExhausted","time":1535303040320},{"reason":"Upgrade","status":"NextWakeUpScheduled","time":1535676121435},{"reason":"RtcWakeUp","status":"NextWakeUpScheduled","time":1535996521436},{"reason":"RtcWakeUp","status":"WakeUpPending","time":1536255726454}]})
09-03 17:42:06.470 25079 25117 I ActivationExperiment: scheduleWakeUpForActivationExperiment: scheduled attempt(2), TimeTaken(16 ms)
09-03 17:42:06.544 25079 25116 I RNAppUpgrade: Getting app launch attribution state = false
09-03 17:42:06.544 25079 25116 I RNAppUpgrade: hasOldSessionPreferences:false
09-03 17:42:06.955 25079 25117 W ReactMethodWatchdog: Method RNCookieManagerAndroid.clearAll invocation took too long: 418ms
09-03 17:42:06.956 25079 25117 I UpgradeContext: releaseWakeLock taskId 1
09-03 17:42:06.976 25079 25079 I SimpleWakefulService: Release WAKE_LOCK for taskId: 1 with startId: 3
09-03 17:42:06.979 25079 25079 I SimpleWakefulService: Removing Stop message
09-03 17:42:07.085 25079 25117 I DeviceUtilities: DeviceUtilities: currentOrientation
09-03 17:42:07.139 25079 25117 W React: StatusBarModule: Ignored status bar change, current activity is null.
09-03 17:42:07.145 25079 25117 W React: StatusBarModule: Ignored status bar change, current activity is null.
09-03 17:42:07.146 25079 25117 W React: StatusBarModule: Ignored status bar change, current activity is null.
09-03 17:42:07.146 25079 25117 I DeviceUtilities: DeviceUtilities: statusBarHeight
09-03 17:42:07.197 25079 25116 W ReactNativeJS: [#ffffffff-u] [WARN] [JS.ResponsiveWidthStore] DeviceUtilities.currentOrientation failed: [pii] causeId: 3ae3a294
09-03 17:42:07.199 25079 25116 W ReactNativeJS: [#ffffffff-u] [WARN] [JS.GenericUnsafe] SafeAreaStore statusBarHeight failed: [pii]
09-03 17:42:12.437 25079 25112 I RNSlimcore: Clearing old logs
09-03 17:42:12.448 25079 25112 I SkyLibManager[TERMINATED:null]: clearOldLogs found 0 potential log files
09-03 17:42:20.986 25079 25133 I UpgradeContext: releaseWakeLock taskId 2
09-03 17:42:20.992 25079 25079 I SimpleWakefulService: Release WAKE_LOCK for taskId: 2 with startId: 4
09-03 17:42:21.002 25079 25079 I SimpleWakefulService: Removing Stop message
09-03 17:42:21.003 25079 25079 I SimpleWakefulService: Service destroyed
09-06 16:37:39.051 8285 8285 W ReactHockeyApp: RNHockeyApp: Failed to get existing metadata
09-06 16:37:39.051 8285 8285 W ReactHockeyApp: /data/user/0/com.skype.raider/files/HockeyAppCrashMetadata.json (No such file or directory)
09-06 16:37:39.051 8285 8285 W ReactHockeyApp: java.io.FileInputStream.open(FileInputStream.java:-2)
09-06 16:37:39.051 8285 8285 W ReactHockeyApp: java.io.FileInputStream.(FileInputStream.java:146)
09-06 16:37:39.051 8285 8285 W ReactHockeyApp: android.app.ContextImpl.openFileInput(ContextImpl.java:505)
09-06 16:37:39.051 8285 8285 W ReactHockeyApp: android.content.ContextWrapper.openFileInput(ContextWrapper.java:193)
09-06 16:37:39.051 8285 8285 W ReactHockeyApp: com.skype.hockeyapp.SkypeCrashListener.f(SourceFile:139)
09-06 16:37:39.051 8285 8285 W ReactHockeyApp: com.skype.hockeyapp.SkypeCrashListener.(SourceFile:48)
09-06 16:37:39.051 8285 8285 W ReactHockeyApp: com.skype.hockeyapp.SkypeCrashListener.a(SourceFile:43)
09-06 16:37:39.051 8285 8285 W ReactHockeyApp: com.skype.hockeyapp.SkypeCrashManager.a(SourceFile:40)
09-06 16:37:39.051 8285 8285 W ReactHockeyApp: com.skype4life.SkypeApplication.onCreate(SourceFile:1045)
09-06 16:37:39.051 8285 8285 W ReactHockeyApp: android.app.Instrumentation.callApplicationOnCreate(Instrumentation.java:1032)
09-06 16:37:39.051 8285 8285 W ReactHockeyApp: android.app.ActivityThread.handleBindApplication(ActivityThread.java:5970)
09-06 16:37:39.051 8285 8285 W ReactHockeyApp: android.app.ActivityThread.-wrap3(ActivityThread.java:-1)
09-06 16:37:39.051 8285 8285 W ReactHockeyApp: android.app.ActivityThread$H.handleMessage(ActivityThread.java:1710)
09-06 16:37:39.051 8285 8285 W ReactHockeyApp: android.os.Handler.dispatchMessage(Handler.java:102)
09-06 16:37:39.051 8285 8285 W ReactHockeyApp: android.os.Looper.loop(Looper.java:154)
09-06 16:37:39.051 8285 8285 W ReactHockeyApp: android.app.ActivityThread.main(ActivityThread.java:6776)
09-06 16:37:39.051 8285 8285 W ReactHockeyApp: java.lang.reflect.Method.invoke(Method.java:-2)
09-06 16:37:39.051 8285 8285 W ReactHockeyApp: com.android.internal.os.ZygoteInit$MethodAndArgsCaller.run(ZygoteInit.java:1496)
09-06 16:37:39.051 8285 8285 W ReactHockeyApp: com.android.internal.os.ZygoteInit.main(ZygoteInit.java:1386)
09-06 16:37:39.072 8285 8285 I DumpUploader: Preparing check for new crash dumps
09-06 16:37:39.073 8285 8303 I DumpUploader: Started check for new crash dumps
09-06 16:37:39.074 8285 8285 I ReactApp: parsingProcessName took 1ms
09-06 16:37:39.075 8285 8285 I ReactApp: onCreate start
09-06 16:37:39.089 8285 8303 I DumpUploader: Marking dumps as known:
09-06 16:37:39.094 8285 8285 I ReactApp: leakCanaryInstall took 1ms
09-06 16:37:39.114 8285 8285 I ReactApp: configureOkHttp took 20ms
09-06 16:37:39.115 8285 8285 I ReactApp: configureStetho took 0ms
09-06 16:37:39.139 8285 8285 I ReactApp: configureYoga took 23ms
09-06 16:37:39.146 8285 8285 I ReactApp: CsiManager.onCreate took 6ms
09-06 16:37:39.285 8285 8285 I ReactApp: mReactNativeHost.getReactInstanceManager took 139ms
09-06 16:37:39.285 8285 8308 I React: Creating react context.
09-06 16:37:39.285 8285 8285 I ReactApp: onCreate complete in 277ms
09-06 16:37:39.291 8285 8285 I ActivationExperiment: loadFromDisk:{"experimentList":[],"schemaVersion":"v1","totalRetargetAttempts":-1,"totalWakeAttempts":35,"wakeUpList":[{"reason":"Upgrade","status":"NextWakeUpScheduled","time":1534471151091},{"reason":"RtcWakeUp","status":"NextWakeUpScheduled","time":1534787951092},{"reason":"RtcWakeUp","status":"NextWakeUpScheduled","time":1535047181984},{"reason":"RtcWakeUp","status":"WakeUpRetriesExhausted","time":1535303040320},{"reason":"Upgrade","status":"NextWakeUpScheduled","time":1535676121435},{"reason":"RtcWakeUp","status":"NextWakeUpScheduled","time":1535996521436},{"reason":"RtcWakeUp","status":"WakeUpPending","time":1536255726454}]}, timeTaken(3 ms)
09-06 16:37:39.298 8285 8308 I SkypeCameraViewManager: init
09-06 16:37:39.308 8285 8308 I GradientImagePackage: createViewManagers
09-06 16:37:39.309 8285 8285 I ActivationExperiment: cancelPendingRtcWake
09-06 16:37:39.311 8285 8308 W ViewManagerPropertyUpdater: Could not find generated setter for class com.skype.ink.AdditiveSurfaceViewManager
09-06 16:37:39.317 8285 8308 W ViewManagerPropertyUpdater: Could not find generated setter for class com.skype.ink.AdditiveSurfaceViewShadowNode
09-06 16:37:39.323 8285 8308 W ViewManagerPropertyUpdater: Could not find generated setter for class com.facebook.react.uimanager.h
09-06 16:37:39.325 8285 8308 W ViewManagerPropertyUpdater: Could not find generated setter for class com.facebook.react.views.text.g
09-06 16:37:39.331 8285 8308 W ViewManagerPropertyUpdater: Could not find generated setter for class com.facebook.react.views.textinput.i
09-06 16:37:39.337 8285 8308 W ViewManagerPropertyUpdater: Could not find generated setter for class com.facebook.react.views.art.c
09-06 16:37:39.339 8285 8308 W ViewManagerPropertyUpdater: Could not find generated setter for class com.facebook.react.views.art.b
09-06 16:37:39.344 8285 8308 W ViewManagerPropertyUpdater: Could not find generated setter for class com.facebook.react.views.art.a
09-06 16:37:39.345 8285 8308 W ViewManagerPropertyUpdater: Could not find generated setter for class com.facebook.react.views.progressbar.b
09-06 16:37:39.347 8285 8308 W ViewManagerPropertyUpdater: Could not find generated setter for class com.facebook.react.views.text.frescosupport.a
09-06 16:37:39.352 8285 8308 W ViewManagerPropertyUpdater: Could not find generated setter for class com.brentvatne.react.ReactVideoViewManager
09-06 16:37:39.358 8285 8308 W ViewManagerPropertyUpdater: Could not find generated setter for class com.skpcamera.SkypeCameraViewManager
09-06 16:37:39.362 8285 8308 W ViewManagerPropertyUpdater: Could not find generated setter for class com.customkeyboard.CustomKeyboardViewManager
09-06 16:37:39.364 8285 8308 W ViewManagerPropertyUpdater: Could not find generated setter for class com.skype.slimcore.video.RNCallingVideoViewManager
09-06 16:37:39.365 8285 8308 W ViewManagerPropertyUpdater: Could not find generated setter for class com.skype.slimcore.video.RNCallingVideoViewLocalManager
09-06 16:37:39.369 8285 8308 W ViewManagerPropertyUpdater: Could not find generated setter for class com.skype.slimcore.video.RNCallingVideoViewPreviewManager
09-06 16:37:39.370 8285 8308 W ViewManagerPropertyUpdater: Could not find generated setter for class com.microsoft.react.mediapicker.MediaPickerViewManager
09-06 16:37:39.378 8285 8308 W ViewManagerPropertyUpdater: Could not find generated setter for class com.microsoft.react.mediapicker.c
09-06 16:37:39.381 8285 8308 W ViewManagerPropertyUpdater: Could not find generated setter for class com.microsoft.skypemessagetextinput.view.RNViewManager
09-06 16:37:39.387 8285 8308 W ViewManagerPropertyUpdater: Could not find generated setter for class com.microsoft.skypemessagetextinput.view.c
09-06 16:37:39.389 8285 8308 W ViewManagerPropertyUpdater: Could not find generated setter for class com.skype.reactnativesprites.SpriteViewManager
09-06 16:37:39.391 8285 8308 W ViewManagerPropertyUpdater: Could not find generated setter for class com.projectseptember.RNGL.GLCanvasManager
09-06 16:37:39.397 8285 8308 W ViewManagerPropertyUpdater: Could not find generated setter for class com.github.alinz.reactnativewebviewbridge.WebViewBridgeManager
09-06 16:37:39.406 8285 8308 W ViewManagerPropertyUpdater: Could not find generated setter for class com.airbnb.android.react.maps.AirMapCalloutManager
09-06 16:37:39.408 8285 8308 W ViewManagerPropertyUpdater: Could not find generated setter for class com.airbnb.android.react.maps.AirMapMarkerManager
09-06 16:37:39.411 8285 8308 W ViewManagerPropertyUpdater: Could not find generated setter for class com.airbnb.android.react.maps.AirMapPolylineManager
09-06 16:37:39.413 8285 8308 W ViewManagerPropertyUpdater: Could not find generated setter for class com.airbnb.android.react.maps.AirMapPolygonManager
09-06 16:37:39.415 8285 8308 W ViewManagerPropertyUpdater: Could not find generated setter for class com.airbnb.android.react.maps.AirMapCircleManager
09-06 16:37:39.418 8285 8308 W ViewManagerPropertyUpdater: Could not find generated setter for class com.airbnb.android.react.maps.AirMapManager
09-06 16:37:39.422 8285 8308 W ViewManagerPropertyUpdater: Could not find generated setter for class com.airbnb.android.react.maps.AirMapLiteManager
09-06 16:37:39.423 8285 8308 W ViewManagerPropertyUpdater: Could not find generated setter for class com.airbnb.android.react.maps.AirMapUrlTileManager
09-06 16:37:39.424 8285 8308 W ViewManagerPropertyUpdater: Could not find generated setter for class com.microsoft.react.videofxp.VideoFXPViewManager
09-06 16:37:39.426 8285 8308 W ViewManagerPropertyUpdater: Could not find generated setter for class com.skype.virtualmessageview.VirtualMessageViewControllerManager
09-06 16:37:39.427 8285 8308 W ViewManagerPropertyUpdater: Could not find generated setter for class com.microsoft.react.clippedview.ClippedViewManager
09-06 16:37:39.428 8285 8308 W ViewManagerPropertyUpdater: Could not find generated setter for class com.BV.LinearGradient.LinearGradientManager
09-06 16:37:39.431 8285 8308 W ViewManagerPropertyUpdater: Could not find generated setter for class com.airbnb.android.react.lottie.LottieAnimationViewManager
09-06 16:37:39.433 8285 8308 W ViewManagerPropertyUpdater: Could not find generated setter for class com.microsoft.react.gradientimage.GradientImageViewManager
09-06 16:37:39.435 8285 8308 W ViewManagerPropertyUpdater: Could not find generated setter for class com.skype.qrcode.QRCodeViewManager
09-06 16:37:39.437 8285 8308 W ViewManagerPropertyUpdater: Could not find generated setter for class com.skype.camera.imagefilter.ImageFilterManager
09-06 16:37:39.719 8285 8308 W JavaModuleHelper: Could not find generated custom module provider
09-06 16:37:39.719 8285 8308 W React: There is no generated module helper for module: IncomingCallInteractionManager using FallbackModuleHelper which works way slower. Consider enabling apt generation for this module in order to improve startup performance
09-06 16:37:39.720 8285 8308 W React: There is no generated module helper for module: ExternalBrowser using FallbackModuleHelper which works way slower. Consider enabling apt generation for this module in order to improve startup performance
09-06 16:37:39.720 8285 8308 W React: There is no generated module helper for module: AudioManager using FallbackModuleHelper which works way slower. Consider enabling apt generation for this module in order to improve startup performance
09-06 16:37:39.720 8285 8308 W React: There is no generated module helper for module: RNSkypeCredentialsFetcher using FallbackModuleHelper which works way slower. Consider enabling apt generation for this module in order to improve startup performance
09-06 16:37:39.720 8285 8308 W React: There is no generated module helper for module: RNCookieManagerAndroid using FallbackModuleHelper which works way slower. Consider enabling apt generation for this module in order to improve startup performance
09-06 16:37:39.720 8285 8308 W React: There is no generated module helper for module: RNCommandInvoker using FallbackModuleHelper which works way slower. Consider enabling apt generation for this module in order to improve startup performance
09-06 16:37:39.720 8285 8308 W React: There is no generated module helper for module: RNNetworkInfo using FallbackModuleHelper which works way slower. Consider enabling apt generation for this module in order to improve startup performance
09-06 16:37:39.720 8285 8308 W React: There is no generated module helper for module: CallIntent using FallbackModuleHelper which works way slower. Consider enabling apt generation for this module in order to improve startup performance
09-06 16:37:39.721 8285 8308 W React: There is no generated module helper for module: EnvironmentInfo using FallbackModuleHelper which works way slower. Consider enabling apt generation for this module in order to improve startup performance
09-06 16:37:39.721 8285 8308 W React: There is no generated module helper for module: SnapshotManager using FallbackModuleHelper which works way slower. Consider enabling apt generation for this module in order to improve startup performance
09-06 16:37:39.721 8285 8308 W React: There is no generated module helper for module: FrescoModule using FallbackModuleHelper which works way slower. Consider enabling apt generation for this module in order to improve startup performance
09-06 16:37:39.721 8285 8308 W React: There is no generated module helper for module: SplashScreenNotifier using FallbackModuleHelper which works way slower. Consider enabling apt generation for this module in order to improve startup performance
09-06 16:37:39.721 8285 8308 W React: There is no generated module helper for module: SKPSkypeMessageTextInputModule using FallbackModuleHelper which works way slower. Consider enabling apt generation for this module in order to improve startup performance
09-06 16:37:39.721 8285 8308 W React: There is no generated module helper for module: PlatformConstants using FallbackModuleHelper which works way slower. Consider enabling apt generation for this module in order to improve startup performance
09-06 16:37:39.721 8285 8308 W React: There is no generated module helper for module: RNGLContext using FallbackModuleHelper which works way slower. Consider enabling apt generation for this module in order to improve startup performance
09-06 16:37:39.722 8285 8308 W React: There is no generated module helper for module: SourceCode using FallbackModuleHelper which works way slower. Consider enabling apt generation for this module in order to improve startup performance
09-06 16:37:39.722 8285 8308 W React: There is no generated module helper for module: CustomKeyboard using FallbackModuleHelper which works way slower. Consider enabling apt generation for this module in order to improve startup performance
09-06 16:37:39.722 8285 8308 W React: There is no generated module helper for module: RNAppUpgrade using FallbackModuleHelper which works way slower. Consider enabling apt generation for this module in order to improve startup performance
09-06 16:37:39.722 8285 8308 W React: There is no generated module helper for module: RNKeychainManager using FallbackModuleHelper which works way slower. Consider enabling apt generation for this module in order to improve startup performance
09-06 16:37:39.722 8285 8308 W React: There is no generated module helper for module: RNPushAndroid using FallbackModuleHelper which works way slower. Consider enabling apt generation for this module in order to improve startup performance
09-06 16:37:39.722 8285 8308 W React: There is no generated module helper for module: RNBackgroundTimer using FallbackModuleHelper which works way slower. Consider enabling apt generation for this module in order to improve startup performance
09-06 16:37:39.722 8285 8308 W React: There is no generated module helper for module: CortanaSignals using FallbackModuleHelper which works way slower. Consider enabling apt generation for this module in order to improve startup performance
09-06 16:37:39.722 8285 8308 W React: There is no generated module helper for module: TokenShareModule using FallbackModuleHelper which works way slower. Consider enabling apt generation for this module in order to improve startup performance
09-06 16:37:39.722 8285 8308 W React: There is no generated module helper for module: RNSlimcore using FallbackModuleHelper which works way slower. Consider enabling apt generation for this module in order to improve startup performance
09-06 16:37:39.722 8285 8308 W React: There is no generated module helper for module: MediaPicker using FallbackModuleHelper which works way slower. Consider enabling apt generation for this module in order to improve startup performance
09-06 16:37:39.723 8285 8308 W React: There is no generated module helper for module: RNReload using FallbackModuleHelper which works way slower. Consider enabling apt generation for this module in order to improve startup performance
09-06 16:37:39.723 8285 8308 W React: There is no generated module helper for module: RNUrlRequest using FallbackModuleHelper which works way slower. Consider enabling apt generation for this module in order to improve startup performance
09-06 16:37:39.723 8285 8308 W React: There is no generated module helper for module: ImageResizerAndroid using FallbackModuleHelper which works way slower. Consider enabling apt generation for this module in order to improve startup performance
09-06 16:37:39.723 8285 8308 W React: There is no generated module helper for module: RNViewConfig using FallbackModuleHelper which works way slower. Consider enabling apt generation for this module in order to improve startup performance
09-06 16:37:39.723 8285 8308 W React: There is no generated module helper for module: AirMapModule using FallbackModuleHelper which works way slower. Consider enabling apt generation for this module in order to improve startup performance
09-06 16:37:39.723 8285 8308 W React: There is no generated module helper for module: ShareSheet using FallbackModuleHelper which works way slower. Consider enabling apt generation for this module in order to improve startup performance
09-06 16:37:39.723 8285 8308 W React: There is no generated module helper for module: NativeEntropy using FallbackModuleHelper which works way slower. Consider enabling apt generation for this module in order to improve startup performance
09-06 16:37:39.723 8285 8308 W React: There is no generated module helper for module: SyncModule using FallbackModuleHelper which works way slower. Consider enabling apt generation for this module in order to improve startup performance
09-06 16:37:39.724 8285 8308 W React: There is no generated module helper for module: FileTracker using FallbackModuleHelper which works way slower. Consider enabling apt generation for this module in order to improve startup performance
09-06 16:37:39.724 8285 8308 W React: There is no generated module helper for module: RNManualFileCache using FallbackModuleHelper which works way slower. Consider enabling apt generation for this module in order to improve startup performance
09-06 16:37:39.724 8285 8308 W React: There is no generated module helper for module: PermissionsManager using FallbackModuleHelper which works way slower. Consider enabling apt generation for this module in order to improve startup performance
09-06 16:37:39.724 8285 8308 W React: There is no generated module helper for module: ContextMenuAndroid using FallbackModuleHelper which works way slower. Consider enabling apt generation for this module in order to improve startup performance
09-06 16:37:39.724 8285 8308 W React: There is no generated module helper for module: SoundPlayer using FallbackModuleHelper which works way slower. Consider enabling apt generation for this module in order to improve startup performance
09-06 16:37:39.725 8285 8308 W React: There is no generated module helper for module: RNGraphicsContext using FallbackModuleHelper which works way slower. Consider enabling apt generation for this module in order to improve startup performance
09-06 16:37:39.725 8285 8308 W React: There is no generated module helper for module: RNHockeyApp using FallbackModuleHelper which works way slower. Consider enabling apt generation for this module in order to improve startup performance
09-06 16:37:39.725 8285 8308 W React: There is no generated module helper for module: DeviceSettings using FallbackModuleHelper which works way slower. Consider enabling apt generation for this module in order to improve startup performance
09-06 16:37:39.725 8285 8308 W React: There is no generated module helper for module: SkypeCamera using FallbackModuleHelper which works way slower. Consider enabling apt generation for this module in order to improve startup performance
09-06 16:37:39.725 8285 8308 W React: There is no generated module helper for module: ZipUtil using FallbackModuleHelper which works way slower. Consider enabling apt generation for this module in order to improve startup performance
09-06 16:37:39.725 8285 8308 W React: There is no generated module helper for module: SoundRecorder using FallbackModuleHelper which works way slower. Consider enabling apt generation for this module in order to improve startup performance
09-06 16:37:39.726 8285 8308 W React: There is no generated module helper for module: ExtendedAppState using FallbackModuleHelper which works way slower. Consider enabling apt generation for this module in order to improve startup performance
09-06 16:37:39.726 8285 8308 W React: There is no generated module helper for module: Calendar using FallbackModuleHelper which works way slower. Consider enabling apt generation for this module in order to improve startup performance
09-06 16:37:39.726 8285 8308 W React: There is no generated module helper for module: RNGeocoder using FallbackModuleHelper which works way slower. Consider enabling apt generation for this module in order to improve startup performance
09-06 16:37:39.727 8285 8308 W React: There is no generated module helper for module: RNStorage using FallbackModuleHelper which works way slower. Consider enabling apt generation for this module in order to improve startup performance
09-06 16:37:39.727 8285 8308 W React: There is no generated module helper for module: DeviceInfo using FallbackModuleHelper which works way slower. Consider enabling apt generation for this module in order to improve startup performance
09-06 16:37:39.727 8285 8308 W React: There is no generated module helper for module: CallMonitor using FallbackModuleHelper which works way slower. Consider enabling apt generation for this module in order to improve startup performance
09-06 16:37:39.727 8285 8308 W React: There is no generated module helper for module: FingerprintingLib using FallbackModuleHelper which works way slower. Consider enabling apt generation for this module in order to improve startup performance
09-06 16:37:39.727 8285 8308 W React: There is no generated module helper for module: ClientLogging using FallbackModuleHelper which works way slower. Consider enabling apt generation for this module in order to improve startup performance
09-06 16:37:39.727 8285 8308 W React: There is no generated module helper for module: CampaignReceiver using FallbackModuleHelper which works way slower. Consider enabling apt generation for this module in order to improve startup performance
09-06 16:37:39.728 8285 8308 W React: There is no generated module helper for module: RNBackgroundExecution using FallbackModuleHelper which works way slower. Consider enabling apt generation for this module in order to improve startup performance
09-06 16:37:39.728 8285 8308 W React: There is no generated module helper for module: ImagePickerManager using FallbackModuleHelper which works way slower. Consider enabling apt generation for this module in order to improve startup performance
09-06 16:37:39.728 8285 8308 W React: There is no generated module helper for module: FileEncryptionNative using FallbackModuleHelper which works way slower. Consider enabling apt generation for this module in order to improve startup performance
09-06 16:37:39.728 8285 8308 W React: There is no generated module helper for module: AndroidSmsManager using FallbackModuleHelper which works way slower. Consider enabling apt generation for this module in order to improve startup performance
09-06 16:37:39.728 8285 8308 W React: There is no generated module helper for module: RNDocumentPicker using FallbackModuleHelper which works way slower. Consider enabling apt generation for this module in order to improve startup performance
09-06 16:37:39.728 8285 8308 W React: There is no generated module helper for module: AdvertisementUtilities using FallbackModuleHelper which works way slower. Consider enabling apt generation for this module in order to improve startup performance
09-06 16:37:39.728 8285 8308 W React: There is no generated module helper for module: Contacts using FallbackModuleHelper which works way slower. Consider enabling apt generation for this module in order to improve startup performance
09-06 16:37:39.728 8285 8308 W React: There is no generated module helper for module: AndroidBadges using FallbackModuleHelper which works way slower. Consider enabling apt generation for this module in order to improve startup performance
09-06 16:37:39.728 8285 8308 W React: There is no generated module helper for module: AssetReader using FallbackModuleHelper which works way slower. Consider enabling apt generation for this module in order to improve startup performance
09-06 16:37:39.729 8285 8308 W React: There is no generated module helper for module: DeviceUtilities using FallbackModuleHelper which works way slower. Consider enabling apt generation for this module in order to improve startup performance
09-06 16:37:39.729 8285 8308 W React: There is no generated module helper for module: TimeZoneManager using FallbackModuleHelper which works way slower. Consider enabling apt generation for this module in order to improve startup performance
09-06 16:37:39.729 8285 8308 W React: There is no generated module helper for module: Adjust using FallbackModuleHelper which works way slower. Consider enabling apt generation for this module in order to improve startup performance
09-06 16:37:39.729 8285 8308 W React: There is no generated module helper for module: VideoFXP using FallbackModuleHelper which works way slower. Consider enabling apt generation for this module in order to improve startup performance
09-06 16:37:39.729 8285 8308 W React: There is no generated module helper for module: ShareToApp using FallbackModuleHelper which works way slower. Consider enabling apt generation for this module in order to improve startup performance
09-06 16:37:39.729 8285 8308 W React: There is no generated module helper for module: UrlUtil using FallbackModuleHelper which works way slower. Consider enabling apt generation for this module in order to improve startup performance
09-06 16:37:39.931 8285 8360 I AudioManagerModule: initialize (causeId 38e10e39)
09-06 16:37:39.932 8285 8360 I AudioManagerModule: AudioManagerModule.initialize took 1ms
09-06 16:37:39.933 8285 8285 I SmsHandlingContext: init()
09-06 16:37:39.934 8285 8360 W ReactApp: registerMemoryTrimmable current size: 0
09-06 16:37:39.934 8285 8360 W ReactApp: registerMemoryTrimmable current size: 1
09-06 16:37:39.937 8285 8352 I AudioOptions: initialize (causeId 38e10e39)
09-06 16:37:39.941 8285 8360 I SkypeCameraModule: SkypeCameraModule initialize
09-06 16:37:39.944 8285 8352 I WiredHeadsetReceiver: Registered receiver
09-06 16:37:39.946 8285 8353 I WiredHeadsetReceiver: addListener (causeId: 38e10e39)
09-06 16:37:39.946 8285 8353 I AudioOptions: WiredHeadsetReceiver.headsetStateChanged UNPLUGGED (causeId 38e10e39)
09-06 16:37:39.948 8285 8353 I BluetoothReceiver: BluetoothReceiver: AudioManager.ACTION_SCO_AUDIO_STATE_UPDATED: UNKNOWN -> STATE_DISCONNECTED (causeId: a66fc651)
09-06 16:37:39.948 8285 8352 I BluetoothReceiver: Received sticky intent android.media.ACTION_SCO_AUDIO_STATE_UPDATED
09-06 16:37:39.949 8285 8352 I BluetoothReceiver: Registered receiver
09-06 16:37:39.949 8285 8352 I BluetoothReceiver: loadAlreadyConnectedDevices (causeId: 38e10e39)
09-06 16:37:39.950 8285 8353 I BluetoothReceiver: BluetoothReceiver: AudioManager.ACTION_SCO_AUDIO_STATE_UPDATED: UNKNOWN -> STATE_DISCONNECTED (causeId: 50eb9897)
09-06 16:37:39.953 8285 8372 I BluetoothReceiver: addListener (causeId: 38e10e39)
09-06 16:37:39.969 8285 8352 I BluetoothReceiver: createServiceListener (causeId: 38e10e39)
09-06 16:37:39.999 8285 8371 I TokenShareModule: getAccounts() called, returned with list size 0
09-06 16:37:40.027 8285 8353 I ModernAudioDeviceMonitor: addListener (causeId: 38e10e39)
09-06 16:37:40.028 8285 8353 I AudioOptions: ModernAudioDeviceMonitor.availableAudioDeviceTypesChanged headphones: false usb: false (causeId 38e10e39)
09-06 16:37:40.036 8285 8353 I ModernAudioDeviceMonitor: initialization headphones: false, usb: false, devices: [[1:TYPE_BUILTIN_EARPIECE], [2:TYPE_BUILTIN_SPEAKER], [5:TYPE_BUILTIN_MIC], [7:TYPE_TELEPHONY]] (causeId: 5561c6c8)
09-06 16:37:40.036 8285 8352 I AudioManagerModule: Output update and reset (destination 3, deviceStatus 2, causeId 38e10e39)
09-06 16:37:40.037 8285 8352 I ModernAudioDeviceMonitor: onAudioDevicesAdded headphones: false, usb: false, devices: [[1:TYPE_BUILTIN_EARPIECE], [2:TYPE_BUILTIN_SPEAKER], [5:TYPE_BUILTIN_MIC], [7:TYPE_TELEPHONY]] (causeId: 33d68f84)
09-06 16:37:40.038 8285 8352 I AudioManagerModule: Output update and reset (destination 3, deviceStatus 2, causeId 38e10e39)
09-06 16:37:40.066 8285 8285 I TelephoneStateListener: Registering phone state listener (causeId 38e10e39)
09-06 16:37:40.080 8285 8285 I AudioManagerModule: TelephoneStateListener.init took 13ms
09-06 16:37:40.086 8285 8285 I AudioManagerModule: Sending output changed event to EARPIECE (causeId 38e10e39)
09-06 16:37:40.088 8285 8372 I TelephoneStateListener: onCallStateChanged 0 (causeId 4489d0ac)
09-06 16:37:40.088 8285 8352 I ModernAudioDeviceMonitor: onAudioDevicesAdded headphones: false, usb: false, devices: [[1:TYPE_BUILTIN_EARPIECE], [2:TYPE_BUILTIN_SPEAKER], [5:TYPE_BUILTIN_MIC], [7:TYPE_TELEPHONY]] (causeId: b6c5096)
09-06 16:37:40.799 8285 8359 I ReactNativeJS: [#ffffffff-u] [TRACE] [JS.HeadlessJsTask] registerHeadlessTaskCallbacks called for 'StaticTask.OnAppUpdated'
09-06 16:37:40.803 8285 8359 I ReactNativeJS: [#ffffffff-u] [TRACE] [JS.HeadlessJsTask] registerHeadlessTaskCallbacks called for 'StaticTask.OnAppUpdatedRetry'
09-06 16:37:40.848 8285 8359 I ReactNativeJS: [#ffffffff-u] [TRACE] [JS.HeadlessJsTask] registerHeadlessTaskCallbacks called for 'SignInOnUserSessionConnected'
09-06 16:37:40.848 8285 8359 I ReactNativeJS: [#ffffffff-u] [TRACE] [JS.HeadlessJsTask] registerHeadlessTaskCallbacks called for 'SignInOnUserSessionConnectedRetry'
09-06 16:37:40.849 8285 8359 I ReactNativeJS: [#ffffffff-u] [TRACE] [JS.HeadlessJsTask] registerHeadlessTaskCallbacks called for 'SignInOnDefaultMSAConnected'
09-06 16:37:40.849 8285 8359 I ReactNativeJS: [#ffffffff-u] [TRACE] [JS.HeadlessJsTask] registerHeadlessTaskCallbacks called for 'SignInOnDefaultMSAConnectedRetry'
09-06 16:37:40.851 8285 8359 I ReactNativeJS: [#ffffffff-u] [TRACE] [JS.HeadlessJsTask] registerHeadlessTaskCallbacks called for 'BackgroundHeartbeatTelemetry'
09-06 16:37:40.853 8285 8359 I ReactNativeJS: [#ffffffff-u] [TRACE] [JS.HeadlessJsTask] registerHeadlessTaskCallbacks called for 'OnMaintenanceWindowStart'
09-06 16:37:40.853 8285 8359 I ReactNativeJS: [#ffffffff-u] [TRACE] [JS.HeadlessJsTask] registerHeadlessTaskCallbacks called for 'OnMaintenanceWindowStartRetry'
09-06 16:37:40.877 8285 8359 I ReactNativeJS: [#ffffffff-u] [TRACE] [JS.HeadlessJsTask] registerHeadlessTaskCallbacks called for 'ToastActivation'
