08-31 00:41:57.456 22483 22503 W React: There is no generated module helper for module: ImagePickerManager using FallbackModuleHelper which works way slower. Consider enabling apt generation for this module in order to improve startup performance
08-31 00:41:57.456 22483 22503 W React: There is no generated module helper for module: ContextMenuAndroid using FallbackModuleHelper which works way slower. Consider enabling apt generation for this module in order to improve startup performance
08-31 00:41:57.456 22483 22503 W React: There is no generated module helper for module: CustomKeyboard using FallbackModuleHelper which works way slower. Consider enabling apt generation for this module in order to improve startup performance
08-31 00:41:57.456 22483 22503 W React: There is no generated module helper for module: SyncModule using FallbackModuleHelper which works way slower. Consider enabling apt generation for this module in order to improve startup performance
08-31 00:41:57.457 22483 22503 W React: There is no generated module helper for module: ExternalBrowser using FallbackModuleHelper which works way slower. Consider enabling apt generation for this module in order to improve startup performance
08-31 00:41:57.457 22483 22503 W React: There is no generated module helper for module: RNHockeyApp using FallbackModuleHelper which works way slower. Consider enabling apt generation for this module in order to improve startup performance
08-31 00:41:57.458 22483 22503 W React: There is no generated module helper for module: RNCookieManagerAndroid using FallbackModuleHelper which works way slower. Consider enabling apt generation for this module in order to improve startup performance
08-31 00:41:57.459 22483 22503 W React: There is no generated module helper for module: SplashScreenNotifier using FallbackModuleHelper which works way slower. Consider enabling apt generation for this module in order to improve startup performance
08-31 00:41:57.460 22483 22503 W React: There is no generated module helper for module: RNBackgroundTimer using FallbackModuleHelper which works way slower. Consider enabling apt generation for this module in order to improve startup performance
08-31 00:41:57.460 22483 22503 W React: There is no generated module helper for module: DeviceInfo using FallbackModuleHelper which works way slower. Consider enabling apt generation for this module in order to improve startup performance
08-31 00:41:57.460 22483 22503 W React: There is no generated module helper for module: FrescoModule using FallbackModuleHelper which works way slower. Consider enabling apt generation for this module in order to improve startup performance
08-31 00:41:57.461 22483 22503 W React: There is no generated module helper for module: RNUrlRequest using FallbackModuleHelper which works way slower. Consider enabling apt generation for this module in order to improve startup performance
08-31 00:41:57.461 22483 22503 W React: There is no generated module helper for module: RNGeocoder using FallbackModuleHelper which works way slower. Consider enabling apt generation for this module in order to improve startup performance
08-31 00:41:57.461 22483 22503 W React: There is no generated module helper for module: RNSlimcore using FallbackModuleHelper which works way slower. Consider enabling apt generation for this module in order to improve startup performance
08-31 00:41:57.462 22483 22503 W React: There is no generated module helper for module: FileEncryptionNative using FallbackModuleHelper which works way slower. Consider enabling apt generation for this module in order to improve startup performance
08-31 00:41:57.462 22483 22503 W React: There is no generated module helper for module: TokenShareModule using FallbackModuleHelper which works way slower. Consider enabling apt generation for this module in order to improve startup performance
08-31 00:41:57.462 22483 22503 W React: There is no generated module helper for module: AudioManager using FallbackModuleHelper which works way slower. Consider enabling apt generation for this module in order to improve startup performance
08-31 00:41:57.462 22483 22503 W React: There is no generated module helper for module: ShareToApp using FallbackModuleHelper which works way slower. Consider enabling apt generation for this module in order to improve startup performance
08-31 00:41:57.463 22483 22503 W React: There is no generated module helper for module: AssetReader using FallbackModuleHelper which works way slower. Consider enabling apt generation for this module in order to improve startup performance
08-31 00:41:57.463 22483 22503 W React: There is no generated module helper for module: SoundRecorder using FallbackModuleHelper which works way slower. Consider enabling apt generation for this module in order to improve startup performance
08-31 00:41:57.463 22483 22503 W React: There is no generated module helper for module: SkypeCamera using FallbackModuleHelper which works way slower. Consider enabling apt generation for this module in order to improve startup performance
08-31 00:41:57.463 22483 22503 W React: There is no generated module helper for module: RNPushAndroid using FallbackModuleHelper which works way slower. Consider enabling apt generation for this module in order to improve startup performance
08-31 00:41:57.464 22483 22503 W React: There is no generated module helper for module: DeviceSettings using FallbackModuleHelper which works way slower. Consider enabling apt generation for this module in order to improve startup performance
08-31 00:41:57.464 22483 22503 W React: There is no generated module helper for module: RNReload using FallbackModuleHelper which works way slower. Consider enabling apt generation for this module in order to improve startup performance
08-31 00:41:57.464 22483 22503 W React: There is no generated module helper for module: RNNetworkInfo using FallbackModuleHelper which works way slower. Consider enabling apt generation for this module in order to improve startup performance
08-31 00:41:57.465 22483 22503 W React: There is no generated module helper for module: RNAppUpgrade using FallbackModuleHelper which works way slower. Consider enabling apt generation for this module in order to improve startup performance
08-31 00:41:57.465 22483 22503 W React: There is no generated module helper for module: AndroidSmsManager using FallbackModuleHelper which works way slower. Consider enabling apt generation for this module in order to improve startup performance
08-31 00:41:57.465 22483 22503 W React: There is no generated module helper for module: IncomingCallInteractionManager using FallbackModuleHelper which works way slower. Consider enabling apt generation for this module in order to improve startup performance
08-31 00:41:57.465 22483 22503 W React: There is no generated module helper for module: CallMonitor using FallbackModuleHelper which works way slower. Consider enabling apt generation for this module in order to improve startup performance
08-31 00:41:57.465 22483 22503 W React: There is no generated module helper for module: SKPSkypeMessageTextInputModule using FallbackModuleHelper which works way slower. Consider enabling apt generation for this module in order to improve startup performance
08-31 00:41:57.620 22483 22483 I SmsHandlingContext: init()
08-31 00:41:57.625 22483 22558 W ReactApp: registerMemoryTrimmable current size: 0
08-31 00:41:57.626 22483 22558 W ReactApp: registerMemoryTrimmable current size: 1
08-31 00:41:57.637 22483 22558 I AudioManagerModule: initialize (causeId f0e08771)
08-31 00:41:57.638 22483 22558 I AudioManagerModule: AudioManagerModule.initialize took 1ms
08-31 00:41:57.639 22483 22551 I AudioOptions: initialize (causeId f0e08771)
08-31 00:41:57.639 22483 22558 I SkypeCameraModule: SkypeCameraModule initialize
08-31 00:41:57.642 22483 22551 I WiredHeadsetReceiver: Registered receiver
08-31 00:41:57.644 22483 22552 I WiredHeadsetReceiver: addListener (causeId: f0e08771)
08-31 00:41:57.645 22483 22552 I AudioOptions: WiredHeadsetReceiver.headsetStateChanged UNPLUGGED (causeId f0e08771)
08-31 00:41:57.647 22483 22551 I BluetoothReceiver: Received sticky intent android.media.ACTION_SCO_AUDIO_STATE_UPDATED
08-31 00:41:57.648 22483 22551 I BluetoothReceiver: Registered receiver
08-31 00:41:57.648 22483 22551 I BluetoothReceiver: loadAlreadyConnectedDevices (causeId: f0e08771)
08-31 00:41:57.650 22483 22552 I BluetoothReceiver: BluetoothReceiver: AudioManager.ACTION_SCO_AUDIO_STATE_UPDATED: UNKNOWN -> STATE_DISCONNECTED (causeId: ebce2112)
08-31 00:41:57.656 22483 22567 I BluetoothReceiver: BluetoothReceiver: AudioManager.ACTION_SCO_AUDIO_STATE_UPDATED: UNKNOWN -> STATE_DISCONNECTED (causeId: 20395474)
08-31 00:41:57.660 22483 22567 I BluetoothReceiver: addListener (causeId: f0e08771)
08-31 00:41:57.702 22483 22551 I BluetoothReceiver: createServiceListener (causeId: f0e08771)
08-31 00:41:57.719 22483 22552 I ModernAudioDeviceMonitor: addListener (causeId: f0e08771)
08-31 00:41:57.720 22483 22552 I AudioOptions: ModernAudioDeviceMonitor.availableAudioDeviceTypesChanged headphones: false usb: false (causeId f0e08771)
08-31 00:41:57.742 22483 22552 I ModernAudioDeviceMonitor: initialization headphones: false, usb: false, devices: [[1:TYPE_BUILTIN_EARPIECE], [2:TYPE_BUILTIN_SPEAKER], [5:TYPE_BUILTIN_MIC], [7:TYPE_TELEPHONY]] (causeId: 961f4721)
08-31 00:41:57.744 22483 22567 I ModernAudioDeviceMonitor: onAudioDevicesAdded headphones: false, usb: false, devices: [[1:TYPE_BUILTIN_EARPIECE], [2:TYPE_BUILTIN_SPEAKER], [5:TYPE_BUILTIN_MIC], [7:TYPE_TELEPHONY]] (causeId: 42412c6f)
08-31 00:41:57.745 22483 22551 I AudioManagerModule: Output update and reset (destination 3, deviceStatus 2, causeId f0e08771)
08-31 00:41:57.749 22483 22567 I AudioManagerModule: Output update and reset (destination 3, deviceStatus 2, causeId f0e08771)
08-31 00:41:57.753 22483 22568 I ModernAudioDeviceMonitor: onAudioDevicesAdded headphones: false, usb: false, devices: [[1:TYPE_BUILTIN_EARPIECE], [2:TYPE_BUILTIN_SPEAKER], [5:TYPE_BUILTIN_MIC], [7:TYPE_TELEPHONY]] (causeId: 15cb98bf)
08-31 00:41:57.758 22483 22566 I TokenShareModule: getAccounts() called, returned with list size 0
08-31 00:41:57.774 22483 22483 I TelephoneStateListener: Registering phone state listener (causeId f0e08771)
08-31 00:41:57.811 22483 22483 I AudioManagerModule: TelephoneStateListener.init took 37ms
08-31 00:41:57.820 22483 22483 I AudioManagerModule: Sending output changed event to EARPIECE (causeId f0e08771)
08-31 00:41:57.823 22483 22552 I TelephoneStateListener: onCallStateChanged 0 (causeId 552684da)
08-31 00:42:00.757 22483 22556 I ReactNativeJS: [#ffffffff-u] [TRACE] [JS.HeadlessJsTask] registerHeadlessTaskCallbacks called for 'StaticTask.OnAppUpdated'
08-31 00:42:00.761 22483 22556 I ReactNativeJS: [#ffffffff-u] [TRACE] [JS.HeadlessJsTask] registerHeadlessTaskCallbacks called for 'StaticTask.OnAppUpdatedRetry'
08-31 00:42:00.804 22483 22556 I ReactNativeJS: [#ffffffff-u] [TRACE] [JS.HeadlessJsTask] registerHeadlessTaskCallbacks called for 'SignInOnUserSessionConnected'
08-31 00:42:00.805 22483 22556 I ReactNativeJS: [#ffffffff-u] [TRACE] [JS.HeadlessJsTask] registerHeadlessTaskCallbacks called for 'SignInOnUserSessionConnectedRetry'
08-31 00:42:00.806 22483 22556 I ReactNativeJS: [#ffffffff-u] [TRACE] [JS.HeadlessJsTask] registerHeadlessTaskCallbacks called for 'SignInOnDefaultMSAConnected'
08-31 00:42:00.806 22483 22556 I ReactNativeJS: [#ffffffff-u] [TRACE] [JS.HeadlessJsTask] registerHeadlessTaskCallbacks called for 'SignInOnDefaultMSAConnectedRetry'
08-31 00:42:00.807 22483 22556 I ReactNativeJS: [#ffffffff-u] [TRACE] [JS.HeadlessJsTask] registerHeadlessTaskCallbacks called for 'BackgroundHeartbeatTelemetry'
08-31 00:42:00.809 22483 22556 I ReactNativeJS: [#ffffffff-u] [TRACE] [JS.HeadlessJsTask] registerHeadlessTaskCallbacks called for 'OnMaintenanceWindowStart'
08-31 00:42:00.810 22483 22556 I ReactNativeJS: [#ffffffff-u] [TRACE] [JS.HeadlessJsTask] registerHeadlessTaskCallbacks called for 'OnMaintenanceWindowStartRetry'
08-31 00:42:00.831 22483 22556 I ReactNativeJS: [#ffffffff-u] [TRACE] [JS.HeadlessJsTask] registerHeadlessTaskCallbacks called for 'ToastActivation'
08-31 00:42:00.832 22483 22556 I ReactNativeJS: [#ffffffff-u] [TRACE] [JS.HeadlessJsTask] registerHeadlessTaskCallbacks called for 'ToastActivationRetry'
08-31 00:42:00.850 22483 22556 I RNAppUpgrade: Getting app launch attribution state = false
08-31 00:42:00.851 22483 22556 I RNAppUpgrade: hasOldSessionPreferences:false
08-31 00:42:00.857 22483 22556 I ReactNativeJS: [#ffffffff-u] [TRACE] [JS.AppUpgrade] Preparing to handle App Upgrade Event
08-31 00:42:00.858 22483 22556 I ReactNativeJS: [#ffffffff-u] [TRACE] [JS.AppUpgrade] Preparing to handle Rtc Wake Event
08-31 00:42:00.859 22483 22556 I ReactNativeJS: [#ffffffff-u] [TRACE] [JS.AppUpgrade] _setUpAppLaunchStateChangeListener
08-31 00:42:00.862 22483 22556 I ReactNativeJS: [#ffffffff-u] [TRACE] [JS.AppUpgrade] _setUpNoticationClickListener
08-31 00:42:00.863 22483 22556 I RNAppUpgrade: Getting app launch attribution state = false
08-31 00:42:00.863 22483 22556 I RNAppUpgrade: hasOldSessionPreferences:false
08-31 00:42:00.865 22483 22556 I RNAppUpgrade: Getting app launch attribution state = false
08-31 00:42:00.865 22483 22556 I RNAppUpgrade: hasOldSessionPreferences:false
08-31 00:42:00.866 22483 22556 I RNAppUpgrade: Getting app launch attribution state = false
08-31 00:42:00.867 22483 22556 I RNAppUpgrade: hasOldSessionPreferences:false
08-31 00:42:00.869 22483 22558 I RNAppUpgrade: initialize
08-31 00:42:00.870 22483 22556 I RNAppUpgrade: Getting app launch attribution state = false
08-31 00:42:00.870 22483 22558 I UpgradeContext: acquireWakeLock taskId 2
08-31 00:42:00.870 22483 22556 I RNAppUpgrade: hasOldSessionPreferences:false
08-31 00:42:00.871 22483 22556 I RNAppUpgrade: Getting app launch attribution state = false
08-31 00:42:00.872 22483 22556 I RNAppUpgrade: hasOldSessionPreferences:false
08-31 00:42:00.873 22483 22483 I SimpleWakefulService: Acquire WAKE_LOCK for taskId: 2 with startId: 2
08-31 00:42:00.876 22483 22558 I RNAppUpgrade: processPendingIntents
08-31 00:42:00.876 22483 22558 I RNAppUpgrade: processPendingIntents:delayedIntentQueue size(1)
08-31 00:42:00.877 22483 22558 I RNAppUpgrade: processPendingIntent with action: android.intent.action.MY_PACKAGE_REPLACED
08-31 00:42:00.877 22483 22558 I RNAppUpgrade: App Received Intent with action - android.intent.action.MY_PACKAGE_REPLACED
08-31 00:42:00.885 22483 22558 I RNAppUpgrade: Emitted event for intent with action android.intent.action.MY_PACKAGE_REPLACED with eventOptions: {"notificationId":0,"scheduledWakeUpTime":0,"taskId":1}
08-31 00:42:00.885 22483 22558 I RNAppUpgrade: initialize
08-31 00:42:01.035 22483 22556 I ReactNativeJS: [#ffffffff-u] [TRACE] [JS.Startup] Locale initialized to [de_DE]
08-31 00:42:01.036 22483 22556 I ReactNativeJS: [#ffffffff-u] [TRACE] [JS.Startup] Country code is [DE]
08-31 00:42:01.045 22483 22556 I ReactNativeJS: [#ffffffff-u] [TRACE] [JS.Startup] Device Id: dNWT97_WBMo
08-31 00:42:01.046 22483 22556 I ReactNativeJS: [#ffffffff-u] [TRACE] [JS.Startup] Device Manufacturer: samsung
08-31 00:42:01.047 22483 22556 I ReactNativeJS: [#ffffffff-u] [TRACE] [JS.Startup] Device Model: SM-A310F
08-31 00:42:01.048 22483 22556 I ReactNativeJS: [#ffffffff-u] [TRACE] [JS.Startup] Device OS version: 7.0
08-31 00:42:01.079 22483 22556 I ReactNativeJS: [#ffffffff-u] [TRACE] [JS.Startup] App version: 8.29.0.41
08-31 00:42:01.080 22483 22556 I ReactNativeJS: [#ffffffff-u] [TRACE] [JS.Startup] App activation state: Background
08-31 00:42:01.101 22483 22556 I ReactNativeJS: [#ffffffff-u] [TRACE] [JS.GenericUnsafe] Startup Phase 1 duration: 3524ms
08-31 00:42:01.106 22483 22556 I ReactNativeJS: [#ffffffff-u] [TRACE] [JS.GenericUnsafe] Startup Phase 2 duration: 782ms
08-31 00:42:01.115 22483 22556 I ReactNativeJS: [#ffffffff-u] [TRACE] [JS.Startup] Starting: HockeyAppService
08-31 00:42:01.122 22483 22556 I ReactNativeJS: [#ffffffff-S] [TRACE] [JS.HockeyApp] Ignoring check for updates - PUBLIC build
08-31 00:42:01.124 22483 22558 I ReactHockeyApp: HockeyApp - initializing configuration
08-31 00:42:01.126 22483 22556 I ReactNativeJS: [#ffffffff-u] [TRACE] [JS.Startup] Finish: HockeyAppService: 11ms
08-31 00:42:01.132 22483 22663 I React: Check for new app crashes
08-31 00:42:01.149 22483 22556 I ReactNativeJS: [#ffffffff-u] [TRACE] [JS.Startup] Starting: CrashStatusStore
08-31 00:42:01.151 22483 22556 I ReactNativeJS: [#ffffffff-u] [TRACE] [JS.GenericUnsafe] RN Entry
08-31 00:42:01.162 22483 22556 I ReactNativeJS: [#ffffffff-u] [TRACE] [JS.AppUpgrade] Last app launch time: undefined
08-31 00:42:01.167 22483 22556 I RNAppUpgrade: Getting app launch attribution state = false
08-31 00:42:01.168 22483 22556 I RNAppUpgrade: hasOldSessionPreferences:false
08-31 00:42:01.171 22483 22556 I ReactNativeJS: [#ffffffff-u] [TRACE] [JS.AppUpgrade] _getAppLaunchState:subscribe:fired:0
08-31 00:42:01.175 22483 22556 I ReactNativeJS: [#ffffffff-u] [TRACE] [JS.AppUpgrade] App Upgrade Event Received with token 1
08-31 00:42:01.176 22483 22556 I ReactNativeJS: [#ffffffff-u] [TRACE] [JS.AppUpgrade] _onAppUpgradeEventReceived:_getAppLaunchState:begin: 1
08-31 00:42:01.178 22483 22556 I ReactNativeJS: [#ffffffff-u] [TRACE] [JS.AppUpgrade] _onAppUpgradeEventReceived:launchedState:NeverLaunched
08-31 00:42:01.184 22483 22556 I ReactNativeJS: [#ffffffff-u] [TRACE] [JS.AppUpgrade] _onAppUpgradeEventReceived:_getAppLaunchState:end: 1
08-31 00:42:01.186 22483 22556 I ReactNativeJS: [#ffffffff-u] [TRACE] [JS.AppUpgrade] _getOEMConfigUsingBackgroundECSFetch, acceptStale:true
08-31 00:42:01.191 22483 22556 I ReactNativeJS: [#ffffffff-u] [TRACE] [JS.AppUpgrade] _subscribeAndFetchEcs
08-31 00:42:01.194 22483 22556 I ReactNativeJS: [#ffffffff-u] [TRACE] [JS.AppUpgrade] ECSConfig:Subscribing for fresh ECS
08-31 00:42:01.302 22483 22556 I ReactNativeJS: [#ffffffff-S] [TRACE] [JS.HockeyApp] Last launch crashed: false
08-31 00:42:01.303 22483 22556 I ReactNativeJS: [#ffffffff-u] [TRACE] [JS.Startup] Finish: CrashStatusStore: 153ms
08-31 00:42:01.306 22483 22556 I ReactNativeJS: [#ffffffff-u] [TRACE] [JS.Startup] SkypeId missing in Storage
08-31 00:42:01.355 22483 22556 I ReactNativeJS: [#ffffffff-u] [TRACE] [JS.AppUpgrade] ECSConfig:ECS, expires in: -19868557.6
08-31 00:42:01.359 22483 22556 I ReactNativeJS: [#ffffffff-u] [TRACE] [JS.AppUpgrade] App upgraded with launch state - NeverLaunched
08-31 00:42:01.359 22483 22556 I ReactNativeJS: [#ffffffff-u] [TRACE] [JS.AppUpgrade] Elapsed time since last app launch -1
08-31 00:42:01.362 22483 22556 I ReactNativeJS: [#ffffffff-u] [TRACE] [JS.AppUpgrade] AppUpgradeTelemetry:SSO Account Present:false
08-31 00:42:01.362 22483 22556 I ReactNativeJS: [#ffffffff-u] [TRACE] [JS.AppUpgrade] AppUpgradeTelemetry:SENT:ECS enabled
08-31 00:42:01.364 22483 22556 I ReactNativeJS: [#ffffffff-u] [TRACE] [JS.AppUpgrade] _processUpgradeWakeUpForActivationExperiment._getWakeUpActivationData
08-31 00:42:01.365 22483 22556 I ReactNativeJS: [#ffffffff-u] [TRACE] [JS.AppUpgrade] _getWakeUpActivationData:begin:
08-31 00:42:01.367 22483 22556 I ReactNativeJS: [#ffffffff-u] [TRACE] [JS.AppUpgrade] _getWakeUpActivationData:end:
08-31 00:42:01.369 22483 22556 I ReactNativeJS: [#ffffffff-u] [TRACE] [JS.AppUpgrade] No notification type came from ECS config, falling back to PictureWithText1 notification
08-31 00:42:01.375 22483 22556 I ReactNativeJS: [#ffffffff-u] [TRACE] [JS.AppUpgrade] Using notification details for style TextOnly2
08-31 00:42:01.378 22483 22556 I ReactNativeJS: [#ffffffff-u] [TRACE] [JS.AppUpgrade] onUpgradeWakeUpForActivationExperiment:begin
08-31 00:42:01.378 22483 22556 I RNAppUpgrade: Getting app launch attribution state = false
08-31 00:42:01.379 22483 22556 I RNAppUpgrade: hasOldSessionPreferences:false
08-31 00:42:01.381 22483 22558 I RNAppUpgrade: onUpgradeWakeUpForActivationExperiment
08-31 00:42:01.415 22483 22558 I ActivationExperiment: ActivationOptions{"ecsConfig":{"sendAppUpgradeTelemetry":true,"upgradeNotification":{"appParameters":{"appStateList":["Launched"],"maxWakeAttempts":3,"minHoursSinceLaunch":72,"wakeIntervalSecs":259200},"enabled":false,"enabledExperiments":[],"notificationTimingInfo":{"scheduleHourOfDay":19}}},"isInsidersBuild":false,"lastLaunchTime":-1,"launchState":"NeverLaunched","notificationMeta":{"imageStyle":"None","imageUri":"https://secure.skypeassets.com/content/dam/scom/app/notifications/ensure_network_image.png","notificationStyle":"TextOnly2","notificationTemplateType":"Default","subtitle":"Tägliche Chats in großartige Momente verwandeln","title":"Wir stellen vor: dein neues Skype"},"notificationState":"NotScheduled","notificationStyle":"TextOnly2","partnerPreInstallId":"534","scheduleWakeUpTime":0}
08-31 00:42:01.417 22483 22558 I ActivationExperiment: onAppWakeUp, woke up at: Friday, August 31, 2018 at 2:42 AM with AppLaunchState NeverLaunched, wakeUpReason(Upgrade)
08-31 00:42:01.418 22483 22558 I ActivationExperiment: isEligibleToStartExperiment, SAMSUNG_PREINSTALL
08-31 00:42:01.423 22483 22558 I ActivationExperiment: loadFromDisk:{"experimentList":[],"schemaVersion":"v1","totalRetargetAttempts":-1,"totalWakeAttempts":33,"wakeUpList":[{"reason":"Upgrade","status":"NextWakeUpScheduled","time":1533946234151},{"reason":"RtcWakeUp","status":"NextWakeUpScheduled","time":1534266634152},{"reason":"RtcWakeUp","status":"WakeUpPending","time":1534525837347},{"reason":"Upgrade","status":"NextWakeUpScheduled","time":1534471151091},{"reason":"RtcWakeUp","status":"NextWakeUpScheduled","time":1534787951092},{"reason":"RtcWakeUp","status":"NextWakeUpScheduled","time":1535047181984},{"reason":"RtcWakeUp","status":"WakeUpRetriesExhausted","time":1535303040320}]}, timeTaken(4 ms)
08-31 00:42:01.436 22483 22558 I ActivationExperiment: isEligibleToExecuteExperiment: upgradeNotification not enabled
08-31 00:42:01.437 22483 22558 I ActivationExperiment: scheduleWakeUpForActivationExperiment: schedule next wake up after: 320400 secs, app will wake up on Monday, September 3, 2018 at 7:42 PM
08-31 00:42:01.437 22483 22558 I ActivationExperiment: cancelPendingRtcWake
08-31 00:42:01.456 22483 22558 I ActivationExperiment: persistToDisk: SAVING, payload({"experimentList":[],"schemaVersion":"v1","totalRetargetAttempts":-1,"totalWakeAttempts":34,"wakeUpList":[{"reason":"Upgrade","status":"NextWakeUpScheduled","time":1534471151091},{"reason":"RtcWakeUp","status":"NextWakeUpScheduled","time":1534787951092},{"reason":"RtcWakeUp","status":"NextWakeUpScheduled","time":1535047181984},{"reason":"RtcWakeUp","status":"WakeUpRetriesExhausted","time":1535303040320},{"reason":"Upgrade","status":"NextWakeUpScheduled","time":1535676121435},{"reason":"RtcWakeUp","status":"WakeUpPending","time":1535996521436}]})
08-31 00:42:01.456 22483 22558 I ActivationExperiment: scheduleWakeUpForActivationExperiment: scheduled attempt(1), TimeTaken(20 ms)
08-31 00:42:01.521 22483 22558 W ReactMethodWatchdog: Method RNAppUpgrade.onUpgradeWakeUpForActivationExperiment invocation took too long: 139ms
08-31 00:42:01.590 22483 22556 I RNAppUpgrade: Getting app launch attribution state = false
08-31 00:42:01.591 22483 22556 I RNAppUpgrade: hasOldSessionPreferences:false
08-31 00:42:02.005 22483 22558 W ReactMethodWatchdog: Method RNCookieManagerAndroid.clearAll invocation took too long: 438ms
08-31 00:42:02.041 22483 22558 I UpgradeContext: releaseWakeLock taskId 1
08-31 00:42:02.043 22483 22483 I SimpleWakefulService: Release WAKE_LOCK for taskId: 1 with startId: 3
08-31 00:42:02.048 22483 22483 I SimpleWakefulService: Removing Stop message
08-31 00:42:02.199 22483 22558 I DeviceUtilities: DeviceUtilities: currentOrientation
08-31 00:42:02.271 22483 22558 W React: StatusBarModule: Ignored status bar change, current activity is null.
08-31 00:42:02.282 22483 22558 W React: StatusBarModule: Ignored status bar change, current activity is null.
08-31 00:42:02.287 22483 22558 W React: StatusBarModule: Ignored status bar change, current activity is null.
08-31 00:42:02.288 22483 22558 I DeviceUtilities: DeviceUtilities: statusBarHeight
08-31 00:42:02.338 22483 22556 W ReactNativeJS: [#ffffffff-u] [WARN] [JS.ResponsiveWidthStore] DeviceUtilities.currentOrientation failed: [pii] causeId: d315bf0
08-31 00:42:02.343 22483 22556 W ReactNativeJS: [#ffffffff-u] [WARN] [JS.GenericUnsafe] SafeAreaStore statusBarHeight failed: [pii]
08-31 00:42:02.647 22483 22685 I HttpLoggingInterceptor: Http succeeded, request: POST browser.pipe.aria.microsoft.com (1296 body). Response: 200 OK (605 ms, 0 body)
08-31 00:42:07.306 22483 22551 I RNSlimcore: Clearing old logs
08-31 00:42:07.311 22483 22551 I SkyLibManager[TERMINATED:null]: clearOldLogs found 0 potential log files
08-31 00:42:11.886 22483 22483 W PushHandlingService: PushHandling Service was not released in its processing time window of 15000 milliseconds for PushId of 1. Will stop the service now as a result of the timeout.
08-31 00:42:11.886 22483 22483 I skype:bgexec: completeWakefulIntentAfterAllWakeLocks at=1535676131.886s debugCause=PushHandling:endStart
08-31 00:42:11.887 22483 22483 I PushHandlingService: There are no intents to complete anymore. Stop pushId:1, startId: 1
08-31 00:42:11.889 22483 22483 I PushHandlingService: Service destroyed
08-31 00:42:15.877 22483 22662 I UpgradeContext: releaseWakeLock taskId 2
08-31 00:42:15.889 22483 22483 I SimpleWakefulService: Release WAKE_LOCK for taskId: 2 with startId: 4
08-31 00:42:15.904 22483 22483 I SimpleWakefulService: Removing Stop message
08-31 00:42:15.906 22483 22483 I SimpleWakefulService: Service destroyed
09-03 17:42:01.795 25079 25079 W ReactHockeyApp: RNHockeyApp: Failed to get existing metadata
09-03 17:42:01.795 25079 25079 W ReactHockeyApp: /data/user/0/com.skype.raider/files/HockeyAppCrashMetadata.json (No such file or directory)
09-03 17:42:01.795 25079 25079 W ReactHockeyApp: java.io.FileInputStream.open(FileInputStream.java:-2)
09-03 17:42:01.795 25079 25079 W ReactHockeyApp: java.io.FileInputStream.(FileInputStream.java:146)
09-03 17:42:01.795 25079 25079 W ReactHockeyApp: android.app.ContextImpl.openFileInput(ContextImpl.java:505)
09-03 17:42:01.795 25079 25079 W ReactHockeyApp: android.content.ContextWrapper.openFileInput(ContextWrapper.java:193)
09-03 17:42:01.795 25079 25079 W ReactHockeyApp: com.skype.hockeyapp.SkypeCrashListener.f(SourceFile:139)
09-03 17:42:01.795 25079 25079 W ReactHockeyApp: com.skype.hockeyapp.SkypeCrashListener.(SourceFile:48)
09-03 17:42:01.795 25079 25079 W ReactHockeyApp: com.skype.hockeyapp.SkypeCrashListener.a(SourceFile:43)
09-03 17:42:01.795 25079 25079 W ReactHockeyApp: com.skype.hockeyapp.SkypeCrashManager.a(SourceFile:40)
09-03 17:42:01.795 25079 25079 W ReactHockeyApp: com.skype4life.SkypeApplication.onCreate(SourceFile:1045)
09-03 17:42:01.795 25079 25079 W ReactHockeyApp: android.app.Instrumentation.callApplicationOnCreate(Instrumentation.java:1032)
09-03 17:42:01.795 25079 25079 W ReactHockeyApp: android.app.ActivityThread.handleBindApplication(ActivityThread.java:5970)
09-03 17:42:01.795 25079 25079 W ReactHockeyApp: android.app.ActivityThread.-wrap3(ActivityThread.java:-1)
09-03 17:42:01.795 25079 25079 W ReactHockeyApp: android.app.ActivityThread$H.handleMessage(ActivityThread.java:1710)
09-03 17:42:01.795 25079 25079 W ReactHockeyApp: android.os.Handler.dispatchMessage(Handler.java:102)
09-03 17:42:01.795 25079 25079 W ReactHockeyApp: android.os.Looper.loop(Looper.java:154)
09-03 17:42:01.795 25079 25079 W ReactHockeyApp: android.app.ActivityThread.main(ActivityThread.java:6776)
09-03 17:42:01.795 25079 25079 W ReactHockeyApp: java.lang.reflect.Method.invoke(Method.java:-2)
09-03 17:42:01.795 25079 25079 W ReactHockeyApp: com.android.internal.os.ZygoteInit$MethodAndArgsCaller.run(ZygoteInit.java:1496)
09-03 17:42:01.795 25079 25079 W ReactHockeyApp: com.android.internal.os.ZygoteInit.main(ZygoteInit.java:1386)
09-03 17:42:01.814 25079 25079 I DumpUploader: Preparing check for new crash dumps
09-03 17:42:01.815 25079 25079 I ReactApp: parsingProcessName took 0ms
09-03 17:42:01.816 25079 25079 I ReactApp: onCreate start
09-03 17:42:01.816 25079 25094 I DumpUploader: Started check for new crash dumps
09-03 17:42:01.825 25079 25079 I ReactApp: leakCanaryInstall took 1ms
09-03 17:42:01.840 25079 25094 I DumpUploader: Marking dumps as known:
09-03 17:42:01.869 25079 25079 I ReactApp: configureOkHttp took 44ms
09-03 17:42:01.870 25079 25079 I ReactApp: configureStetho took 0ms
09-03 17:42:01.898 25079 25079 I ReactApp: configureYoga took 28ms
09-03 17:42:01.904 25079 25079 I ReactApp: CsiManager.onCreate took 5ms
09-03 17:42:02.047 25079 25079 I ReactApp: mReactNativeHost.getReactInstanceManager took 143ms
09-03 17:42:02.048 25079 25079 I ReactApp: onCreate complete in 286ms
09-03 17:42:02.049 25079 25079 I UpgradeContext: onReceive action WakeEventReceiver.ACTION_OEM_RTC_WAKE
09-03 17:42:02.050 25079 25079 I UpgradeContext: acquireWakeLock taskId 1
09-03 17:42:02.057 25079 25079 I UpgradeContext: UpgradeModuleNotReady: task 1, intent pushed to delayedIntentQueue
09-03 17:42:02.082 25079 25079 I SimpleWakefulService: Service created
09-03 17:42:02.083 25079 25079 I SimpleWakefulService: Acquire WAKE_LOCK for taskId: 1 with startId: 1
09-03 17:42:02.100 25079 25099 I React: Creating react context.
09-03 17:42:02.118 25079 25099 I SkypeCameraViewManager: init
09-03 17:42:02.130 25079 25099 I GradientImagePackage: createViewManagers
09-03 17:42:02.136 25079 25099 W ViewManagerPropertyUpdater: Could not find generated setter for class com.skype.ink.AdditiveSurfaceViewManager
09-03 17:42:02.149 25079 25099 W ViewManagerPropertyUpdater: Could not find generated setter for class com.skype.ink.AdditiveSurfaceViewShadowNode
09-03 17:42:02.155 25079 25099 W ViewManagerPropertyUpdater: Could not find generated setter for class com.facebook.react.uimanager.h
09-03 17:42:02.157 25079 25099 W ViewManagerPropertyUpdater: Could not find generated setter for class com.facebook.react.views.text.g
09-03 17:42:02.168 25079 25099 W ViewManagerPropertyUpdater: Could not find generated setter for class com.facebook.react.views.textinput.i
09-03 17:42:02.175 25079 25099 W ViewManagerPropertyUpdater: Could not find generated setter for class com.facebook.react.views.art.c
09-03 17:42:02.176 25079 25099 W ViewManagerPropertyUpdater: Could not find generated setter for class com.facebook.react.views.art.b
09-03 17:42:02.178 25079 25099 W ViewManagerPropertyUpdater: Could not find generated setter for class com.facebook.react.views.art.a
09-03 17:42:02.180 25079 25099 W ViewManagerPropertyUpdater: Could not find generated setter for class com.facebook.react.views.progressbar.b
09-03 17:42:02.190 25079 25099 W ViewManagerPropertyUpdater: Could not find generated setter for class com.facebook.react.views.text.frescosupport.a
09-03 17:42:02.192 25079 25099 W ViewManagerPropertyUpdater: Could not find generated setter for class com.brentvatne.react.ReactVideoViewManager
09-03 17:42:02.199 25079 25099 W ViewManagerPropertyUpdater: Could not find generated setter for class com.skpcamera.SkypeCameraViewManager
09-03 17:42:02.204 25079 25099 W ViewManagerPropertyUpdater: Could not find generated setter for class com.customkeyboard.CustomKeyboardViewManager
09-03 17:42:02.205 25079 25099 W ViewManagerPropertyUpdater: Could not find generated setter for class com.skype.slimcore.video.RNCallingVideoViewManager
09-03 17:42:02.207 25079 25099 W ViewManagerPropertyUpdater: Could not find generated setter for class com.skype.slimcore.video.RNCallingVideoViewLocalManager
09-03 17:42:02.221 25079 25099 W ViewManagerPropertyUpdater: Could not find generated setter for class com.skype.slimcore.video.RNCallingVideoViewPreviewManager
09-03 17:42:02.226 25079 25099 W ViewManagerPropertyUpdater: Could not find generated setter for class com.microsoft.react.mediapicker.MediaPickerViewManager
09-03 17:42:02.230 25079 25099 W ViewManagerPropertyUpdater: Could not find generated setter for class com.microsoft.react.mediapicker.c
09-03 17:42:02.232 25079 25099 W ViewManagerPropertyUpdater: Could not find generated setter for class com.microsoft.skypemessagetextinput.view.RNViewManager
09-03 17:42:02.235 25079 25099 W ViewManagerPropertyUpdater: Could not find generated setter for class com.microsoft.skypemessagetextinput.view.c
09-03 17:42:02.238 25079 25099 W ViewManagerPropertyUpdater: Could not find generated setter for class com.skype.reactnativesprites.SpriteViewManager
09-03 17:42:02.240 25079 25099 W ViewManagerPropertyUpdater: Could not find generated setter for class com.projectseptember.RNGL.GLCanvasManager
09-03 17:42:02.242 25079 25099 W ViewManagerPropertyUpdater: Could not find generated setter for class com.github.alinz.reactnativewebviewbridge.WebViewBridgeManager
09-03 17:42:02.247 25079 25099 W ViewManagerPropertyUpdater: Could not find generated setter for class com.airbnb.android.react.maps.AirMapCalloutManager
09-03 17:42:02.248 25079 25099 W ViewManagerPropertyUpdater: Could not find generated setter for class com.airbnb.android.react.maps.AirMapMarkerManager
09-03 17:42:02.263 25079 25099 W ViewManagerPropertyUpdater: Could not find generated setter for class com.airbnb.android.react.maps.AirMapPolylineManager
09-03 17:42:02.265 25079 25099 W ViewManagerPropertyUpdater: Could not find generated setter for class com.airbnb.android.react.maps.AirMapPolygonManager
09-03 17:42:02.267 25079 25099 W ViewManagerPropertyUpdater: Could not find generated setter for class com.airbnb.android.react.maps.AirMapCircleManager
09-03 17:42:02.269 25079 25099 W ViewManagerPropertyUpdater: Could not find generated setter for class com.airbnb.android.react.maps.AirMapManager
09-03 17:42:02.273 25079 25099 W ViewManagerPropertyUpdater: Could not find generated setter for class com.airbnb.android.react.maps.AirMapLiteManager
09-03 17:42:02.274 25079 25099 W ViewManagerPropertyUpdater: Could not find generated setter for class com.airbnb.android.react.maps.AirMapUrlTileManager
09-03 17:42:02.276 25079 25099 W ViewManagerPropertyUpdater: Could not find generated setter for class com.microsoft.react.videofxp.VideoFXPViewManager
09-03 17:42:02.277 25079 25099 W ViewManagerPropertyUpdater: Could not find generated setter for class com.skype.virtualmessageview.VirtualMessageViewControllerManager
09-03 17:42:02.278 25079 25099 W ViewManagerPropertyUpdater: Could not find generated setter for class com.microsoft.react.clippedview.ClippedViewManager
09-03 17:42:02.280 25079 25099 W ViewManagerPropertyUpdater: Could not find generated setter for class com.BV.LinearGradient.LinearGradientManager
09-03 17:42:02.281 25079 25099 W ViewManagerPropertyUpdater: Could not find generated setter for class com.airbnb.android.react.lottie.LottieAnimationViewManager
09-03 17:42:02.284 25079 25099 W ViewManagerPropertyUpdater: Could not find generated setter for class com.microsoft.react.gradientimage.GradientImageViewManager
09-03 17:42:02.288 25079 25099 W ViewManagerPropertyUpdater: Could not find generated setter for class com.skype.qrcode.QRCodeViewManager
09-03 17:42:02.290 25079 25099 W ViewManagerPropertyUpdater: Could not find generated setter for class com.skype.camera.imagefilter.ImageFilterManager
09-03 17:42:02.520 25079 25099 W JavaModuleHelper: Could not find generated custom module provider
09-03 17:42:02.521 25079 25099 W React: There is no generated module helper for module: RNGraphicsContext using FallbackModuleHelper which works way slower. Consider enabling apt generation for this module in order to improve startup performance
09-03 17:42:02.521 25079 25099 W React: There is no generated module helper for module: FrescoModule using FallbackModuleHelper which works way slower. Consider enabling apt generation for this module in order to improve startup performance
09-03 17:42:02.521 25079 25099 W React: There is no generated module helper for module: IncomingCallInteractionManager using FallbackModuleHelper which works way slower. Consider enabling apt generation for this module in order to improve startup performance
09-03 17:42:02.521 25079 25099 W React: There is no generated module helper for module: RNBackgroundExecution using FallbackModuleHelper which works way slower. Consider enabling apt generation for this module in order to improve startup performance
09-03 17:42:02.521 25079 25099 W React: There is no generated module helper for module: ExternalBrowser using FallbackModuleHelper which works way slower. Consider enabling apt generation for this module in order to improve startup performance
09-03 17:42:02.522 25079 25099 W React: There is no generated module helper for module: CampaignReceiver using FallbackModuleHelper which works way slower. Consider enabling apt generation for this module in order to improve startup performance
09-03 17:42:02.522 25079 25099 W React: There is no generated module helper for module: FingerprintingLib using FallbackModuleHelper which works way slower. Consider enabling apt generation for this module in order to improve startup performance
09-03 17:42:02.522 25079 25099 W React: There is no generated module helper for module: TimeZoneManager using FallbackModuleHelper which works way slower. Consider enabling apt generation for this module in order to improve startup performance
09-03 17:42:02.522 25079 25099 W React: There is no generated module helper for module: RNCookieManagerAndroid using FallbackModuleHelper which works way slower. Consider enabling apt generation for this module in order to improve startup performance
09-03 17:42:02.522 25079 25099 W React: There is no generated module helper for module: CallIntent using FallbackModuleHelper which works way slower. Consider enabling apt generation for this module in order to improve startup performance
09-03 17:42:02.522 25079 25099 W React: There is no generated module helper for module: SplashScreenNotifier using FallbackModuleHelper which works way slower. Consider enabling apt generation for this module in order to improve startup performance
09-03 17:42:02.523 25079 25099 W React: There is no generated module helper for module: CortanaSignals using FallbackModuleHelper which works way slower. Consider enabling apt generation for this module in order to improve startup performance
09-03 17:42:02.523 25079 25099 W React: There is no generated module helper for module: EnvironmentInfo using FallbackModuleHelper which works way slower. Consider enabling apt generation for this module in order to improve startup performance
09-03 17:42:02.523 25079 25099 W React: There is no generated module helper for module: ShareToApp using FallbackModuleHelper which works way slower. Consider enabling apt generation for this module in order to improve startup performance
09-03 17:42:02.523 25079 25099 W React: There is no generated module helper for module: SKPSkypeMessageTextInputModule using FallbackModuleHelper which works way slower. Consider enabling apt generation for this module in order to improve startup performance
09-03 17:42:02.523 25079 25099 W React: There is no generated module helper for module: UrlUtil using FallbackModuleHelper which works way slower. Consider enabling apt generation for this module in order to improve startup performance
09-03 17:42:02.523 25079 25099 W React: There is no generated module helper for module: RNHockeyApp using FallbackModuleHelper which works way slower. Consider enabling apt generation for this module in order to improve startup performance
09-03 17:42:02.524 25079 25099 W React: There is no generated module helper for module: ZipUtil using FallbackModuleHelper which works way slower. Consider enabling apt generation for this module in order to improve startup performance
09-03 17:42:02.524 25079 25099 W React: There is no generated module helper for module: RNKeychainManager using FallbackModuleHelper which works way slower. Consider enabling apt generation for this module in order to improve startup performance
09-03 17:42:02.524 25079 25099 W React: There is no generated module helper for module: ContextMenuAndroid using FallbackModuleHelper which works way slower. Consider enabling apt generation for this module in order to improve startup performance
09-03 17:42:02.524 25079 25099 W React: There is no generated module helper for module: AndroidSmsManager using FallbackModuleHelper which works way slower. Consider enabling apt generation for this module in order to improve startup performance
09-03 17:42:02.525 25079 25099 W React: There is no generated module helper for module: ShareSheet using FallbackModuleHelper which works way slower. Consider enabling apt generation for this module in order to improve startup performance
09-03 17:42:02.525 25079 25099 W React: There is no generated module helper for module: DeviceSettings using FallbackModuleHelper which works way slower. Consider enabling apt generation for this module in order to improve startup performance
09-03 17:42:02.525 25079 25099 W React: There is no generated module helper for module: AdvertisementUtilities using FallbackModuleHelper which works way slower. Consider enabling apt generation for this module in order to improve startup performance
09-03 17:42:02.525 25079 25099 W React: There is no generated module helper for module: RNSlimcore using FallbackModuleHelper which works way slower. Consider enabling apt generation for this module in order to improve startup performance
09-03 17:42:02.525 25079 25099 W React: There is no generated module helper for module: VideoFXP using FallbackModuleHelper which works way slower. Consider enabling apt generation for this module in order to improve startup performance
09-03 17:42:02.525 25079 25099 W React: There is no generated module helper for module: RNGLContext using FallbackModuleHelper which works way slower. Consider enabling apt generation for this module in order to improve startup performance
09-03 17:42:02.526 25079 25099 W React: There is no generated module helper for module: SourceCode using FallbackModuleHelper which works way slower. Consider enabling apt generation for this module in order to improve startup performance
09-03 17:42:02.526 25079 25099 W React: There is no generated module helper for module: DeviceInfo using FallbackModuleHelper which works way slower. Consider enabling apt generation for this module in order to improve startup performance
09-03 17:42:02.526 25079 25099 W React: There is no generated module helper for module: RNGeocoder using FallbackModuleHelper which works way slower. Consider enabling apt generation for this module in order to improve startup performance
09-03 17:42:02.526 25079 25099 W React: There is no generated module helper for module: RNViewConfig using FallbackModuleHelper which works way slower. Consider enabling apt generation for this module in order to improve startup performance
09-03 17:42:02.526 25079 25099 W React: There is no generated module helper for module: AssetReader using FallbackModuleHelper which works way slower. Consider enabling apt generation for this module in order to improve startup performance
09-03 17:42:02.527 25079 25099 W React: There is no generated module helper for module: PlatformConstants using FallbackModuleHelper which works way slower. Consider enabling apt generation for this module in order to improve startup performance
09-03 17:42:02.527 25079 25099 W React: There is no generated module helper for module: AudioManager using FallbackModuleHelper which works way slower. Consider enabling apt generation for this module in order to improve startup performance
09-03 17:42:02.527 25079 25099 W React: There is no generated module helper for module: SnapshotManager using FallbackModuleHelper which works way slower. Consider enabling apt generation for this module in order to improve startup performance
09-03 17:42:02.527 25079 25099 W React: There is no generated module helper for module: RNAppUpgrade using FallbackModuleHelper which works way slower. Consider enabling apt generation for this module in order to improve startup performance
09-03 17:42:02.527 25079 25099 W React: There is no generated module helper for module: RNManualFileCache using FallbackModuleHelper which works way slower. Consider enabling apt generation for this module in order to improve startup performance
09-03 17:42:02.528 25079 25099 W React: There is no generated module helper for module: NativeEntropy using FallbackModuleHelper which works way slower. Consider enabling apt generation for this module in order to improve startup performance
09-03 17:42:02.528 25079 25099 W React: There is no generated module helper for module: TokenShareModule using FallbackModuleHelper which works way slower. Consider enabling apt generation for this module in order to improve startup performance
09-03 17:42:02.528 25079 25099 W React: There is no generated module helper for module: RNBackgroundTimer using FallbackModuleHelper which works way slower. Consider enabling apt generation for this module in order to improve startup performance
09-03 17:42:02.528 25079 25099 W React: There is no generated module helper for module: Contacts using FallbackModuleHelper which works way slower. Consider enabling apt generation for this module in order to improve startup performance
09-03 17:42:02.528 25079 25099 W React: There is no generated module helper for module: ExtendedAppState using FallbackModuleHelper which works way slower. Consider enabling apt generation for this module in order to improve startup performance
09-03 17:42:02.528 25079 25099 W React: There is no generated module helper for module: RNUrlRequest using FallbackModuleHelper which works way slower. Consider enabling apt generation for this module in order to improve startup performance
09-03 17:42:02.529 25079 25099 W React: There is no generated module helper for module: SkypeCamera using FallbackModuleHelper which works way slower. Consider enabling apt generation for this module in order to improve startup performance
09-03 17:42:02.529 25079 25099 W React: There is no generated module helper for module: FileTracker using FallbackModuleHelper which works way slower. Consider enabling apt generation for this module in order to improve startup performance
09-03 17:42:02.529 25079 25099 W React: There is no generated module helper for module: RNPushAndroid using FallbackModuleHelper which works way slower. Consider enabling apt generation for this module in order to improve startup performance
09-03 17:42:02.530 25079 25099 W React: There is no generated module helper for module: SyncModule using FallbackModuleHelper which works way slower. Consider enabling apt generation for this module in order to improve startup performance
09-03 17:42:02.530 25079 25099 W React: There is no generated module helper for module: AirMapModule using FallbackModuleHelper which works way slower. Consider enabling apt generation for this module in order to improve startup performance
09-03 17:42:02.530 25079 25099 W React: There is no generated module helper for module: ImagePickerManager using FallbackModuleHelper which works way slower. Consider enabling apt generation for this module in order to improve startup performance
09-03 17:42:02.530 25079 25099 W React: There is no generated module helper for module: DeviceUtilities using FallbackModuleHelper which works way slower. Consider enabling apt generation for this module in order to improve startup performance
09-03 17:42:02.530 25079 25099 W React: There is no generated module helper for module: RNSkypeCredentialsFetcher using FallbackModuleHelper which works way slower. Consider enabling apt generation for this module in order to improve startup performance
09-03 17:42:02.530 25079 25099 W React: There is no generated module helper for module: MediaPicker using FallbackModuleHelper which works way slower. Consider enabling apt generation for this module in order to improve startup performance
09-03 17:42:02.531 25079 25099 W React: There is no generated module helper for module: Adjust using FallbackModuleHelper which works way slower. Consider enabling apt generation for this module in order to improve startup performance
09-03 17:42:02.531 25079 25099 W React: There is no generated module helper for module: CallMonitor using FallbackModuleHelper which works way slower. Consider enabling apt generation for this module in order to improve startup performance
09-03 17:42:02.531 25079 25099 W React: There is no generated module helper for module: FileEncryptionNative using FallbackModuleHelper which works way slower. Consider enabling apt generation for this module in order to improve startup performance
09-03 17:42:02.531 25079 25099 W React: There is no generated module helper for module: RNReload using FallbackModuleHelper which works way slower. Consider enabling apt generation for this module in order to improve startup performance
09-03 17:42:02.531 25079 25099 W React: There is no generated module helper for module: AndroidBadges using FallbackModuleHelper which works way slower. Consider enabling apt generation for this module in order to improve startup performance
09-03 17:42:02.531 25079 25099 W React: There is no generated module helper for module: RNStorage using FallbackModuleHelper which works way slower. Consider enabling apt generation for this module in order to improve startup performance
09-03 17:42:02.532 25079 25099 W React: There is no generated module helper for module: ClientLogging using FallbackModuleHelper which works way slower. Consider enabling apt generation for this module in order to improve startup performance
