09-13 09:53:12.721 8014 8039 W ViewManagerPropertyUpdater: Could not find generated setter for class com.airbnb.android.react.maps.AirMapPolygonManager
09-13 09:53:12.723 8014 8039 W ViewManagerPropertyUpdater: Could not find generated setter for class com.airbnb.android.react.maps.AirMapCircleManager
09-13 09:53:12.726 8014 8039 W ViewManagerPropertyUpdater: Could not find generated setter for class com.airbnb.android.react.maps.AirMapManager
09-13 09:53:12.730 8014 8039 W ViewManagerPropertyUpdater: Could not find generated setter for class com.airbnb.android.react.maps.AirMapLiteManager
09-13 09:53:12.731 8014 8039 W ViewManagerPropertyUpdater: Could not find generated setter for class com.airbnb.android.react.maps.AirMapUrlTileManager
09-13 09:53:12.732 8014 8039 W ViewManagerPropertyUpdater: Could not find generated setter for class com.microsoft.react.videofxp.VideoFXPViewManager
09-13 09:53:12.734 8014 8039 W ViewManagerPropertyUpdater: Could not find generated setter for class com.skype.virtualmessageview.VirtualMessageViewControllerManager
09-13 09:53:12.736 8014 8039 W ViewManagerPropertyUpdater: Could not find generated setter for class com.microsoft.react.clippedview.ClippedViewManager
09-13 09:53:12.737 8014 8039 W ViewManagerPropertyUpdater: Could not find generated setter for class com.BV.LinearGradient.LinearGradientManager
09-13 09:53:12.739 8014 8039 W ViewManagerPropertyUpdater: Could not find generated setter for class com.airbnb.android.react.lottie.LottieAnimationViewManager
09-13 09:53:12.741 8014 8039 W ViewManagerPropertyUpdater: Could not find generated setter for class com.microsoft.react.gradientimage.GradientImageViewManager
09-13 09:53:12.744 8014 8039 W ViewManagerPropertyUpdater: Could not find generated setter for class com.skype.qrcode.QRCodeViewManager
09-13 09:53:12.746 8014 8039 W ViewManagerPropertyUpdater: Could not find generated setter for class com.skype.camera.imagefilter.ImageFilterManager
09-13 09:53:13.019 8014 8039 W JavaModuleHelper: Could not find generated custom module provider
09-13 09:53:13.020 8014 8039 W React: There is no generated module helper for module: AudioManager using FallbackModuleHelper which works way slower. Consider enabling apt generation for this module in order to improve startup performance
09-13 09:53:13.020 8014 8039 W React: There is no generated module helper for module: RNReload using FallbackModuleHelper which works way slower. Consider enabling apt generation for this module in order to improve startup performance
09-13 09:53:13.020 8014 8039 W React: There is no generated module helper for module: FingerprintingLib using FallbackModuleHelper which works way slower. Consider enabling apt generation for this module in order to improve startup performance
09-13 09:53:13.020 8014 8039 W React: There is no generated module helper for module: FileEncryptionNative using FallbackModuleHelper which works way slower. Consider enabling apt generation for this module in order to improve startup performance
09-13 09:53:13.020 8014 8039 W React: There is no generated module helper for module: NativeEntropy using FallbackModuleHelper which works way slower. Consider enabling apt generation for this module in order to improve startup performance
09-13 09:53:13.021 8014 8039 W React: There is no generated module helper for module: AdvertisementUtilities using FallbackModuleHelper which works way slower. Consider enabling apt generation for this module in order to improve startup performance
09-13 09:53:13.021 8014 8039 W React: There is no generated module helper for module: ShareToApp using FallbackModuleHelper which works way slower. Consider enabling apt generation for this module in order to improve startup performance
09-13 09:53:13.021 8014 8039 W React: There is no generated module helper for module: RNPushAndroid using FallbackModuleHelper which works way slower. Consider enabling apt generation for this module in order to improve startup performance
09-13 09:53:13.021 8014 8039 W React: There is no generated module helper for module: FrescoModule using FallbackModuleHelper which works way slower. Consider enabling apt generation for this module in order to improve startup performance
09-13 09:53:13.021 8014 8039 W React: There is no generated module helper for module: RNNetworkInfo using FallbackModuleHelper which works way slower. Consider enabling apt generation for this module in order to improve startup performance
09-13 09:53:13.021 8014 8039 W React: There is no generated module helper for module: ImageResizerAndroid using FallbackModuleHelper which works way slower. Consider enabling apt generation for this module in order to improve startup performance
09-13 09:53:13.021 8014 8039 W React: There is no generated module helper for module: CustomKeyboard using FallbackModuleHelper which works way slower. Consider enabling apt generation for this module in order to improve startup performance
09-13 09:53:13.021 8014 8039 W React: There is no generated module helper for module: AndroidBadges using FallbackModuleHelper which works way slower. Consider enabling apt generation for this module in order to improve startup performance
09-13 09:53:13.021 8014 8039 W React: There is no generated module helper for module: Adjust using FallbackModuleHelper which works way slower. Consider enabling apt generation for this module in order to improve startup performance
09-13 09:53:13.022 8014 8039 W React: There is no generated module helper for module: SyncModule using FallbackModuleHelper which works way slower. Consider enabling apt generation for this module in order to improve startup performance
09-13 09:53:13.023 8014 8039 W React: There is no generated module helper for module: IncomingCallInteractionManager using FallbackModuleHelper which works way slower. Consider enabling apt generation for this module in order to improve startup performance
09-13 09:53:13.023 8014 8039 W React: There is no generated module helper for module: SourceCode using FallbackModuleHelper which works way slower. Consider enabling apt generation for this module in order to improve startup performance
09-13 09:53:13.023 8014 8039 W React: There is no generated module helper for module: RNKeychainManager using FallbackModuleHelper which works way slower. Consider enabling apt generation for this module in order to improve startup performance
09-13 09:53:13.024 8014 8039 W React: There is no generated module helper for module: SKPSkypeMessageTextInputModule using FallbackModuleHelper which works way slower. Consider enabling apt generation for this module in order to improve startup performance
09-13 09:53:13.024 8014 8039 W React: There is no generated module helper for module: SoundPlayer using FallbackModuleHelper which works way slower. Consider enabling apt generation for this module in order to improve startup performance
09-13 09:53:13.024 8014 8039 W React: There is no generated module helper for module: CortanaSignals using FallbackModuleHelper which works way slower. Consider enabling apt generation for this module in order to improve startup performance
09-13 09:53:13.024 8014 8039 W React: There is no generated module helper for module: RNGeocoder using FallbackModuleHelper which works way slower. Consider enabling apt generation for this module in order to improve startup performance
09-13 09:53:13.024 8014 8039 W React: There is no generated module helper for module: AndroidSmsManager using FallbackModuleHelper which works way slower. Consider enabling apt generation for this module in order to improve startup performance
09-13 09:53:13.024 8014 8039 W React: There is no generated module helper for module: ZipUtil using FallbackModuleHelper which works way slower. Consider enabling apt generation for this module in order to improve startup performance
09-13 09:53:13.024 8014 8039 W React: There is no generated module helper for module: RNDocumentPicker using FallbackModuleHelper which works way slower. Consider enabling apt generation for this module in order to improve startup performance
09-13 09:53:13.024 8014 8039 W React: There is no generated module helper for module: ExternalBrowser using FallbackModuleHelper which works way slower. Consider enabling apt generation for this module in order to improve startup performance
09-13 09:53:13.025 8014 8039 W React: There is no generated module helper for module: RNCommandInvoker using FallbackModuleHelper which works way slower. Consider enabling apt generation for this module in order to improve startup performance
09-13 09:53:13.025 8014 8039 W React: There is no generated module helper for module: ShareSheet using FallbackModuleHelper which works way slower. Consider enabling apt generation for this module in order to improve startup performance
09-13 09:53:13.025 8014 8039 W React: There is no generated module helper for module: RNBackgroundTimer using FallbackModuleHelper which works way slower. Consider enabling apt generation for this module in order to improve startup performance
09-13 09:53:13.025 8014 8039 W React: There is no generated module helper for module: RNUrlRequest using FallbackModuleHelper which works way slower. Consider enabling apt generation for this module in order to improve startup performance
09-13 09:53:13.026 8014 8039 W React: There is no generated module helper for module: RNViewConfig using FallbackModuleHelper which works way slower. Consider enabling apt generation for this module in order to improve startup performance
09-13 09:53:13.026 8014 8039 W React: There is no generated module helper for module: ImagePickerManager using FallbackModuleHelper which works way slower. Consider enabling apt generation for this module in order to improve startup performance
09-13 09:53:13.027 8014 8039 W React: There is no generated module helper for module: RNManualFileCache using FallbackModuleHelper which works way slower. Consider enabling apt generation for this module in order to improve startup performance
09-13 09:53:13.027 8014 8039 W React: There is no generated module helper for module: AirMapModule using FallbackModuleHelper which works way slower. Consider enabling apt generation for this module in order to improve startup performance
09-13 09:53:13.027 8014 8039 W React: There is no generated module helper for module: RNHockeyApp using FallbackModuleHelper which works way slower. Consider enabling apt generation for this module in order to improve startup performance
09-13 09:53:13.027 8014 8039 W React: There is no generated module helper for module: PermissionsManager using FallbackModuleHelper which works way slower. Consider enabling apt generation for this module in order to improve startup performance
09-13 09:53:13.027 8014 8039 W React: There is no generated module helper for module: CallIntent using FallbackModuleHelper which works way slower. Consider enabling apt generation for this module in order to improve startup performance
09-13 09:53:13.027 8014 8039 W React: There is no generated module helper for module: CampaignReceiver using FallbackModuleHelper which works way slower. Consider enabling apt generation for this module in order to improve startup performance
09-13 09:53:13.027 8014 8039 W React: There is no generated module helper for module: TokenShareModule using FallbackModuleHelper which works way slower. Consider enabling apt generation for this module in order to improve startup performance
09-13 09:53:13.028 8014 8039 W React: There is no generated module helper for module: RNBackgroundExecution using FallbackModuleHelper which works way slower. Consider enabling apt generation for this module in order to improve startup performance
09-13 09:53:13.028 8014 8039 W React: There is no generated module helper for module: CallMonitor using FallbackModuleHelper which works way slower. Consider enabling apt generation for this module in order to improve startup performance
09-13 09:53:13.028 8014 8039 W React: There is no generated module helper for module: RNAppUpgrade using FallbackModuleHelper which works way slower. Consider enabling apt generation for this module in order to improve startup performance
09-13 09:53:13.028 8014 8039 W React: There is no generated module helper for module: SplashScreenNotifier using FallbackModuleHelper which works way slower. Consider enabling apt generation for this module in order to improve startup performance
09-13 09:53:13.028 8014 8039 W React: There is no generated module helper for module: RNSlimcore using FallbackModuleHelper which works way slower. Consider enabling apt generation for this module in order to improve startup performance
09-13 09:53:13.029 8014 8039 W React: There is no generated module helper for module: DeviceSettings using FallbackModuleHelper which works way slower. Consider enabling apt generation for this module in order to improve startup performance
09-13 09:53:13.029 8014 8039 W React: There is no generated module helper for module: PlatformConstants using FallbackModuleHelper which works way slower. Consider enabling apt generation for this module in order to improve startup performance
09-13 09:53:13.029 8014 8039 W React: There is no generated module helper for module: AssetReader using FallbackModuleHelper which works way slower. Consider enabling apt generation for this module in order to improve startup performance
09-13 09:53:13.029 8014 8039 W React: There is no generated module helper for module: RNGraphicsContext using FallbackModuleHelper which works way slower. Consider enabling apt generation for this module in order to improve startup performance
09-13 09:53:13.029 8014 8039 W React: There is no generated module helper for module: SkypeCamera using FallbackModuleHelper which works way slower. Consider enabling apt generation for this module in order to improve startup performance
09-13 09:53:13.030 8014 8039 W React: There is no generated module helper for module: ExtendedAppState using FallbackModuleHelper which works way slower. Consider enabling apt generation for this module in order to improve startup performance
09-13 09:53:13.030 8014 8039 W React: There is no generated module helper for module: DeviceInfo using FallbackModuleHelper which works way slower. Consider enabling apt generation for this module in order to improve startup performance
09-13 09:53:13.030 8014 8039 W React: There is no generated module helper for module: TimeZoneManager using FallbackModuleHelper which works way slower. Consider enabling apt generation for this module in order to improve startup performance
09-13 09:53:13.030 8014 8039 W React: There is no generated module helper for module: ContextMenuAndroid using FallbackModuleHelper which works way slower. Consider enabling apt generation for this module in order to improve startup performance
09-13 09:53:13.030 8014 8039 W React: There is no generated module helper for module: DeviceUtilities using FallbackModuleHelper which works way slower. Consider enabling apt generation for this module in order to improve startup performance
09-13 09:53:13.030 8014 8039 W React: There is no generated module helper for module: UrlUtil using FallbackModuleHelper which works way slower. Consider enabling apt generation for this module in order to improve startup performance
09-13 09:53:13.030 8014 8039 W React: There is no generated module helper for module: SnapshotManager using FallbackModuleHelper which works way slower. Consider enabling apt generation for this module in order to improve startup performance
09-13 09:53:13.030 8014 8039 W React: There is no generated module helper for module: SoundRecorder using FallbackModuleHelper which works way slower. Consider enabling apt generation for this module in order to improve startup performance
09-13 09:53:13.030 8014 8039 W React: There is no generated module helper for module: Calendar using FallbackModuleHelper which works way slower. Consider enabling apt generation for this module in order to improve startup performance
09-13 09:53:13.031 8014 8039 W React: There is no generated module helper for module: RNGLContext using FallbackModuleHelper which works way slower. Consider enabling apt generation for this module in order to improve startup performance
09-13 09:53:13.031 8014 8039 W React: There is no generated module helper for module: ClientLogging using FallbackModuleHelper which works way slower. Consider enabling apt generation for this module in order to improve startup performance
09-13 09:53:13.031 8014 8039 W React: There is no generated module helper for module: VideoFXP using FallbackModuleHelper which works way slower. Consider enabling apt generation for this module in order to improve startup performance
09-13 09:53:13.031 8014 8039 W React: There is no generated module helper for module: RNSkypeCredentialsFetcher using FallbackModuleHelper which works way slower. Consider enabling apt generation for this module in order to improve startup performance
09-13 09:53:13.031 8014 8039 W React: There is no generated module helper for module: MediaPicker using FallbackModuleHelper which works way slower. Consider enabling apt generation for this module in order to improve startup performance
09-13 09:53:13.031 8014 8039 W React: There is no generated module helper for module: RNCookieManagerAndroid using FallbackModuleHelper which works way slower. Consider enabling apt generation for this module in order to improve startup performance
09-13 09:53:13.031 8014 8039 W React: There is no generated module helper for module: Contacts using FallbackModuleHelper which works way slower. Consider enabling apt generation for this module in order to improve startup performance
09-13 09:53:13.031 8014 8039 W React: There is no generated module helper for module: EnvironmentInfo using FallbackModuleHelper which works way slower. Consider enabling apt generation for this module in order to improve startup performance
09-13 09:53:13.031 8014 8039 W React: There is no generated module helper for module: RNStorage using FallbackModuleHelper which works way slower. Consider enabling apt generation for this module in order to improve startup performance
09-13 09:53:13.032 8014 8039 W React: There is no generated module helper for module: FileTracker using FallbackModuleHelper which works way slower. Consider enabling apt generation for this module in order to improve startup performance
09-13 09:53:13.303 8014 8088 I AudioManagerModule: initialize (causeId 499b6f61)
09-13 09:53:13.304 8014 8014 I SmsHandlingContext: init()
09-13 09:53:13.304 8014 8088 I AudioManagerModule: AudioManagerModule.initialize took 1ms
09-13 09:53:13.304 8014 8081 I AudioOptions: initialize (causeId 499b6f61)
09-13 09:53:13.306 8014 8088 W ReactApp: registerMemoryTrimmable current size: 0
09-13 09:53:13.306 8014 8088 W ReactApp: registerMemoryTrimmable current size: 1
09-13 09:53:13.310 8014 8081 I WiredHeadsetReceiver: Registered receiver
09-13 09:53:13.311 8014 8082 I WiredHeadsetReceiver: addListener (causeId: 499b6f61)
09-13 09:53:13.312 8014 8082 I AudioOptions: WiredHeadsetReceiver.headsetStateChanged UNPLUGGED (causeId 499b6f61)
09-13 09:53:13.313 8014 8081 I BluetoothReceiver: Received sticky intent android.media.ACTION_SCO_AUDIO_STATE_UPDATED
09-13 09:53:13.313 8014 8081 I BluetoothReceiver: Registered receiver
09-13 09:53:13.313 8014 8081 I BluetoothReceiver: loadAlreadyConnectedDevices (causeId: 499b6f61)
09-13 09:53:13.314 8014 8082 I BluetoothReceiver: BluetoothReceiver: AudioManager.ACTION_SCO_AUDIO_STATE_UPDATED: UNKNOWN -> STATE_DISCONNECTED (causeId: 947eb6b4)
09-13 09:53:13.316 8014 8100 I BluetoothReceiver: addListener (causeId: 499b6f61)
09-13 09:53:13.318 8014 8100 I BluetoothReceiver: BluetoothReceiver: AudioManager.ACTION_SCO_AUDIO_STATE_UPDATED: UNKNOWN -> STATE_DISCONNECTED (causeId: 1c15970a)
09-13 09:53:13.322 8014 8088 I SkypeCameraModule: SkypeCameraModule initialize
09-13 09:53:13.365 8014 8081 I BluetoothReceiver: createServiceListener (causeId: 499b6f61)
09-13 09:53:13.372 8014 8102 I TokenShareModule: getAccounts() called, returned with list size 0
09-13 09:53:13.396 8014 8082 I ModernAudioDeviceMonitor: addListener (causeId: 499b6f61)
09-13 09:53:13.396 8014 8082 I AudioOptions: ModernAudioDeviceMonitor.availableAudioDeviceTypesChanged headphones: false usb: false (causeId 499b6f61)
09-13 09:53:13.457 8014 8100 I ModernAudioDeviceMonitor: initialization headphones: false, usb: false, devices: [[1:TYPE_BUILTIN_EARPIECE], [2:TYPE_BUILTIN_SPEAKER], [5:TYPE_BUILTIN_MIC], [7:TYPE_TELEPHONY]] (causeId: 2475cb03)
09-13 09:53:13.458 8014 8081 I AudioManagerModule: Output update and reset (destination 3, deviceStatus 2, causeId 499b6f61)
09-13 09:53:13.459 8014 8081 I ModernAudioDeviceMonitor: onAudioDevicesAdded headphones: false, usb: false, devices: [[1:TYPE_BUILTIN_EARPIECE], [2:TYPE_BUILTIN_SPEAKER], [5:TYPE_BUILTIN_MIC], [7:TYPE_TELEPHONY]] (causeId: 8a7d50da)
09-13 09:53:13.459 8014 8081 I AudioManagerModule: Output update and reset (destination 3, deviceStatus 2, causeId 499b6f61)
09-13 09:53:13.604 8014 8014 I TelephoneStateListener: Registering phone state listener (causeId 499b6f61)
09-13 09:53:13.657 8014 8014 I AudioManagerModule: TelephoneStateListener.init took 52ms
09-13 09:53:13.669 8014 8014 I AudioManagerModule: Sending output changed event to EARPIECE (causeId 499b6f61)
09-13 09:53:13.671 8014 8081 I TelephoneStateListener: onCallStateChanged 0 (causeId 4c2febd6)
09-13 09:53:17.086 8014 8087 I ReactNativeJS: [#ffffffff-u] [TRACE] [JS.HeadlessJsTask] registerHeadlessTaskCallbacks called for 'StaticTask.OnAppUpdated'
09-13 09:53:17.090 8014 8087 I ReactNativeJS: [#ffffffff-u] [TRACE] [JS.HeadlessJsTask] registerHeadlessTaskCallbacks called for 'StaticTask.OnAppUpdatedRetry'
09-13 09:53:17.139 8014 8087 I ReactNativeJS: [#ffffffff-u] [TRACE] [JS.HeadlessJsTask] registerHeadlessTaskCallbacks called for 'SignInOnUserSessionConnected'
09-13 09:53:17.140 8014 8087 I ReactNativeJS: [#ffffffff-u] [TRACE] [JS.HeadlessJsTask] registerHeadlessTaskCallbacks called for 'SignInOnUserSessionConnectedRetry'
09-13 09:53:17.140 8014 8087 I ReactNativeJS: [#ffffffff-u] [TRACE] [JS.HeadlessJsTask] registerHeadlessTaskCallbacks called for 'SignInOnDefaultMSAConnected'
09-13 09:53:17.141 8014 8087 I ReactNativeJS: [#ffffffff-u] [TRACE] [JS.HeadlessJsTask] registerHeadlessTaskCallbacks called for 'SignInOnDefaultMSAConnectedRetry'
09-13 09:53:17.143 8014 8087 I ReactNativeJS: [#ffffffff-u] [TRACE] [JS.HeadlessJsTask] registerHeadlessTaskCallbacks called for 'BackgroundHeartbeatTelemetry'
09-13 09:53:17.145 8014 8087 I ReactNativeJS: [#ffffffff-u] [TRACE] [JS.HeadlessJsTask] registerHeadlessTaskCallbacks called for 'OnMaintenanceWindowStart'
09-13 09:53:17.145 8014 8087 I ReactNativeJS: [#ffffffff-u] [TRACE] [JS.HeadlessJsTask] registerHeadlessTaskCallbacks called for 'OnMaintenanceWindowStartRetry'
09-13 09:53:17.171 8014 8087 I ReactNativeJS: [#ffffffff-u] [TRACE] [JS.HeadlessJsTask] registerHeadlessTaskCallbacks called for 'ToastActivation'
09-13 09:53:17.172 8014 8087 I ReactNativeJS: [#ffffffff-u] [TRACE] [JS.HeadlessJsTask] registerHeadlessTaskCallbacks called for 'ToastActivationRetry'
09-13 09:53:17.192 8014 8087 I RNAppUpgrade: Getting app launch attribution state = false
09-13 09:53:17.194 8014 8087 I RNAppUpgrade: hasOldSessionPreferences:false
09-13 09:53:17.200 8014 8087 I ReactNativeJS: [#ffffffff-u] [TRACE] [JS.AppUpgrade] Preparing to handle App Upgrade Event
09-13 09:53:17.201 8014 8087 I ReactNativeJS: [#ffffffff-u] [TRACE] [JS.AppUpgrade] Preparing to handle Rtc Wake Event
09-13 09:53:17.202 8014 8087 I ReactNativeJS: [#ffffffff-u] [TRACE] [JS.AppUpgrade] _setUpAppLaunchStateChangeListener
09-13 09:53:17.205 8014 8087 I ReactNativeJS: [#ffffffff-u] [TRACE] [JS.AppUpgrade] _setUpNoticationClickListener
09-13 09:53:17.206 8014 8087 I RNAppUpgrade: Getting app launch attribution state = false
09-13 09:53:17.206 8014 8087 I RNAppUpgrade: hasOldSessionPreferences:false
09-13 09:53:17.207 8014 8087 I RNAppUpgrade: Getting app launch attribution state = false
09-13 09:53:17.208 8014 8087 I RNAppUpgrade: hasOldSessionPreferences:false
09-13 09:53:17.209 8014 8087 I RNAppUpgrade: Getting app launch attribution state = false
09-13 09:53:17.210 8014 8087 I RNAppUpgrade: hasOldSessionPreferences:false
09-13 09:53:17.214 8014 8088 I RNAppUpgrade: initialize
09-13 09:53:17.216 8014 8087 I RNAppUpgrade: Getting app launch attribution state = false
09-13 09:53:17.216 8014 8087 I RNAppUpgrade: hasOldSessionPreferences:false
09-13 09:53:17.217 8014 8088 I UpgradeContext: acquireWakeLock taskId 1
09-13 09:53:17.218 8014 8087 I RNAppUpgrade: Getting app launch attribution state = false
09-13 09:53:17.218 8014 8087 I RNAppUpgrade: hasOldSessionPreferences:false
09-13 09:53:17.224 8014 8014 I SimpleWakefulService: Service created
09-13 09:53:17.225 8014 8014 I SimpleWakefulService: Acquire WAKE_LOCK for taskId: 1 with startId: 1
09-13 09:53:17.227 8014 8088 I RNAppUpgrade: processPendingIntents
09-13 09:53:17.228 8014 8088 I RNAppUpgrade: processPendingIntents:delayedIntentQueue size(0)
09-13 09:53:17.228 8014 8088 I RNAppUpgrade: initialize
09-13 09:53:17.383 8014 8087 I ReactNativeJS: [#ffffffff-u] [TRACE] [JS.Startup] Locale initialized to [de_DE]
09-13 09:53:17.384 8014 8087 I ReactNativeJS: [#ffffffff-u] [TRACE] [JS.Startup] Country code is [DE]
09-13 09:53:17.403 8014 8087 I ReactNativeJS: [#ffffffff-u] [TRACE] [JS.Startup] Device Id: dNWT97_WBMo
09-13 09:53:17.404 8014 8087 I ReactNativeJS: [#ffffffff-u] [TRACE] [JS.Startup] Device Manufacturer: samsung
09-13 09:53:17.405 8014 8087 I ReactNativeJS: [#ffffffff-u] [TRACE] [JS.Startup] Device Model: SM-A310F
09-13 09:53:17.406 8014 8087 I ReactNativeJS: [#ffffffff-u] [TRACE] [JS.Startup] Device OS version: 7.0
09-13 09:53:17.406 8014 8087 I ReactNativeJS: [#ffffffff-u] [TRACE] [JS.Startup] App version: 8.30.0.50
09-13 09:53:17.407 8014 8087 I ReactNativeJS: [#ffffffff-u] [TRACE] [JS.Startup] App activation state: Background
09-13 09:53:17.418 8014 8087 I ReactNativeJS: [#ffffffff-u] [TRACE] [JS.GenericUnsafe] Startup Phase 1 duration: 3973ms
09-13 09:53:17.424 8014 8087 I ReactNativeJS: [#ffffffff-u] [TRACE] [JS.GenericUnsafe] Startup Phase 2 duration: 1028ms
09-13 09:53:17.434 8014 8087 I ReactNativeJS: [#ffffffff-u] [TRACE] [JS.Startup] Starting: HockeyAppService
09-13 09:53:17.441 8014 8087 I ReactNativeJS: [#ffffffff-S] [TRACE] [JS.HockeyApp] Ignoring check for updates - PUBLIC build
09-13 09:53:17.444 8014 8087 I ReactNativeJS: [#ffffffff-u] [TRACE] [JS.Startup] Finish: HockeyAppService: 11ms
09-13 09:53:17.445 8014 8088 I ReactHockeyApp: HockeyApp - initializing configuration
09-13 09:53:17.453 8014 8192 I React: Check for new app crashes
09-13 09:53:17.470 8014 8087 I ReactNativeJS: [#ffffffff-u] [TRACE] [JS.Startup] Starting: CrashStatusStore
09-13 09:53:17.472 8014 8087 I ReactNativeJS: [#ffffffff-u] [TRACE] [JS.GenericUnsafe] RN Entry
09-13 09:53:17.490 8014 8087 I ReactNativeJS: [#ffffffff-u] [TRACE] [JS.AppUpgrade] Last app launch time: undefined
09-13 09:53:17.497 8014 8087 I RNAppUpgrade: Getting app launch attribution state = false
09-13 09:53:17.497 8014 8087 I RNAppUpgrade: hasOldSessionPreferences:false
09-13 09:53:17.505 8014 8087 I ReactNativeJS: [#ffffffff-u] [TRACE] [JS.AppUpgrade] _getAppLaunchState:subscribe:fired:0
09-13 09:53:17.621 8014 8087 I ReactNativeJS: [#ffffffff-S] [TRACE] [JS.HockeyApp] Last launch crashed: false
09-13 09:53:17.622 8014 8087 I ReactNativeJS: [#ffffffff-u] [TRACE] [JS.Startup] Finish: CrashStatusStore: 152ms
09-13 09:53:17.625 8014 8087 I ReactNativeJS: [#ffffffff-u] [TRACE] [JS.Startup] SkypeId missing in Storage
09-13 09:53:18.225 8014 8088 W ReactMethodWatchdog: Method RNCookieManagerAndroid.clearAll invocation took too long: 403ms
09-13 09:53:18.459 8014 8088 I DeviceUtilities: DeviceUtilities: currentOrientation
09-13 09:53:18.533 8014 8088 W React: StatusBarModule: Ignored status bar change, current activity is null.
09-13 09:53:18.546 8014 8088 W React: StatusBarModule: Ignored status bar change, current activity is null.
09-13 09:53:18.552 8014 8088 W React: StatusBarModule: Ignored status bar change, current activity is null.
09-13 09:53:18.553 8014 8088 I DeviceUtilities: DeviceUtilities: statusBarHeight
09-13 09:53:18.612 8014 8087 W ReactNativeJS: [#ffffffff-u] [WARN] [JS.ResponsiveWidthStore] DeviceUtilities.currentOrientation failed: [pii] causeId: c6e41137
09-13 09:53:18.614 8014 8087 W ReactNativeJS: [#ffffffff-u] [WARN] [JS.GenericUnsafe] SafeAreaStore statusBarHeight failed: [pii]
09-13 09:53:22.927 8014 8082 I RNSlimcore: Clearing old logs
09-13 09:53:22.935 8014 8082 I SkyLibManager[TERMINATED:null]: clearOldLogs found 0 potential log files
09-13 09:53:32.246 8014 8183 I UpgradeContext: releaseWakeLock taskId 1
09-13 09:53:32.262 8014 8014 I SimpleWakefulService: Release WAKE_LOCK for taskId: 1 with startId: 2
09-13 09:53:32.267 8014 8014 I SimpleWakefulService: Removing Stop message
09-13 09:53:32.268 8014 8014 I SimpleWakefulService: Service destroyed
09-15 17:17:22.675 4149 4149 W ReactHockeyApp: RNHockeyApp: Failed to get existing metadata
09-15 17:17:22.675 4149 4149 W ReactHockeyApp: /data/user/0/com.skype.raider/files/HockeyAppCrashMetadata.json (No such file or directory)
09-15 17:17:22.675 4149 4149 W ReactHockeyApp: java.io.FileInputStream.open(FileInputStream.java:-2)
09-15 17:17:22.675 4149 4149 W ReactHockeyApp: java.io.FileInputStream.(FileInputStream.java:146)
09-15 17:17:22.675 4149 4149 W ReactHockeyApp: android.app.ContextImpl.openFileInput(ContextImpl.java:505)
09-15 17:17:22.675 4149 4149 W ReactHockeyApp: android.content.ContextWrapper.openFileInput(ContextWrapper.java:193)
09-15 17:17:22.675 4149 4149 W ReactHockeyApp: com.skype.hockeyapp.SkypeCrashListener.f(SourceFile:139)
09-15 17:17:22.675 4149 4149 W ReactHockeyApp: com.skype.hockeyapp.SkypeCrashListener.(SourceFile:48)
09-15 17:17:22.675 4149 4149 W ReactHockeyApp: com.skype.hockeyapp.SkypeCrashListener.a(SourceFile:43)
09-15 17:17:22.675 4149 4149 W ReactHockeyApp: com.skype.hockeyapp.SkypeCrashManager.a(SourceFile:40)
09-15 17:17:22.675 4149 4149 W ReactHockeyApp: com.skype4life.SkypeApplication.onCreate(SourceFile:1045)
09-15 17:17:22.675 4149 4149 W ReactHockeyApp: android.app.Instrumentation.callApplicationOnCreate(Instrumentation.java:1032)
09-15 17:17:22.675 4149 4149 W ReactHockeyApp: android.app.ActivityThread.handleBindApplication(ActivityThread.java:5970)
09-15 17:17:22.675 4149 4149 W ReactHockeyApp: android.app.ActivityThread.-wrap3(ActivityThread.java:-1)
09-15 17:17:22.675 4149 4149 W ReactHockeyApp: android.app.ActivityThread$H.handleMessage(ActivityThread.java:1710)
09-15 17:17:22.675 4149 4149 W ReactHockeyApp: android.os.Handler.dispatchMessage(Handler.java:102)
09-15 17:17:22.675 4149 4149 W ReactHockeyApp: android.os.Looper.loop(Looper.java:154)
09-15 17:17:22.675 4149 4149 W ReactHockeyApp: android.app.ActivityThread.main(ActivityThread.java:6776)
09-15 17:17:22.675 4149 4149 W ReactHockeyApp: java.lang.reflect.Method.invoke(Method.java:-2)
09-15 17:17:22.675 4149 4149 W ReactHockeyApp: com.android.internal.os.ZygoteInit$MethodAndArgsCaller.run(ZygoteInit.java:1496)
09-15 17:17:22.675 4149 4149 W ReactHockeyApp: com.android.internal.os.ZygoteInit.main(ZygoteInit.java:1386)
09-15 17:17:22.791 4149 4149 I DumpUploader: Preparing check for new crash dumps
09-15 17:17:22.793 4149 4149 I ReactApp: parsingProcessName took 0ms
09-15 17:17:22.793 4149 4149 I ReactApp: onCreate start
09-15 17:17:22.793 4149 4182 I DumpUploader: Started check for new crash dumps
09-15 17:17:22.835 4149 4182 I DumpUploader: Marking dumps as known:
09-15 17:17:22.836 4149 4149 I ReactApp: leakCanaryInstall took 2ms
09-15 17:17:22.904 4149 4149 I ReactApp: configureOkHttp took 68ms
09-15 17:17:22.905 4149 4149 I ReactApp: configureStetho took 0ms
09-15 17:17:22.951 4149 4149 I ReactApp: configureYoga took 46ms
09-15 17:17:22.959 4149 4149 I ReactApp: CsiManager.onCreate took 7ms
09-15 17:17:23.152 4149 4149 I ReactApp: mReactNativeHost.getReactInstanceManager took 193ms
09-15 17:17:23.152 4149 4149 I ReactApp: onCreate complete in 532ms
09-15 17:17:23.152 4149 4191 I React: Creating react context.
09-15 17:17:23.153 4149 4149 I UpgradeContext: onReceive action WakeEventReceiver.ACTION_OEM_RTC_WAKE
09-15 17:17:23.153 4149 4149 I UpgradeContext: acquireWakeLock taskId 1
09-15 17:17:23.162 4149 4149 I UpgradeContext: UpgradeModuleNotReady: task 1, intent pushed to delayedIntentQueue
09-15 17:17:23.168 4149 4191 I SkypeCameraViewManager: init
09-15 17:17:23.169 4149 4149 I SimpleWakefulService: Service created
09-15 17:17:23.170 4149 4149 I SimpleWakefulService: Acquire WAKE_LOCK for taskId: 1 with startId: 1
09-15 17:17:23.187 4149 4191 I GradientImagePackage: createViewManagers
09-15 17:17:23.189 4149 4191 W ViewManagerPropertyUpdater: Could not find generated setter for class com.skype.ink.AdditiveSurfaceViewManager
09-15 17:17:23.195 4149 4191 W ViewManagerPropertyUpdater: Could not find generated setter for class com.skype.ink.AdditiveSurfaceViewShadowNode
09-15 17:17:23.202 4149 4191 W ViewManagerPropertyUpdater: Could not find generated setter for class com.facebook.react.uimanager.h
09-15 17:17:23.204 4149 4191 W ViewManagerPropertyUpdater: Could not find generated setter for class com.facebook.react.views.text.g
09-15 17:17:23.211 4149 4191 W ViewManagerPropertyUpdater: Could not find generated setter for class com.facebook.react.views.textinput.i
09-15 17:17:23.214 4149 4191 W ViewManagerPropertyUpdater: Could not find generated setter for class com.facebook.react.views.art.c
09-15 17:17:23.216 4149 4191 W ViewManagerPropertyUpdater: Could not find generated setter for class com.facebook.react.views.art.b
09-15 17:17:23.221 4149 4191 W ViewManagerPropertyUpdater: Could not find generated setter for class com.facebook.react.views.art.a
09-15 17:17:23.222 4149 4191 W ViewManagerPropertyUpdater: Could not find generated setter for class com.facebook.react.views.progressbar.b
09-15 17:17:23.224 4149 4191 W ViewManagerPropertyUpdater: Could not find generated setter for class com.facebook.react.views.text.frescosupport.a
09-15 17:17:23.226 4149 4191 W ViewManagerPropertyUpdater: Could not find generated setter for class com.brentvatne.react.ReactVideoViewManager
09-15 17:17:23.231 4149 4191 W ViewManagerPropertyUpdater: Could not find generated setter for class com.skpcamera.SkypeCameraViewManager
09-15 17:17:23.236 4149 4191 W ViewManagerPropertyUpdater: Could not find generated setter for class com.customkeyboard.CustomKeyboardViewManager
09-15 17:17:23.355 4149 4191 W ViewManagerPropertyUpdater: Could not find generated setter for class com.skype.slimcore.video.RNCallingVideoViewManager
09-15 17:17:23.356 4149 4191 W ViewManagerPropertyUpdater: Could not find generated setter for class com.skype.slimcore.video.RNCallingVideoViewLocalManager
09-15 17:17:23.357 4149 4191 W ViewManagerPropertyUpdater: Could not find generated setter for class com.skype.slimcore.video.RNCallingVideoViewPreviewManager
09-15 17:17:23.359 4149 4191 W ViewManagerPropertyUpdater: Could not find generated setter for class com.microsoft.react.mediapicker.MediaPickerViewManager
09-15 17:17:23.395 4149 4191 W ViewManagerPropertyUpdater: Could not find generated setter for class com.microsoft.react.mediapicker.c
09-15 17:17:23.399 4149 4191 W ViewManagerPropertyUpdater: Could not find generated setter for class com.microsoft.skypemessagetextinput.view.RNViewManager
09-15 17:17:23.404 4149 4191 W ViewManagerPropertyUpdater: Could not find generated setter for class com.microsoft.skypemessagetextinput.view.c
09-15 17:17:23.513 4149 4191 W ViewManagerPropertyUpdater: Could not find generated setter for class com.skype.reactnativesprites.SpriteViewManager
09-15 17:17:23.517 4149 4191 W ViewManagerPropertyUpdater: Could not find generated setter for class com.projectseptember.RNGL.GLCanvasManager
09-15 17:17:23.520 4149 4191 W ViewManagerPropertyUpdater: Could not find generated setter for class com.github.alinz.reactnativewebviewbridge.WebViewBridgeManager
09-15 17:17:23.527 4149 4191 W ViewManagerPropertyUpdater: Could not find generated setter for class com.airbnb.android.react.maps.AirMapCalloutManager
09-15 17:17:23.530 4149 4191 W ViewManagerPropertyUpdater: Could not find generated setter for class com.airbnb.android.react.maps.AirMapMarkerManager
09-15 17:17:23.535 4149 4191 W ViewManagerPropertyUpdater: Could not find generated setter for class com.airbnb.android.react.maps.AirMapPolylineManager
09-15 17:17:23.538 4149 4191 W ViewManagerPropertyUpdater: Could not find generated setter for class com.airbnb.android.react.maps.AirMapPolygonManager
09-15 17:17:23.541 4149 4191 W ViewManagerPropertyUpdater: Could not find generated setter for class com.airbnb.android.react.maps.AirMapCircleManager
09-15 17:17:23.545 4149 4191 W ViewManagerPropertyUpdater: Could not find generated setter for class com.airbnb.android.react.maps.AirMapManager
09-15 17:17:23.551 4149 4191 W ViewManagerPropertyUpdater: Could not find generated setter for class com.airbnb.android.react.maps.AirMapLiteManager
09-15 17:17:23.553 4149 4191 W ViewManagerPropertyUpdater: Could not find generated setter for class com.airbnb.android.react.maps.AirMapUrlTileManager
09-15 17:17:23.555 4149 4191 W ViewManagerPropertyUpdater: Could not find generated setter for class com.microsoft.react.videofxp.VideoFXPViewManager
09-15 17:17:23.558 4149 4191 W ViewManagerPropertyUpdater: Could not find generated setter for class com.skype.virtualmessageview.VirtualMessageViewControllerManager
09-15 17:17:23.562 4149 4191 W ViewManagerPropertyUpdater: Could not find generated setter for class com.microsoft.react.clippedview.ClippedViewManager
09-15 17:17:23.564 4149 4191 W ViewManagerPropertyUpdater: Could not find generated setter for class com.BV.LinearGradient.LinearGradientManager
09-15 17:17:23.566 4149 4191 W ViewManagerPropertyUpdater: Could not find generated setter for class com.airbnb.android.react.lottie.LottieAnimationViewManager
09-15 17:17:23.571 4149 4191 W ViewManagerPropertyUpdater: Could not find generated setter for class com.microsoft.react.gradientimage.GradientImageViewManager
09-15 17:17:23.573 4149 4191 W ViewManagerPropertyUpdater: Could not find generated setter for class com.skype.qrcode.QRCodeViewManager
09-15 17:17:23.574 4149 4191 W ViewManagerPropertyUpdater: Could not find generated setter for class com.skype.camera.imagefilter.ImageFilterManager
09-15 17:17:24.059 4149 4191 W JavaModuleHelper: Could not find generated custom module provider
09-15 17:17:24.060 4149 4191 W React: There is no generated module helper for module: RNGLContext using FallbackModuleHelper which works way slower. Consider enabling apt generation for this module in order to improve startup performance
09-15 17:17:24.060 4149 4191 W React: There is no generated module helper for module: RNSlimcore using FallbackModuleHelper which works way slower. Consider enabling apt generation for this module in order to improve startup performance
09-15 17:17:24.060 4149 4191 W React: There is no generated module helper for module: AirMapModule using FallbackModuleHelper which works way slower. Consider enabling apt generation for this module in order to improve startup performance
09-15 17:17:24.060 4149 4191 W React: There is no generated module helper for module: FileEncryptionNative using FallbackModuleHelper which works way slower. Consider enabling apt generation for this module in order to improve startup performance
09-15 17:17:24.060 4149 4191 W React: There is no generated module helper for module: DeviceUtilities using FallbackModuleHelper which works way slower. Consider enabling apt generation for this module in order to improve startup performance
09-15 17:17:24.060 4149 4191 W React: There is no generated module helper for module: ZipUtil using FallbackModuleHelper which works way slower. Consider enabling apt generation for this module in order to improve startup performance
09-15 17:17:24.060 4149 4191 W React: There is no generated module helper for module: SKPSkypeMessageTextInputModule using FallbackModuleHelper which works way slower. Consider enabling apt generation for this module in order to improve startup performance
09-15 17:17:24.060 4149 4191 W React: There is no generated module helper for module: PermissionsManager using FallbackModuleHelper which works way slower. Consider enabling apt generation for this module in order to improve startup performance
09-15 17:17:24.061 4149 4191 W React: There is no generated module helper for module: ClientLogging using FallbackModuleHelper which works way slower. Consider enabling apt generation for this module in order to improve startup performance
09-15 17:17:24.061 4149 4191 W React: There is no generated module helper for module: CallMonitor using FallbackModuleHelper which works way slower. Consider enabling apt generation for this module in order to improve startup performance
09-15 17:17:24.061 4149 4191 W React: There is no generated module helper for module: RNSkypeCredentialsFetcher using FallbackModuleHelper which works way slower. Consider enabling apt generation for this module in order to improve startup performance
09-15 17:17:24.061 4149 4191 W React: There is no generated module helper for module: ExternalBrowser using FallbackModuleHelper which works way slower. Consider enabling apt generation for this module in order to improve startup performance
09-15 17:17:24.061 4149 4191 W React: There is no generated module helper for module: SnapshotManager using FallbackModuleHelper which works way slower. Consider enabling apt generation for this module in order to improve startup performance
09-15 17:17:24.061 4149 4191 W React: There is no generated module helper for module: AssetReader using FallbackModuleHelper which works way slower. Consider enabling apt generation for this module in order to improve startup performance
09-15 17:17:24.061 4149 4191 W React: There is no generated module helper for module: SourceCode using FallbackModuleHelper which works way slower. Consider enabling apt generation for this module in order to improve startup performance
09-15 17:17:24.061 4149 4191 W React: There is no generated module helper for module: TimeZoneManager using FallbackModuleHelper which works way slower. Consider enabling apt generation for this module in order to improve startup performance
09-15 17:17:24.061 4149 4191 W React: There is no generated module helper for module: FileTracker using FallbackModuleHelper which works way slower. Consider enabling apt generation for this module in order to improve startup performance
09-15 17:17:24.062 4149 4191 W React: There is no generated module helper for module: SoundPlayer using FallbackModuleHelper which works way slower. Consider enabling apt generation for this module in order to improve startup performance
09-15 17:17:24.062 4149 4191 W React: There is no generated module helper for module: RNPushAndroid using FallbackModuleHelper which works way slower. Consider enabling apt generation for this module in order to improve startup performance
09-15 17:17:24.062 4149 4191 W React: There is no generated module helper for module: RNManualFileCache using FallbackModuleHelper which works way slower. Consider enabling apt generation for this module in order to improve startup performance
09-15 17:17:24.062 4149 4191 W React: There is no generated module helper for module: AudioManager using FallbackModuleHelper which works way slower. Consider enabling apt generation for this module in order to improve startup performance
09-15 17:17:24.062 4149 4191 W React: There is no generated module helper for module: DeviceSettings using FallbackModuleHelper which works way slower. Consider enabling apt generation for this module in order to improve startup performance
09-15 17:17:24.062 4149 4191 W React: There is no generated module helper for module: RNGeocoder using FallbackModuleHelper which works way slower. Consider enabling apt generation for this module in order to improve startup performance
09-15 17:17:24.062 4149 4191 W React: There is no generated module helper for module: SoundRecorder using FallbackModuleHelper which works way slower. Consider enabling apt generation for this module in order to improve startup performance
09-15 17:17:24.062 4149 4191 W React: There is no generated module helper for module: RNDocumentPicker using FallbackModuleHelper which works way slower. Consider enabling apt generation for this module in order to improve startup performance
09-15 17:17:24.062 4149 4191 W React: There is no generated module helper for module: AdvertisementUtilities using FallbackModuleHelper which works way slower. Consider enabling apt generation for this module in order to improve startup performance
09-15 17:17:24.063 4149 4191 W React: There is no generated module helper for module: RNCookieManagerAndroid using FallbackModuleHelper which works way slower. Consider enabling apt generation for this module in order to improve startup performance
09-15 17:17:24.063 4149 4191 W React: There is no generated module helper for module: IncomingCallInteractionManager using FallbackModuleHelper which works way slower. Consider enabling apt generation for this module in order to improve startup performance
09-15 17:17:24.063 4149 4191 W React: There is no generated module helper for module: SkypeCamera using FallbackModuleHelper which works way slower. Consider enabling apt generation for this module in order to improve startup performance
09-15 17:17:24.063 4149 4191 W React: There is no generated module helper for module: RNNetworkInfo using FallbackModuleHelper which works way slower. Consider enabling apt generation for this module in order to improve startup performance
09-15 17:17:24.063 4149 4191 W React: There is no generated module helper for module: FrescoModule using FallbackModuleHelper which works way slower. Consider enabling apt generation for this module in order to improve startup performance
09-15 17:17:24.063 4149 4191 W React: There is no generated module helper for module: RNStorage using FallbackModuleHelper which works way slower. Consider enabling apt generation for this module in order to improve startup performance
09-15 17:17:24.063 4149 4191 W React: There is no generated module helper for module: ShareSheet using FallbackModuleHelper which works way slower. Consider enabling apt generation for this module in order to improve startup performance
09-15 17:17:24.063 4149 4191 W React: There is no generated module helper for module: RNBackgroundTimer using FallbackModuleHelper which works way slower. Consider enabling apt generation for this module in order to improve startup performance
09-15 17:17:24.063 4149 4191 W React: There is no generated module helper for module: RNBackgroundExecution using FallbackModuleHelper which works way slower. Consider enabling apt generation for this module in order to improve startup performance
09-15 17:17:24.064 4149 4191 W React: There is no generated module helper for module: CampaignReceiver using FallbackModuleHelper which works way slower. Consider enabling apt generation for this module in order to improve startup performance
09-15 17:17:24.064 4149 4191 W React: There is no generated module helper for module: CallIntent using FallbackModuleHelper which works way slower. Consider enabling apt generation for this module in order to improve startup performance
09-15 17:17:24.064 4149 4191 W React: There is no generated module helper for module: DeviceInfo using FallbackModuleHelper which works way slower. Consider enabling apt generation for this module in order to improve startup performance
09-15 17:17:24.064 4149 4191 W React: There is no generated module helper for module: Calendar using FallbackModuleHelper which works way slower. Consider enabling apt generation for this module in order to improve startup performance
09-15 17:17:24.064 4149 4191 W React: There is no generated module helper for module: AndroidBadges using FallbackModuleHelper which works way slower. Consider enabling apt generation for this module in order to improve startup performance
09-15 17:17:24.064 4149 4191 W React: There is no generated module helper for module: ShareToApp using FallbackModuleHelper which works way slower. Consider enabling apt generation for this module in order to improve startup performance
09-15 17:17:24.064 4149 4191 W React: There is no generated module helper for module: CortanaSignals using FallbackModuleHelper which works way slower. Consider enabling apt generation for this module in order to improve startup performance
09-15 17:17:24.064 4149 4191 W React: There is no generated module helper for module: FingerprintingLib using FallbackModuleHelper which works way slower. Consider enabling apt generation for this module in order to improve startup performance
09-15 17:17:24.064 4149 4191 W React: There is no generated module helper for module: RNViewConfig using FallbackModuleHelper which works way slower. Consider enabling apt generation for this module in order to improve startup performance
09-15 17:17:24.064 4149 4191 W React: There is no generated module helper for module: RNUrlRequest using FallbackModuleHelper which works way slower. Consider enabling apt generation for this module in order to improve startup performance
09-15 17:17:24.064 4149 4191 W React: There is no generated module helper for module: VideoFXP using FallbackModuleHelper which works way slower. Consider enabling apt generation for this module in order to improve startup performance
