09-09 17:46:52.532 7800 7800 W ReactHockeyApp: android.app.Instrumentation.callApplicationOnCreate(Instrumentation.java:1032)
09-09 17:46:52.532 7800 7800 W ReactHockeyApp: android.app.ActivityThread.handleBindApplication(ActivityThread.java:5970)
09-09 17:46:52.532 7800 7800 W ReactHockeyApp: android.app.ActivityThread.-wrap3(ActivityThread.java:-1)
09-09 17:46:52.532 7800 7800 W ReactHockeyApp: android.app.ActivityThread$H.handleMessage(ActivityThread.java:1710)
09-09 17:46:52.532 7800 7800 W ReactHockeyApp: android.os.Handler.dispatchMessage(Handler.java:102)
09-09 17:46:52.532 7800 7800 W ReactHockeyApp: android.os.Looper.loop(Looper.java:154)
09-09 17:46:52.532 7800 7800 W ReactHockeyApp: android.app.ActivityThread.main(ActivityThread.java:6776)
09-09 17:46:52.532 7800 7800 W ReactHockeyApp: java.lang.reflect.Method.invoke(Method.java:-2)
09-09 17:46:52.532 7800 7800 W ReactHockeyApp: com.android.internal.os.ZygoteInit$MethodAndArgsCaller.run(ZygoteInit.java:1496)
09-09 17:46:52.532 7800 7800 W ReactHockeyApp: com.android.internal.os.ZygoteInit.main(ZygoteInit.java:1386)
09-09 17:46:52.550 7800 7800 I DumpUploader: Preparing check for new crash dumps
09-09 17:46:52.552 7800 7800 I ReactApp: parsingProcessName took 1ms
09-09 17:46:52.552 7800 7800 I ReactApp: onCreate start
09-09 17:46:52.553 7800 7815 I DumpUploader: Started check for new crash dumps
09-09 17:46:52.561 7800 7800 I ReactApp: leakCanaryInstall took 1ms
09-09 17:46:52.572 7800 7815 I DumpUploader: Marking dumps as known:
09-09 17:46:52.584 7800 7800 I ReactApp: configureOkHttp took 23ms
09-09 17:46:52.584 7800 7800 I ReactApp: configureStetho took 0ms
09-09 17:46:52.607 7800 7800 I ReactApp: configureYoga took 23ms
09-09 17:46:52.611 7800 7800 I ReactApp: CsiManager.onCreate took 4ms
09-09 17:46:52.746 7800 7800 I ReactApp: mReactNativeHost.getReactInstanceManager took 135ms
09-09 17:46:52.746 7800 7800 I ReactApp: onCreate complete in 241ms
09-09 17:46:52.747 7800 7800 I UpgradeContext: onReceive action WakeEventReceiver.ACTION_OEM_RTC_WAKE
09-09 17:46:52.747 7800 7800 I UpgradeContext: acquireWakeLock taskId 1
09-09 17:46:52.749 7800 7820 I React: Creating react context.
09-09 17:46:52.758 7800 7800 I UpgradeContext: UpgradeModuleNotReady: task 1, intent pushed to delayedIntentQueue
09-09 17:46:52.769 7800 7800 I SimpleWakefulService: Service created
09-09 17:46:52.771 7800 7800 I SimpleWakefulService: Acquire WAKE_LOCK for taskId: 1 with startId: 1
09-09 17:46:52.786 7800 7820 I SkypeCameraViewManager: init
09-09 17:46:52.795 7800 7820 I GradientImagePackage: createViewManagers
09-09 17:46:52.799 7800 7820 W ViewManagerPropertyUpdater: Could not find generated setter for class com.skype.ink.AdditiveSurfaceViewManager
09-09 17:46:52.809 7800 7820 W ViewManagerPropertyUpdater: Could not find generated setter for class com.skype.ink.AdditiveSurfaceViewShadowNode
09-09 17:46:52.815 7800 7820 W ViewManagerPropertyUpdater: Could not find generated setter for class com.facebook.react.uimanager.h
09-09 17:46:52.817 7800 7820 W ViewManagerPropertyUpdater: Could not find generated setter for class com.facebook.react.views.text.g
09-09 17:46:52.824 7800 7820 W ViewManagerPropertyUpdater: Could not find generated setter for class com.facebook.react.views.textinput.i
09-09 17:46:52.827 7800 7820 W ViewManagerPropertyUpdater: Could not find generated setter for class com.facebook.react.views.art.c
09-09 17:46:52.829 7800 7820 W ViewManagerPropertyUpdater: Could not find generated setter for class com.facebook.react.views.art.b
09-09 17:46:52.831 7800 7820 W ViewManagerPropertyUpdater: Could not find generated setter for class com.facebook.react.views.art.a
09-09 17:46:52.832 7800 7820 W ViewManagerPropertyUpdater: Could not find generated setter for class com.facebook.react.views.progressbar.b
09-09 17:46:52.834 7800 7820 W ViewManagerPropertyUpdater: Could not find generated setter for class com.facebook.react.views.text.frescosupport.a
09-09 17:46:52.836 7800 7820 W ViewManagerPropertyUpdater: Could not find generated setter for class com.brentvatne.react.ReactVideoViewManager
09-09 17:46:52.843 7800 7820 W ViewManagerPropertyUpdater: Could not find generated setter for class com.skpcamera.SkypeCameraViewManager
09-09 17:46:52.847 7800 7820 W ViewManagerPropertyUpdater: Could not find generated setter for class com.customkeyboard.CustomKeyboardViewManager
09-09 17:46:52.848 7800 7820 W ViewManagerPropertyUpdater: Could not find generated setter for class com.skype.slimcore.video.RNCallingVideoViewManager
09-09 17:46:52.850 7800 7820 W ViewManagerPropertyUpdater: Could not find generated setter for class com.skype.slimcore.video.RNCallingVideoViewLocalManager
09-09 17:46:52.852 7800 7820 W ViewManagerPropertyUpdater: Could not find generated setter for class com.skype.slimcore.video.RNCallingVideoViewPreviewManager
09-09 17:46:52.854 7800 7820 W ViewManagerPropertyUpdater: Could not find generated setter for class com.microsoft.react.mediapicker.MediaPickerViewManager
09-09 17:46:52.869 7800 7820 W ViewManagerPropertyUpdater: Could not find generated setter for class com.microsoft.react.mediapicker.c
09-09 17:46:52.872 7800 7820 W ViewManagerPropertyUpdater: Could not find generated setter for class com.microsoft.skypemessagetextinput.view.RNViewManager
09-09 17:46:52.875 7800 7820 W ViewManagerPropertyUpdater: Could not find generated setter for class com.microsoft.skypemessagetextinput.view.c
09-09 17:46:52.876 7800 7820 W ViewManagerPropertyUpdater: Could not find generated setter for class com.skype.reactnativesprites.SpriteViewManager
09-09 17:46:52.878 7800 7820 W ViewManagerPropertyUpdater: Could not find generated setter for class com.projectseptember.RNGL.GLCanvasManager
09-09 17:46:52.900 7800 7820 W ViewManagerPropertyUpdater: Could not find generated setter for class com.github.alinz.reactnativewebviewbridge.WebViewBridgeManager
09-09 17:46:52.906 7800 7820 W ViewManagerPropertyUpdater: Could not find generated setter for class com.airbnb.android.react.maps.AirMapCalloutManager
09-09 17:46:52.907 7800 7820 W ViewManagerPropertyUpdater: Could not find generated setter for class com.airbnb.android.react.maps.AirMapMarkerManager
09-09 17:46:52.910 7800 7820 W ViewManagerPropertyUpdater: Could not find generated setter for class com.airbnb.android.react.maps.AirMapPolylineManager
09-09 17:46:52.912 7800 7820 W ViewManagerPropertyUpdater: Could not find generated setter for class com.airbnb.android.react.maps.AirMapPolygonManager
09-09 17:46:52.914 7800 7820 W ViewManagerPropertyUpdater: Could not find generated setter for class com.airbnb.android.react.maps.AirMapCircleManager
09-09 17:46:52.916 7800 7820 W ViewManagerPropertyUpdater: Could not find generated setter for class com.airbnb.android.react.maps.AirMapManager
09-09 17:46:52.926 7800 7820 W ViewManagerPropertyUpdater: Could not find generated setter for class com.airbnb.android.react.maps.AirMapLiteManager
09-09 17:46:52.927 7800 7820 W ViewManagerPropertyUpdater: Could not find generated setter for class com.airbnb.android.react.maps.AirMapUrlTileManager
09-09 17:46:52.929 7800 7820 W ViewManagerPropertyUpdater: Could not find generated setter for class com.microsoft.react.videofxp.VideoFXPViewManager
09-09 17:46:52.931 7800 7820 W ViewManagerPropertyUpdater: Could not find generated setter for class com.skype.virtualmessageview.VirtualMessageViewControllerManager
09-09 17:46:52.932 7800 7820 W ViewManagerPropertyUpdater: Could not find generated setter for class com.microsoft.react.clippedview.ClippedViewManager
09-09 17:46:52.932 7800 7820 W ViewManagerPropertyUpdater: Could not find generated setter for class com.BV.LinearGradient.LinearGradientManager
09-09 17:46:52.934 7800 7820 W ViewManagerPropertyUpdater: Could not find generated setter for class com.airbnb.android.react.lottie.LottieAnimationViewManager
09-09 17:46:52.936 7800 7820 W ViewManagerPropertyUpdater: Could not find generated setter for class com.microsoft.react.gradientimage.GradientImageViewManager
09-09 17:46:52.938 7800 7820 W ViewManagerPropertyUpdater: Could not find generated setter for class com.skype.qrcode.QRCodeViewManager
09-09 17:46:52.946 7800 7820 W ViewManagerPropertyUpdater: Could not find generated setter for class com.skype.camera.imagefilter.ImageFilterManager
09-09 17:46:53.212 7800 7820 W JavaModuleHelper: Could not find generated custom module provider
09-09 17:46:53.213 7800 7820 W React: There is no generated module helper for module: RNCommandInvoker using FallbackModuleHelper which works way slower. Consider enabling apt generation for this module in order to improve startup performance
09-09 17:46:53.213 7800 7820 W React: There is no generated module helper for module: ImageResizerAndroid using FallbackModuleHelper which works way slower. Consider enabling apt generation for this module in order to improve startup performance
09-09 17:46:53.213 7800 7820 W React: There is no generated module helper for module: AudioManager using FallbackModuleHelper which works way slower. Consider enabling apt generation for this module in order to improve startup performance
09-09 17:46:53.213 7800 7820 W React: There is no generated module helper for module: RNHockeyApp using FallbackModuleHelper which works way slower. Consider enabling apt generation for this module in order to improve startup performance
09-09 17:46:53.213 7800 7820 W React: There is no generated module helper for module: FileEncryptionNative using FallbackModuleHelper which works way slower. Consider enabling apt generation for this module in order to improve startup performance
09-09 17:46:53.213 7800 7820 W React: There is no generated module helper for module: Contacts using FallbackModuleHelper which works way slower. Consider enabling apt generation for this module in order to improve startup performance
09-09 17:46:53.213 7800 7820 W React: There is no generated module helper for module: AndroidSmsManager using FallbackModuleHelper which works way slower. Consider enabling apt generation for this module in order to improve startup performance
09-09 17:46:53.213 7800 7820 W React: There is no generated module helper for module: VideoFXP using FallbackModuleHelper which works way slower. Consider enabling apt generation for this module in order to improve startup performance
09-09 17:46:53.213 7800 7820 W React: There is no generated module helper for module: CallIntent using FallbackModuleHelper which works way slower. Consider enabling apt generation for this module in order to improve startup performance
09-09 17:46:53.214 7800 7820 W React: There is no generated module helper for module: RNGLContext using FallbackModuleHelper which works way slower. Consider enabling apt generation for this module in order to improve startup performance
09-09 17:46:53.214 7800 7820 W React: There is no generated module helper for module: RNStorage using FallbackModuleHelper which works way slower. Consider enabling apt generation for this module in order to improve startup performance
09-09 17:46:53.214 7800 7820 W React: There is no generated module helper for module: RNPushAndroid using FallbackModuleHelper which works way slower. Consider enabling apt generation for this module in order to improve startup performance
09-09 17:46:53.214 7800 7820 W React: There is no generated module helper for module: RNCookieManagerAndroid using FallbackModuleHelper which works way slower. Consider enabling apt generation for this module in order to improve startup performance
09-09 17:46:53.214 7800 7820 W React: There is no generated module helper for module: SplashScreenNotifier using FallbackModuleHelper which works way slower. Consider enabling apt generation for this module in order to improve startup performance
09-09 17:46:53.214 7800 7820 W React: There is no generated module helper for module: ShareSheet using FallbackModuleHelper which works way slower. Consider enabling apt generation for this module in order to improve startup performance
09-09 17:46:53.214 7800 7820 W React: There is no generated module helper for module: UrlUtil using FallbackModuleHelper which works way slower. Consider enabling apt generation for this module in order to improve startup performance
09-09 17:46:53.214 7800 7820 W React: There is no generated module helper for module: ContextMenuAndroid using FallbackModuleHelper which works way slower. Consider enabling apt generation for this module in order to improve startup performance
09-09 17:46:53.214 7800 7820 W React: There is no generated module helper for module: FingerprintingLib using FallbackModuleHelper which works way slower. Consider enabling apt generation for this module in order to improve startup performance
09-09 17:46:53.214 7800 7820 W React: There is no generated module helper for module: ZipUtil using FallbackModuleHelper which works way slower. Consider enabling apt generation for this module in order to improve startup performance
09-09 17:46:53.214 7800 7820 W React: There is no generated module helper for module: RNNetworkInfo using FallbackModuleHelper which works way slower. Consider enabling apt generation for this module in order to improve startup performance
09-09 17:46:53.214 7800 7820 W React: There is no generated module helper for module: RNManualFileCache using FallbackModuleHelper which works way slower. Consider enabling apt generation for this module in order to improve startup performance
09-09 17:46:53.215 7800 7820 W React: There is no generated module helper for module: CortanaSignals using FallbackModuleHelper which works way slower. Consider enabling apt generation for this module in order to improve startup performance
09-09 17:46:53.215 7800 7820 W React: There is no generated module helper for module: DeviceInfo using FallbackModuleHelper which works way slower. Consider enabling apt generation for this module in order to improve startup performance
09-09 17:46:53.215 7800 7820 W React: There is no generated module helper for module: RNDocumentPicker using FallbackModuleHelper which works way slower. Consider enabling apt generation for this module in order to improve startup performance
09-09 17:46:53.215 7800 7820 W React: There is no generated module helper for module: AirMapModule using FallbackModuleHelper which works way slower. Consider enabling apt generation for this module in order to improve startup performance
09-09 17:46:53.215 7800 7820 W React: There is no generated module helper for module: ClientLogging using FallbackModuleHelper which works way slower. Consider enabling apt generation for this module in order to improve startup performance
09-09 17:46:53.215 7800 7820 W React: There is no generated module helper for module: ShareToApp using FallbackModuleHelper which works way slower. Consider enabling apt generation for this module in order to improve startup performance
09-09 17:46:53.215 7800 7820 W React: There is no generated module helper for module: CallMonitor using FallbackModuleHelper which works way slower. Consider enabling apt generation for this module in order to improve startup performance
09-09 17:46:53.215 7800 7820 W React: There is no generated module helper for module: AdvertisementUtilities using FallbackModuleHelper which works way slower. Consider enabling apt generation for this module in order to improve startup performance
09-09 17:46:53.215 7800 7820 W React: There is no generated module helper for module: IncomingCallInteractionManager using FallbackModuleHelper which works way slower. Consider enabling apt generation for this module in order to improve startup performance
09-09 17:46:53.215 7800 7820 W React: There is no generated module helper for module: MediaPicker using FallbackModuleHelper which works way slower. Consider enabling apt generation for this module in order to improve startup performance
09-09 17:46:53.216 7800 7820 W React: There is no generated module helper for module: SyncModule using FallbackModuleHelper which works way slower. Consider enabling apt generation for this module in order to improve startup performance
09-09 17:46:53.216 7800 7820 W React: There is no generated module helper for module: TimeZoneManager using FallbackModuleHelper which works way slower. Consider enabling apt generation for this module in order to improve startup performance
09-09 17:46:53.216 7800 7820 W React: There is no generated module helper for module: AssetReader using FallbackModuleHelper which works way slower. Consider enabling apt generation for this module in order to improve startup performance
09-09 17:46:53.216 7800 7820 W React: There is no generated module helper for module: RNBackgroundTimer using FallbackModuleHelper which works way slower. Consider enabling apt generation for this module in order to improve startup performance
09-09 17:46:53.216 7800 7820 W React: There is no generated module helper for module: NativeEntropy using FallbackModuleHelper which works way slower. Consider enabling apt generation for this module in order to improve startup performance
09-09 17:46:53.216 7800 7820 W React: There is no generated module helper for module: RNGeocoder using FallbackModuleHelper which works way slower. Consider enabling apt generation for this module in order to improve startup performance
09-09 17:46:53.216 7800 7820 W React: There is no generated module helper for module: RNSkypeCredentialsFetcher using FallbackModuleHelper which works way slower. Consider enabling apt generation for this module in order to improve startup performance
09-09 17:46:53.216 7800 7820 W React: There is no generated module helper for module: CampaignReceiver using FallbackModuleHelper which works way slower. Consider enabling apt generation for this module in order to improve startup performance
09-09 17:46:53.216 7800 7820 W React: There is no generated module helper for module: Calendar using FallbackModuleHelper which works way slower. Consider enabling apt generation for this module in order to improve startup performance
09-09 17:46:53.216 7800 7820 W React: There is no generated module helper for module: ImagePickerManager using FallbackModuleHelper which works way slower. Consider enabling apt generation for this module in order to improve startup performance
09-09 17:46:53.216 7800 7820 W React: There is no generated module helper for module: RNReload using FallbackModuleHelper which works way slower. Consider enabling apt generation for this module in order to improve startup performance
09-09 17:46:53.216 7800 7820 W React: There is no generated module helper for module: FileTracker using FallbackModuleHelper which works way slower. Consider enabling apt generation for this module in order to improve startup performance
09-09 17:46:53.217 7800 7820 W React: There is no generated module helper for module: RNUrlRequest using FallbackModuleHelper which works way slower. Consider enabling apt generation for this module in order to improve startup performance
09-09 17:46:53.217 7800 7820 W React: There is no generated module helper for module: SoundRecorder using FallbackModuleHelper which works way slower. Consider enabling apt generation for this module in order to improve startup performance
09-09 17:46:53.217 7800 7820 W React: There is no generated module helper for module: ExtendedAppState using FallbackModuleHelper which works way slower. Consider enabling apt generation for this module in order to improve startup performance
09-09 17:46:53.217 7800 7820 W React: There is no generated module helper for module: RNViewConfig using FallbackModuleHelper which works way slower. Consider enabling apt generation for this module in order to improve startup performance
09-09 17:46:53.217 7800 7820 W React: There is no generated module helper for module: PermissionsManager using FallbackModuleHelper which works way slower. Consider enabling apt generation for this module in order to improve startup performance
09-09 17:46:53.217 7800 7820 W React: There is no generated module helper for module: Adjust using FallbackModuleHelper which works way slower. Consider enabling apt generation for this module in order to improve startup performance
09-09 17:46:53.217 7800 7820 W React: There is no generated module helper for module: SoundPlayer using FallbackModuleHelper which works way slower. Consider enabling apt generation for this module in order to improve startup performance
09-09 17:46:53.217 7800 7820 W React: There is no generated module helper for module: SourceCode using FallbackModuleHelper which works way slower. Consider enabling apt generation for this module in order to improve startup performance
09-09 17:46:53.217 7800 7820 W React: There is no generated module helper for module: RNGraphicsContext using FallbackModuleHelper which works way slower. Consider enabling apt generation for this module in order to improve startup performance
09-09 17:46:53.217 7800 7820 W React: There is no generated module helper for module: RNBackgroundExecution using FallbackModuleHelper which works way slower. Consider enabling apt generation for this module in order to improve startup performance
09-09 17:46:53.217 7800 7820 W React: There is no generated module helper for module: CustomKeyboard using FallbackModuleHelper which works way slower. Consider enabling apt generation for this module in order to improve startup performance
09-09 17:46:53.218 7800 7820 W React: There is no generated module helper for module: DeviceUtilities using FallbackModuleHelper which works way slower. Consider enabling apt generation for this module in order to improve startup performance
09-09 17:46:53.218 7800 7820 W React: There is no generated module helper for module: PlatformConstants using FallbackModuleHelper which works way slower. Consider enabling apt generation for this module in order to improve startup performance
09-09 17:46:53.218 7800 7820 W React: There is no generated module helper for module: RNSlimcore using FallbackModuleHelper which works way slower. Consider enabling apt generation for this module in order to improve startup performance
09-09 17:46:53.218 7800 7820 W React: There is no generated module helper for module: ExternalBrowser using FallbackModuleHelper which works way slower. Consider enabling apt generation for this module in order to improve startup performance
09-09 17:46:53.218 7800 7820 W React: There is no generated module helper for module: SKPSkypeMessageTextInputModule using FallbackModuleHelper which works way slower. Consider enabling apt generation for this module in order to improve startup performance
09-09 17:46:53.220 7800 7820 W React: There is no generated module helper for module: DeviceSettings using FallbackModuleHelper which works way slower. Consider enabling apt generation for this module in order to improve startup performance
09-09 17:46:53.221 7800 7820 W React: There is no generated module helper for module: RNKeychainManager using FallbackModuleHelper which works way slower. Consider enabling apt generation for this module in order to improve startup performance
09-09 17:46:53.221 7800 7820 W React: There is no generated module helper for module: TokenShareModule using FallbackModuleHelper which works way slower. Consider enabling apt generation for this module in order to improve startup performance
09-09 17:46:53.221 7800 7820 W React: There is no generated module helper for module: EnvironmentInfo using FallbackModuleHelper which works way slower. Consider enabling apt generation for this module in order to improve startup performance
09-09 17:46:53.221 7800 7820 W React: There is no generated module helper for module: RNAppUpgrade using FallbackModuleHelper which works way slower. Consider enabling apt generation for this module in order to improve startup performance
09-09 17:46:53.221 7800 7820 W React: There is no generated module helper for module: FrescoModule using FallbackModuleHelper which works way slower. Consider enabling apt generation for this module in order to improve startup performance
09-09 17:46:53.221 7800 7820 W React: There is no generated module helper for module: SnapshotManager using FallbackModuleHelper which works way slower. Consider enabling apt generation for this module in order to improve startup performance
09-09 17:46:53.221 7800 7820 W React: There is no generated module helper for module: SkypeCamera using FallbackModuleHelper which works way slower. Consider enabling apt generation for this module in order to improve startup performance
09-09 17:46:53.221 7800 7820 W React: There is no generated module helper for module: AndroidBadges using FallbackModuleHelper which works way slower. Consider enabling apt generation for this module in order to improve startup performance
09-09 17:46:53.469 7800 7837 I AudioManagerModule: initialize (causeId bbd85969)
09-09 17:46:53.469 7800 7837 I AudioManagerModule: AudioManagerModule.initialize took 1ms
09-09 17:46:53.471 7800 7831 I AudioOptions: initialize (causeId bbd85969)
09-09 17:46:53.475 7800 7831 I WiredHeadsetReceiver: Registered receiver
09-09 17:46:53.476 7800 7832 I WiredHeadsetReceiver: addListener (causeId: bbd85969)
09-09 17:46:53.476 7800 7800 I SmsHandlingContext: init()
09-09 17:46:53.476 7800 7832 I AudioOptions: WiredHeadsetReceiver.headsetStateChanged UNPLUGGED (causeId bbd85969)
09-09 17:46:53.480 7800 7832 I BluetoothReceiver: BluetoothReceiver: AudioManager.ACTION_SCO_AUDIO_STATE_UPDATED: UNKNOWN -> STATE_DISCONNECTED (causeId: b6b21562)
09-09 17:46:53.480 7800 7831 I BluetoothReceiver: Received sticky intent android.media.ACTION_SCO_AUDIO_STATE_UPDATED
09-09 17:46:53.485 7800 7837 W ReactApp: registerMemoryTrimmable current size: 0
09-09 17:46:53.485 7800 7837 W ReactApp: registerMemoryTrimmable current size: 1
09-09 17:46:53.487 7800 7837 I SkypeCameraModule: SkypeCameraModule initialize
09-09 17:46:53.489 7800 7832 I BluetoothReceiver: BluetoothReceiver: AudioManager.ACTION_SCO_AUDIO_STATE_UPDATED: UNKNOWN -> STATE_DISCONNECTED (causeId: 49e8e537)
09-09 17:46:53.490 7800 7831 I BluetoothReceiver: Registered receiver
09-09 17:46:53.490 7800 7831 I BluetoothReceiver: loadAlreadyConnectedDevices (causeId: bbd85969)
09-09 17:46:53.490 7800 7832 I BluetoothReceiver: addListener (causeId: bbd85969)
09-09 17:46:53.532 7800 7831 I BluetoothReceiver: createServiceListener (causeId: bbd85969)
09-09 17:46:53.589 7800 7832 I ModernAudioDeviceMonitor: addListener (causeId: bbd85969)
09-09 17:46:53.589 7800 7832 I AudioOptions: ModernAudioDeviceMonitor.availableAudioDeviceTypesChanged headphones: false usb: false (causeId bbd85969)
09-09 17:46:53.623 7800 7832 I ModernAudioDeviceMonitor: initialization headphones: false, usb: false, devices: [[1:TYPE_BUILTIN_EARPIECE], [2:TYPE_BUILTIN_SPEAKER], [5:TYPE_BUILTIN_MIC], [7:TYPE_TELEPHONY]] (causeId: f59c8349)
09-09 17:46:53.623 7800 7831 I AudioManagerModule: Output update and reset (destination 3, deviceStatus 2, causeId bbd85969)
09-09 17:46:53.624 7800 7831 I AudioManagerModule: Output update and reset (destination 3, deviceStatus 2, causeId bbd85969)
09-09 17:46:53.626 7800 7832 I ModernAudioDeviceMonitor: onAudioDevicesAdded headphones: false, usb: false, devices: [[1:TYPE_BUILTIN_EARPIECE], [2:TYPE_BUILTIN_SPEAKER], [5:TYPE_BUILTIN_MIC], [7:TYPE_TELEPHONY]] (causeId: 4f0ae974)
09-09 17:46:53.632 7800 7840 I TokenShareModule: getAccounts() called, returned with list size 0
09-09 17:46:53.667 7800 7800 I TelephoneStateListener: Registering phone state listener (causeId bbd85969)
09-09 17:46:53.686 7800 7800 I AudioManagerModule: TelephoneStateListener.init took 19ms
09-09 17:46:53.714 7800 7800 I AudioManagerModule: Sending output changed event to EARPIECE (causeId bbd85969)
09-09 17:46:53.729 7800 7832 I ModernAudioDeviceMonitor: onAudioDevicesAdded headphones: false, usb: false, devices: [[1:TYPE_BUILTIN_EARPIECE], [2:TYPE_BUILTIN_SPEAKER], [5:TYPE_BUILTIN_MIC], [7:TYPE_TELEPHONY]] (causeId: 795e5119)
09-09 17:46:53.730 7800 7832 I TelephoneStateListener: onCallStateChanged 0 (causeId 5b756d95)
09-09 17:46:54.130 7800 7836 E RNEnvironmentInfoModule: getCpuMaxFrequency()
09-09 17:46:54.130 7800 7836 E RNEnvironmentInfoModule: /sys/devices/system/cpu/cpu2/cpufreq/cpuinfo_max_freq: open failed: ENOENT (No such file or directory)
09-09 17:46:54.130 7800 7836 E RNEnvironmentInfoModule: libcore.io.IoBridge.open(IoBridge.java:455)
09-09 17:46:54.130 7800 7836 E RNEnvironmentInfoModule: java.io.RandomAccessFile.(RandomAccessFile.java:247)
09-09 17:46:54.130 7800 7836 E RNEnvironmentInfoModule: java.io.RandomAccessFile.(RandomAccessFile.java:128)
09-09 17:46:54.130 7800 7836 E RNEnvironmentInfoModule: com.microsoft.environment.RNEnvironmentInfoPackage.c(SourceFile:213)
09-09 17:46:54.130 7800 7836 E RNEnvironmentInfoModule: com.microsoft.environment.RNEnvironmentInfoPackage.b(SourceFile:37)
09-09 17:46:54.130 7800 7836 E RNEnvironmentInfoModule: com.microsoft.environment.RNEnvironmentInfoPackage$RNEnvironmentInfoModule.getConstants(SourceFile:109)
09-09 17:46:54.130 7800 7836 E RNEnvironmentInfoModule: com.facebook.react.bridge.JavaModuleWrapper.getConstants(SourceFile:155)
09-09 17:46:54.130 7800 7836 E RNEnvironmentInfoModule: com.facebook.react.bridge.queue.NativeRunnable.run(SourceFile:-2)
09-09 17:46:54.130 7800 7836 E RNEnvironmentInfoModule: android.os.Handler.handleCallback(Handler.java:751)
09-09 17:46:54.130 7800 7836 E RNEnvironmentInfoModule: android.os.Handler.dispatchMessage(Handler.java:95)
09-09 17:46:54.130 7800 7836 E RNEnvironmentInfoModule: com.facebook.react.bridge.queue.a.dispatchMessage(SourceFile:31)
09-09 17:46:54.130 7800 7836 E RNEnvironmentInfoModule: android.os.Looper.loop(Looper.java:154)
09-09 17:46:54.130 7800 7836 E RNEnvironmentInfoModule: com.facebook.react.bridge.queue.MessageQueueThreadImpl$3.run(SourceFile:194)
09-09 17:46:54.130 7800 7836 E RNEnvironmentInfoModule: java.lang.Thread.run(Thread.java:762)
09-09 17:46:54.135 7800 7836 E RNEnvironmentInfoModule: getCpuMaxFrequency()
09-09 17:46:54.135 7800 7836 E RNEnvironmentInfoModule: /sys/devices/system/cpu/cpu3/cpufreq/cpuinfo_max_freq: open failed: ENOENT (No such file or directory)
09-09 17:46:54.135 7800 7836 E RNEnvironmentInfoModule: libcore.io.IoBridge.open(IoBridge.java:455)
09-09 17:46:54.135 7800 7836 E RNEnvironmentInfoModule: java.io.RandomAccessFile.(RandomAccessFile.java:247)
09-09 17:46:54.135 7800 7836 E RNEnvironmentInfoModule: java.io.RandomAccessFile.(RandomAccessFile.java:128)
09-09 17:46:54.135 7800 7836 E RNEnvironmentInfoModule: com.microsoft.environment.RNEnvironmentInfoPackage.c(SourceFile:213)
09-09 17:46:54.135 7800 7836 E RNEnvironmentInfoModule: com.microsoft.environment.RNEnvironmentInfoPackage.b(SourceFile:37)
09-09 17:46:54.135 7800 7836 E RNEnvironmentInfoModule: com.microsoft.environment.RNEnvironmentInfoPackage$RNEnvironmentInfoModule.getConstants(SourceFile:109)
09-09 17:46:54.135 7800 7836 E RNEnvironmentInfoModule: com.facebook.react.bridge.JavaModuleWrapper.getConstants(SourceFile:155)
09-09 17:46:54.135 7800 7836 E RNEnvironmentInfoModule: com.facebook.react.bridge.queue.NativeRunnable.run(SourceFile:-2)
09-09 17:46:54.135 7800 7836 E RNEnvironmentInfoModule: android.os.Handler.handleCallback(Handler.java:751)
09-09 17:46:54.135 7800 7836 E RNEnvironmentInfoModule: android.os.Handler.dispatchMessage(Handler.java:95)
09-09 17:46:54.135 7800 7836 E RNEnvironmentInfoModule: com.facebook.react.bridge.queue.a.dispatchMessage(SourceFile:31)
09-09 17:46:54.135 7800 7836 E RNEnvironmentInfoModule: android.os.Looper.loop(Looper.java:154)
09-09 17:46:54.135 7800 7836 E RNEnvironmentInfoModule: com.facebook.react.bridge.queue.MessageQueueThreadImpl$3.run(SourceFile:194)
09-09 17:46:54.135 7800 7836 E RNEnvironmentInfoModule: java.lang.Thread.run(Thread.java:762)
09-09 17:46:54.421 7800 7836 I ReactNativeJS: [#ffffffff-u] [TRACE] [JS.HeadlessJsTask] registerHeadlessTaskCallbacks called for 'StaticTask.OnAppUpdated'
09-09 17:46:54.425 7800 7836 I ReactNativeJS: [#ffffffff-u] [TRACE] [JS.HeadlessJsTask] registerHeadlessTaskCallbacks called for 'StaticTask.OnAppUpdatedRetry'
09-09 17:46:54.481 7800 7836 I ReactNativeJS: [#ffffffff-u] [TRACE] [JS.HeadlessJsTask] registerHeadlessTaskCallbacks called for 'SignInOnUserSessionConnected'
09-09 17:46:54.482 7800 7836 I ReactNativeJS: [#ffffffff-u] [TRACE] [JS.HeadlessJsTask] registerHeadlessTaskCallbacks called for 'SignInOnUserSessionConnectedRetry'
09-09 17:46:54.482 7800 7836 I ReactNativeJS: [#ffffffff-u] [TRACE] [JS.HeadlessJsTask] registerHeadlessTaskCallbacks called for 'SignInOnDefaultMSAConnected'
09-09 17:46:54.483 7800 7836 I ReactNativeJS: [#ffffffff-u] [TRACE] [JS.HeadlessJsTask] registerHeadlessTaskCallbacks called for 'SignInOnDefaultMSAConnectedRetry'
09-09 17:46:54.484 7800 7836 I ReactNativeJS: [#ffffffff-u] [TRACE] [JS.HeadlessJsTask] registerHeadlessTaskCallbacks called for 'BackgroundHeartbeatTelemetry'
09-09 17:46:54.485 7800 7836 I ReactNativeJS: [#ffffffff-u] [TRACE] [JS.HeadlessJsTask] registerHeadlessTaskCallbacks called for 'OnMaintenanceWindowStart'
09-09 17:46:54.486 7800 7836 I ReactNativeJS: [#ffffffff-u] [TRACE] [JS.HeadlessJsTask] registerHeadlessTaskCallbacks called for 'OnMaintenanceWindowStartRetry'
09-09 17:46:54.504 7800 7836 I ReactNativeJS: [#ffffffff-u] [TRACE] [JS.HeadlessJsTask] registerHeadlessTaskCallbacks called for 'ToastActivation'
09-09 17:46:54.505 7800 7836 I ReactNativeJS: [#ffffffff-u] [TRACE] [JS.HeadlessJsTask] registerHeadlessTaskCallbacks called for 'ToastActivationRetry'
09-09 17:46:54.523 7800 7836 I RNAppUpgrade: Getting app launch attribution state = false
09-09 17:46:54.529 7800 7836 I RNAppUpgrade: hasOldSessionPreferences:false
09-09 17:46:54.534 7800 7836 I ReactNativeJS: [#ffffffff-u] [TRACE] [JS.AppUpgrade] Preparing to handle App Upgrade Event
09-09 17:46:54.535 7800 7836 I ReactNativeJS: [#ffffffff-u] [TRACE] [JS.AppUpgrade] Preparing to handle Rtc Wake Event
09-09 17:46:54.536 7800 7836 I ReactNativeJS: [#ffffffff-u] [TRACE] [JS.AppUpgrade] _setUpAppLaunchStateChangeListener
09-09 17:46:54.538 7800 7836 I ReactNativeJS: [#ffffffff-u] [TRACE] [JS.AppUpgrade] _setUpNoticationClickListener
09-09 17:46:54.539 7800 7836 I RNAppUpgrade: Getting app launch attribution state = false
09-09 17:46:54.539 7800 7836 I RNAppUpgrade: hasOldSessionPreferences:false
09-09 17:46:54.541 7800 7836 I RNAppUpgrade: Getting app launch attribution state = false
09-09 17:46:54.541 7800 7836 I RNAppUpgrade: hasOldSessionPreferences:false
09-09 17:46:54.542 7800 7836 I RNAppUpgrade: Getting app launch attribution state = false
09-09 17:46:54.542 7800 7836 I RNAppUpgrade: hasOldSessionPreferences:false
09-09 17:46:54.545 7800 7836 I RNAppUpgrade: Getting app launch attribution state = false
09-09 17:46:54.545 7800 7837 I RNAppUpgrade: initialize
09-09 17:46:54.545 7800 7836 I RNAppUpgrade: hasOldSessionPreferences:false
09-09 17:46:54.546 7800 7837 I UpgradeContext: acquireWakeLock taskId 2
09-09 17:46:54.547 7800 7836 I RNAppUpgrade: Getting app launch attribution state = false
09-09 17:46:54.547 7800 7836 I RNAppUpgrade: hasOldSessionPreferences:false
09-09 17:46:54.549 7800 7800 I SimpleWakefulService: Acquire WAKE_LOCK for taskId: 2 with startId: 2
09-09 17:46:54.555 7800 7837 I RNAppUpgrade: processPendingIntents
09-09 17:46:54.555 7800 7837 I RNAppUpgrade: processPendingIntents:delayedIntentQueue size(1)
09-09 17:46:54.556 7800 7837 I RNAppUpgrade: processPendingIntent with action: WakeEventReceiver.ACTION_OEM_RTC_WAKE
09-09 17:46:54.556 7800 7837 I RNAppUpgrade: App Received Intent with action - WakeEventReceiver.ACTION_OEM_RTC_WAKE
09-09 17:46:54.562 7800 7837 I RNAppUpgrade: Emitted event for intent with action WakeEventReceiver.ACTION_OEM_RTC_WAKE with eventOptions: {"notificationId":0,"scheduledWakeUpTime":1536515215180,"taskId":1}
09-09 17:46:54.643 7800 7837 I RNAppUpgrade: initialize
09-09 17:46:54.714 7800 7836 I ReactNativeJS: [#ffffffff-u] [TRACE] [JS.Startup] Locale initialized to [de_DE]
09-09 17:46:54.715 7800 7836 I ReactNativeJS: [#ffffffff-u] [TRACE] [JS.Startup] Country code is [DE]
09-09 17:46:54.725 7800 7836 I ReactNativeJS: [#ffffffff-u] [TRACE] [JS.Startup] Device Id: dNWT97_WBMo
09-09 17:46:54.726 7800 7836 I ReactNativeJS: [#ffffffff-u] [TRACE] [JS.Startup] Device Manufacturer: samsung
09-09 17:46:54.728 7800 7836 I ReactNativeJS: [#ffffffff-u] [TRACE] [JS.Startup] Device Model: SM-A310F
09-09 17:46:54.729 7800 7836 I ReactNativeJS: [#ffffffff-u] [TRACE] [JS.Startup] Device OS version: 7.0
09-09 17:46:54.743 7800 7836 I ReactNativeJS: [#ffffffff-u] [TRACE] [JS.Startup] App version: 8.29.0.41
09-09 17:46:54.744 7800 7836 I ReactNativeJS: [#ffffffff-u] [TRACE] [JS.Startup] App activation state: Background
09-09 17:46:54.761 7800 7836 I ReactNativeJS: [#ffffffff-u] [TRACE] [JS.GenericUnsafe] Startup Phase 1 duration: 1211ms
09-09 17:46:54.766 7800 7836 I ReactNativeJS: [#ffffffff-u] [TRACE] [JS.GenericUnsafe] Startup Phase 2 duration: 794ms
09-09 17:46:54.775 7800 7836 I ReactNativeJS: [#ffffffff-u] [TRACE] [JS.Startup] Starting: HockeyAppService
09-09 17:46:54.783 7800 7837 I ReactHockeyApp: HockeyApp - initializing configuration
09-09 17:46:54.784 7800 7836 I ReactNativeJS: [#ffffffff-S] [TRACE] [JS.HockeyApp] Ignoring check for updates - PUBLIC build
09-09 17:46:54.786 7800 7836 I ReactNativeJS: [#ffffffff-u] [TRACE] [JS.Startup] Finish: HockeyAppService: 11ms
09-09 17:46:54.806 7800 7836 I ReactNativeJS: [#ffffffff-u] [TRACE] [JS.Startup] Starting: CrashStatusStore
09-09 17:46:54.808 7800 7836 I ReactNativeJS: [#ffffffff-u] [TRACE] [JS.GenericUnsafe] RN Entry
09-09 17:46:54.809 7800 7849 I React: Check for new app crashes
09-09 17:46:54.820 7800 7836 I ReactNativeJS: [#ffffffff-u] [TRACE] [JS.AppUpgrade] Last app launch time: undefined
09-09 17:46:54.825 7800 7836 I RNAppUpgrade: Getting app launch attribution state = false
09-09 17:46:54.826 7800 7836 I RNAppUpgrade: hasOldSessionPreferences:false
09-09 17:46:54.829 7800 7836 I ReactNativeJS: [#ffffffff-u] [TRACE] [JS.AppUpgrade] _getAppLaunchState:subscribe:fired:0
09-09 17:46:54.832 7800 7836 I ReactNativeJS: [#ffffffff-u] [TRACE] [JS.AppUpgrade] Rtc Wake event Received with token 1
09-09 17:46:54.833 7800 7836 I ReactNativeJS: [#ffffffff-u] [TRACE] [JS.AppUpgrade] _getOEMConfigUsingBackgroundECSFetch, acceptStale:true
09-09 17:46:54.838 7800 7836 I ReactNativeJS: [#ffffffff-u] [TRACE] [JS.AppUpgrade] _subscribeAndFetchEcs
09-09 17:46:54.840 7800 7836 I ReactNativeJS: [#ffffffff-u] [TRACE] [JS.AppUpgrade] ECSConfig:Subscribing for fresh ECS
09-09 17:46:54.948 7800 7836 I ReactNativeJS: [#ffffffff-S] [TRACE] [JS.HockeyApp] Last launch crashed: false
09-09 17:46:54.949 7800 7836 I ReactNativeJS: [#ffffffff-u] [TRACE] [JS.Startup] Finish: CrashStatusStore: 143ms
09-09 17:46:54.952 7800 7836 I ReactNativeJS: [#ffffffff-u] [TRACE] [JS.Startup] SkypeId missing in Storage
09-09 17:46:55.018 7800 7836 I ReactNativeJS: [#ffffffff-u] [TRACE] [JS.AppUpgrade] ECSConfig:ECS, expires in: -20707651.263
09-09 17:46:55.021 7800 7836 I ReactNativeJS: [#ffffffff-u] [TRACE] [JS.AppUpgrade] _getWakeUpActivationData:begin:
09-09 17:46:55.023 7800 7836 I ReactNativeJS: [#ffffffff-u] [TRACE] [JS.AppUpgrade] _getWakeUpActivationData:end:
09-09 17:46:55.024 7800 7836 I ReactNativeJS: [#ffffffff-u] [TRACE] [JS.AppUpgrade] No notification type came from ECS config, falling back to PictureWithText1 notification
09-09 17:46:55.029 7800 7836 I ReactNativeJS: [#ffffffff-u] [TRACE] [JS.AppUpgrade] Using notification details for style TextOnly2
09-09 17:46:55.032 7800 7836 I ReactNativeJS: [#ffffffff-u] [TRACE] [JS.AppUpgrade] _triggerRtcWakeUpForActivationExperiment:begin
09-09 17:46:55.033 7800 7836 I RNAppUpgrade: Getting app launch attribution state = false
09-09 17:46:55.033 7800 7836 I RNAppUpgrade: hasOldSessionPreferences:false
09-09 17:46:55.035 7800 7837 I RNAppUpgrade: scheduleWakeUpForActivationExperiment
09-09 17:46:55.054 7800 7837 I ActivationExperiment: ActivationOptions{"ecsConfig":{"sendAppUpgradeTelemetry":true,"upgradeNotification":{"appParameters":{"appStateList":["Launched"],"maxWakeAttempts":3,"minHoursSinceLaunch":72,"wakeIntervalSecs":259200},"enabled":false,"enabledExperiments":[],"notificationTimingInfo":{"scheduleHourOfDay":19}}},"isInsidersBuild":false,"lastLaunchTime":-1,"launchState":"NeverLaunched","notificationMeta":{"imageStyle":"None","imageUri":"https://secure.skypeassets.com/content/dam/scom/app/notifications/ensure_network_image.png","notificationStyle":"TextOnly2","notificationTemplateType":"Default","subtitle":"Tägliche Chats in großartige Momente verwandeln","title":"Wir stellen vor: dein neues Skype"},"notificationState":"NotScheduled","notificationStyle":"TextOnly2","partnerPreInstallId":"534","scheduleWakeUpTime":1536515215180}
09-09 17:46:55.056 7800 7837 I ActivationExperiment: onAppWakeUp, woke up at: Sunday, September 9, 2018 at 7:46 PM with AppLaunchState NeverLaunched, wakeUpReason(RtcWakeUp)
09-09 17:46:55.056 7800 7837 I ActivationExperiment: isEligibleToStartExperiment, SAMSUNG_PREINSTALL
09-09 17:46:55.074 7800 7837 I ActivationExperiment: loadFromDisk:{"experimentList":[],"schemaVersion":"v1","totalRetargetAttempts":-1,"totalWakeAttempts":36,"wakeUpList":[{"reason":"Upgrade","status":"NextWakeUpScheduled","time":1534471151091},{"reason":"RtcWakeUp","status":"NextWakeUpScheduled","time":1534787951092},{"reason":"RtcWakeUp","status":"NextWakeUpScheduled","time":1535047181984},{"reason":"RtcWakeUp","status":"WakeUpRetriesExhausted","time":1535303040320},{"reason":"Upgrade","status":"NextWakeUpScheduled","time":1535676121435},{"reason":"RtcWakeUp","status":"NextWakeUpScheduled","time":1535996521436},{"reason":"RtcWakeUp","status":"NextWakeUpScheduled","time":1536255726454},{"reason":"RtcWakeUp","status":"WakeUpPending","time":1536515215180}]}, timeTaken(15 ms)
09-09 17:46:55.080 7800 7837 I ActivationExperiment: isEligibleToExecuteExperiment: upgradeNotification not enabled
09-09 17:46:55.084 7800 7837 I ActivationExperiment: persistToDisk: SAVING, payload({"experimentList":[],"schemaVersion":"v1","totalRetargetAttempts":-1,"totalWakeAttempts":37,"wakeUpList":[{"reason":"Upgrade","status":"NextWakeUpScheduled","time":1534471151091},{"reason":"RtcWakeUp","status":"NextWakeUpScheduled","time":1534787951092},{"reason":"RtcWakeUp","status":"NextWakeUpScheduled","time":1535047181984},{"reason":"RtcWakeUp","status":"WakeUpRetriesExhausted","time":1535303040320},{"reason":"Upgrade","status":"NextWakeUpScheduled","time":1535676121435},{"reason":"RtcWakeUp","status":"NextWakeUpScheduled","time":1535996521436},{"reason":"RtcWakeUp","status":"NextWakeUpScheduled","time":1536255726454},{"reason":"RtcWakeUp","status":"WakeUpRetriesExhausted","time":1536515215180}]})
09-09 17:46:55.085 7800 7837 I ActivationExperiment: scheduleWakeUpForActivationExperiment: RetriesExhausted, canScheduleWake(false), WakeUpCount: 3
09-09 17:46:55.273 7800 7836 I RNAppUpgrade: Getting app launch attribution state = false
09-09 17:46:55.274 7800 7836 I RNAppUpgrade: hasOldSessionPreferences:false
09-09 17:46:55.525 7800 7837 W ReactMethodWatchdog: Method RNCookieManagerAndroid.clearAll invocation took too long: 331ms
09-09 17:46:55.539 7800 7837 I UpgradeContext: releaseWakeLock taskId 1
09-09 17:46:55.546 7800 7800 I SimpleWakefulService: Release WAKE_LOCK for taskId: 1 with startId: 3
09-09 17:46:55.552 7800 7800 I SimpleWakefulService: Removing Stop message
09-09 17:46:55.707 7800 7837 I DeviceUtilities: DeviceUtilities: currentOrientation
09-09 17:46:55.782 7800 7837 W React: StatusBarModule: Ignored status bar change, current activity is null.
09-09 17:46:55.803 7800 7837 W React: StatusBarModule: Ignored status bar change, current activity is null.
09-09 17:46:55.804 7800 7837 W React: StatusBarModule: Ignored status bar change, current activity is null.
09-09 17:46:55.813 7800 7837 I DeviceUtilities: DeviceUtilities: statusBarHeight
09-09 17:46:55.887 7800 7836 W ReactNativeJS: [#ffffffff-u] [WARN] [JS.ResponsiveWidthStore] DeviceUtilities.currentOrientation failed: [pii] causeId: 52df7bd6
09-09 17:46:55.889 7800 7836 W ReactNativeJS: [#ffffffff-u] [WARN] [JS.GenericUnsafe] SafeAreaStore statusBarHeight failed: [pii]
09-09 17:47:00.653 7800 7858 I HttpLoggingInterceptor: Http succeeded, request: POST browser.pipe.aria.microsoft.com (2476 body). Response: 200 OK (5096 ms, 0 body)
09-09 17:47:03.132 7800 7832 I RNSlimcore: Clearing old logs
09-09 17:47:03.140 7800 7832 I SkyLibManager[TERMINATED:null]: clearOldLogs found 0 potential log files
09-09 17:47:09.555 7800 7848 I UpgradeContext: releaseWakeLock taskId 2
09-09 17:47:09.562 7800 7800 I SimpleWakefulService: Release WAKE_LOCK for taskId: 2 with startId: 4
09-09 17:47:09.569 7800 7800 I SimpleWakefulService: Removing Stop message
09-09 17:47:09.572 7800 7800 I SimpleWakefulService: Service destroyed
09-12 21:15:02.409 22837 22837 W ReactHockeyApp: RNHockeyApp: Failed to get existing metadata
09-12 21:15:02.409 22837 22837 W ReactHockeyApp: /data/user/0/com.skype.raider/files/HockeyAppCrashMetadata.json (No such file or directory)
09-12 21:15:02.409 22837 22837 W ReactHockeyApp: java.io.FileInputStream.open(FileInputStream.java:-2)
09-12 21:15:02.409 22837 22837 W ReactHockeyApp: java.io.FileInputStream.(FileInputStream.java:146)
09-12 21:15:02.409 22837 22837 W ReactHockeyApp: android.app.ContextImpl.openFileInput(ContextImpl.java:505)
09-12 21:15:02.409 22837 22837 W ReactHockeyApp: android.content.ContextWrapper.openFileInput(ContextWrapper.java:193)
09-12 21:15:02.409 22837 22837 W ReactHockeyApp: com.skype.hockeyapp.SkypeCrashListener.f(SourceFile:139)
09-12 21:15:02.409 22837 22837 W ReactHockeyApp: com.skype.hockeyapp.SkypeCrashListener.(SourceFile:48)
09-12 21:15:02.409 22837 22837 W ReactHockeyApp: com.skype.hockeyapp.SkypeCrashListener.a(SourceFile:43)
09-12 21:15:02.409 22837 22837 W ReactHockeyApp: com.skype.hockeyapp.SkypeCrashManager.a(SourceFile:40)
09-12 21:15:02.409 22837 22837 W ReactHockeyApp: com.skype4life.SkypeApplication.onCreate(SourceFile:1045)
09-12 21:15:02.409 22837 22837 W ReactHockeyApp: android.app.Instrumentation.callApplicationOnCreate(Instrumentation.java:1032)
09-12 21:15:02.409 22837 22837 W ReactHockeyApp: android.app.ActivityThread.handleBindApplication(ActivityThread.java:5970)
09-12 21:15:02.409 22837 22837 W ReactHockeyApp: android.app.ActivityThread.-wrap3(ActivityThread.java:-1)
09-12 21:15:02.409 22837 22837 W ReactHockeyApp: android.app.ActivityThread$H.handleMessage(ActivityThread.java:1710)
09-12 21:15:02.409 22837 22837 W ReactHockeyApp: android.os.Handler.dispatchMessage(Handler.java:102)
09-12 21:15:02.409 22837 22837 W ReactHockeyApp: android.os.Looper.loop(Looper.java:154)
09-12 21:15:02.409 22837 22837 W ReactHockeyApp: android.app.ActivityThread.main(ActivityThread.java:6776)
09-12 21:15:02.409 22837 22837 W ReactHockeyApp: java.lang.reflect.Method.invoke(Method.java:-2)
09-12 21:15:02.409 22837 22837 W ReactHockeyApp: com.android.internal.os.ZygoteInit$MethodAndArgsCaller.run(ZygoteInit.java:1496)
09-12 21:15:02.409 22837 22837 W ReactHockeyApp: com.android.internal.os.ZygoteInit.main(ZygoteInit.java:1386)
09-12 21:15:02.423 22837 22837 I DumpUploader: Preparing check for new crash dumps
09-12 21:15:02.430 22837 22837 I ReactApp: parsingProcessName took 1ms
09-12 21:15:02.432 22837 22837 I ReactApp: onCreate start
09-12 21:15:02.437 22837 22853 I DumpUploader: Started check for new crash dumps
09-12 21:15:02.440 22837 22853 I DumpUploader: Marking dumps as known:
09-12 21:15:02.517 22837 22837 I ReactApp: leakCanaryInstall took 1ms
09-12 21:15:02.554 22837 22837 I ReactApp: configureOkHttp took 37ms
09-12 21:15:02.555 22837 22837 I ReactApp: configureStetho took 0ms
09-12 21:15:02.604 22837 22837 I ReactApp: configureYoga took 49ms
09-12 21:15:02.608 22837 22837 I ReactApp: CsiManager.onCreate took 3ms
09-12 21:15:02.752 22837 22837 I ReactApp: mReactNativeHost.getReactInstanceManager took 143ms
09-12 21:15:02.752 22837 22860 I React: Creating react context.
09-12 21:15:02.752 22837 22837 I ReactApp: onCreate complete in 380ms
09-12 21:15:02.753 22837 22837 I ReactApp: onTrimMemory level: 5
09-12 21:15:02.767 22837 22860 I SkypeCameraViewManager: init
09-12 21:15:02.787 22837 22860 I GradientImagePackage: createViewManagers
09-12 21:15:02.793 22837 22860 W ViewManagerPropertyUpdater: Could not find generated setter for class com.skype.ink.AdditiveSurfaceViewManager
09-12 21:15:02.804 22837 22860 W ViewManagerPropertyUpdater: Could not find generated setter for class com.skype.ink.AdditiveSurfaceViewShadowNode
09-12 21:15:02.814 22837 22860 W ViewManagerPropertyUpdater: Could not find generated setter for class com.facebook.react.uimanager.h
09-12 21:15:02.823 22837 22860 W ViewManagerPropertyUpdater: Could not find generated setter for class com.facebook.react.views.text.g
09-12 21:15:02.835 22837 22860 W ViewManagerPropertyUpdater: Could not find generated setter for class com.facebook.react.views.textinput.i
09-12 21:15:02.852 22837 22860 W ViewManagerPropertyUpdater: Could not find generated setter for class com.facebook.react.views.art.c
09-12 21:15:02.853 22837 22860 W ViewManagerPropertyUpdater: Could not find generated setter for class com.facebook.react.views.art.b
09-12 21:15:02.856 22837 22860 W ViewManagerPropertyUpdater: Could not find generated setter for class com.facebook.react.views.art.a
09-12 21:15:02.859 22837 22860 W ViewManagerPropertyUpdater: Could not find generated setter for class com.facebook.react.views.progressbar.b
09-12 21:15:02.860 22837 22860 W ViewManagerPropertyUpdater: Could not find generated setter for class com.facebook.react.views.text.frescosupport.a
09-12 21:15:02.863 22837 22860 W ViewManagerPropertyUpdater: Could not find generated setter for class com.brentvatne.react.ReactVideoViewManager
